Aug 21 18:19:52 devstack sudo[97603]: quobyte : PWD=/ ; USER=root ; COMMAND=/opt/stack/data/venv/bin/cinder-rootwrap /etc/cinder/rootwrap.conf chmod ugo+rw /opt/stack/data/cinder/mnt/1f634bfcb5fefb9182a3467fa68b0851/volume-196a94b5-847c-4064-a2f9-24eca1b00356
Aug 21 18:19:52 devstack sudo[97603]: pam_unix(sudo:session): session opened for user root(uid=0) by (uid=1000)
Aug 21 18:19:52 devstack sudo[97603]: pam_unix(sudo:session): session closed for user root
Aug 21 18:19:52 devstack cinder-volume[94611]: DEBUG oslo_concurrency.processutils [None req-9251ff5b-6f2d-46b4-a40c-e279ea01b90b tempest-SnapshotsActionsTest-851568245 None] CMD "sudo cinder-rootwrap /etc/cinder/rootwrap.conf chmod ugo+rw /opt/stack/data/cinder/mnt/1f634bfcb5fefb9182a3467fa68b0851/volume-196a94b5-847c-4064-a2f9-24eca1b00356" returned: 0 in 0.363s {{(pid=94611) execute /opt/stack/data/venv/lib/python3.12/site-packages/oslo_concurrency/processutils.py:468}}
Aug 21 18:19:52 devstack cinder-volume[94611]: DEBUG cinder.volume.drivers.quobyte [None req-9251ff5b-6f2d-46b4-a40c-e279ea01b90b tempest-SnapshotsActionsTest-851568245 None] <== create_volume: return (1193ms) {'provider_location': 'osci02.corp.quobyte.com/cinder-vol-bee7bda4-3927-4491-a5bd-2a2a5b2a5f1e'} {{(pid=94611) trace_logging_wrapper /opt/stack/cinder/cinder/volume/volume_utils.py:1522}}
Aug 21 18:19:52 devstack cinder-volume[94611]: DEBUG oslo_concurrency.lockutils [None req-9251ff5b-6f2d-46b4-a40c-e279ea01b90b tempest-SnapshotsActionsTest-851568245 None] Lock "quobyte" "released" by "cinder.volume.drivers.quobyte.QuobyteDriver.create_volume" :: held 1.196s {{(pid=94611) inner /opt/stack/data/venv/lib/python3.12/site-packages/oslo_concurrency/lockutils.py:544}}
Aug 21 18:19:52 devstack cinder-volume[94611]: DEBUG cinder.volume.manager [None req-9251ff5b-6f2d-46b4-a40c-e279ea01b90b tempest-SnapshotsActionsTest-851568245 None] Task 'cinder.volume.flows.manager.create_volume.CreateVolumeFromSpecTask;volume:create' (bded5e04-e2f2-4f50-b115-4eb36d53205c) transitioned into state 'SUCCESS' from state 'RUNNING' with result '{'status': 'creating', 'volume_name': 'volume-196a94b5-847c-4064-a2f9-24eca1b00356', 'volume_size': 1}' {{(pid=94611) _task_receiver /opt/stack/data/venv/lib/python3.12/site-packages/taskflow/listeners/logging.py:218}}
Aug 21 18:19:52 devstack cinder-volume[94611]: DEBUG cinder.volume.manager [None req-9251ff5b-6f2d-46b4-a40c-e279ea01b90b tempest-SnapshotsActionsTest-851568245 None] Task 'cinder.volume.flows.manager.create_volume.CreateVolumeOnFinishTask;volume:create, create.end' (bb462b49-12c3-460b-b391-22f301cafdf2) transitioned into state 'RUNNING' from state 'PENDING' {{(pid=94611) _task_receiver /opt/stack/data/venv/lib/python3.12/site-packages/taskflow/listeners/logging.py:242}}
Aug 21 18:19:52 devstack cinder-volume[94611]: INFO cinder.volume.flows.manager.create_volume [None req-9251ff5b-6f2d-46b4-a40c-e279ea01b90b tempest-SnapshotsActionsTest-851568245 None] Volume volume-196a94b5-847c-4064-a2f9-24eca1b00356 (196a94b5-847c-4064-a2f9-24eca1b00356): created successfully
Aug 21 18:19:52 devstack cinder-volume[94611]: DEBUG cinder.volume.manager [None req-9251ff5b-6f2d-46b4-a40c-e279ea01b90b tempest-SnapshotsActionsTest-851568245 None] Task 'cinder.volume.flows.manager.create_volume.CreateVolumeOnFinishTask;volume:create, create.end' (bb462b49-12c3-460b-b391-22f301cafdf2) transitioned into state 'SUCCESS' from state 'RUNNING' with result 'None' {{(pid=94611) _task_receiver /opt/stack/data/venv/lib/python3.12/site-packages/taskflow/listeners/logging.py:218}}
Aug 21 18:19:52 devstack cinder-volume[94611]: DEBUG cinder.volume.manager [None req-9251ff5b-6f2d-46b4-a40c-e279ea01b90b tempest-SnapshotsActionsTest-851568245 None] Flow 'volume_create_manager' (2e2b9004-fbaf-4ab6-82fc-1e2597238819) transitioned into state 'SUCCESS' from state 'RUNNING' {{(pid=94611) _flow_receiver /opt/stack/data/venv/lib/python3.12/site-packages/taskflow/listeners/logging.py:160}}
Aug 21 18:19:52 devstack cinder-volume[94611]: INFO cinder.volume.manager [None req-9251ff5b-6f2d-46b4-a40c-e279ea01b90b tempest-SnapshotsActionsTest-851568245 None] Created volume successfully.
Aug 21 18:19:53 devstack cinder-volume[94611]: DEBUG oslo_concurrency.lockutils [None req-fad712d5-cd7b-47c0-b04f-5191465bad75 tempest-SnapshotsActionsTest-851568245 None] Acquiring lock "quobyte" by "cinder.volume.drivers.quobyte.QuobyteDriver.create_snapshot" {{(pid=94611) inner /opt/stack/data/venv/lib/python3.12/site-packages/oslo_concurrency/lockutils.py:512}}
Aug 21 18:19:53 devstack cinder-volume[94611]: DEBUG oslo_concurrency.lockutils [None req-fad712d5-cd7b-47c0-b04f-5191465bad75 tempest-SnapshotsActionsTest-851568245 None] Lock "quobyte" acquired by "cinder.volume.drivers.quobyte.QuobyteDriver.create_snapshot" :: waited 0.001s {{(pid=94611) inner /opt/stack/data/venv/lib/python3.12/site-packages/oslo_concurrency/lockutils.py:525}}
Aug 21 18:19:53 devstack cinder-volume[94611]: DEBUG cinder.volume.drivers.remotefs [None req-fad712d5-cd7b-47c0-b04f-5191465bad75 tempest-SnapshotsActionsTest-851568245 None] Creating offline snapshot 2b1f1524-414a-47fa-b755-980497e1d189 of volume 196a94b5-847c-4064-a2f9-24eca1b00356 {{(pid=94611) _create_snapshot /opt/stack/cinder/cinder/volume/drivers/remotefs.py:1816}}
Aug 21 18:19:53 devstack cinder-volume[94611]: DEBUG oslo.privsep.daemon [-] privsep: reply[b39b7900-cd46-4b72-b871-54f2e7ef8c0e]: (4, 'qcow2') {{(pid=95965) _call_back /opt/stack/data/venv/lib/python3.12/site-packages/oslo_privsep/daemon.py:580}}
Aug 21 18:19:53 devstack cinder-volume[94611]: DEBUG oslo_concurrency.processutils [None req-fad712d5-cd7b-47c0-b04f-5191465bad75 tempest-SnapshotsActionsTest-851568245 None] Running cmd (subprocess): /opt/stack/data/venv/bin/python3.12 -m oslo_concurrency.prlimit --as=1073741824 --cpu=60 -- sudo cinder-rootwrap /etc/cinder/rootwrap.conf env LC_ALL=C qemu-img info -f qcow2 --output=json --force-share /opt/stack/data/cinder/mnt/1f634bfcb5fefb9182a3467fa68b0851/volume-196a94b5-847c-4064-a2f9-24eca1b00356 {{(pid=94611) execute /opt/stack/data/venv/lib/python3.12/site-packages/oslo_concurrency/processutils.py:440}}
Aug 21 18:19:53 devstack sudo[97607]: quobyte : PWD=/ ; USER=root ; COMMAND=/opt/stack/data/venv/bin/cinder-rootwrap /etc/cinder/rootwrap.conf env LC_ALL=C qemu-img info -f qcow2 --output=json --force-share /opt/stack/data/cinder/mnt/1f634bfcb5fefb9182a3467fa68b0851/volume-196a94b5-847c-4064-a2f9-24eca1b00356
Aug 21 18:19:53 devstack sudo[97607]: pam_unix(sudo:session): session opened for user root(uid=0) by (uid=1000)
Aug 21 18:19:54 devstack sudo[97607]: pam_unix(sudo:session): session closed for user root
Aug 21 18:19:54 devstack cinder-volume[94611]: DEBUG oslo_concurrency.processutils [None req-fad712d5-cd7b-47c0-b04f-5191465bad75 tempest-SnapshotsActionsTest-851568245 None] CMD "/opt/stack/data/venv/bin/python3.12 -m oslo_concurrency.prlimit --as=1073741824 --cpu=60 -- sudo cinder-rootwrap /etc/cinder/rootwrap.conf env LC_ALL=C qemu-img info -f qcow2 --output=json --force-share /opt/stack/data/cinder/mnt/1f634bfcb5fefb9182a3467fa68b0851/volume-196a94b5-847c-4064-a2f9-24eca1b00356" returned: 0 in 0.524s {{(pid=94611) execute /opt/stack/data/venv/lib/python3.12/site-packages/oslo_concurrency/processutils.py:468}}
Aug 21 18:19:54 devstack cinder-volume[94611]: DEBUG oslo_concurrency.processutils [None req-fad712d5-cd7b-47c0-b04f-5191465bad75 tempest-SnapshotsActionsTest-851568245 None] Running cmd (subprocess): sudo cinder-rootwrap /etc/cinder/rootwrap.conf qemu-img create -f qcow2 -o backing_file=/opt/stack/data/cinder/mnt/1f634bfcb5fefb9182a3467fa68b0851/volume-196a94b5-847c-4064-a2f9-24eca1b00356,backing_fmt=qcow2 /opt/stack/data/cinder/mnt/1f634bfcb5fefb9182a3467fa68b0851/volume-196a94b5-847c-4064-a2f9-24eca1b00356.2b1f1524-414a-47fa-b755-980497e1d189 1G {{(pid=94611) execute /opt/stack/data/venv/lib/python3.12/site-packages/oslo_concurrency/processutils.py:440}}
Aug 21 18:19:54 devstack sudo[97615]: quobyte : PWD=/ ; USER=root ; COMMAND=/opt/stack/data/venv/bin/cinder-rootwrap /etc/cinder/rootwrap.conf qemu-img create -f qcow2 -o backing_file=/opt/stack/data/cinder/mnt/1f634bfcb5fefb9182a3467fa68b0851/volume-196a94b5-847c-4064-a2f9-24eca1b00356,backing_fmt=qcow2 /opt/stack/data/cinder/mnt/1f634bfcb5fefb9182a3467fa68b0851/volume-196a94b5-847c-4064-a2f9-24eca1b00356.2b1f1524-414a-47fa-b755-980497e1d189 1G
Aug 21 18:19:54 devstack sudo[97615]: pam_unix(sudo:session): session opened for user root(uid=0) by (uid=1000)
Aug 21 18:19:54 devstack sudo[97615]: pam_unix(sudo:session): session closed for user root
Aug 21 18:19:54 devstack cinder-volume[94611]: DEBUG oslo_concurrency.processutils [None req-fad712d5-cd7b-47c0-b04f-5191465bad75 tempest-SnapshotsActionsTest-851568245 None] CMD "sudo cinder-rootwrap /etc/cinder/rootwrap.conf qemu-img create -f qcow2 -o backing_file=/opt/stack/data/cinder/mnt/1f634bfcb5fefb9182a3467fa68b0851/volume-196a94b5-847c-4064-a2f9-24eca1b00356,backing_fmt=qcow2 /opt/stack/data/cinder/mnt/1f634bfcb5fefb9182a3467fa68b0851/volume-196a94b5-847c-4064-a2f9-24eca1b00356.2b1f1524-414a-47fa-b755-980497e1d189 1G" returned: 0 in 0.581s {{(pid=94611) execute /opt/stack/data/venv/lib/python3.12/site-packages/oslo_concurrency/processutils.py:468}}
Aug 21 18:19:54 devstack cinder-volume[94611]: DEBUG oslo_concurrency.processutils [None req-fad712d5-cd7b-47c0-b04f-5191465bad75 tempest-SnapshotsActionsTest-851568245 None] Running cmd (subprocess): sudo cinder-rootwrap /etc/cinder/rootwrap.conf qemu-img rebase -u -b volume-196a94b5-847c-4064-a2f9-24eca1b00356 -F qcow2 /opt/stack/data/cinder/mnt/1f634bfcb5fefb9182a3467fa68b0851/volume-196a94b5-847c-4064-a2f9-24eca1b00356.2b1f1524-414a-47fa-b755-980497e1d189 {{(pid=94611) execute /opt/stack/data/venv/lib/python3.12/site-packages/oslo_concurrency/processutils.py:440}}
Aug 21 18:19:54 devstack sudo[97622]: quobyte : PWD=/ ; USER=root ; COMMAND=/opt/stack/data/venv/bin/cinder-rootwrap /etc/cinder/rootwrap.conf qemu-img rebase -u -b volume-196a94b5-847c-4064-a2f9-24eca1b00356 -F qcow2 /opt/stack/data/cinder/mnt/1f634bfcb5fefb9182a3467fa68b0851/volume-196a94b5-847c-4064-a2f9-24eca1b00356.2b1f1524-414a-47fa-b755-980497e1d189
Aug 21 18:19:54 devstack sudo[97622]: pam_unix(sudo:session): session opened for user root(uid=0) by (uid=1000)
Aug 21 18:19:55 devstack sudo[97622]: pam_unix(sudo:session): session closed for user root
Aug 21 18:19:55 devstack cinder-volume[94611]: DEBUG oslo_concurrency.processutils [None req-fad712d5-cd7b-47c0-b04f-5191465bad75 tempest-SnapshotsActionsTest-851568245 None] CMD "sudo cinder-rootwrap /etc/cinder/rootwrap.conf qemu-img rebase -u -b volume-196a94b5-847c-4064-a2f9-24eca1b00356 -F qcow2 /opt/stack/data/cinder/mnt/1f634bfcb5fefb9182a3467fa68b0851/volume-196a94b5-847c-4064-a2f9-24eca1b00356.2b1f1524-414a-47fa-b755-980497e1d189" returned: 0 in 0.393s {{(pid=94611) execute /opt/stack/data/venv/lib/python3.12/site-packages/oslo_concurrency/processutils.py:468}}
Aug 21 18:19:55 devstack cinder-volume[94611]: WARNING cinder.volume.drivers.remotefs [None req-fad712d5-cd7b-47c0-b04f-5191465bad75 tempest-SnapshotsActionsTest-851568245 None] /opt/stack/data/cinder/mnt/1f634bfcb5fefb9182a3467fa68b0851/volume-196a94b5-847c-4064-a2f9-24eca1b00356.2b1f1524-414a-47fa-b755-980497e1d189 is being set with open permissions: ugo+rw
Aug 21 18:19:55 devstack cinder-volume[94611]: DEBUG oslo_concurrency.processutils [None req-fad712d5-cd7b-47c0-b04f-5191465bad75 tempest-SnapshotsActionsTest-851568245 None] Running cmd (subprocess): sudo cinder-rootwrap /etc/cinder/rootwrap.conf chmod ugo+rw /opt/stack/data/cinder/mnt/1f634bfcb5fefb9182a3467fa68b0851/volume-196a94b5-847c-4064-a2f9-24eca1b00356.2b1f1524-414a-47fa-b755-980497e1d189 {{(pid=94611) execute /opt/stack/data/venv/lib/python3.12/site-packages/oslo_concurrency/processutils.py:440}}
Aug 21 18:19:55 devstack sudo[97628]: quobyte : PWD=/ ; USER=root ; COMMAND=/opt/stack/data/venv/bin/cinder-rootwrap /etc/cinder/rootwrap.conf chmod ugo+rw /opt/stack/data/cinder/mnt/1f634bfcb5fefb9182a3467fa68b0851/volume-196a94b5-847c-4064-a2f9-24eca1b00356.2b1f1524-414a-47fa-b755-980497e1d189
Aug 21 18:19:55 devstack sudo[97628]: pam_unix(sudo:session): session opened for user root(uid=0) by (uid=1000)
Aug 21 18:19:55 devstack sudo[97628]: pam_unix(sudo:session): session closed for user root
Aug 21 18:19:55 devstack cinder-volume[94611]: DEBUG oslo_concurrency.processutils [None req-fad712d5-cd7b-47c0-b04f-5191465bad75 tempest-SnapshotsActionsTest-851568245 None] CMD "sudo cinder-rootwrap /etc/cinder/rootwrap.conf chmod ugo+rw /opt/stack/data/cinder/mnt/1f634bfcb5fefb9182a3467fa68b0851/volume-196a94b5-847c-4064-a2f9-24eca1b00356.2b1f1524-414a-47fa-b755-980497e1d189" returned: 0 in 0.289s {{(pid=94611) execute /opt/stack/data/venv/lib/python3.12/site-packages/oslo_concurrency/processutils.py:468}}
Aug 21 18:19:55 devstack cinder-volume[94611]: DEBUG oslo_concurrency.processutils [None req-fad712d5-cd7b-47c0-b04f-5191465bad75 tempest-SnapshotsActionsTest-851568245 None] Running cmd (subprocess): sudo cinder-rootwrap /etc/cinder/rootwrap.conf truncate -s0 /opt/stack/data/cinder/mnt/1f634bfcb5fefb9182a3467fa68b0851/volume-196a94b5-847c-4064-a2f9-24eca1b00356.info {{(pid=94611) execute /opt/stack/data/venv/lib/python3.12/site-packages/oslo_concurrency/processutils.py:440}}
Aug 21 18:19:55 devstack sudo[97631]: quobyte : PWD=/ ; USER=root ; COMMAND=/opt/stack/data/venv/bin/cinder-rootwrap /etc/cinder/rootwrap.conf truncate -s0 /opt/stack/data/cinder/mnt/1f634bfcb5fefb9182a3467fa68b0851/volume-196a94b5-847c-4064-a2f9-24eca1b00356.info
Aug 21 18:19:55 devstack sudo[97631]: pam_unix(sudo:session): session opened for user root(uid=0) by (uid=1000)
Aug 21 18:19:55 devstack sudo[97631]: pam_unix(sudo:session): session closed for user root
Aug 21 18:19:55 devstack cinder-volume[94611]: DEBUG oslo_concurrency.processutils [None req-fad712d5-cd7b-47c0-b04f-5191465bad75 tempest-SnapshotsActionsTest-851568245 None] CMD "sudo cinder-rootwrap /etc/cinder/rootwrap.conf truncate -s0 /opt/stack/data/cinder/mnt/1f634bfcb5fefb9182a3467fa68b0851/volume-196a94b5-847c-4064-a2f9-24eca1b00356.info" returned: 0 in 0.344s {{(pid=94611) execute /opt/stack/data/venv/lib/python3.12/site-packages/oslo_concurrency/processutils.py:468}}
Aug 21 18:19:55 devstack cinder-volume[94611]: WARNING cinder.volume.drivers.remotefs [None req-fad712d5-cd7b-47c0-b04f-5191465bad75 tempest-SnapshotsActionsTest-851568245 None] /opt/stack/data/cinder/mnt/1f634bfcb5fefb9182a3467fa68b0851/volume-196a94b5-847c-4064-a2f9-24eca1b00356.info is being set with open permissions: ugo+rw
Aug 21 18:19:55 devstack cinder-volume[94611]: DEBUG oslo_concurrency.processutils [None req-fad712d5-cd7b-47c0-b04f-5191465bad75 tempest-SnapshotsActionsTest-851568245 None] Running cmd (subprocess): sudo cinder-rootwrap /etc/cinder/rootwrap.conf chmod ugo+rw /opt/stack/data/cinder/mnt/1f634bfcb5fefb9182a3467fa68b0851/volume-196a94b5-847c-4064-a2f9-24eca1b00356.info {{(pid=94611) execute /opt/stack/data/venv/lib/python3.12/site-packages/oslo_concurrency/processutils.py:440}}
Aug 21 18:19:55 devstack sudo[97634]: quobyte : PWD=/ ; USER=root ; COMMAND=/opt/stack/data/venv/bin/cinder-rootwrap /etc/cinder/rootwrap.conf chmod ugo+rw /opt/stack/data/cinder/mnt/1f634bfcb5fefb9182a3467fa68b0851/volume-196a94b5-847c-4064-a2f9-24eca1b00356.info
Aug 21 18:19:55 devstack sudo[97634]: pam_unix(sudo:session): session opened for user root(uid=0) by (uid=1000)
Aug 21 18:19:56 devstack sudo[97634]: pam_unix(sudo:session): session closed for user root
Aug 21 18:19:56 devstack cinder-volume[94611]: DEBUG oslo_concurrency.processutils [None req-fad712d5-cd7b-47c0-b04f-5191465bad75 tempest-SnapshotsActionsTest-851568245 None] CMD "sudo cinder-rootwrap /etc/cinder/rootwrap.conf chmod ugo+rw /opt/stack/data/cinder/mnt/1f634bfcb5fefb9182a3467fa68b0851/volume-196a94b5-847c-4064-a2f9-24eca1b00356.info" returned: 0 in 0.345s {{(pid=94611) execute /opt/stack/data/venv/lib/python3.12/site-packages/oslo_concurrency/processutils.py:468}}
Aug 21 18:19:56 devstack cinder-volume[94611]: DEBUG oslo_concurrency.lockutils [None req-fad712d5-cd7b-47c0-b04f-5191465bad75 tempest-SnapshotsActionsTest-851568245 None] Lock "quobyte" "released" by "cinder.volume.drivers.quobyte.QuobyteDriver.create_snapshot" :: held 2.600s {{(pid=94611) inner /opt/stack/data/venv/lib/python3.12/site-packages/oslo_concurrency/lockutils.py:544}}
Aug 21 18:19:56 devstack cinder-volume[94611]: INFO cinder.volume.manager [None req-fad712d5-cd7b-47c0-b04f-5191465bad75 tempest-SnapshotsActionsTest-851568245 None] Create snapshot completed successfully
Aug 21 18:19:57 devstack cinder-volume[94611]: DEBUG oslo_concurrency.lockutils [None req-86c3aca5-547f-4170-831a-734f8a32deb2 tempest-SnapshotsActionsTest-851568245 None] Acquiring lock "quobyte" by "cinder.volume.drivers.quobyte.QuobyteDriver.create_snapshot" {{(pid=94611) inner /opt/stack/data/venv/lib/python3.12/site-packages/oslo_concurrency/lockutils.py:512}}
Aug 21 18:19:57 devstack cinder-volume[94611]: DEBUG oslo_concurrency.lockutils [None req-86c3aca5-547f-4170-831a-734f8a32deb2 tempest-SnapshotsActionsTest-851568245 None] Lock "quobyte" acquired by "cinder.volume.drivers.quobyte.QuobyteDriver.create_snapshot" :: waited 0.001s {{(pid=94611) inner /opt/stack/data/venv/lib/python3.12/site-packages/oslo_concurrency/lockutils.py:525}}
Aug 21 18:19:57 devstack cinder-volume[94611]: DEBUG cinder.volume.drivers.remotefs [None req-86c3aca5-547f-4170-831a-734f8a32deb2 tempest-SnapshotsActionsTest-851568245 None] Creating offline snapshot f23587ae-d047-4abb-ac54-734c6b0c5816 of volume 196a94b5-847c-4064-a2f9-24eca1b00356 {{(pid=94611) _create_snapshot /opt/stack/cinder/cinder/volume/drivers/remotefs.py:1816}}
Aug 21 18:19:57 devstack cinder-volume[94611]: DEBUG oslo.privsep.daemon [-] privsep: reply[7d654a11-adbe-43b1-a8fc-3480c6141f0a]: (4, 'qcow2') {{(pid=95965) _call_back /opt/stack/data/venv/lib/python3.12/site-packages/oslo_privsep/daemon.py:580}}
Aug 21 18:19:57 devstack cinder-volume[94611]: DEBUG oslo_concurrency.processutils [None req-86c3aca5-547f-4170-831a-734f8a32deb2 tempest-SnapshotsActionsTest-851568245 None] Running cmd (subprocess): /opt/stack/data/venv/bin/python3.12 -m oslo_concurrency.prlimit --as=1073741824 --cpu=60 -- sudo cinder-rootwrap /etc/cinder/rootwrap.conf env LC_ALL=C qemu-img info -f qcow2 --output=json --force-share /opt/stack/data/cinder/mnt/1f634bfcb5fefb9182a3467fa68b0851/volume-196a94b5-847c-4064-a2f9-24eca1b00356.2b1f1524-414a-47fa-b755-980497e1d189 {{(pid=94611) execute /opt/stack/data/venv/lib/python3.12/site-packages/oslo_concurrency/processutils.py:440}}
Aug 21 18:19:58 devstack sudo[97637]: quobyte : PWD=/ ; USER=root ; COMMAND=/opt/stack/data/venv/bin/cinder-rootwrap /etc/cinder/rootwrap.conf env LC_ALL=C qemu-img info -f qcow2 --output=json --force-share /opt/stack/data/cinder/mnt/1f634bfcb5fefb9182a3467fa68b0851/volume-196a94b5-847c-4064-a2f9-24eca1b00356.2b1f1524-414a-47fa-b755-980497e1d189
Aug 21 18:19:58 devstack sudo[97637]: pam_unix(sudo:session): session opened for user root(uid=0) by (uid=1000)
Aug 21 18:19:58 devstack sudo[97637]: pam_unix(sudo:session): session closed for user root
Aug 21 18:19:58 devstack cinder-volume[94611]: DEBUG oslo_concurrency.processutils [None req-86c3aca5-547f-4170-831a-734f8a32deb2 tempest-SnapshotsActionsTest-851568245 None] CMD "/opt/stack/data/venv/bin/python3.12 -m oslo_concurrency.prlimit --as=1073741824 --cpu=60 -- sudo cinder-rootwrap /etc/cinder/rootwrap.conf env LC_ALL=C qemu-img info -f qcow2 --output=json --force-share /opt/stack/data/cinder/mnt/1f634bfcb5fefb9182a3467fa68b0851/volume-196a94b5-847c-4064-a2f9-24eca1b00356.2b1f1524-414a-47fa-b755-980497e1d189" returned: 0 in 0.502s {{(pid=94611) execute /opt/stack/data/venv/lib/python3.12/site-packages/oslo_concurrency/processutils.py:468}}
Aug 21 18:19:58 devstack cinder-volume[94611]: DEBUG cinder.volume.drivers.remotefs [None req-86c3aca5-547f-4170-831a-734f8a32deb2 tempest-SnapshotsActionsTest-851568245 None] Fetching qemu-img info with special backing_file_template: (/opt/stack/data/cinder/mnt/[0-9a-f]+/)?(volume-196a94b5-847c-4064-a2f9-24eca1b00356(.(tmp-snap-)?[0-9a-f-]+)?|volume_from_snapshot_cache/(tmp-snap-)?[0-9a-f-]+(.(child-|parent-)[0-9a-f-]+)?)$ {{(pid=94611) _qemu_img_info_base /opt/stack/cinder/cinder/volume/drivers/remotefs.py:896}}
Aug 21 18:19:58 devstack cinder-volume[94611]: DEBUG oslo_concurrency.processutils [None req-86c3aca5-547f-4170-831a-734f8a32deb2 tempest-SnapshotsActionsTest-851568245 None] Running cmd (subprocess): sudo cinder-rootwrap /etc/cinder/rootwrap.conf qemu-img create -f qcow2 -o backing_file=/opt/stack/data/cinder/mnt/1f634bfcb5fefb9182a3467fa68b0851/volume-196a94b5-847c-4064-a2f9-24eca1b00356.2b1f1524-414a-47fa-b755-980497e1d189,backing_fmt=qcow2 /opt/stack/data/cinder/mnt/1f634bfcb5fefb9182a3467fa68b0851/volume-196a94b5-847c-4064-a2f9-24eca1b00356.f23587ae-d047-4abb-ac54-734c6b0c5816 1G {{(pid=94611) execute /opt/stack/data/venv/lib/python3.12/site-packages/oslo_concurrency/processutils.py:440}}
Aug 21 18:19:58 devstack sudo[97642]: quobyte : PWD=/ ; USER=root ; COMMAND=/opt/stack/data/venv/bin/cinder-rootwrap /etc/cinder/rootwrap.conf qemu-img create -f qcow2 -o backing_file=/opt/stack/data/cinder/mnt/1f634bfcb5fefb9182a3467fa68b0851/volume-196a94b5-847c-4064-a2f9-24eca1b00356.2b1f1524-414a-47fa-b755-980497e1d189,backing_fmt=qcow2 /opt/stack/data/cinder/mnt/1f634bfcb5fefb9182a3467fa68b0851/volume-196a94b5-847c-4064-a2f9-24eca1b00356.f23587ae-d047-4abb-ac54-734c6b0c5816 1G
Aug 21 18:19:58 devstack sudo[97642]: pam_unix(sudo:session): session opened for user root(uid=0) by (uid=1000)
Aug 21 18:19:59 devstack cinder-volume[94611]: DEBUG cinder.coordination [None req-78627e19-86b5-4bd2-a678-b6916afa1cf9 tempest-TaggedAttachmentsTest-719926585 None] Acquiring lock "cinder-68eb33e0-e876-4856-b653-870236fc99de-delete_volume" by "delete_volume" {{(pid=94611) __acquire /opt/stack/cinder/cinder/coordination.py:138}}
Aug 21 18:19:59 devstack cinder-volume[94611]: DEBUG cinder.coordination [None req-78627e19-86b5-4bd2-a678-b6916afa1cf9 tempest-TaggedAttachmentsTest-719926585 None] Lock "cinder-68eb33e0-e876-4856-b653-870236fc99de-delete_volume" acquired by "delete_volume" :: waited 0.036s {{(pid=94611) __acquire /opt/stack/cinder/cinder/coordination.py:141}}
Aug 21 18:19:59 devstack cinder-volume[94611]: DEBUG cinder.coordination [None req-78627e19-86b5-4bd2-a678-b6916afa1cf9 tempest-TaggedAttachmentsTest-719926585 None] Acquiring lock "cinder-quobyte-68eb33e0-e876-4856-b653-870236fc99de" by "delete_volume" {{(pid=94611) __acquire /opt/stack/cinder/cinder/coordination.py:138}}
Aug 21 18:19:59 devstack cinder-volume[94611]: DEBUG cinder.coordination [None req-78627e19-86b5-4bd2-a678-b6916afa1cf9 tempest-TaggedAttachmentsTest-719926585 None] Lock "cinder-quobyte-68eb33e0-e876-4856-b653-870236fc99de" acquired by "delete_volume" :: waited 0.026s {{(pid=94611) __acquire /opt/stack/cinder/cinder/coordination.py:141}}
Aug 21 18:19:59 devstack cinder-volume[94611]: DEBUG oslo.privsep.daemon [-] privsep: reply[630bae93-d475-4aac-aecf-8694f30f5447]: (4, 'qcow2') {{(pid=95965) _call_back /opt/stack/data/venv/lib/python3.12/site-packages/oslo_privsep/daemon.py:580}}
Aug 21 18:19:59 devstack cinder-volume[94611]: DEBUG oslo_concurrency.processutils [None req-78627e19-86b5-4bd2-a678-b6916afa1cf9 tempest-TaggedAttachmentsTest-719926585 None] Running cmd (subprocess): /opt/stack/data/venv/bin/python3.12 -m oslo_concurrency.prlimit --as=1073741824 --cpu=60 -- sudo cinder-rootwrap /etc/cinder/rootwrap.conf env LC_ALL=C qemu-img info -f qcow2 --output=json --force-share /opt/stack/data/cinder/mnt/1f634bfcb5fefb9182a3467fa68b0851/volume-68eb33e0-e876-4856-b653-870236fc99de {{(pid=94611) execute /opt/stack/data/venv/lib/python3.12/site-packages/oslo_concurrency/processutils.py:440}}
Aug 21 18:19:59 devstack sudo[97642]: pam_unix(sudo:session): session closed for user root
Aug 21 18:19:59 devstack cinder-volume[94611]: DEBUG oslo_concurrency.processutils [None req-86c3aca5-547f-4170-831a-734f8a32deb2 tempest-SnapshotsActionsTest-851568245 None] CMD "sudo cinder-rootwrap /etc/cinder/rootwrap.conf qemu-img create -f qcow2 -o backing_file=/opt/stack/data/cinder/mnt/1f634bfcb5fefb9182a3467fa68b0851/volume-196a94b5-847c-4064-a2f9-24eca1b00356.2b1f1524-414a-47fa-b755-980497e1d189,backing_fmt=qcow2 /opt/stack/data/cinder/mnt/1f634bfcb5fefb9182a3467fa68b0851/volume-196a94b5-847c-4064-a2f9-24eca1b00356.f23587ae-d047-4abb-ac54-734c6b0c5816 1G" returned: 0 in 1.031s {{(pid=94611) execute /opt/stack/data/venv/lib/python3.12/site-packages/oslo_concurrency/processutils.py:468}}
Aug 21 18:19:59 devstack cinder-volume[94611]: DEBUG oslo_concurrency.processutils [None req-86c3aca5-547f-4170-831a-734f8a32deb2 tempest-SnapshotsActionsTest-851568245 None] Running cmd (subprocess): sudo cinder-rootwrap /etc/cinder/rootwrap.conf qemu-img rebase -u -b volume-196a94b5-847c-4064-a2f9-24eca1b00356.2b1f1524-414a-47fa-b755-980497e1d189 -F qcow2 /opt/stack/data/cinder/mnt/1f634bfcb5fefb9182a3467fa68b0851/volume-196a94b5-847c-4064-a2f9-24eca1b00356.f23587ae-d047-4abb-ac54-734c6b0c5816 {{(pid=94611) execute /opt/stack/data/venv/lib/python3.12/site-packages/oslo_concurrency/processutils.py:440}}
Aug 21 18:19:59 devstack sudo[97652]: quobyte : PWD=/ ; USER=root ; COMMAND=/opt/stack/data/venv/bin/cinder-rootwrap /etc/cinder/rootwrap.conf env LC_ALL=C qemu-img info -f qcow2 --output=json --force-share /opt/stack/data/cinder/mnt/1f634bfcb5fefb9182a3467fa68b0851/volume-68eb33e0-e876-4856-b653-870236fc99de
Aug 21 18:19:59 devstack sudo[97652]: pam_unix(sudo:session): session opened for user root(uid=0) by (uid=1000)
Aug 21 18:19:59 devstack sudo[97653]: quobyte : PWD=/ ; USER=root ; COMMAND=/opt/stack/data/venv/bin/cinder-rootwrap /etc/cinder/rootwrap.conf qemu-img rebase -u -b volume-196a94b5-847c-4064-a2f9-24eca1b00356.2b1f1524-414a-47fa-b755-980497e1d189 -F qcow2 /opt/stack/data/cinder/mnt/1f634bfcb5fefb9182a3467fa68b0851/volume-196a94b5-847c-4064-a2f9-24eca1b00356.f23587ae-d047-4abb-ac54-734c6b0c5816
Aug 21 18:19:59 devstack sudo[97653]: pam_unix(sudo:session): session opened for user root(uid=0) by (uid=1000)
Aug 21 18:19:59 devstack sudo[97652]: pam_unix(sudo:session): session closed for user root
Aug 21 18:19:59 devstack cinder-volume[94611]: DEBUG oslo_concurrency.processutils [None req-78627e19-86b5-4bd2-a678-b6916afa1cf9 tempest-TaggedAttachmentsTest-719926585 None] CMD "/opt/stack/data/venv/bin/python3.12 -m oslo_concurrency.prlimit --as=1073741824 --cpu=60 -- sudo cinder-rootwrap /etc/cinder/rootwrap.conf env LC_ALL=C qemu-img info -f qcow2 --output=json --force-share /opt/stack/data/cinder/mnt/1f634bfcb5fefb9182a3467fa68b0851/volume-68eb33e0-e876-4856-b653-870236fc99de" returned: 0 in 0.565s {{(pid=94611) execute /opt/stack/data/venv/lib/python3.12/site-packages/oslo_concurrency/processutils.py:468}}
Aug 21 18:19:59 devstack cinder-volume[94611]: DEBUG oslo_concurrency.processutils [None req-78627e19-86b5-4bd2-a678-b6916afa1cf9 tempest-TaggedAttachmentsTest-719926585 None] Running cmd (subprocess): sudo cinder-rootwrap /etc/cinder/rootwrap.conf rm -f /opt/stack/data/cinder/mnt/1f634bfcb5fefb9182a3467fa68b0851/volume-68eb33e0-e876-4856-b653-870236fc99de {{(pid=94611) execute /opt/stack/data/venv/lib/python3.12/site-packages/oslo_concurrency/processutils.py:440}}
Aug 21 18:19:59 devstack sudo[97663]: quobyte : PWD=/ ; USER=root ; COMMAND=/opt/stack/data/venv/bin/cinder-rootwrap /etc/cinder/rootwrap.conf rm -f /opt/stack/data/cinder/mnt/1f634bfcb5fefb9182a3467fa68b0851/volume-68eb33e0-e876-4856-b653-870236fc99de
Aug 21 18:19:59 devstack sudo[97663]: pam_unix(sudo:session): session opened for user root(uid=0) by (uid=1000)
Aug 21 18:19:59 devstack sudo[97653]: pam_unix(sudo:session): session closed for user root
Aug 21 18:19:59 devstack cinder-volume[94611]: DEBUG oslo_concurrency.processutils [None req-86c3aca5-547f-4170-831a-734f8a32deb2 tempest-SnapshotsActionsTest-851568245 None] CMD "sudo cinder-rootwrap /etc/cinder/rootwrap.conf qemu-img rebase -u -b volume-196a94b5-847c-4064-a2f9-24eca1b00356.2b1f1524-414a-47fa-b755-980497e1d189 -F qcow2 /opt/stack/data/cinder/mnt/1f634bfcb5fefb9182a3467fa68b0851/volume-196a94b5-847c-4064-a2f9-24eca1b00356.f23587ae-d047-4abb-ac54-734c6b0c5816" returned: 0 in 0.509s {{(pid=94611) execute /opt/stack/data/venv/lib/python3.12/site-packages/oslo_concurrency/processutils.py:468}}
Aug 21 18:19:59 devstack cinder-volume[94611]: WARNING cinder.volume.drivers.remotefs [None req-86c3aca5-547f-4170-831a-734f8a32deb2 tempest-SnapshotsActionsTest-851568245 None] /opt/stack/data/cinder/mnt/1f634bfcb5fefb9182a3467fa68b0851/volume-196a94b5-847c-4064-a2f9-24eca1b00356.f23587ae-d047-4abb-ac54-734c6b0c5816 is being set with open permissions: ugo+rw
Aug 21 18:19:59 devstack cinder-volume[94611]: DEBUG oslo_concurrency.processutils [None req-86c3aca5-547f-4170-831a-734f8a32deb2 tempest-SnapshotsActionsTest-851568245 None] Running cmd (subprocess): sudo cinder-rootwrap /etc/cinder/rootwrap.conf chmod ugo+rw /opt/stack/data/cinder/mnt/1f634bfcb5fefb9182a3467fa68b0851/volume-196a94b5-847c-4064-a2f9-24eca1b00356.f23587ae-d047-4abb-ac54-734c6b0c5816 {{(pid=94611) execute /opt/stack/data/venv/lib/python3.12/site-packages/oslo_concurrency/processutils.py:440}}
Aug 21 18:19:59 devstack sudo[97666]: quobyte : PWD=/ ; USER=root ; COMMAND=/opt/stack/data/venv/bin/cinder-rootwrap /etc/cinder/rootwrap.conf chmod ugo+rw /opt/stack/data/cinder/mnt/1f634bfcb5fefb9182a3467fa68b0851/volume-196a94b5-847c-4064-a2f9-24eca1b00356.f23587ae-d047-4abb-ac54-734c6b0c5816
Aug 21 18:19:59 devstack sudo[97666]: pam_unix(sudo:session): session opened for user root(uid=0) by (uid=1000)
Aug 21 18:20:00 devstack sudo[97663]: pam_unix(sudo:session): session closed for user root
Aug 21 18:20:00 devstack cinder-volume[94611]: DEBUG oslo_concurrency.processutils [None req-78627e19-86b5-4bd2-a678-b6916afa1cf9 tempest-TaggedAttachmentsTest-719926585 None] CMD "sudo cinder-rootwrap /etc/cinder/rootwrap.conf rm -f /opt/stack/data/cinder/mnt/1f634bfcb5fefb9182a3467fa68b0851/volume-68eb33e0-e876-4856-b653-870236fc99de" returned: 0 in 0.414s {{(pid=94611) execute /opt/stack/data/venv/lib/python3.12/site-packages/oslo_concurrency/processutils.py:468}}
Aug 21 18:20:00 devstack cinder-volume[94611]: DEBUG cinder.coordination [None req-78627e19-86b5-4bd2-a678-b6916afa1cf9 tempest-TaggedAttachmentsTest-719926585 None] Lock "cinder-quobyte-68eb33e0-e876-4856-b653-870236fc99de" released by "delete_volume" :: held 1.049s {{(pid=94611) __release /opt/stack/cinder/cinder/coordination.py:152}}
Aug 21 18:20:00 devstack sudo[97666]: pam_unix(sudo:session): session closed for user root
Aug 21 18:20:00 devstack cinder-volume[94611]: DEBUG oslo_concurrency.processutils [None req-86c3aca5-547f-4170-831a-734f8a32deb2 tempest-SnapshotsActionsTest-851568245 None] CMD "sudo cinder-rootwrap /etc/cinder/rootwrap.conf chmod ugo+rw /opt/stack/data/cinder/mnt/1f634bfcb5fefb9182a3467fa68b0851/volume-196a94b5-847c-4064-a2f9-24eca1b00356.f23587ae-d047-4abb-ac54-734c6b0c5816" returned: 0 in 0.416s {{(pid=94611) execute /opt/stack/data/venv/lib/python3.12/site-packages/oslo_concurrency/processutils.py:468}}
Aug 21 18:20:00 devstack cinder-volume[94611]: DEBUG oslo_concurrency.lockutils [None req-86c3aca5-547f-4170-831a-734f8a32deb2 tempest-SnapshotsActionsTest-851568245 None] Lock "quobyte" "released" by "cinder.volume.drivers.quobyte.QuobyteDriver.create_snapshot" :: held 2.624s {{(pid=94611) inner /opt/stack/data/venv/lib/python3.12/site-packages/oslo_concurrency/lockutils.py:544}}
Aug 21 18:20:00 devstack cinder-volume[94611]: DEBUG cinder.quota [None req-78627e19-86b5-4bd2-a678-b6916afa1cf9 tempest-TaggedAttachmentsTest-719926585 None] Created reservations ['092aaea1-0164-4604-b8b7-b7ec81883301', 'e89af726-eee3-4b07-9a95-e43bbdd2ae8f', 'adacaf08-43a1-4aee-a448-c161bb272540', 'f7ae1a72-d76f-4441-bce7-1f6c98179b6f'] {{(pid=94611) reserve /opt/stack/cinder/cinder/quota.py:752}}
Aug 21 18:20:00 devstack cinder-volume[94611]: INFO cinder.volume.manager [None req-86c3aca5-547f-4170-831a-734f8a32deb2 tempest-SnapshotsActionsTest-851568245 None] Create snapshot completed successfully
Aug 21 18:20:00 devstack cinder-volume[94611]: DEBUG oslo_concurrency.lockutils [None req-78627e19-86b5-4bd2-a678-b6916afa1cf9 tempest-TaggedAttachmentsTest-719926585 None] Acquiring lock "quobyte_ensure" by "cinder.volume.drivers.quobyte.QuobyteDriver._ensure_shares_mounted" {{(pid=94611) inner /opt/stack/data/venv/lib/python3.12/site-packages/oslo_concurrency/lockutils.py:512}}
Aug 21 18:20:00 devstack cinder-volume[94611]: DEBUG oslo_concurrency.lockutils [None req-78627e19-86b5-4bd2-a678-b6916afa1cf9 tempest-TaggedAttachmentsTest-719926585 None] Lock "quobyte_ensure" acquired by "cinder.volume.drivers.quobyte.QuobyteDriver._ensure_shares_mounted" :: waited 0.001s {{(pid=94611) inner /opt/stack/data/venv/lib/python3.12/site-packages/oslo_concurrency/lockutils.py:525}}
Aug 21 18:20:00 devstack cinder-volume[94611]: DEBUG cinder.volume.drivers.quobyte [None req-78627e19-86b5-4bd2-a678-b6916afa1cf9 tempest-TaggedAttachmentsTest-719926585 None] Quobyte Volume URL set to: {'osci02.corp.quobyte.com/cinder-vol-bee7bda4-3927-4491-a5bd-2a2a5b2a5f1e': None} {{(pid=94611) _load_shares_config /opt/stack/cinder/cinder/volume/drivers/quobyte.py:665}}
Aug 21 18:20:00 devstack cinder-volume[94611]: DEBUG cinder.volume.drivers.quobyte [None req-78627e19-86b5-4bd2-a678-b6916afa1cf9 tempest-TaggedAttachmentsTest-719926585 None] Available shares ['osci02.corp.quobyte.com/cinder-vol-bee7bda4-3927-4491-a5bd-2a2a5b2a5f1e'] {{(pid=94611) _ensure_shares_mounted /opt/stack/cinder/cinder/volume/drivers/quobyte.py:695}}
Aug 21 18:20:00 devstack cinder-volume[94611]: DEBUG oslo_concurrency.lockutils [None req-78627e19-86b5-4bd2-a678-b6916afa1cf9 tempest-TaggedAttachmentsTest-719926585 None] Lock "quobyte_ensure" "released" by "cinder.volume.drivers.quobyte.QuobyteDriver._ensure_shares_mounted" :: held 0.012s {{(pid=94611) inner /opt/stack/data/venv/lib/python3.12/site-packages/oslo_concurrency/lockutils.py:544}}
Aug 21 18:20:00 devstack cinder-volume[94611]: DEBUG oslo_concurrency.processutils [None req-78627e19-86b5-4bd2-a678-b6916afa1cf9 tempest-TaggedAttachmentsTest-719926585 None] Running cmd (subprocess): sudo cinder-rootwrap /etc/cinder/rootwrap.conf df --portability --block-size 1 /opt/stack/data/cinder/mnt/1f634bfcb5fefb9182a3467fa68b0851 {{(pid=94611) execute /opt/stack/data/venv/lib/python3.12/site-packages/oslo_concurrency/processutils.py:440}}
Aug 21 18:20:00 devstack sudo[97673]: quobyte : PWD=/ ; USER=root ; COMMAND=/opt/stack/data/venv/bin/cinder-rootwrap /etc/cinder/rootwrap.conf df --portability --block-size 1 /opt/stack/data/cinder/mnt/1f634bfcb5fefb9182a3467fa68b0851
Aug 21 18:20:00 devstack sudo[97673]: pam_unix(sudo:session): session opened for user root(uid=0) by (uid=1000)
Aug 21 18:20:00 devstack sudo[97673]: pam_unix(sudo:session): session closed for user root
Aug 21 18:20:00 devstack cinder-volume[94611]: DEBUG oslo_concurrency.processutils [None req-78627e19-86b5-4bd2-a678-b6916afa1cf9 tempest-TaggedAttachmentsTest-719926585 None] CMD "sudo cinder-rootwrap /etc/cinder/rootwrap.conf df --portability --block-size 1 /opt/stack/data/cinder/mnt/1f634bfcb5fefb9182a3467fa68b0851" returned: 0 in 0.302s {{(pid=94611) execute /opt/stack/data/venv/lib/python3.12/site-packages/oslo_concurrency/processutils.py:468}}
Aug 21 18:20:00 devstack cinder-volume[94611]: DEBUG cinder.manager [None req-78627e19-86b5-4bd2-a678-b6916afa1cf9 tempest-TaggedAttachmentsTest-719926585 None] Notifying Schedulers of capabilities ... {{(pid=94611) _publish_service_capabilities /opt/stack/cinder/cinder/manager.py:219}}
Aug 21 18:20:00 devstack cinder-volume[94611]: INFO cinder.volume.manager [None req-78627e19-86b5-4bd2-a678-b6916afa1cf9 tempest-TaggedAttachmentsTest-719926585 None] Deleted volume successfully.
Aug 21 18:20:00 devstack cinder-volume[94611]: DEBUG cinder.coordination [None req-78627e19-86b5-4bd2-a678-b6916afa1cf9 tempest-TaggedAttachmentsTest-719926585 None] Lock "cinder-68eb33e0-e876-4856-b653-870236fc99de-delete_volume" released by "delete_volume" :: held 1.763s {{(pid=94611) __release /opt/stack/cinder/cinder/coordination.py:152}}
Aug 21 18:20:01 devstack cinder-volume[94611]: DEBUG cinder.coordination [None req-ce2540e2-675b-4fde-8225-7ef8363f8d57 tempest-SnapshotsActionsTest-1293096276 None] Acquiring lock "cinder-f23587ae-d047-4abb-ac54-734c6b0c5816-delete_snapshot" by "delete_snapshot" {{(pid=94611) __acquire /opt/stack/cinder/cinder/coordination.py:138}}
Aug 21 18:20:01 devstack cinder-volume[94611]: DEBUG cinder.coordination [None req-ce2540e2-675b-4fde-8225-7ef8363f8d57 tempest-SnapshotsActionsTest-1293096276 None] Lock "cinder-f23587ae-d047-4abb-ac54-734c6b0c5816-delete_snapshot" acquired by "delete_snapshot" :: waited 0.053s {{(pid=94611) __acquire /opt/stack/cinder/cinder/coordination.py:141}}
Aug 21 18:20:01 devstack cinder-volume[94611]: DEBUG cinder.coordination [None req-ce2540e2-675b-4fde-8225-7ef8363f8d57 tempest-SnapshotsActionsTest-1293096276 None] Acquiring lock "cinder-quobyte-196a94b5-847c-4064-a2f9-24eca1b00356" by "delete_snapshot" {{(pid=94611) __acquire /opt/stack/cinder/cinder/coordination.py:138}}
Aug 21 18:20:01 devstack cinder-volume[94611]: DEBUG cinder.coordination [None req-ce2540e2-675b-4fde-8225-7ef8363f8d57 tempest-SnapshotsActionsTest-1293096276 None] Lock "cinder-quobyte-196a94b5-847c-4064-a2f9-24eca1b00356" acquired by "delete_snapshot" :: waited 0.035s {{(pid=94611) __acquire /opt/stack/cinder/cinder/coordination.py:141}}
Aug 21 18:20:01 devstack cinder-volume[94611]: DEBUG cinder.coordination [None req-ce2540e2-675b-4fde-8225-7ef8363f8d57 tempest-SnapshotsActionsTest-1293096276 None] Acquiring lock "cinder-quobyte-f23587ae-d047-4abb-ac54-734c6b0c5816" by "_delete_snapshot" {{(pid=94611) __acquire /opt/stack/cinder/cinder/coordination.py:138}}
Aug 21 18:20:01 devstack cinder-volume[94611]: DEBUG cinder.coordination [None req-ce2540e2-675b-4fde-8225-7ef8363f8d57 tempest-SnapshotsActionsTest-1293096276 None] Lock "cinder-quobyte-f23587ae-d047-4abb-ac54-734c6b0c5816" acquired by "_delete_snapshot" :: waited 0.027s {{(pid=94611) __acquire /opt/stack/cinder/cinder/coordination.py:141}}
Aug 21 18:20:01 devstack cinder-volume[94611]: DEBUG cinder.volume.drivers.remotefs [None req-ce2540e2-675b-4fde-8225-7ef8363f8d57 tempest-SnapshotsActionsTest-1293096276 None] Deleting offline snapshot f23587ae-d047-4abb-ac54-734c6b0c5816 of volume 196a94b5-847c-4064-a2f9-24eca1b00356 {{(pid=94611) _delete_snapshot /opt/stack/cinder/cinder/volume/drivers/remotefs.py:1288}}
Aug 21 18:20:01 devstack cinder-volume[94611]: DEBUG cinder.volume.drivers.remotefs [None req-ce2540e2-675b-4fde-8225-7ef8363f8d57 tempest-SnapshotsActionsTest-1293096276 None] snapshot_file for this snap is: volume-196a94b5-847c-4064-a2f9-24eca1b00356.f23587ae-d047-4abb-ac54-734c6b0c5816 {{(pid=94611) _delete_snapshot /opt/stack/cinder/cinder/volume/drivers/remotefs.py:1317}}
Aug 21 18:20:01 devstack cinder-volume[94611]: DEBUG oslo.privsep.daemon [-] privsep: reply[a5ffd4f2-c336-45d8-8591-9e38868d47da]: (4, 'qcow2') {{(pid=95965) _call_back /opt/stack/data/venv/lib/python3.12/site-packages/oslo_privsep/daemon.py:580}}
Aug 21 18:20:01 devstack cinder-volume[94611]: DEBUG oslo_concurrency.processutils [None req-ce2540e2-675b-4fde-8225-7ef8363f8d57 tempest-SnapshotsActionsTest-1293096276 None] Running cmd (subprocess): /opt/stack/data/venv/bin/python3.12 -m oslo_concurrency.prlimit --as=1073741824 --cpu=60 -- sudo cinder-rootwrap /etc/cinder/rootwrap.conf env LC_ALL=C qemu-img info -f qcow2 --output=json --force-share /opt/stack/data/cinder/mnt/1f634bfcb5fefb9182a3467fa68b0851/volume-196a94b5-847c-4064-a2f9-24eca1b00356.f23587ae-d047-4abb-ac54-734c6b0c5816 {{(pid=94611) execute /opt/stack/data/venv/lib/python3.12/site-packages/oslo_concurrency/processutils.py:440}}
Aug 21 18:20:01 devstack sudo[97680]: quobyte : PWD=/ ; USER=root ; COMMAND=/opt/stack/data/venv/bin/cinder-rootwrap /etc/cinder/rootwrap.conf env LC_ALL=C qemu-img info -f qcow2 --output=json --force-share /opt/stack/data/cinder/mnt/1f634bfcb5fefb9182a3467fa68b0851/volume-196a94b5-847c-4064-a2f9-24eca1b00356.f23587ae-d047-4abb-ac54-734c6b0c5816
Aug 21 18:20:01 devstack sudo[97680]: pam_unix(sudo:session): session opened for user root(uid=0) by (uid=1000)
Aug 21 18:20:01 devstack sudo[97680]: pam_unix(sudo:session): session closed for user root
Aug 21 18:20:01 devstack cinder-volume[94611]: DEBUG oslo_concurrency.processutils [None req-ce2540e2-675b-4fde-8225-7ef8363f8d57 tempest-SnapshotsActionsTest-1293096276 None] CMD "/opt/stack/data/venv/bin/python3.12 -m oslo_concurrency.prlimit --as=1073741824 --cpu=60 -- sudo cinder-rootwrap /etc/cinder/rootwrap.conf env LC_ALL=C qemu-img info -f qcow2 --output=json --force-share /opt/stack/data/cinder/mnt/1f634bfcb5fefb9182a3467fa68b0851/volume-196a94b5-847c-4064-a2f9-24eca1b00356.f23587ae-d047-4abb-ac54-734c6b0c5816" returned: 0 in 0.629s {{(pid=94611) execute /opt/stack/data/venv/lib/python3.12/site-packages/oslo_concurrency/processutils.py:468}}
Aug 21 18:20:01 devstack cinder-volume[94611]: DEBUG cinder.volume.drivers.remotefs [None req-ce2540e2-675b-4fde-8225-7ef8363f8d57 tempest-SnapshotsActionsTest-1293096276 None] Fetching qemu-img info with special backing_file_template: (/opt/stack/data/cinder/mnt/[0-9a-f]+/)?(volume-196a94b5-847c-4064-a2f9-24eca1b00356(.(tmp-snap-)?[0-9a-f-]+)?|volume_from_snapshot_cache/(tmp-snap-)?[0-9a-f-]+(.(child-|parent-)[0-9a-f-]+)?)$ {{(pid=94611) _qemu_img_info_base /opt/stack/cinder/cinder/volume/drivers/remotefs.py:896}}
Aug 21 18:20:02 devstack cinder-volume[94611]: DEBUG oslo.privsep.daemon [-] privsep: reply[14034312-6d06-4a9e-a48a-7d82c8bbc484]: (4, 'qcow2') {{(pid=95965) _call_back /opt/stack/data/venv/lib/python3.12/site-packages/oslo_privsep/daemon.py:580}}
Aug 21 18:20:02 devstack cinder-volume[94611]: DEBUG oslo_concurrency.processutils [None req-ce2540e2-675b-4fde-8225-7ef8363f8d57 tempest-SnapshotsActionsTest-1293096276 None] Running cmd (subprocess): /opt/stack/data/venv/bin/python3.12 -m oslo_concurrency.prlimit --as=1073741824 --cpu=60 -- sudo cinder-rootwrap /etc/cinder/rootwrap.conf env LC_ALL=C qemu-img info -f qcow2 --output=json --force-share /opt/stack/data/cinder/mnt/1f634bfcb5fefb9182a3467fa68b0851/volume-196a94b5-847c-4064-a2f9-24eca1b00356.2b1f1524-414a-47fa-b755-980497e1d189 {{(pid=94611) execute /opt/stack/data/venv/lib/python3.12/site-packages/oslo_concurrency/processutils.py:440}}
Aug 21 18:20:02 devstack sudo[97685]: quobyte : PWD=/ ; USER=root ; COMMAND=/opt/stack/data/venv/bin/cinder-rootwrap /etc/cinder/rootwrap.conf env LC_ALL=C qemu-img info -f qcow2 --output=json --force-share /opt/stack/data/cinder/mnt/1f634bfcb5fefb9182a3467fa68b0851/volume-196a94b5-847c-4064-a2f9-24eca1b00356.2b1f1524-414a-47fa-b755-980497e1d189
Aug 21 18:20:02 devstack sudo[97685]: pam_unix(sudo:session): session opened for user root(uid=0) by (uid=1000)
Aug 21 18:20:02 devstack sudo[97685]: pam_unix(sudo:session): session closed for user root
Aug 21 18:20:02 devstack cinder-volume[94611]: DEBUG oslo_concurrency.processutils [None req-ce2540e2-675b-4fde-8225-7ef8363f8d57 tempest-SnapshotsActionsTest-1293096276 None] CMD "/opt/stack/data/venv/bin/python3.12 -m oslo_concurrency.prlimit --as=1073741824 --cpu=60 -- sudo cinder-rootwrap /etc/cinder/rootwrap.conf env LC_ALL=C qemu-img info -f qcow2 --output=json --force-share /opt/stack/data/cinder/mnt/1f634bfcb5fefb9182a3467fa68b0851/volume-196a94b5-847c-4064-a2f9-24eca1b00356.2b1f1524-414a-47fa-b755-980497e1d189" returned: 0 in 0.545s {{(pid=94611) execute /opt/stack/data/venv/lib/python3.12/site-packages/oslo_concurrency/processutils.py:468}}
Aug 21 18:20:02 devstack cinder-volume[94611]: DEBUG cinder.volume.drivers.remotefs [None req-ce2540e2-675b-4fde-8225-7ef8363f8d57 tempest-SnapshotsActionsTest-1293096276 None] Fetching qemu-img info with special backing_file_template: (/opt/stack/data/cinder/mnt/[0-9a-f]+/)?(volume-196a94b5-847c-4064-a2f9-24eca1b00356(.(tmp-snap-)?[0-9a-f-]+)?|volume_from_snapshot_cache/(tmp-snap-)?[0-9a-f-]+(.(child-|parent-)[0-9a-f-]+)?)$ {{(pid=94611) _qemu_img_info_base /opt/stack/cinder/cinder/volume/drivers/remotefs.py:896}}
Aug 21 18:20:02 devstack cinder-volume[94611]: DEBUG oslo_concurrency.processutils [None req-ce2540e2-675b-4fde-8225-7ef8363f8d57 tempest-SnapshotsActionsTest-1293096276 None] Running cmd (subprocess): sudo cinder-rootwrap /etc/cinder/rootwrap.conf qemu-img commit -d /opt/stack/data/cinder/mnt/1f634bfcb5fefb9182a3467fa68b0851/volume-196a94b5-847c-4064-a2f9-24eca1b00356.f23587ae-d047-4abb-ac54-734c6b0c5816 {{(pid=94611) execute /opt/stack/data/venv/lib/python3.12/site-packages/oslo_concurrency/processutils.py:440}}
Aug 21 18:20:02 devstack sudo[97699]: quobyte : PWD=/ ; USER=root ; COMMAND=/opt/stack/data/venv/bin/cinder-rootwrap /etc/cinder/rootwrap.conf qemu-img commit -d /opt/stack/data/cinder/mnt/1f634bfcb5fefb9182a3467fa68b0851/volume-196a94b5-847c-4064-a2f9-24eca1b00356.f23587ae-d047-4abb-ac54-734c6b0c5816
Aug 21 18:20:02 devstack sudo[97699]: pam_unix(sudo:session): session opened for user root(uid=0) by (uid=1000)
Aug 21 18:20:03 devstack sudo[97699]: pam_unix(sudo:session): session closed for user root
Aug 21 18:20:03 devstack cinder-volume[94611]: DEBUG oslo_concurrency.processutils [None req-ce2540e2-675b-4fde-8225-7ef8363f8d57 tempest-SnapshotsActionsTest-1293096276 None] CMD "sudo cinder-rootwrap /etc/cinder/rootwrap.conf qemu-img commit -d /opt/stack/data/cinder/mnt/1f634bfcb5fefb9182a3467fa68b0851/volume-196a94b5-847c-4064-a2f9-24eca1b00356.f23587ae-d047-4abb-ac54-734c6b0c5816" returned: 0 in 0.588s {{(pid=94611) execute /opt/stack/data/venv/lib/python3.12/site-packages/oslo_concurrency/processutils.py:468}}
Aug 21 18:20:03 devstack cinder-volume[94611]: DEBUG oslo_concurrency.processutils [None req-ce2540e2-675b-4fde-8225-7ef8363f8d57 tempest-SnapshotsActionsTest-1293096276 None] Running cmd (subprocess): sudo cinder-rootwrap /etc/cinder/rootwrap.conf rm -f /opt/stack/data/cinder/mnt/1f634bfcb5fefb9182a3467fa68b0851/volume-196a94b5-847c-4064-a2f9-24eca1b00356.f23587ae-d047-4abb-ac54-734c6b0c5816 {{(pid=94611) execute /opt/stack/data/venv/lib/python3.12/site-packages/oslo_concurrency/processutils.py:440}}
Aug 21 18:20:03 devstack sudo[97715]: quobyte : PWD=/ ; USER=root ; COMMAND=/opt/stack/data/venv/bin/cinder-rootwrap /etc/cinder/rootwrap.conf rm -f /opt/stack/data/cinder/mnt/1f634bfcb5fefb9182a3467fa68b0851/volume-196a94b5-847c-4064-a2f9-24eca1b00356.f23587ae-d047-4abb-ac54-734c6b0c5816
Aug 21 18:20:03 devstack sudo[97715]: pam_unix(sudo:session): session opened for user root(uid=0) by (uid=1000)
Aug 21 18:20:03 devstack sudo[97715]: pam_unix(sudo:session): session closed for user root
Aug 21 18:20:03 devstack cinder-volume[94611]: DEBUG oslo_concurrency.processutils [None req-ce2540e2-675b-4fde-8225-7ef8363f8d57 tempest-SnapshotsActionsTest-1293096276 None] CMD "sudo cinder-rootwrap /etc/cinder/rootwrap.conf rm -f /opt/stack/data/cinder/mnt/1f634bfcb5fefb9182a3467fa68b0851/volume-196a94b5-847c-4064-a2f9-24eca1b00356.f23587ae-d047-4abb-ac54-734c6b0c5816" returned: 0 in 0.447s {{(pid=94611) execute /opt/stack/data/venv/lib/python3.12/site-packages/oslo_concurrency/processutils.py:468}}
Aug 21 18:20:03 devstack cinder-volume[94611]: DEBUG cinder.coordination [None req-ce2540e2-675b-4fde-8225-7ef8363f8d57 tempest-SnapshotsActionsTest-1293096276 None] Lock "cinder-quobyte-f23587ae-d047-4abb-ac54-734c6b0c5816" released by "_delete_snapshot" :: held 2.406s {{(pid=94611) __release /opt/stack/cinder/cinder/coordination.py:152}}
Aug 21 18:20:03 devstack cinder-volume[94611]: DEBUG cinder.coordination [None req-ce2540e2-675b-4fde-8225-7ef8363f8d57 tempest-SnapshotsActionsTest-1293096276 None] Lock "cinder-quobyte-196a94b5-847c-4064-a2f9-24eca1b00356" released by "delete_snapshot" :: held 2.448s {{(pid=94611) __release /opt/stack/cinder/cinder/coordination.py:152}}
Aug 21 18:20:05 devstack cinder-volume[94611]: DEBUG cinder.quota [None req-ce2540e2-675b-4fde-8225-7ef8363f8d57 tempest-SnapshotsActionsTest-1293096276 None] Created reservations ['9faf12e5-a52c-4991-87e2-4fa244214abf', '76cb33be-03b4-457f-ae37-efabd4babb73', 'b3f5d533-fd6a-473a-b0f6-9ff5f70328b4', 'ff0cee1a-ea21-4737-99fd-d24b1050b500'] {{(pid=94611) reserve /opt/stack/cinder/cinder/quota.py:752}}
Aug 21 18:20:09 devstack cinder-volume[94611]: INFO cinder.volume.manager [None req-ce2540e2-675b-4fde-8225-7ef8363f8d57 tempest-SnapshotsActionsTest-1293096276 None] Delete snapshot completed successfully.
Aug 21 18:20:09 devstack cinder-volume[94611]: DEBUG cinder.coordination [None req-ce2540e2-675b-4fde-8225-7ef8363f8d57 tempest-SnapshotsActionsTest-1293096276 None] Lock "cinder-f23587ae-d047-4abb-ac54-734c6b0c5816-delete_snapshot" released by "delete_snapshot" :: held 7.989s {{(pid=94611) __release /opt/stack/cinder/cinder/coordination.py:152}}
Aug 21 18:20:09 devstack cinder-volume[94611]: DEBUG oslo_concurrency.lockutils [None req-b623e3b1-4fea-4e4a-b6ec-95985915f0e2 tempest-SnapshotsActionsTest-851568245 None] Acquiring lock "quobyte" by "cinder.volume.drivers.quobyte.QuobyteDriver.create_snapshot" {{(pid=94611) inner /opt/stack/data/venv/lib/python3.12/site-packages/oslo_concurrency/lockutils.py:512}}
Aug 21 18:20:09 devstack cinder-volume[94611]: DEBUG oslo_concurrency.lockutils [None req-b623e3b1-4fea-4e4a-b6ec-95985915f0e2 tempest-SnapshotsActionsTest-851568245 None] Lock "quobyte" acquired by "cinder.volume.drivers.quobyte.QuobyteDriver.create_snapshot" :: waited 0.001s {{(pid=94611) inner /opt/stack/data/venv/lib/python3.12/site-packages/oslo_concurrency/lockutils.py:525}}
