Aug 21 18:19:17 devstack cinder-volume[94611]: DEBUG cinder.volume.manager [None req-976507ee-a3a8-4771-a282-8550118c2a00 tempest-DeleteServersTestJSON-1962902584 None] Task 'cinder.volume.flows.manager.create_volume.OnFailureRescheduleTask;volume:create' (1f6b8874-5817-4f29-894c-fc82023e9739) transitioned into state 'RUNNING' from state 'PENDING' {{(pid=94611) _task_receiver /opt/stack/data/venv/lib/python3.12/site-packages/taskflow/listeners/logging.py:242}}
Aug 21 18:19:17 devstack cinder-volume[94611]: DEBUG cinder.volume.manager [None req-976507ee-a3a8-4771-a282-8550118c2a00 tempest-DeleteServersTestJSON-1962902584 None] Task 'cinder.volume.flows.manager.create_volume.OnFailureRescheduleTask;volume:create' (1f6b8874-5817-4f29-894c-fc82023e9739) transitioned into state 'SUCCESS' from state 'RUNNING' with result 'None' {{(pid=94611) _task_receiver /opt/stack/data/venv/lib/python3.12/site-packages/taskflow/listeners/logging.py:218}}
Aug 21 18:19:17 devstack cinder-volume[94611]: DEBUG cinder.volume.manager [None req-976507ee-a3a8-4771-a282-8550118c2a00 tempest-DeleteServersTestJSON-1962902584 None] Task 'cinder.volume.flows.manager.create_volume.ExtractVolumeSpecTask;volume:create' (b38a3e6d-5a92-4419-9021-376017850af2) transitioned into state 'RUNNING' from state 'PENDING' {{(pid=94611) _task_receiver /opt/stack/data/venv/lib/python3.12/site-packages/taskflow/listeners/logging.py:242}}
Aug 21 18:19:17 devstack cinder-volume[94611]: DEBUG cinder.volume.manager [None req-976507ee-a3a8-4771-a282-8550118c2a00 tempest-DeleteServersTestJSON-1962902584 None] Task 'cinder.volume.flows.manager.create_volume.ExtractVolumeSpecTask;volume:create' (b38a3e6d-5a92-4419-9021-376017850af2) transitioned into state 'SUCCESS' from state 'RUNNING' with result '{'status': 'creating', 'type': 'raw', 'volume_id': '2d65d74b-7002-498f-ad21-f13ce137a7f9', 'volume_name': 'volume-2d65d74b-7002-498f-ad21-f13ce137a7f9', 'volume_size': 1}' {{(pid=94611) _task_receiver /opt/stack/data/venv/lib/python3.12/site-packages/taskflow/listeners/logging.py:218}}
Aug 21 18:19:17 devstack cinder-volume[94611]: DEBUG cinder.volume.manager [None req-976507ee-a3a8-4771-a282-8550118c2a00 tempest-DeleteServersTestJSON-1962902584 None] Task 'cinder.volume.flows.manager.create_volume.NotifyVolumeActionTask;volume:create, create.start' (a7118816-1ddd-4811-ac6f-7075e2eee01a) transitioned into state 'RUNNING' from state 'PENDING' {{(pid=94611) _task_receiver /opt/stack/data/venv/lib/python3.12/site-packages/taskflow/listeners/logging.py:242}}
Aug 21 18:19:17 devstack cinder-volume[94611]: DEBUG cinder.volume.manager [None req-976507ee-a3a8-4771-a282-8550118c2a00 tempest-DeleteServersTestJSON-1962902584 None] Task 'cinder.volume.flows.manager.create_volume.NotifyVolumeActionTask;volume:create, create.start' (a7118816-1ddd-4811-ac6f-7075e2eee01a) transitioned into state 'SUCCESS' from state 'RUNNING' with result 'None' {{(pid=94611) _task_receiver /opt/stack/data/venv/lib/python3.12/site-packages/taskflow/listeners/logging.py:218}}
Aug 21 18:19:17 devstack cinder-volume[94611]: DEBUG cinder.volume.manager [None req-976507ee-a3a8-4771-a282-8550118c2a00 tempest-DeleteServersTestJSON-1962902584 None] Task 'cinder.volume.flows.manager.create_volume.CreateVolumeFromSpecTask;volume:create' (c45b90e8-5881-4d93-87c8-17d3ef2fe370) transitioned into state 'RUNNING' from state 'PENDING' {{(pid=94611) _task_receiver /opt/stack/data/venv/lib/python3.12/site-packages/taskflow/listeners/logging.py:242}}
Aug 21 18:19:17 devstack cinder-volume[94611]: INFO cinder.volume.flows.manager.create_volume [None req-976507ee-a3a8-4771-a282-8550118c2a00 tempest-DeleteServersTestJSON-1962902584 None] Volume 2d65d74b-7002-498f-ad21-f13ce137a7f9: being created as raw with specification: {'status': 'creating', 'volume_name': 'volume-2d65d74b-7002-498f-ad21-f13ce137a7f9', 'volume_size': 1}
Aug 21 18:19:17 devstack cinder-volume[94611]: DEBUG oslo_concurrency.lockutils [None req-976507ee-a3a8-4771-a282-8550118c2a00 tempest-DeleteServersTestJSON-1962902584 None] Acquiring lock "quobyte" by "cinder.volume.drivers.quobyte.QuobyteDriver.create_volume" {{(pid=94611) inner /opt/stack/data/venv/lib/python3.12/site-packages/oslo_concurrency/lockutils.py:512}}
Aug 21 18:19:17 devstack sudo[96801]: pam_unix(sudo:session): session closed for user root
Aug 21 18:19:17 devstack cinder-volume[94611]: DEBUG oslo_concurrency.processutils [None req-14a96d81-ba69-42a6-a348-07f9723a9f97 tempest-GroupsV314Test-2045121578 None] CMD "/opt/stack/data/venv/bin/python3.12 -m oslo_concurrency.prlimit --as=1073741824 --cpu=60 -- sudo cinder-rootwrap /etc/cinder/rootwrap.conf env LC_ALL=C qemu-img info -f qcow2 --output=json --force-share /opt/stack/data/cinder/mnt/1f634bfcb5fefb9182a3467fa68b0851/volume-7fe34255-49a7-4f9b-8e81-3272f0d21a0b" returned: 0 in 0.684s {{(pid=94611) execute /opt/stack/data/venv/lib/python3.12/site-packages/oslo_concurrency/processutils.py:468}}
Aug 21 18:19:17 devstack cinder-volume[94611]: DEBUG oslo_concurrency.processutils [None req-14a96d81-ba69-42a6-a348-07f9723a9f97 tempest-GroupsV314Test-2045121578 None] Running cmd (subprocess): sudo cinder-rootwrap /etc/cinder/rootwrap.conf qemu-img create -f qcow2 -o backing_file=/opt/stack/data/cinder/mnt/1f634bfcb5fefb9182a3467fa68b0851/volume-7fe34255-49a7-4f9b-8e81-3272f0d21a0b,backing_fmt=qcow2 /opt/stack/data/cinder/mnt/1f634bfcb5fefb9182a3467fa68b0851/volume-7fe34255-49a7-4f9b-8e81-3272f0d21a0b.6bd0e8e5-8a6c-4ba1-91eb-965826e1478c 1G {{(pid=94611) execute /opt/stack/data/venv/lib/python3.12/site-packages/oslo_concurrency/processutils.py:440}}
Aug 21 18:19:17 devstack sudo[96806]: quobyte : PWD=/ ; USER=root ; COMMAND=/opt/stack/data/venv/bin/cinder-rootwrap /etc/cinder/rootwrap.conf qemu-img create -f qcow2 -o backing_file=/opt/stack/data/cinder/mnt/1f634bfcb5fefb9182a3467fa68b0851/volume-7fe34255-49a7-4f9b-8e81-3272f0d21a0b,backing_fmt=qcow2 /opt/stack/data/cinder/mnt/1f634bfcb5fefb9182a3467fa68b0851/volume-7fe34255-49a7-4f9b-8e81-3272f0d21a0b.6bd0e8e5-8a6c-4ba1-91eb-965826e1478c 1G
Aug 21 18:19:17 devstack sudo[96806]: pam_unix(sudo:session): session opened for user root(uid=0) by (uid=1000)
Aug 21 18:19:18 devstack sudo[96806]: pam_unix(sudo:session): session closed for user root
Aug 21 18:19:18 devstack cinder-volume[94611]: DEBUG oslo_concurrency.processutils [None req-14a96d81-ba69-42a6-a348-07f9723a9f97 tempest-GroupsV314Test-2045121578 None] CMD "sudo cinder-rootwrap /etc/cinder/rootwrap.conf qemu-img create -f qcow2 -o backing_file=/opt/stack/data/cinder/mnt/1f634bfcb5fefb9182a3467fa68b0851/volume-7fe34255-49a7-4f9b-8e81-3272f0d21a0b,backing_fmt=qcow2 /opt/stack/data/cinder/mnt/1f634bfcb5fefb9182a3467fa68b0851/volume-7fe34255-49a7-4f9b-8e81-3272f0d21a0b.6bd0e8e5-8a6c-4ba1-91eb-965826e1478c 1G" returned: 0 in 0.682s {{(pid=94611) execute /opt/stack/data/venv/lib/python3.12/site-packages/oslo_concurrency/processutils.py:468}}
Aug 21 18:19:18 devstack cinder-volume[94611]: DEBUG oslo_concurrency.processutils [None req-14a96d81-ba69-42a6-a348-07f9723a9f97 tempest-GroupsV314Test-2045121578 None] Running cmd (subprocess): sudo cinder-rootwrap /etc/cinder/rootwrap.conf qemu-img rebase -u -b volume-7fe34255-49a7-4f9b-8e81-3272f0d21a0b -F qcow2 /opt/stack/data/cinder/mnt/1f634bfcb5fefb9182a3467fa68b0851/volume-7fe34255-49a7-4f9b-8e81-3272f0d21a0b.6bd0e8e5-8a6c-4ba1-91eb-965826e1478c {{(pid=94611) execute /opt/stack/data/venv/lib/python3.12/site-packages/oslo_concurrency/processutils.py:440}}
Aug 21 18:19:18 devstack sudo[96812]: quobyte : PWD=/ ; USER=root ; COMMAND=/opt/stack/data/venv/bin/cinder-rootwrap /etc/cinder/rootwrap.conf qemu-img rebase -u -b volume-7fe34255-49a7-4f9b-8e81-3272f0d21a0b -F qcow2 /opt/stack/data/cinder/mnt/1f634bfcb5fefb9182a3467fa68b0851/volume-7fe34255-49a7-4f9b-8e81-3272f0d21a0b.6bd0e8e5-8a6c-4ba1-91eb-965826e1478c
Aug 21 18:19:18 devstack sudo[96812]: pam_unix(sudo:session): session opened for user root(uid=0) by (uid=1000)
Aug 21 18:19:19 devstack sudo[96812]: pam_unix(sudo:session): session closed for user root
Aug 21 18:19:19 devstack cinder-volume[94611]: DEBUG oslo_concurrency.processutils [None req-14a96d81-ba69-42a6-a348-07f9723a9f97 tempest-GroupsV314Test-2045121578 None] CMD "sudo cinder-rootwrap /etc/cinder/rootwrap.conf qemu-img rebase -u -b volume-7fe34255-49a7-4f9b-8e81-3272f0d21a0b -F qcow2 /opt/stack/data/cinder/mnt/1f634bfcb5fefb9182a3467fa68b0851/volume-7fe34255-49a7-4f9b-8e81-3272f0d21a0b.6bd0e8e5-8a6c-4ba1-91eb-965826e1478c" returned: 0 in 0.472s {{(pid=94611) execute /opt/stack/data/venv/lib/python3.12/site-packages/oslo_concurrency/processutils.py:468}}
Aug 21 18:19:19 devstack cinder-volume[94611]: WARNING cinder.volume.drivers.remotefs [None req-14a96d81-ba69-42a6-a348-07f9723a9f97 tempest-GroupsV314Test-2045121578 None] /opt/stack/data/cinder/mnt/1f634bfcb5fefb9182a3467fa68b0851/volume-7fe34255-49a7-4f9b-8e81-3272f0d21a0b.6bd0e8e5-8a6c-4ba1-91eb-965826e1478c is being set with open permissions: ugo+rw: NotImplementedError
Aug 21 18:19:19 devstack cinder-volume[94611]: DEBUG oslo_concurrency.processutils [None req-14a96d81-ba69-42a6-a348-07f9723a9f97 tempest-GroupsV314Test-2045121578 None] Running cmd (subprocess): sudo cinder-rootwrap /etc/cinder/rootwrap.conf chmod ugo+rw /opt/stack/data/cinder/mnt/1f634bfcb5fefb9182a3467fa68b0851/volume-7fe34255-49a7-4f9b-8e81-3272f0d21a0b.6bd0e8e5-8a6c-4ba1-91eb-965826e1478c {{(pid=94611) execute /opt/stack/data/venv/lib/python3.12/site-packages/oslo_concurrency/processutils.py:440}}
Aug 21 18:19:19 devstack sudo[96818]: quobyte : PWD=/ ; USER=root ; COMMAND=/opt/stack/data/venv/bin/cinder-rootwrap /etc/cinder/rootwrap.conf chmod ugo+rw /opt/stack/data/cinder/mnt/1f634bfcb5fefb9182a3467fa68b0851/volume-7fe34255-49a7-4f9b-8e81-3272f0d21a0b.6bd0e8e5-8a6c-4ba1-91eb-965826e1478c
Aug 21 18:19:19 devstack sudo[96818]: pam_unix(sudo:session): session opened for user root(uid=0) by (uid=1000)
Aug 21 18:19:19 devstack sudo[96818]: pam_unix(sudo:session): session closed for user root
Aug 21 18:19:19 devstack cinder-volume[94611]: DEBUG oslo_concurrency.processutils [None req-14a96d81-ba69-42a6-a348-07f9723a9f97 tempest-GroupsV314Test-2045121578 None] CMD "sudo cinder-rootwrap /etc/cinder/rootwrap.conf chmod ugo+rw /opt/stack/data/cinder/mnt/1f634bfcb5fefb9182a3467fa68b0851/volume-7fe34255-49a7-4f9b-8e81-3272f0d21a0b.6bd0e8e5-8a6c-4ba1-91eb-965826e1478c" returned: 0 in 0.523s {{(pid=94611) execute /opt/stack/data/venv/lib/python3.12/site-packages/oslo_concurrency/processutils.py:468}}
Aug 21 18:19:19 devstack cinder-volume[94611]: DEBUG oslo_concurrency.processutils [None req-14a96d81-ba69-42a6-a348-07f9723a9f97 tempest-GroupsV314Test-2045121578 None] Running cmd (subprocess): sudo cinder-rootwrap /etc/cinder/rootwrap.conf truncate -s0 /opt/stack/data/cinder/mnt/1f634bfcb5fefb9182a3467fa68b0851/volume-7fe34255-49a7-4f9b-8e81-3272f0d21a0b.info {{(pid=94611) execute /opt/stack/data/venv/lib/python3.12/site-packages/oslo_concurrency/processutils.py:440}}
Aug 21 18:19:19 devstack sudo[96821]: quobyte : PWD=/ ; USER=root ; COMMAND=/opt/stack/data/venv/bin/cinder-rootwrap /etc/cinder/rootwrap.conf truncate -s0 /opt/stack/data/cinder/mnt/1f634bfcb5fefb9182a3467fa68b0851/volume-7fe34255-49a7-4f9b-8e81-3272f0d21a0b.info
Aug 21 18:19:19 devstack sudo[96821]: pam_unix(sudo:session): session opened for user root(uid=0) by (uid=1000)
Aug 21 18:19:20 devstack sudo[96821]: pam_unix(sudo:session): session closed for user root
Aug 21 18:19:20 devstack cinder-volume[94611]: DEBUG oslo_concurrency.processutils [None req-14a96d81-ba69-42a6-a348-07f9723a9f97 tempest-GroupsV314Test-2045121578 None] CMD "sudo cinder-rootwrap /etc/cinder/rootwrap.conf truncate -s0 /opt/stack/data/cinder/mnt/1f634bfcb5fefb9182a3467fa68b0851/volume-7fe34255-49a7-4f9b-8e81-3272f0d21a0b.info" returned: 0 in 0.474s {{(pid=94611) execute /opt/stack/data/venv/lib/python3.12/site-packages/oslo_concurrency/processutils.py:468}}
Aug 21 18:19:20 devstack cinder-volume[94611]: WARNING cinder.volume.drivers.remotefs [None req-14a96d81-ba69-42a6-a348-07f9723a9f97 tempest-GroupsV314Test-2045121578 None] /opt/stack/data/cinder/mnt/1f634bfcb5fefb9182a3467fa68b0851/volume-7fe34255-49a7-4f9b-8e81-3272f0d21a0b.info is being set with open permissions: ugo+rw: NotImplementedError
Aug 21 18:19:20 devstack cinder-volume[94611]: DEBUG oslo_concurrency.processutils [None req-14a96d81-ba69-42a6-a348-07f9723a9f97 tempest-GroupsV314Test-2045121578 None] Running cmd (subprocess): sudo cinder-rootwrap /etc/cinder/rootwrap.conf chmod ugo+rw /opt/stack/data/cinder/mnt/1f634bfcb5fefb9182a3467fa68b0851/volume-7fe34255-49a7-4f9b-8e81-3272f0d21a0b.info {{(pid=94611) execute /opt/stack/data/venv/lib/python3.12/site-packages/oslo_concurrency/processutils.py:440}}
Aug 21 18:19:20 devstack sudo[96826]: quobyte : PWD=/ ; USER=root ; COMMAND=/opt/stack/data/venv/bin/cinder-rootwrap /etc/cinder/rootwrap.conf chmod ugo+rw /opt/stack/data/cinder/mnt/1f634bfcb5fefb9182a3467fa68b0851/volume-7fe34255-49a7-4f9b-8e81-3272f0d21a0b.info
Aug 21 18:19:20 devstack sudo[96826]: pam_unix(sudo:session): session opened for user root(uid=0) by (uid=1000)
Aug 21 18:19:20 devstack sudo[96826]: pam_unix(sudo:session): session closed for user root
Aug 21 18:19:20 devstack cinder-volume[94611]: DEBUG oslo_concurrency.processutils [None req-14a96d81-ba69-42a6-a348-07f9723a9f97 tempest-GroupsV314Test-2045121578 None] CMD "sudo cinder-rootwrap /etc/cinder/rootwrap.conf chmod ugo+rw /opt/stack/data/cinder/mnt/1f634bfcb5fefb9182a3467fa68b0851/volume-7fe34255-49a7-4f9b-8e81-3272f0d21a0b.info" returned: 0 in 0.398s {{(pid=94611) execute /opt/stack/data/venv/lib/python3.12/site-packages/oslo_concurrency/processutils.py:468}}
Aug 21 18:19:20 devstack cinder-volume[94611]: DEBUG cinder.coordination [None req-14a96d81-ba69-42a6-a348-07f9723a9f97 tempest-GroupsV314Test-2045121578 None] Acquiring lock "cinder-quobyte-9297c4f5-cf2b-4e4e-94c1-aadefc1ac133" by "_copy_volume_from_snapshot" {{(pid=94611) __acquire /opt/stack/cinder/cinder/coordination.py:138}}
Aug 21 18:19:20 devstack cinder-volume[94611]: DEBUG cinder.coordination [None req-14a96d81-ba69-42a6-a348-07f9723a9f97 tempest-GroupsV314Test-2045121578 None] Lock "cinder-quobyte-9297c4f5-cf2b-4e4e-94c1-aadefc1ac133" acquired by "_copy_volume_from_snapshot" :: waited 0.031s {{(pid=94611) __acquire /opt/stack/cinder/cinder/coordination.py:141}}
Aug 21 18:19:20 devstack cinder-volume[94611]: DEBUG cinder.volume.drivers.quobyte [None req-14a96d81-ba69-42a6-a348-07f9723a9f97 tempest-GroupsV314Test-2045121578 None] snapshot: 6bd0e8e5-8a6c-4ba1-91eb-965826e1478c, volume: 9297c4f5-cf2b-4e4e-94c1-aadefc1ac133, {{(pid=94611) _copy_volume_from_snapshot /opt/stack/cinder/cinder/volume/drivers/quobyte.py:405}}
Aug 21 18:19:20 devstack cinder-volume[94611]: DEBUG oslo_concurrency.lockutils [None req-14a96d81-ba69-42a6-a348-07f9723a9f97 tempest-GroupsV314Test-2045121578 None] Acquiring lock "quobyte_ensure" by "cinder.volume.drivers.quobyte.QuobyteDriver._ensure_shares_mounted" {{(pid=94611) inner /opt/stack/data/venv/lib/python3.12/site-packages/oslo_concurrency/lockutils.py:512}}
Aug 21 18:19:20 devstack cinder-volume[94611]: DEBUG oslo_concurrency.lockutils [None req-14a96d81-ba69-42a6-a348-07f9723a9f97 tempest-GroupsV314Test-2045121578 None] Lock "quobyte_ensure" acquired by "cinder.volume.drivers.quobyte.QuobyteDriver._ensure_shares_mounted" :: waited 0.001s {{(pid=94611) inner /opt/stack/data/venv/lib/python3.12/site-packages/oslo_concurrency/lockutils.py:525}}
Aug 21 18:19:20 devstack cinder-volume[94611]: DEBUG cinder.volume.drivers.quobyte [None req-14a96d81-ba69-42a6-a348-07f9723a9f97 tempest-GroupsV314Test-2045121578 None] Quobyte Volume URL set to: {'osci02.corp.quobyte.com/cinder-vol-bee7bda4-3927-4491-a5bd-2a2a5b2a5f1e': None} {{(pid=94611) _load_shares_config /opt/stack/cinder/cinder/volume/drivers/quobyte.py:665}}
Aug 21 18:19:20 devstack cinder-volume[94611]: DEBUG cinder.volume.drivers.quobyte [None req-14a96d81-ba69-42a6-a348-07f9723a9f97 tempest-GroupsV314Test-2045121578 None] Available shares ['osci02.corp.quobyte.com/cinder-vol-bee7bda4-3927-4491-a5bd-2a2a5b2a5f1e'] {{(pid=94611) _ensure_shares_mounted /opt/stack/cinder/cinder/volume/drivers/quobyte.py:695}}
Aug 21 18:19:20 devstack cinder-volume[94611]: DEBUG oslo_concurrency.lockutils [None req-14a96d81-ba69-42a6-a348-07f9723a9f97 tempest-GroupsV314Test-2045121578 None] Lock "quobyte_ensure" "released" by "cinder.volume.drivers.quobyte.QuobyteDriver._ensure_shares_mounted" :: held 0.007s {{(pid=94611) inner /opt/stack/data/venv/lib/python3.12/site-packages/oslo_concurrency/lockutils.py:544}}
Aug 21 18:19:20 devstack cinder-volume[94611]: DEBUG oslo.privsep.daemon [-] privsep: reply[6045379e-11c1-4162-9f66-ddbcb31fba00]: (4, 'qcow2') {{(pid=95965) _call_back /opt/stack/data/venv/lib/python3.12/site-packages/oslo_privsep/daemon.py:580}}
Aug 21 18:19:20 devstack cinder-volume[94611]: DEBUG oslo_concurrency.processutils [None req-14a96d81-ba69-42a6-a348-07f9723a9f97 tempest-GroupsV314Test-2045121578 None] Running cmd (subprocess): /opt/stack/data/venv/bin/python3.12 -m oslo_concurrency.prlimit --as=1073741824 --cpu=60 -- sudo cinder-rootwrap /etc/cinder/rootwrap.conf env LC_ALL=C qemu-img info -f qcow2 --output=json --force-share /opt/stack/data/cinder/mnt/1f634bfcb5fefb9182a3467fa68b0851/volume-7fe34255-49a7-4f9b-8e81-3272f0d21a0b.6bd0e8e5-8a6c-4ba1-91eb-965826e1478c {{(pid=94611) execute /opt/stack/data/venv/lib/python3.12/site-packages/oslo_concurrency/processutils.py:440}}
Aug 21 18:19:20 devstack sudo[96830]: quobyte : PWD=/ ; USER=root ; COMMAND=/opt/stack/data/venv/bin/cinder-rootwrap /etc/cinder/rootwrap.conf env LC_ALL=C qemu-img info -f qcow2 --output=json --force-share /opt/stack/data/cinder/mnt/1f634bfcb5fefb9182a3467fa68b0851/volume-7fe34255-49a7-4f9b-8e81-3272f0d21a0b.6bd0e8e5-8a6c-4ba1-91eb-965826e1478c
Aug 21 18:19:20 devstack sudo[96830]: pam_unix(sudo:session): session opened for user root(uid=0) by (uid=1000)
Aug 21 18:19:21 devstack sudo[96830]: pam_unix(sudo:session): session closed for user root
Aug 21 18:19:21 devstack cinder-volume[94611]: DEBUG oslo_concurrency.processutils [None req-14a96d81-ba69-42a6-a348-07f9723a9f97 tempest-GroupsV314Test-2045121578 None] CMD "/opt/stack/data/venv/bin/python3.12 -m oslo_concurrency.prlimit --as=1073741824 --cpu=60 -- sudo cinder-rootwrap /etc/cinder/rootwrap.conf env LC_ALL=C qemu-img info -f qcow2 --output=json --force-share /opt/stack/data/cinder/mnt/1f634bfcb5fefb9182a3467fa68b0851/volume-7fe34255-49a7-4f9b-8e81-3272f0d21a0b.6bd0e8e5-8a6c-4ba1-91eb-965826e1478c" returned: 0 in 0.471s {{(pid=94611) execute /opt/stack/data/venv/lib/python3.12/site-packages/oslo_concurrency/processutils.py:468}}
Aug 21 18:19:21 devstack cinder-volume[94611]: DEBUG cinder.volume.drivers.remotefs [None req-14a96d81-ba69-42a6-a348-07f9723a9f97 tempest-GroupsV314Test-2045121578 None] Fetching qemu-img info with special backing_file_template: (/opt/stack/data/cinder/mnt/[0-9a-f]+/)?(volume-7fe34255-49a7-4f9b-8e81-3272f0d21a0b(.(tmp-snap-)?[0-9a-f-]+)?|volume_from_snapshot_cache/(tmp-snap-)?[0-9a-f-]+(.(child-|parent-)[0-9a-f-]+)?)$ {{(pid=94611) _qemu_img_info_base /opt/stack/cinder/cinder/volume/drivers/remotefs.py:896}}
Aug 21 18:19:21 devstack cinder-volume[94611]: DEBUG oslo.privsep.daemon [-] privsep: reply[3cd642ce-8469-41e9-beff-166207b5e0ab]: (4, 'qcow2') {{(pid=95965) _call_back /opt/stack/data/venv/lib/python3.12/site-packages/oslo_privsep/daemon.py:580}}
Aug 21 18:19:21 devstack cinder-volume[94611]: DEBUG oslo_concurrency.processutils [None req-14a96d81-ba69-42a6-a348-07f9723a9f97 tempest-GroupsV314Test-2045121578 None] Running cmd (subprocess): /opt/stack/data/venv/bin/python3.12 -m oslo_concurrency.prlimit --as=1073741824 --cpu=60 -- sudo cinder-rootwrap /etc/cinder/rootwrap.conf env LC_ALL=C qemu-img info -f qcow2 --output=json --force-share /opt/stack/data/cinder/mnt/1f634bfcb5fefb9182a3467fa68b0851/volume-7fe34255-49a7-4f9b-8e81-3272f0d21a0b {{(pid=94611) execute /opt/stack/data/venv/lib/python3.12/site-packages/oslo_concurrency/processutils.py:440}}
Aug 21 18:19:21 devstack sudo[96835]: quobyte : PWD=/ ; USER=root ; COMMAND=/opt/stack/data/venv/bin/cinder-rootwrap /etc/cinder/rootwrap.conf env LC_ALL=C qemu-img info -f qcow2 --output=json --force-share /opt/stack/data/cinder/mnt/1f634bfcb5fefb9182a3467fa68b0851/volume-7fe34255-49a7-4f9b-8e81-3272f0d21a0b
Aug 21 18:19:21 devstack sudo[96835]: pam_unix(sudo:session): session opened for user root(uid=0) by (uid=1000)
Aug 21 18:19:22 devstack sudo[96835]: pam_unix(sudo:session): session closed for user root
Aug 21 18:19:22 devstack cinder-volume[94611]: DEBUG oslo_concurrency.processutils [None req-14a96d81-ba69-42a6-a348-07f9723a9f97 tempest-GroupsV314Test-2045121578 None] CMD "/opt/stack/data/venv/bin/python3.12 -m oslo_concurrency.prlimit --as=1073741824 --cpu=60 -- sudo cinder-rootwrap /etc/cinder/rootwrap.conf env LC_ALL=C qemu-img info -f qcow2 --output=json --force-share /opt/stack/data/cinder/mnt/1f634bfcb5fefb9182a3467fa68b0851/volume-7fe34255-49a7-4f9b-8e81-3272f0d21a0b" returned: 0 in 1.281s {{(pid=94611) execute /opt/stack/data/venv/lib/python3.12/site-packages/oslo_concurrency/processutils.py:468}}
Aug 21 18:19:22 devstack cinder-volume[94611]: DEBUG cinder.volume.drivers.quobyte [None req-14a96d81-ba69-42a6-a348-07f9723a9f97 tempest-GroupsV314Test-2045121578 None] will copy from snapshot at /opt/stack/data/cinder/mnt/1f634bfcb5fefb9182a3467fa68b0851/volume-7fe34255-49a7-4f9b-8e81-3272f0d21a0b {{(pid=94611) _copy_volume_from_snapshot /opt/stack/cinder/cinder/volume/drivers/quobyte.py:426}}
Aug 21 18:19:22 devstack cinder-volume[94611]: DEBUG cinder.volume.drivers.quobyte [None req-14a96d81-ba69-42a6-a348-07f9723a9f97 tempest-GroupsV314Test-2045121578 None] Creating direct copy from snapshot {{(pid=94611) _copy_volume_from_snapshot /opt/stack/cinder/cinder/volume/drivers/quobyte.py:434}}
Aug 21 18:19:22 devstack cinder-volume[94611]: DEBUG cinder.utils [None req-14a96d81-ba69-42a6-a348-07f9723a9f97 tempest-GroupsV314Test-2045121578 None] Path /opt/stack/data/cinder/mnt/1f634bfcb5fefb9182a3467fa68b0851/volume-9297c4f5-cf2b-4e4e-94c1-aadefc1ac133 not found in is_blk_device check {{(pid=94611) is_blk_device /opt/stack/cinder/cinder/utils.py:622}}
Aug 21 18:19:22 devstack cinder-volume[94611]: DEBUG oslo_concurrency.processutils [None req-14a96d81-ba69-42a6-a348-07f9723a9f97 tempest-GroupsV314Test-2045121578 None] Running cmd (subprocess): sudo cinder-rootwrap /etc/cinder/rootwrap.conf qemu-img convert -O qcow2 /opt/stack/data/cinder/mnt/1f634bfcb5fefb9182a3467fa68b0851/volume-7fe34255-49a7-4f9b-8e81-3272f0d21a0b /opt/stack/data/cinder/mnt/1f634bfcb5fefb9182a3467fa68b0851/volume-9297c4f5-cf2b-4e4e-94c1-aadefc1ac133 {{(pid=94611) execute /opt/stack/data/venv/lib/python3.12/site-packages/oslo_concurrency/processutils.py:440}}
Aug 21 18:19:22 devstack sudo[96874]: quobyte : PWD=/ ; USER=root ; COMMAND=/opt/stack/data/venv/bin/cinder-rootwrap /etc/cinder/rootwrap.conf qemu-img convert -O qcow2 /opt/stack/data/cinder/mnt/1f634bfcb5fefb9182a3467fa68b0851/volume-7fe34255-49a7-4f9b-8e81-3272f0d21a0b /opt/stack/data/cinder/mnt/1f634bfcb5fefb9182a3467fa68b0851/volume-9297c4f5-cf2b-4e4e-94c1-aadefc1ac133
Aug 21 18:19:22 devstack sudo[96874]: pam_unix(sudo:session): session opened for user root(uid=0) by (uid=1000)
Aug 21 18:19:29 devstack cinder-volume[94611]: DEBUG dbcounter [-] [94611] Writing DB stats cinder:SELECT=14,cinder:UPDATE=14,cinder:INSERT=4 {{(pid=94611) stat_writer /opt/stack/data/venv/lib/python3.12/site-packages/dbcounter.py:115}}
Aug 21 18:19:29 devstack cinder-volume[94611]: DEBUG dbcounter [-] [94611] Writing DB stats cinder:SELECT=16,cinder:UPDATE=12,cinder:INSERT=3,cinder:DELETE=2 {{(pid=94611) stat_writer /opt/stack/data/venv/lib/python3.12/site-packages/dbcounter.py:115}}
Aug 21 18:19:30 devstack cinder-volume[94611]: DEBUG oslo_concurrency.processutils [None req-14a96d81-ba69-42a6-a348-07f9723a9f97 tempest-GroupsV314Test-2045121578 None] CMD "sudo cinder-rootwrap /etc/cinder/rootwrap.conf qemu-img convert -O qcow2 /opt/stack/data/cinder/mnt/1f634bfcb5fefb9182a3467fa68b0851/volume-7fe34255-49a7-4f9b-8e81-3272f0d21a0b /opt/stack/data/cinder/mnt/1f634bfcb5fefb9182a3467fa68b0851/volume-9297c4f5-cf2b-4e4e-94c1-aadefc1ac133" returned: 0 in 8.314s {{(pid=94611) execute /opt/stack/data/venv/lib/python3.12/site-packages/oslo_concurrency/processutils.py:468}}
Aug 21 18:19:30 devstack cinder-volume[94611]: DEBUG cinder.image.image_utils [None req-14a96d81-ba69-42a6-a348-07f9723a9f97 tempest-GroupsV314Test-2045121578 None] Image conversion details: src /opt/stack/data/cinder/mnt/1f634bfcb5fefb9182a3467fa68b0851/volume-7fe34255-49a7-4f9b-8e81-3272f0d21a0b, size 1024.00 MB, duration 8.31 sec, destination /opt/stack/data/cinder/mnt/1f634bfcb5fefb9182a3467fa68b0851/volume-9297c4f5-cf2b-4e4e-94c1-aadefc1ac133 {{(pid=94611) _convert_image /opt/stack/cinder/cinder/image/image_utils.py:536}}
Aug 21 18:19:30 devstack cinder-volume[94611]: INFO cinder.image.image_utils [None req-14a96d81-ba69-42a6-a348-07f9723a9f97 tempest-GroupsV314Test-2045121578 None] Converted 1024.00 MB image at 123.16 MB/s
Aug 21 18:19:30 devstack cinder-volume[94611]: WARNING cinder.volume.drivers.remotefs [None req-14a96d81-ba69-42a6-a348-07f9723a9f97 tempest-GroupsV314Test-2045121578 None] /opt/stack/data/cinder/mnt/1f634bfcb5fefb9182a3467fa68b0851/volume-9297c4f5-cf2b-4e4e-94c1-aadefc1ac133 is being set with open permissions: ugo+rw: NotImplementedError
Aug 21 18:19:30 devstack cinder-volume[94611]: DEBUG oslo_concurrency.processutils [None req-14a96d81-ba69-42a6-a348-07f9723a9f97 tempest-GroupsV314Test-2045121578 None] Running cmd (subprocess): sudo cinder-rootwrap /etc/cinder/rootwrap.conf chmod ugo+rw /opt/stack/data/cinder/mnt/1f634bfcb5fefb9182a3467fa68b0851/volume-9297c4f5-cf2b-4e4e-94c1-aadefc1ac133 {{(pid=94611) execute /opt/stack/data/venv/lib/python3.12/site-packages/oslo_concurrency/processutils.py:440}}
Aug 21 18:19:30 devstack sudo[96964]: quobyte : PWD=/ ; USER=root ; COMMAND=/opt/stack/data/venv/bin/cinder-rootwrap /etc/cinder/rootwrap.conf chmod ugo+rw /opt/stack/data/cinder/mnt/1f634bfcb5fefb9182a3467fa68b0851/volume-9297c4f5-cf2b-4e4e-94c1-aadefc1ac133
Aug 21 18:19:30 devstack sudo[96964]: pam_unix(sudo:session): session opened for user root(uid=0) by (uid=1000)
Aug 21 18:19:30 devstack cinder-volume[94611]: DEBUG oslo_concurrency.lockutils [req-085c6565-da58-4bbd-9464-44c7c1870402 req-35ca5f53-e9a6-4c23-a114-558daf406af3 tempest-TaggedAttachmentsTest-719926585 None] Acquiring lock "quobyte" by "cinder.volume.drivers.quobyte.QuobyteDriver.initialize_connection" {{(pid=94611) inner /opt/stack/data/venv/lib/python3.12/site-packages/oslo_concurrency/lockutils.py:512}}
Aug 21 18:19:31 devstack sudo[96964]: pam_unix(sudo:session): session closed for user root
Aug 21 18:19:31 devstack cinder-volume[94611]: DEBUG oslo_concurrency.processutils [None req-14a96d81-ba69-42a6-a348-07f9723a9f97 tempest-GroupsV314Test-2045121578 None] CMD "sudo cinder-rootwrap /etc/cinder/rootwrap.conf chmod ugo+rw /opt/stack/data/cinder/mnt/1f634bfcb5fefb9182a3467fa68b0851/volume-9297c4f5-cf2b-4e4e-94c1-aadefc1ac133" returned: 0 in 0.300s {{(pid=94611) execute /opt/stack/data/venv/lib/python3.12/site-packages/oslo_concurrency/processutils.py:468}}
Aug 21 18:19:31 devstack cinder-volume[94611]: DEBUG cinder.coordination [None req-14a96d81-ba69-42a6-a348-07f9723a9f97 tempest-GroupsV314Test-2045121578 None] Lock "cinder-quobyte-9297c4f5-cf2b-4e4e-94c1-aadefc1ac133" released by "_copy_volume_from_snapshot" :: held 10.487s {{(pid=94611) __release /opt/stack/cinder/cinder/coordination.py:152}}
Aug 21 18:19:31 devstack cinder-volume[94611]: DEBUG cinder.coordination [None req-14a96d81-ba69-42a6-a348-07f9723a9f97 tempest-GroupsV314Test-2045121578 None] Acquiring lock "cinder-quobyte-6bd0e8e5-8a6c-4ba1-91eb-965826e1478c" by "_delete_snapshot" {{(pid=94611) __acquire /opt/stack/cinder/cinder/coordination.py:138}}
Aug 21 18:19:31 devstack cinder-volume[94611]: DEBUG cinder.coordination [None req-14a96d81-ba69-42a6-a348-07f9723a9f97 tempest-GroupsV314Test-2045121578 None] Lock "cinder-quobyte-6bd0e8e5-8a6c-4ba1-91eb-965826e1478c" acquired by "_delete_snapshot" :: waited 0.018s {{(pid=94611) __acquire /opt/stack/cinder/cinder/coordination.py:141}}
Aug 21 18:19:31 devstack cinder-volume[94611]: DEBUG cinder.volume.drivers.remotefs [None req-14a96d81-ba69-42a6-a348-07f9723a9f97 tempest-GroupsV314Test-2045121578 None] Deleting offline snapshot 6bd0e8e5-8a6c-4ba1-91eb-965826e1478c of volume 7fe34255-49a7-4f9b-8e81-3272f0d21a0b {{(pid=94611) _delete_snapshot /opt/stack/cinder/cinder/volume/drivers/remotefs.py:1288}}
Aug 21 18:19:31 devstack cinder-volume[94611]: DEBUG cinder.volume.drivers.remotefs [None req-14a96d81-ba69-42a6-a348-07f9723a9f97 tempest-GroupsV314Test-2045121578 None] snapshot_file for this snap is: volume-7fe34255-49a7-4f9b-8e81-3272f0d21a0b.6bd0e8e5-8a6c-4ba1-91eb-965826e1478c {{(pid=94611) _delete_snapshot /opt/stack/cinder/cinder/volume/drivers/remotefs.py:1317}}
Aug 21 18:19:31 devstack cinder-volume[94611]: DEBUG oslo.privsep.daemon [-] privsep: reply[f9526ef0-4f01-4386-8327-1b251ff1835a]: (4, 'qcow2') {{(pid=95965) _call_back /opt/stack/data/venv/lib/python3.12/site-packages/oslo_privsep/daemon.py:580}}
Aug 21 18:19:31 devstack cinder-volume[94611]: DEBUG oslo_concurrency.processutils [None req-14a96d81-ba69-42a6-a348-07f9723a9f97 tempest-GroupsV314Test-2045121578 None] Running cmd (subprocess): /opt/stack/data/venv/bin/python3.12 -m oslo_concurrency.prlimit --as=1073741824 --cpu=60 -- sudo cinder-rootwrap /etc/cinder/rootwrap.conf env LC_ALL=C qemu-img info -f qcow2 --output=json --force-share /opt/stack/data/cinder/mnt/1f634bfcb5fefb9182a3467fa68b0851/volume-7fe34255-49a7-4f9b-8e81-3272f0d21a0b.6bd0e8e5-8a6c-4ba1-91eb-965826e1478c {{(pid=94611) execute /opt/stack/data/venv/lib/python3.12/site-packages/oslo_concurrency/processutils.py:440}}
Aug 21 18:19:31 devstack sudo[96967]: quobyte : PWD=/ ; USER=root ; COMMAND=/opt/stack/data/venv/bin/cinder-rootwrap /etc/cinder/rootwrap.conf env LC_ALL=C qemu-img info -f qcow2 --output=json --force-share /opt/stack/data/cinder/mnt/1f634bfcb5fefb9182a3467fa68b0851/volume-7fe34255-49a7-4f9b-8e81-3272f0d21a0b.6bd0e8e5-8a6c-4ba1-91eb-965826e1478c
Aug 21 18:19:31 devstack sudo[96967]: pam_unix(sudo:session): session opened for user root(uid=0) by (uid=1000)
Aug 21 18:19:31 devstack sudo[96967]: pam_unix(sudo:session): session closed for user root
Aug 21 18:19:31 devstack cinder-volume[94611]: DEBUG oslo_concurrency.processutils [None req-14a96d81-ba69-42a6-a348-07f9723a9f97 tempest-GroupsV314Test-2045121578 None] CMD "/opt/stack/data/venv/bin/python3.12 -m oslo_concurrency.prlimit --as=1073741824 --cpu=60 -- sudo cinder-rootwrap /etc/cinder/rootwrap.conf env LC_ALL=C qemu-img info -f qcow2 --output=json --force-share /opt/stack/data/cinder/mnt/1f634bfcb5fefb9182a3467fa68b0851/volume-7fe34255-49a7-4f9b-8e81-3272f0d21a0b.6bd0e8e5-8a6c-4ba1-91eb-965826e1478c" returned: 0 in 0.412s {{(pid=94611) execute /opt/stack/data/venv/lib/python3.12/site-packages/oslo_concurrency/processutils.py:468}}
Aug 21 18:19:31 devstack cinder-volume[94611]: DEBUG cinder.volume.drivers.remotefs [None req-14a96d81-ba69-42a6-a348-07f9723a9f97 tempest-GroupsV314Test-2045121578 None] Fetching qemu-img info with special backing_file_template: (/opt/stack/data/cinder/mnt/[0-9a-f]+/)?(volume-7fe34255-49a7-4f9b-8e81-3272f0d21a0b(.(tmp-snap-)?[0-9a-f-]+)?|volume_from_snapshot_cache/(tmp-snap-)?[0-9a-f-]+(.(child-|parent-)[0-9a-f-]+)?)$ {{(pid=94611) _qemu_img_info_base /opt/stack/cinder/cinder/volume/drivers/remotefs.py:896}}
Aug 21 18:19:31 devstack cinder-volume[94611]: DEBUG oslo.privsep.daemon [-] privsep: reply[359a0993-00f0-4358-a3ef-bc2eff90222f]: (4, 'qcow2') {{(pid=95965) _call_back /opt/stack/data/venv/lib/python3.12/site-packages/oslo_privsep/daemon.py:580}}
Aug 21 18:19:31 devstack cinder-volume[94611]: DEBUG oslo_concurrency.processutils [None req-14a96d81-ba69-42a6-a348-07f9723a9f97 tempest-GroupsV314Test-2045121578 None] Running cmd (subprocess): /opt/stack/data/venv/bin/python3.12 -m oslo_concurrency.prlimit --as=1073741824 --cpu=60 -- sudo cinder-rootwrap /etc/cinder/rootwrap.conf env LC_ALL=C qemu-img info -f qcow2 --output=json --force-share /opt/stack/data/cinder/mnt/1f634bfcb5fefb9182a3467fa68b0851/volume-7fe34255-49a7-4f9b-8e81-3272f0d21a0b {{(pid=94611) execute /opt/stack/data/venv/lib/python3.12/site-packages/oslo_concurrency/processutils.py:440}}
Aug 21 18:19:31 devstack sudo[96972]: quobyte : PWD=/ ; USER=root ; COMMAND=/opt/stack/data/venv/bin/cinder-rootwrap /etc/cinder/rootwrap.conf env LC_ALL=C qemu-img info -f qcow2 --output=json --force-share /opt/stack/data/cinder/mnt/1f634bfcb5fefb9182a3467fa68b0851/volume-7fe34255-49a7-4f9b-8e81-3272f0d21a0b
Aug 21 18:19:31 devstack sudo[96972]: pam_unix(sudo:session): session opened for user root(uid=0) by (uid=1000)
Aug 21 18:19:32 devstack sudo[96972]: pam_unix(sudo:session): session closed for user root
Aug 21 18:19:32 devstack cinder-volume[94611]: DEBUG oslo_concurrency.processutils [None req-14a96d81-ba69-42a6-a348-07f9723a9f97 tempest-GroupsV314Test-2045121578 None] CMD "/opt/stack/data/venv/bin/python3.12 -m oslo_concurrency.prlimit --as=1073741824 --cpu=60 -- sudo cinder-rootwrap /etc/cinder/rootwrap.conf env LC_ALL=C qemu-img info -f qcow2 --output=json --force-share /opt/stack/data/cinder/mnt/1f634bfcb5fefb9182a3467fa68b0851/volume-7fe34255-49a7-4f9b-8e81-3272f0d21a0b" returned: 0 in 0.535s {{(pid=94611) execute /opt/stack/data/venv/lib/python3.12/site-packages/oslo_concurrency/processutils.py:468}}
Aug 21 18:19:32 devstack cinder-volume[94611]: DEBUG oslo_concurrency.processutils [None req-14a96d81-ba69-42a6-a348-07f9723a9f97 tempest-GroupsV314Test-2045121578 None] Running cmd (subprocess): sudo cinder-rootwrap /etc/cinder/rootwrap.conf qemu-img commit -d /opt/stack/data/cinder/mnt/1f634bfcb5fefb9182a3467fa68b0851/volume-7fe34255-49a7-4f9b-8e81-3272f0d21a0b.6bd0e8e5-8a6c-4ba1-91eb-965826e1478c {{(pid=94611) execute /opt/stack/data/venv/lib/python3.12/site-packages/oslo_concurrency/processutils.py:440}}
Aug 21 18:19:32 devstack sudo[96977]: quobyte : PWD=/ ; USER=root ; COMMAND=/opt/stack/data/venv/bin/cinder-rootwrap /etc/cinder/rootwrap.conf qemu-img commit -d /opt/stack/data/cinder/mnt/1f634bfcb5fefb9182a3467fa68b0851/volume-7fe34255-49a7-4f9b-8e81-3272f0d21a0b.6bd0e8e5-8a6c-4ba1-91eb-965826e1478c
Aug 21 18:19:32 devstack sudo[96977]: pam_unix(sudo:session): session opened for user root(uid=0) by (uid=1000)
Aug 21 18:19:32 devstack sudo[96977]: pam_unix(sudo:session): session closed for user root
Aug 21 18:19:32 devstack cinder-volume[94611]: DEBUG oslo_concurrency.processutils [None req-14a96d81-ba69-42a6-a348-07f9723a9f97 tempest-GroupsV314Test-2045121578 None] CMD "sudo cinder-rootwrap /etc/cinder/rootwrap.conf qemu-img commit -d /opt/stack/data/cinder/mnt/1f634bfcb5fefb9182a3467fa68b0851/volume-7fe34255-49a7-4f9b-8e81-3272f0d21a0b.6bd0e8e5-8a6c-4ba1-91eb-965826e1478c" returned: 0 in 0.438s {{(pid=94611) execute /opt/stack/data/venv/lib/python3.12/site-packages/oslo_concurrency/processutils.py:468}}
Aug 21 18:19:32 devstack cinder-volume[94611]: DEBUG oslo_concurrency.processutils [None req-14a96d81-ba69-42a6-a348-07f9723a9f97 tempest-GroupsV314Test-2045121578 None] Running cmd (subprocess): sudo cinder-rootwrap /etc/cinder/rootwrap.conf rm -f /opt/stack/data/cinder/mnt/1f634bfcb5fefb9182a3467fa68b0851/volume-7fe34255-49a7-4f9b-8e81-3272f0d21a0b.6bd0e8e5-8a6c-4ba1-91eb-965826e1478c {{(pid=94611) execute /opt/stack/data/venv/lib/python3.12/site-packages/oslo_concurrency/processutils.py:440}}
Aug 21 18:19:32 devstack sudo[96983]: quobyte : PWD=/ ; USER=root ; COMMAND=/opt/stack/data/venv/bin/cinder-rootwrap /etc/cinder/rootwrap.conf rm -f /opt/stack/data/cinder/mnt/1f634bfcb5fefb9182a3467fa68b0851/volume-7fe34255-49a7-4f9b-8e81-3272f0d21a0b.6bd0e8e5-8a6c-4ba1-91eb-965826e1478c
Aug 21 18:19:32 devstack sudo[96983]: pam_unix(sudo:session): session opened for user root(uid=0) by (uid=1000)
Aug 21 18:19:32 devstack sudo[96983]: pam_unix(sudo:session): session closed for user root
Aug 21 18:19:32 devstack cinder-volume[94611]: DEBUG oslo_concurrency.processutils [None req-14a96d81-ba69-42a6-a348-07f9723a9f97 tempest-GroupsV314Test-2045121578 None] CMD "sudo cinder-rootwrap /etc/cinder/rootwrap.conf rm -f /opt/stack/data/cinder/mnt/1f634bfcb5fefb9182a3467fa68b0851/volume-7fe34255-49a7-4f9b-8e81-3272f0d21a0b.6bd0e8e5-8a6c-4ba1-91eb-965826e1478c" returned: 0 in 0.321s {{(pid=94611) execute /opt/stack/data/venv/lib/python3.12/site-packages/oslo_concurrency/processutils.py:468}}
Aug 21 18:19:33 devstack cinder-volume[94611]: DEBUG cinder.coordination [None req-14a96d81-ba69-42a6-a348-07f9723a9f97 tempest-GroupsV314Test-2045121578 None] Lock "cinder-quobyte-6bd0e8e5-8a6c-4ba1-91eb-965826e1478c" released by "_delete_snapshot" :: held 1.833s {{(pid=94611) __release /opt/stack/cinder/cinder/coordination.py:152}}
Aug 21 18:19:33 devstack cinder-volume[94611]: DEBUG oslo_concurrency.lockutils [None req-14a96d81-ba69-42a6-a348-07f9723a9f97 tempest-GroupsV314Test-2045121578 None] Lock "quobyte" "released" by "cinder.volume.drivers.quobyte.QuobyteDriver.create_cloned_volume" :: held 16.121s {{(pid=94611) inner /opt/stack/data/venv/lib/python3.12/site-packages/oslo_concurrency/lockutils.py:544}}
Aug 21 18:19:33 devstack cinder-volume[94611]: DEBUG oslo_concurrency.lockutils [None req-976507ee-a3a8-4771-a282-8550118c2a00 tempest-DeleteServersTestJSON-1962902584 None] Lock "quobyte" acquired by "cinder.volume.drivers.quobyte.QuobyteDriver.create_volume" :: waited 15.157s {{(pid=94611) inner /opt/stack/data/venv/lib/python3.12/site-packages/oslo_concurrency/lockutils.py:525}}
Aug 21 18:19:33 devstack cinder-volume[94611]: DEBUG cinder.volume.drivers.quobyte [None req-976507ee-a3a8-4771-a282-8550118c2a00 tempest-DeleteServersTestJSON-1962902584 None] ==> create_volume: call "{'self': , 'volume': Volume(_name_id=None,admin_metadata=,attach_status='detached',availability_zone='nova',bootable=False,cluster=,cluster_name=None,consistencygroup=,consistencygroup_id=None,created_at=2026-08-21T16:19:17Z,deleted=False,deleted_at=None,display_description=None,display_name='tempest-DeleteServersTestJSON-volume-1431774126',ec2_id=None,encryption_key_id=None,glance_metadata=,group=,group_id=None,host='devstack@QuobyteHD#QuobyteHD',id=2d65d74b-7002-498f-ad21-f13ce137a7f9,launched_at=None,metadata={},migration_status=None,multiattach=False,previous_status=None,project_id='2108e133d86942058ed007c2c05addcb',provider_auth=None,provider_geometry=None,provider_id=None,provider_location=None,replication_driver_data=None,replication_extended_status=None,replication_status=None,scheduled_at=2026-08-21T16:19:18Z,service_uuid=None,shared_targets=True,size=1,snapshot_id=None,snapshots=,source_volid=None,status='creating',terminated_at=None,updated_at=2026-08-21T16:19:18Z,use_quota=True,user_id='8c7378ef073c4237b9b209bb9b48fb50',volume_attachment=VolumeAttachmentList,volume_type=VolumeType(2fd69b9d-6a46-4941-9ec9-612a75ff2489),volume_type_id=2fd69b9d-6a46-4941-9ec9-612a75ff2489)}" {{(pid=94611) trace_logging_wrapper /opt/stack/cinder/cinder/volume/volume_utils.py:1497}}
Aug 21 18:19:33 devstack cinder-volume[94611]: DEBUG cinder.volume.drivers.remotefs [None req-976507ee-a3a8-4771-a282-8550118c2a00 tempest-DeleteServersTestJSON-1962902584 None] Creating volume 2d65d74b-7002-498f-ad21-f13ce137a7f9 {{(pid=94611) create_volume /opt/stack/cinder/cinder/volume/drivers/remotefs.py:292}}
Aug 21 18:19:33 devstack cinder-volume[94611]: DEBUG oslo_concurrency.lockutils [None req-976507ee-a3a8-4771-a282-8550118c2a00 tempest-DeleteServersTestJSON-1962902584 None] Acquiring lock "quobyte_ensure" by "cinder.volume.drivers.quobyte.QuobyteDriver._ensure_shares_mounted" {{(pid=94611) inner /opt/stack/data/venv/lib/python3.12/site-packages/oslo_concurrency/lockutils.py:512}}
Aug 21 18:19:33 devstack cinder-volume[94611]: DEBUG oslo_concurrency.lockutils [None req-976507ee-a3a8-4771-a282-8550118c2a00 tempest-DeleteServersTestJSON-1962902584 None] Lock "quobyte_ensure" acquired by "cinder.volume.drivers.quobyte.QuobyteDriver._ensure_shares_mounted" :: waited 0.000s {{(pid=94611) inner /opt/stack/data/venv/lib/python3.12/site-packages/oslo_concurrency/lockutils.py:525}}
Aug 21 18:19:33 devstack cinder-volume[94611]: DEBUG cinder.volume.drivers.quobyte [None req-976507ee-a3a8-4771-a282-8550118c2a00 tempest-DeleteServersTestJSON-1962902584 None] Quobyte Volume URL set to: {'osci02.corp.quobyte.com/cinder-vol-bee7bda4-3927-4491-a5bd-2a2a5b2a5f1e': None} {{(pid=94611) _load_shares_config /opt/stack/cinder/cinder/volume/drivers/quobyte.py:665}}
Aug 21 18:19:33 devstack cinder-volume[94611]: DEBUG cinder.volume.drivers.quobyte [None req-976507ee-a3a8-4771-a282-8550118c2a00 tempest-DeleteServersTestJSON-1962902584 None] Available shares ['osci02.corp.quobyte.com/cinder-vol-bee7bda4-3927-4491-a5bd-2a2a5b2a5f1e'] {{(pid=94611) _ensure_shares_mounted /opt/stack/cinder/cinder/volume/drivers/quobyte.py:695}}
Aug 21 18:19:33 devstack cinder-volume[94611]: DEBUG oslo_concurrency.lockutils [None req-976507ee-a3a8-4771-a282-8550118c2a00 tempest-DeleteServersTestJSON-1962902584 None] Lock "quobyte_ensure" "released" by "cinder.volume.drivers.quobyte.QuobyteDriver._ensure_shares_mounted" :: held 0.015s {{(pid=94611) inner /opt/stack/data/venv/lib/python3.12/site-packages/oslo_concurrency/lockutils.py:544}}
Aug 21 18:19:33 devstack cinder-volume[94611]: DEBUG cinder.volume.drivers.quobyte [None req-976507ee-a3a8-4771-a282-8550118c2a00 tempest-DeleteServersTestJSON-1962902584 None] Selected osci02.corp.quobyte.com/cinder-vol-bee7bda4-3927-4491-a5bd-2a2a5b2a5f1e as target Quobyte volume. {{(pid=94611) _find_share /opt/stack/cinder/cinder/volume/drivers/quobyte.py:716}}
Aug 21 18:19:33 devstack cinder-volume[94611]: INFO cinder.volume.drivers.remotefs [None req-976507ee-a3a8-4771-a282-8550118c2a00 tempest-DeleteServersTestJSON-1962902584 None] casted to osci02.corp.quobyte.com/cinder-vol-bee7bda4-3927-4491-a5bd-2a2a5b2a5f1e
Aug 21 18:19:33 devstack cinder-volume[94611]: DEBUG oslo_concurrency.processutils [None req-976507ee-a3a8-4771-a282-8550118c2a00 tempest-DeleteServersTestJSON-1962902584 None] Running cmd (subprocess): sudo cinder-rootwrap /etc/cinder/rootwrap.conf qemu-img create -f qcow2 -o preallocation=metadata /opt/stack/data/cinder/mnt/1f634bfcb5fefb9182a3467fa68b0851/volume-2d65d74b-7002-498f-ad21-f13ce137a7f9 1073741824 {{(pid=94611) execute /opt/stack/data/venv/lib/python3.12/site-packages/oslo_concurrency/processutils.py:440}}
Aug 21 18:19:33 devstack sudo[96986]: quobyte : PWD=/ ; USER=root ; COMMAND=/opt/stack/data/venv/bin/cinder-rootwrap /etc/cinder/rootwrap.conf qemu-img create -f qcow2 -o preallocation=metadata /opt/stack/data/cinder/mnt/1f634bfcb5fefb9182a3467fa68b0851/volume-2d65d74b-7002-498f-ad21-f13ce137a7f9 1073741824
Aug 21 18:19:33 devstack sudo[96986]: pam_unix(sudo:session): session opened for user root(uid=0) by (uid=1000)
Aug 21 18:19:33 devstack cinder-volume[94611]: INFO cinder.volume.manager [None req-14a96d81-ba69-42a6-a348-07f9723a9f97 tempest-GroupsV314Test-2045121578 None] Create group from source-group-83adce51-ea3b-4cf8-98db-be8dce129ee2 completed successfully.
Aug 21 18:19:33 devstack sudo[96986]: pam_unix(sudo:session): session closed for user root
Aug 21 18:19:33 devstack cinder-volume[94611]: DEBUG oslo_concurrency.processutils [None req-976507ee-a3a8-4771-a282-8550118c2a00 tempest-DeleteServersTestJSON-1962902584 None] CMD "sudo cinder-rootwrap /etc/cinder/rootwrap.conf qemu-img create -f qcow2 -o preallocation=metadata /opt/stack/data/cinder/mnt/1f634bfcb5fefb9182a3467fa68b0851/volume-2d65d74b-7002-498f-ad21-f13ce137a7f9 1073741824" returned: 0 in 0.558s {{(pid=94611) execute /opt/stack/data/venv/lib/python3.12/site-packages/oslo_concurrency/processutils.py:468}}
Aug 21 18:19:33 devstack cinder-volume[94611]: DEBUG oslo_concurrency.processutils [None req-976507ee-a3a8-4771-a282-8550118c2a00 tempest-DeleteServersTestJSON-1962902584 None] Running cmd (subprocess): sudo cinder-rootwrap /etc/cinder/rootwrap.conf chmod ugo+rw /opt/stack/data/cinder/mnt/1f634bfcb5fefb9182a3467fa68b0851/volume-2d65d74b-7002-498f-ad21-f13ce137a7f9 {{(pid=94611) execute /opt/stack/data/venv/lib/python3.12/site-packages/oslo_concurrency/processutils.py:440}}
Aug 21 18:19:33 devstack sudo[96992]: quobyte : PWD=/ ; USER=root ; COMMAND=/opt/stack/data/venv/bin/cinder-rootwrap /etc/cinder/rootwrap.conf chmod ugo+rw /opt/stack/data/cinder/mnt/1f634bfcb5fefb9182a3467fa68b0851/volume-2d65d74b-7002-498f-ad21-f13ce137a7f9
Aug 21 18:19:33 devstack sudo[96992]: pam_unix(sudo:session): session opened for user root(uid=0) by (uid=1000)
Aug 21 18:19:34 devstack cinder-volume[94611]: DEBUG cinder.coordination [None req-98b44a61-d027-4586-b0ed-4d07e51da3cb tempest-GroupsV314Test-2045121578 None] Acquiring lock "cinder-quobyte-9297c4f5-cf2b-4e4e-94c1-aadefc1ac133" by "delete_volume" {{(pid=94611) __acquire /opt/stack/cinder/cinder/coordination.py:138}}
Aug 21 18:19:34 devstack sudo[96992]: pam_unix(sudo:session): session closed for user root
Aug 21 18:19:34 devstack cinder-volume[94611]: DEBUG oslo_concurrency.processutils [None req-976507ee-a3a8-4771-a282-8550118c2a00 tempest-DeleteServersTestJSON-1962902584 None] CMD "sudo cinder-rootwrap /etc/cinder/rootwrap.conf chmod ugo+rw /opt/stack/data/cinder/mnt/1f634bfcb5fefb9182a3467fa68b0851/volume-2d65d74b-7002-498f-ad21-f13ce137a7f9" returned: 0 in 0.417s {{(pid=94611) execute /opt/stack/data/venv/lib/python3.12/site-packages/oslo_concurrency/processutils.py:468}}
Aug 21 18:19:34 devstack cinder-volume[94611]: DEBUG cinder.volume.drivers.quobyte [None req-976507ee-a3a8-4771-a282-8550118c2a00 tempest-DeleteServersTestJSON-1962902584 None] <== create_volume: return (1036ms) {'provider_location': 'osci02.corp.quobyte.com/cinder-vol-bee7bda4-3927-4491-a5bd-2a2a5b2a5f1e'} {{(pid=94611) trace_logging_wrapper /opt/stack/cinder/cinder/volume/volume_utils.py:1522}}
Aug 21 18:19:34 devstack cinder-volume[94611]: DEBUG oslo_concurrency.lockutils [None req-976507ee-a3a8-4771-a282-8550118c2a00 tempest-DeleteServersTestJSON-1962902584 None] Lock "quobyte" "released" by "cinder.volume.drivers.quobyte.QuobyteDriver.create_volume" :: held 1.039s {{(pid=94611) inner /opt/stack/data/venv/lib/python3.12/site-packages/oslo_concurrency/lockutils.py:544}}
Aug 21 18:19:34 devstack cinder-volume[94611]: DEBUG oslo_concurrency.lockutils [req-085c6565-da58-4bbd-9464-44c7c1870402 req-35ca5f53-e9a6-4c23-a114-558daf406af3 tempest-TaggedAttachmentsTest-719926585 None] Lock "quobyte" acquired by "cinder.volume.drivers.quobyte.QuobyteDriver.initialize_connection" :: waited 3.170s {{(pid=94611) inner /opt/stack/data/venv/lib/python3.12/site-packages/oslo_concurrency/lockutils.py:525}}
Aug 21 18:19:34 devstack cinder-volume[94611]: DEBUG cinder.volume.manager [None req-976507ee-a3a8-4771-a282-8550118c2a00 tempest-DeleteServersTestJSON-1962902584 None] Task 'cinder.volume.flows.manager.create_volume.CreateVolumeFromSpecTask;volume:create' (c45b90e8-5881-4d93-87c8-17d3ef2fe370) transitioned into state 'SUCCESS' from state 'RUNNING' with result '{'status': 'creating', 'volume_name': 'volume-2d65d74b-7002-498f-ad21-f13ce137a7f9', 'volume_size': 1}' {{(pid=94611) _task_receiver /opt/stack/data/venv/lib/python3.12/site-packages/taskflow/listeners/logging.py:218}}
Aug 21 18:19:34 devstack cinder-volume[94611]: DEBUG cinder.volume.manager [None req-976507ee-a3a8-4771-a282-8550118c2a00 tempest-DeleteServersTestJSON-1962902584 None] Task 'cinder.volume.flows.manager.create_volume.CreateVolumeOnFinishTask;volume:create, create.end' (c0be7154-c28a-428b-901e-e40df11d8a65) transitioned into state 'RUNNING' from state 'PENDING' {{(pid=94611) _task_receiver /opt/stack/data/venv/lib/python3.12/site-packages/taskflow/listeners/logging.py:242}}
Aug 21 18:19:34 devstack cinder-volume[94611]: DEBUG cinder.coordination [None req-98b44a61-d027-4586-b0ed-4d07e51da3cb tempest-GroupsV314Test-2045121578 None] Lock "cinder-quobyte-9297c4f5-cf2b-4e4e-94c1-aadefc1ac133" acquired by "delete_volume" :: waited 0.064s {{(pid=94611) __acquire /opt/stack/cinder/cinder/coordination.py:141}}
Aug 21 18:19:34 devstack cinder-volume[94611]: DEBUG oslo_concurrency.lockutils [req-085c6565-da58-4bbd-9464-44c7c1870402 req-35ca5f53-e9a6-4c23-a114-558daf406af3 tempest-TaggedAttachmentsTest-719926585 None] Lock "quobyte" "released" by "cinder.volume.drivers.quobyte.QuobyteDriver.initialize_connection" :: held 0.069s {{(pid=94611) inner /opt/stack/data/venv/lib/python3.12/site-packages/oslo_concurrency/lockutils.py:544}}
Aug 21 18:19:34 devstack cinder-volume[94611]: DEBUG oslo.privsep.daemon [-] privsep: reply[dfedb0d2-da20-470b-b86f-6fd41b2e0697]: (4, 'qcow2') {{(pid=95965) _call_back /opt/stack/data/venv/lib/python3.12/site-packages/oslo_privsep/daemon.py:580}}
Aug 21 18:19:34 devstack cinder-volume[94611]: DEBUG oslo_concurrency.processutils [None req-98b44a61-d027-4586-b0ed-4d07e51da3cb tempest-GroupsV314Test-2045121578 None] Running cmd (subprocess): /opt/stack/data/venv/bin/python3.12 -m oslo_concurrency.prlimit --as=1073741824 --cpu=60 -- sudo cinder-rootwrap /etc/cinder/rootwrap.conf env LC_ALL=C qemu-img info -f qcow2 --output=json --force-share /opt/stack/data/cinder/mnt/1f634bfcb5fefb9182a3467fa68b0851/volume-9297c4f5-cf2b-4e4e-94c1-aadefc1ac133 {{(pid=94611) execute /opt/stack/data/venv/lib/python3.12/site-packages/oslo_concurrency/processutils.py:440}}
