Feb 24 09:59:20 devstack cinder-volume[82645]: DEBUG cinder.volume.drivers.quobyte [None req-1670ebfc-ecfb-4904-9d76-667bd56910bb tempest-VolumesServicesTestJSON-1556204416 None] Available shares ['osci02.corp.quobyte.com/cinder-vol-346000ab-770b-4c86-a126-b4f5cf742a67'] {{(pid=82645) _ensure_shares_mounted /opt/stack/cinder/cinder/volume/drivers/quobyte.py:647}}
Feb 24 09:59:20 devstack cinder-volume[82645]: DEBUG oslo_concurrency.lockutils [None req-1670ebfc-ecfb-4904-9d76-667bd56910bb tempest-VolumesServicesTestJSON-1556204416 None] Lock "quobyte_ensure" "released" by "cinder.volume.drivers.quobyte.QuobyteDriver._ensure_shares_mounted" :: held 0.004s {{(pid=82645) inner /opt/stack/data/venv/lib/python3.10/site-packages/oslo_concurrency/lockutils.py:538}}
Feb 24 09:59:20 devstack cinder-volume[82645]: DEBUG oslo_concurrency.processutils [None req-1670ebfc-ecfb-4904-9d76-667bd56910bb tempest-VolumesServicesTestJSON-1556204416 None] Running cmd (subprocess): sudo cinder-rootwrap /etc/cinder/rootwrap.conf df --portability --block-size 1 /opt/stack/data/cinder/mnt/a0bd65bfc48e4c4ff14a78c46412b0d0 {{(pid=82645) execute /opt/stack/data/venv/lib/python3.10/site-packages/oslo_concurrency/processutils.py:440}}
Feb 24 09:59:20 devstack sudo[85556]: quobyte : PWD=/ ; USER=root ; COMMAND=/opt/stack/data/venv/bin/cinder-rootwrap /etc/cinder/rootwrap.conf df --portability --block-size 1 /opt/stack/data/cinder/mnt/a0bd65bfc48e4c4ff14a78c46412b0d0
Feb 24 09:59:20 devstack sudo[85556]: pam_unix(sudo:session): session opened for user root(uid=0) by (uid=1000)
Feb 24 09:59:20 devstack sudo[85554]: pam_unix(sudo:session): session closed for user root
Feb 24 09:59:20 devstack cinder-volume[82645]: DEBUG oslo_concurrency.processutils [None req-48a9fec4-2d55-4ae4-bb9a-b12bfeccaf8a tempest-SnapshotsActionsTest-1447499411 None] CMD "sudo cinder-rootwrap /etc/cinder/rootwrap.conf chmod ugo+rw /opt/stack/data/cinder/mnt/a0bd65bfc48e4c4ff14a78c46412b0d0/volume-4420b331-fbea-4fc6-b41a-aa1ac3781325.0f7a7aad-82b1-4ff7-8ebf-def34b7a9a3a" returned: 0 in 0.450s {{(pid=82645) execute /opt/stack/data/venv/lib/python3.10/site-packages/oslo_concurrency/processutils.py:468}}
Feb 24 09:59:20 devstack cinder-volume[82645]: DEBUG oslo_concurrency.lockutils [None req-48a9fec4-2d55-4ae4-bb9a-b12bfeccaf8a tempest-SnapshotsActionsTest-1447499411 None] Lock "quobyte" "released" by "cinder.volume.drivers.quobyte.QuobyteDriver.create_snapshot" :: held 1.953s {{(pid=82645) inner /opt/stack/data/venv/lib/python3.10/site-packages/oslo_concurrency/lockutils.py:538}}
Feb 24 09:59:20 devstack cinder-volume[82645]: INFO cinder.volume.manager [None req-48a9fec4-2d55-4ae4-bb9a-b12bfeccaf8a tempest-SnapshotsActionsTest-1447499411 None] Create snapshot completed successfully
Feb 24 09:59:20 devstack sudo[85556]: pam_unix(sudo:session): session closed for user root
Feb 24 09:59:20 devstack cinder-volume[82645]: DEBUG oslo_concurrency.processutils [None req-1670ebfc-ecfb-4904-9d76-667bd56910bb tempest-VolumesServicesTestJSON-1556204416 None] CMD "sudo cinder-rootwrap /etc/cinder/rootwrap.conf df --portability --block-size 1 /opt/stack/data/cinder/mnt/a0bd65bfc48e4c4ff14a78c46412b0d0" returned: 0 in 0.466s {{(pid=82645) execute /opt/stack/data/venv/lib/python3.10/site-packages/oslo_concurrency/processutils.py:468}}
Feb 24 09:59:20 devstack cinder-volume[82645]: DEBUG cinder.manager [None req-1670ebfc-ecfb-4904-9d76-667bd56910bb tempest-VolumesServicesTestJSON-1556204416 None] Notifying Schedulers of capabilities ... {{(pid=82645) _publish_service_capabilities /opt/stack/cinder/cinder/manager.py:202}}
Feb 24 09:59:20 devstack cinder-volume[82645]: INFO cinder.volume.manager [None req-1670ebfc-ecfb-4904-9d76-667bd56910bb tempest-VolumesServicesTestJSON-1556204416 None] Deleted volume successfully.
Feb 24 09:59:20 devstack cinder-volume[82645]: DEBUG cinder.coordination [None req-1670ebfc-ecfb-4904-9d76-667bd56910bb tempest-VolumesServicesTestJSON-1556204416 None] Lock "cinder-645374f1-fd91-433b-80ac-734cad9539cb-delete_volume" released by "delete_volume" :: held 1.600s {{(pid=82645) __release /opt/stack/cinder/cinder/coordination.py:152}}
Feb 24 09:59:20 devstack cinder-volume[82645]: DEBUG cinder.coordination [None req-8d00f6f2-7e17-4358-8360-f11ffef0d675 tempest-SnapshotsActionsTest-961291329 None] Acquiring lock "cinder-0f7a7aad-82b1-4ff7-8ebf-def34b7a9a3a-delete_snapshot" by "delete_snapshot" {{(pid=82645) __acquire /opt/stack/cinder/cinder/coordination.py:138}}
Feb 24 09:59:20 devstack cinder-volume[82645]: DEBUG cinder.coordination [None req-8d00f6f2-7e17-4358-8360-f11ffef0d675 tempest-SnapshotsActionsTest-961291329 None] Lock "cinder-0f7a7aad-82b1-4ff7-8ebf-def34b7a9a3a-delete_snapshot" acquired by "delete_snapshot" :: waited 0.014s {{(pid=82645) __acquire /opt/stack/cinder/cinder/coordination.py:141}}
Feb 24 09:59:20 devstack cinder-volume[82645]: DEBUG cinder.coordination [None req-8d00f6f2-7e17-4358-8360-f11ffef0d675 tempest-SnapshotsActionsTest-961291329 None] Acquiring lock "cinder-quobyte-4420b331-fbea-4fc6-b41a-aa1ac3781325" by "delete_snapshot" {{(pid=82645) __acquire /opt/stack/cinder/cinder/coordination.py:138}}
Feb 24 09:59:20 devstack cinder-volume[82645]: DEBUG cinder.coordination [None req-8d00f6f2-7e17-4358-8360-f11ffef0d675 tempest-SnapshotsActionsTest-961291329 None] Lock "cinder-quobyte-4420b331-fbea-4fc6-b41a-aa1ac3781325" acquired by "delete_snapshot" :: waited 0.010s {{(pid=82645) __acquire /opt/stack/cinder/cinder/coordination.py:141}}
Feb 24 09:59:20 devstack cinder-volume[82645]: DEBUG cinder.coordination [None req-8d00f6f2-7e17-4358-8360-f11ffef0d675 tempest-SnapshotsActionsTest-961291329 None] Acquiring lock "cinder-quobyte-0f7a7aad-82b1-4ff7-8ebf-def34b7a9a3a" by "_delete_snapshot" {{(pid=82645) __acquire /opt/stack/cinder/cinder/coordination.py:138}}
Feb 24 09:59:20 devstack cinder-volume[82645]: DEBUG cinder.coordination [None req-8d00f6f2-7e17-4358-8360-f11ffef0d675 tempest-SnapshotsActionsTest-961291329 None] Lock "cinder-quobyte-0f7a7aad-82b1-4ff7-8ebf-def34b7a9a3a" acquired by "_delete_snapshot" :: waited 0.009s {{(pid=82645) __acquire /opt/stack/cinder/cinder/coordination.py:141}}
Feb 24 09:59:20 devstack cinder-volume[82645]: DEBUG cinder.volume.drivers.remotefs [None req-8d00f6f2-7e17-4358-8360-f11ffef0d675 tempest-SnapshotsActionsTest-961291329 None] Deleting offline snapshot 0f7a7aad-82b1-4ff7-8ebf-def34b7a9a3a of volume 4420b331-fbea-4fc6-b41a-aa1ac3781325 {{(pid=82645) _delete_snapshot /opt/stack/cinder/cinder/volume/drivers/remotefs.py:1288}}
Feb 24 09:59:20 devstack cinder-volume[82645]: DEBUG cinder.volume.drivers.remotefs [None req-8d00f6f2-7e17-4358-8360-f11ffef0d675 tempest-SnapshotsActionsTest-961291329 None] snapshot_file for this snap is: volume-4420b331-fbea-4fc6-b41a-aa1ac3781325.0f7a7aad-82b1-4ff7-8ebf-def34b7a9a3a {{(pid=82645) _delete_snapshot /opt/stack/cinder/cinder/volume/drivers/remotefs.py:1317}}
Feb 24 09:59:20 devstack cinder-volume[82645]: DEBUG oslo.privsep.daemon [-] privsep: reply[9d64ac17-30b4-4f9c-bb04-545f75350926]: (4, 'qcow2') {{(pid=83387) _call_back /opt/stack/data/venv/lib/python3.10/site-packages/oslo_privsep/daemon.py:573}}
Feb 24 09:59:20 devstack cinder-volume[82645]: DEBUG oslo_concurrency.processutils [None req-8d00f6f2-7e17-4358-8360-f11ffef0d675 tempest-SnapshotsActionsTest-961291329 None] Running cmd (subprocess): /opt/stack/data/venv/bin/python3.10 -m oslo_concurrency.prlimit --as=1073741824 --cpu=60 -- sudo cinder-rootwrap /etc/cinder/rootwrap.conf env LC_ALL=C qemu-img info -f qcow2 --output=json --force-share /opt/stack/data/cinder/mnt/a0bd65bfc48e4c4ff14a78c46412b0d0/volume-4420b331-fbea-4fc6-b41a-aa1ac3781325.0f7a7aad-82b1-4ff7-8ebf-def34b7a9a3a {{(pid=82645) execute /opt/stack/data/venv/lib/python3.10/site-packages/oslo_concurrency/processutils.py:440}}
Feb 24 09:59:21 devstack sudo[85560]: quobyte : PWD=/ ; USER=root ; COMMAND=/opt/stack/data/venv/bin/cinder-rootwrap /etc/cinder/rootwrap.conf env LC_ALL=C qemu-img info -f qcow2 --output=json --force-share /opt/stack/data/cinder/mnt/a0bd65bfc48e4c4ff14a78c46412b0d0/volume-4420b331-fbea-4fc6-b41a-aa1ac3781325.0f7a7aad-82b1-4ff7-8ebf-def34b7a9a3a
Feb 24 09:59:21 devstack sudo[85560]: pam_unix(sudo:session): session opened for user root(uid=0) by (uid=1000)
Feb 24 09:59:21 devstack sudo[85560]: pam_unix(sudo:session): session closed for user root
Feb 24 09:59:21 devstack cinder-volume[82645]: DEBUG oslo_concurrency.processutils [None req-8d00f6f2-7e17-4358-8360-f11ffef0d675 tempest-SnapshotsActionsTest-961291329 None] CMD "/opt/stack/data/venv/bin/python3.10 -m oslo_concurrency.prlimit --as=1073741824 --cpu=60 -- sudo cinder-rootwrap /etc/cinder/rootwrap.conf env LC_ALL=C qemu-img info -f qcow2 --output=json --force-share /opt/stack/data/cinder/mnt/a0bd65bfc48e4c4ff14a78c46412b0d0/volume-4420b331-fbea-4fc6-b41a-aa1ac3781325.0f7a7aad-82b1-4ff7-8ebf-def34b7a9a3a" returned: 0 in 0.745s {{(pid=82645) execute /opt/stack/data/venv/lib/python3.10/site-packages/oslo_concurrency/processutils.py:468}}
Feb 24 09:59:21 devstack cinder-volume[82645]: DEBUG cinder.volume.drivers.remotefs [None req-8d00f6f2-7e17-4358-8360-f11ffef0d675 tempest-SnapshotsActionsTest-961291329 None] Fetching qemu-img info with special backing_file_template: (/opt/stack/data/cinder/mnt/[0-9a-f]+/)?(volume-4420b331-fbea-4fc6-b41a-aa1ac3781325(.(tmp-snap-)?[0-9a-f-]+)?|volume_from_snapshot_cache/(tmp-snap-)?[0-9a-f-]+(.(child-|parent-)[0-9a-f-]+)?)$ {{(pid=82645) _qemu_img_info_base /opt/stack/cinder/cinder/volume/drivers/remotefs.py:896}}
Feb 24 09:59:21 devstack cinder-volume[82645]: DEBUG oslo.privsep.daemon [-] privsep: reply[05b14005-1107-4ef8-99ac-e7c90e8b2450]: (4, 'qcow2') {{(pid=83387) _call_back /opt/stack/data/venv/lib/python3.10/site-packages/oslo_privsep/daemon.py:573}}
Feb 24 09:59:21 devstack cinder-volume[82645]: DEBUG oslo_concurrency.processutils [None req-8d00f6f2-7e17-4358-8360-f11ffef0d675 tempest-SnapshotsActionsTest-961291329 None] Running cmd (subprocess): /opt/stack/data/venv/bin/python3.10 -m oslo_concurrency.prlimit --as=1073741824 --cpu=60 -- sudo cinder-rootwrap /etc/cinder/rootwrap.conf env LC_ALL=C qemu-img info -f qcow2 --output=json --force-share /opt/stack/data/cinder/mnt/a0bd65bfc48e4c4ff14a78c46412b0d0/volume-4420b331-fbea-4fc6-b41a-aa1ac3781325.5bb34976-08de-4148-9771-bf7f27d08fa5 {{(pid=82645) execute /opt/stack/data/venv/lib/python3.10/site-packages/oslo_concurrency/processutils.py:440}}
Feb 24 09:59:21 devstack sudo[85565]: quobyte : PWD=/ ; USER=root ; COMMAND=/opt/stack/data/venv/bin/cinder-rootwrap /etc/cinder/rootwrap.conf env LC_ALL=C qemu-img info -f qcow2 --output=json --force-share /opt/stack/data/cinder/mnt/a0bd65bfc48e4c4ff14a78c46412b0d0/volume-4420b331-fbea-4fc6-b41a-aa1ac3781325.5bb34976-08de-4148-9771-bf7f27d08fa5
Feb 24 09:59:21 devstack sudo[85565]: pam_unix(sudo:session): session opened for user root(uid=0) by (uid=1000)
Feb 24 09:59:22 devstack sudo[85565]: pam_unix(sudo:session): session closed for user root
Feb 24 09:59:22 devstack cinder-volume[82645]: DEBUG oslo_concurrency.processutils [None req-8d00f6f2-7e17-4358-8360-f11ffef0d675 tempest-SnapshotsActionsTest-961291329 None] CMD "/opt/stack/data/venv/bin/python3.10 -m oslo_concurrency.prlimit --as=1073741824 --cpu=60 -- sudo cinder-rootwrap /etc/cinder/rootwrap.conf env LC_ALL=C qemu-img info -f qcow2 --output=json --force-share /opt/stack/data/cinder/mnt/a0bd65bfc48e4c4ff14a78c46412b0d0/volume-4420b331-fbea-4fc6-b41a-aa1ac3781325.5bb34976-08de-4148-9771-bf7f27d08fa5" returned: 0 in 0.545s {{(pid=82645) execute /opt/stack/data/venv/lib/python3.10/site-packages/oslo_concurrency/processutils.py:468}}
Feb 24 09:59:22 devstack cinder-volume[82645]: DEBUG cinder.volume.drivers.remotefs [None req-8d00f6f2-7e17-4358-8360-f11ffef0d675 tempest-SnapshotsActionsTest-961291329 None] Fetching qemu-img info with special backing_file_template: (/opt/stack/data/cinder/mnt/[0-9a-f]+/)?(volume-4420b331-fbea-4fc6-b41a-aa1ac3781325(.(tmp-snap-)?[0-9a-f-]+)?|volume_from_snapshot_cache/(tmp-snap-)?[0-9a-f-]+(.(child-|parent-)[0-9a-f-]+)?)$ {{(pid=82645) _qemu_img_info_base /opt/stack/cinder/cinder/volume/drivers/remotefs.py:896}}
Feb 24 09:59:22 devstack cinder-volume[82645]: DEBUG oslo_concurrency.processutils [None req-8d00f6f2-7e17-4358-8360-f11ffef0d675 tempest-SnapshotsActionsTest-961291329 None] Running cmd (subprocess): sudo cinder-rootwrap /etc/cinder/rootwrap.conf qemu-img commit -d /opt/stack/data/cinder/mnt/a0bd65bfc48e4c4ff14a78c46412b0d0/volume-4420b331-fbea-4fc6-b41a-aa1ac3781325.0f7a7aad-82b1-4ff7-8ebf-def34b7a9a3a {{(pid=82645) execute /opt/stack/data/venv/lib/python3.10/site-packages/oslo_concurrency/processutils.py:440}}
Feb 24 09:59:22 devstack sudo[85571]: quobyte : PWD=/ ; USER=root ; COMMAND=/opt/stack/data/venv/bin/cinder-rootwrap /etc/cinder/rootwrap.conf qemu-img commit -d /opt/stack/data/cinder/mnt/a0bd65bfc48e4c4ff14a78c46412b0d0/volume-4420b331-fbea-4fc6-b41a-aa1ac3781325.0f7a7aad-82b1-4ff7-8ebf-def34b7a9a3a
Feb 24 09:59:22 devstack sudo[85571]: pam_unix(sudo:session): session opened for user root(uid=0) by (uid=1000)
Feb 24 09:59:22 devstack sudo[85571]: pam_unix(sudo:session): session closed for user root
Feb 24 09:59:22 devstack cinder-volume[82645]: DEBUG oslo_concurrency.processutils [None req-8d00f6f2-7e17-4358-8360-f11ffef0d675 tempest-SnapshotsActionsTest-961291329 None] CMD "sudo cinder-rootwrap /etc/cinder/rootwrap.conf qemu-img commit -d /opt/stack/data/cinder/mnt/a0bd65bfc48e4c4ff14a78c46412b0d0/volume-4420b331-fbea-4fc6-b41a-aa1ac3781325.0f7a7aad-82b1-4ff7-8ebf-def34b7a9a3a" returned: 0 in 0.710s {{(pid=82645) execute /opt/stack/data/venv/lib/python3.10/site-packages/oslo_concurrency/processutils.py:468}}
Feb 24 09:59:22 devstack cinder-volume[82645]: DEBUG oslo_concurrency.processutils [None req-8d00f6f2-7e17-4358-8360-f11ffef0d675 tempest-SnapshotsActionsTest-961291329 None] Running cmd (subprocess): sudo cinder-rootwrap /etc/cinder/rootwrap.conf rm -f /opt/stack/data/cinder/mnt/a0bd65bfc48e4c4ff14a78c46412b0d0/volume-4420b331-fbea-4fc6-b41a-aa1ac3781325.0f7a7aad-82b1-4ff7-8ebf-def34b7a9a3a {{(pid=82645) execute /opt/stack/data/venv/lib/python3.10/site-packages/oslo_concurrency/processutils.py:440}}
Feb 24 09:59:23 devstack sudo[85590]: quobyte : PWD=/ ; USER=root ; COMMAND=/opt/stack/data/venv/bin/cinder-rootwrap /etc/cinder/rootwrap.conf rm -f /opt/stack/data/cinder/mnt/a0bd65bfc48e4c4ff14a78c46412b0d0/volume-4420b331-fbea-4fc6-b41a-aa1ac3781325.0f7a7aad-82b1-4ff7-8ebf-def34b7a9a3a
Feb 24 09:59:23 devstack sudo[85590]: pam_unix(sudo:session): session opened for user root(uid=0) by (uid=1000)
Feb 24 09:59:23 devstack sudo[85590]: pam_unix(sudo:session): session closed for user root
Feb 24 09:59:23 devstack cinder-volume[82645]: DEBUG oslo_concurrency.processutils [None req-8d00f6f2-7e17-4358-8360-f11ffef0d675 tempest-SnapshotsActionsTest-961291329 None] CMD "sudo cinder-rootwrap /etc/cinder/rootwrap.conf rm -f /opt/stack/data/cinder/mnt/a0bd65bfc48e4c4ff14a78c46412b0d0/volume-4420b331-fbea-4fc6-b41a-aa1ac3781325.0f7a7aad-82b1-4ff7-8ebf-def34b7a9a3a" returned: 0 in 0.527s {{(pid=82645) execute /opt/stack/data/venv/lib/python3.10/site-packages/oslo_concurrency/processutils.py:468}}
Feb 24 09:59:23 devstack cinder-volume[82645]: DEBUG cinder.coordination [None req-8d00f6f2-7e17-4358-8360-f11ffef0d675 tempest-SnapshotsActionsTest-961291329 None] Lock "cinder-quobyte-0f7a7aad-82b1-4ff7-8ebf-def34b7a9a3a" released by "_delete_snapshot" :: held 2.581s {{(pid=82645) __release /opt/stack/cinder/cinder/coordination.py:152}}
Feb 24 09:59:23 devstack cinder-volume[82645]: DEBUG cinder.coordination [None req-8d00f6f2-7e17-4358-8360-f11ffef0d675 tempest-SnapshotsActionsTest-961291329 None] Lock "cinder-quobyte-4420b331-fbea-4fc6-b41a-aa1ac3781325" released by "delete_snapshot" :: held 2.595s {{(pid=82645) __release /opt/stack/cinder/cinder/coordination.py:152}}
Feb 24 09:59:23 devstack cinder-volume[82645]: DEBUG cinder.quota [None req-8d00f6f2-7e17-4358-8360-f11ffef0d675 tempest-SnapshotsActionsTest-961291329 None] Created reservations ['a353f0f4-020e-44d7-bb4d-f688253e9cc6', 'fbf1aaba-553f-4fa3-a1cd-fc87651cc27b', '87d07c84-d853-4d33-893c-74c908027a99', '9da5e91a-e3b0-47e3-ac6a-5391b32d95c0'] {{(pid=82645) reserve /opt/stack/cinder/cinder/quota.py:752}}
Feb 24 09:59:23 devstack cinder-volume[82645]: INFO cinder.volume.manager [None req-8d00f6f2-7e17-4358-8360-f11ffef0d675 tempest-SnapshotsActionsTest-961291329 None] Delete snapshot completed successfully.
Feb 24 09:59:23 devstack cinder-volume[82645]: DEBUG cinder.coordination [None req-8d00f6f2-7e17-4358-8360-f11ffef0d675 tempest-SnapshotsActionsTest-961291329 None] Lock "cinder-0f7a7aad-82b1-4ff7-8ebf-def34b7a9a3a-delete_snapshot" released by "delete_snapshot" :: held 2.711s {{(pid=82645) __release /opt/stack/cinder/cinder/coordination.py:152}}
Feb 24 09:59:24 devstack cinder-volume[82645]: DEBUG oslo_concurrency.lockutils [None req-439ee9bf-dbe9-4080-91c1-c796400da333 tempest-SnapshotsActionsTest-1447499411 None] Acquiring lock "quobyte" by "cinder.volume.drivers.quobyte.QuobyteDriver.create_snapshot" {{(pid=82645) inner /opt/stack/data/venv/lib/python3.10/site-packages/oslo_concurrency/lockutils.py:506}}
Feb 24 09:59:24 devstack cinder-volume[82645]: DEBUG oslo_concurrency.lockutils [None req-439ee9bf-dbe9-4080-91c1-c796400da333 tempest-SnapshotsActionsTest-1447499411 None] Lock "quobyte" acquired by "cinder.volume.drivers.quobyte.QuobyteDriver.create_snapshot" :: waited 0.001s {{(pid=82645) inner /opt/stack/data/venv/lib/python3.10/site-packages/oslo_concurrency/lockutils.py:519}}
Feb 24 09:59:24 devstack cinder-volume[82645]: DEBUG cinder.volume.drivers.remotefs [None req-439ee9bf-dbe9-4080-91c1-c796400da333 tempest-SnapshotsActionsTest-1447499411 None] Creating offline snapshot a381edc1-113b-4470-8b2d-f6c226192a63 of volume 4420b331-fbea-4fc6-b41a-aa1ac3781325 {{(pid=82645) _create_snapshot /opt/stack/cinder/cinder/volume/drivers/remotefs.py:1815}}
Feb 24 09:59:24 devstack cinder-volume[82645]: DEBUG oslo.privsep.daemon [-] privsep: reply[07ca2673-2ab3-450e-aac7-e975d5964c4f]: (4, 'qcow2') {{(pid=83387) _call_back /opt/stack/data/venv/lib/python3.10/site-packages/oslo_privsep/daemon.py:573}}
Feb 24 09:59:24 devstack cinder-volume[82645]: DEBUG oslo_concurrency.processutils [None req-439ee9bf-dbe9-4080-91c1-c796400da333 tempest-SnapshotsActionsTest-1447499411 None] Running cmd (subprocess): /opt/stack/data/venv/bin/python3.10 -m oslo_concurrency.prlimit --as=1073741824 --cpu=60 -- sudo cinder-rootwrap /etc/cinder/rootwrap.conf env LC_ALL=C qemu-img info -f qcow2 --output=json --force-share /opt/stack/data/cinder/mnt/a0bd65bfc48e4c4ff14a78c46412b0d0/volume-4420b331-fbea-4fc6-b41a-aa1ac3781325.5bb34976-08de-4148-9771-bf7f27d08fa5 {{(pid=82645) execute /opt/stack/data/venv/lib/python3.10/site-packages/oslo_concurrency/processutils.py:440}}
Feb 24 09:59:24 devstack sudo[85622]: quobyte : PWD=/ ; USER=root ; COMMAND=/opt/stack/data/venv/bin/cinder-rootwrap /etc/cinder/rootwrap.conf env LC_ALL=C qemu-img info -f qcow2 --output=json --force-share /opt/stack/data/cinder/mnt/a0bd65bfc48e4c4ff14a78c46412b0d0/volume-4420b331-fbea-4fc6-b41a-aa1ac3781325.5bb34976-08de-4148-9771-bf7f27d08fa5
Feb 24 09:59:24 devstack sudo[85622]: pam_unix(sudo:session): session opened for user root(uid=0) by (uid=1000)
Feb 24 09:59:25 devstack sudo[85622]: pam_unix(sudo:session): session closed for user root
Feb 24 09:59:25 devstack cinder-volume[82645]: DEBUG oslo_concurrency.processutils [None req-439ee9bf-dbe9-4080-91c1-c796400da333 tempest-SnapshotsActionsTest-1447499411 None] CMD "/opt/stack/data/venv/bin/python3.10 -m oslo_concurrency.prlimit --as=1073741824 --cpu=60 -- sudo cinder-rootwrap /etc/cinder/rootwrap.conf env LC_ALL=C qemu-img info -f qcow2 --output=json --force-share /opt/stack/data/cinder/mnt/a0bd65bfc48e4c4ff14a78c46412b0d0/volume-4420b331-fbea-4fc6-b41a-aa1ac3781325.5bb34976-08de-4148-9771-bf7f27d08fa5" returned: 0 in 0.596s {{(pid=82645) execute /opt/stack/data/venv/lib/python3.10/site-packages/oslo_concurrency/processutils.py:468}}
Feb 24 09:59:25 devstack cinder-volume[82645]: DEBUG cinder.volume.drivers.remotefs [None req-439ee9bf-dbe9-4080-91c1-c796400da333 tempest-SnapshotsActionsTest-1447499411 None] Fetching qemu-img info with special backing_file_template: (/opt/stack/data/cinder/mnt/[0-9a-f]+/)?(volume-4420b331-fbea-4fc6-b41a-aa1ac3781325(.(tmp-snap-)?[0-9a-f-]+)?|volume_from_snapshot_cache/(tmp-snap-)?[0-9a-f-]+(.(child-|parent-)[0-9a-f-]+)?)$ {{(pid=82645) _qemu_img_info_base /opt/stack/cinder/cinder/volume/drivers/remotefs.py:896}}
Feb 24 09:59:25 devstack cinder-volume[82645]: DEBUG oslo_concurrency.processutils [None req-439ee9bf-dbe9-4080-91c1-c796400da333 tempest-SnapshotsActionsTest-1447499411 None] Running cmd (subprocess): sudo cinder-rootwrap /etc/cinder/rootwrap.conf qemu-img create -f qcow2 -o backing_file=/opt/stack/data/cinder/mnt/a0bd65bfc48e4c4ff14a78c46412b0d0/volume-4420b331-fbea-4fc6-b41a-aa1ac3781325.5bb34976-08de-4148-9771-bf7f27d08fa5,backing_fmt=qcow2 /opt/stack/data/cinder/mnt/a0bd65bfc48e4c4ff14a78c46412b0d0/volume-4420b331-fbea-4fc6-b41a-aa1ac3781325.a381edc1-113b-4470-8b2d-f6c226192a63 1G {{(pid=82645) execute /opt/stack/data/venv/lib/python3.10/site-packages/oslo_concurrency/processutils.py:440}}
Feb 24 09:59:25 devstack sudo[85631]: quobyte : PWD=/ ; USER=root ; COMMAND=/opt/stack/data/venv/bin/cinder-rootwrap /etc/cinder/rootwrap.conf qemu-img create -f qcow2 -o backing_file=/opt/stack/data/cinder/mnt/a0bd65bfc48e4c4ff14a78c46412b0d0/volume-4420b331-fbea-4fc6-b41a-aa1ac3781325.5bb34976-08de-4148-9771-bf7f27d08fa5,backing_fmt=qcow2 /opt/stack/data/cinder/mnt/a0bd65bfc48e4c4ff14a78c46412b0d0/volume-4420b331-fbea-4fc6-b41a-aa1ac3781325.a381edc1-113b-4470-8b2d-f6c226192a63 1G
Feb 24 09:59:25 devstack sudo[85631]: pam_unix(sudo:session): session opened for user root(uid=0) by (uid=1000)
Feb 24 09:59:25 devstack sudo[85631]: pam_unix(sudo:session): session closed for user root
Feb 24 09:59:25 devstack cinder-volume[82645]: DEBUG oslo_concurrency.processutils [None req-439ee9bf-dbe9-4080-91c1-c796400da333 tempest-SnapshotsActionsTest-1447499411 None] CMD "sudo cinder-rootwrap /etc/cinder/rootwrap.conf qemu-img create -f qcow2 -o backing_file=/opt/stack/data/cinder/mnt/a0bd65bfc48e4c4ff14a78c46412b0d0/volume-4420b331-fbea-4fc6-b41a-aa1ac3781325.5bb34976-08de-4148-9771-bf7f27d08fa5,backing_fmt=qcow2 /opt/stack/data/cinder/mnt/a0bd65bfc48e4c4ff14a78c46412b0d0/volume-4420b331-fbea-4fc6-b41a-aa1ac3781325.a381edc1-113b-4470-8b2d-f6c226192a63 1G" returned: 0 in 0.627s {{(pid=82645) execute /opt/stack/data/venv/lib/python3.10/site-packages/oslo_concurrency/processutils.py:468}}
Feb 24 09:59:25 devstack cinder-volume[82645]: DEBUG oslo_concurrency.processutils [None req-439ee9bf-dbe9-4080-91c1-c796400da333 tempest-SnapshotsActionsTest-1447499411 None] Running cmd (subprocess): sudo cinder-rootwrap /etc/cinder/rootwrap.conf qemu-img rebase -u -b volume-4420b331-fbea-4fc6-b41a-aa1ac3781325.5bb34976-08de-4148-9771-bf7f27d08fa5 -F qcow2 /opt/stack/data/cinder/mnt/a0bd65bfc48e4c4ff14a78c46412b0d0/volume-4420b331-fbea-4fc6-b41a-aa1ac3781325.a381edc1-113b-4470-8b2d-f6c226192a63 {{(pid=82645) execute /opt/stack/data/venv/lib/python3.10/site-packages/oslo_concurrency/processutils.py:440}}
Feb 24 09:59:25 devstack sudo[85637]: quobyte : PWD=/ ; USER=root ; COMMAND=/opt/stack/data/venv/bin/cinder-rootwrap /etc/cinder/rootwrap.conf qemu-img rebase -u -b volume-4420b331-fbea-4fc6-b41a-aa1ac3781325.5bb34976-08de-4148-9771-bf7f27d08fa5 -F qcow2 /opt/stack/data/cinder/mnt/a0bd65bfc48e4c4ff14a78c46412b0d0/volume-4420b331-fbea-4fc6-b41a-aa1ac3781325.a381edc1-113b-4470-8b2d-f6c226192a63
Feb 24 09:59:25 devstack sudo[85637]: pam_unix(sudo:session): session opened for user root(uid=0) by (uid=1000)
Feb 24 09:59:26 devstack sudo[85637]: pam_unix(sudo:session): session closed for user root
Feb 24 09:59:26 devstack cinder-volume[82645]: DEBUG oslo_concurrency.processutils [None req-439ee9bf-dbe9-4080-91c1-c796400da333 tempest-SnapshotsActionsTest-1447499411 None] CMD "sudo cinder-rootwrap /etc/cinder/rootwrap.conf qemu-img rebase -u -b volume-4420b331-fbea-4fc6-b41a-aa1ac3781325.5bb34976-08de-4148-9771-bf7f27d08fa5 -F qcow2 /opt/stack/data/cinder/mnt/a0bd65bfc48e4c4ff14a78c46412b0d0/volume-4420b331-fbea-4fc6-b41a-aa1ac3781325.a381edc1-113b-4470-8b2d-f6c226192a63" returned: 0 in 0.481s {{(pid=82645) execute /opt/stack/data/venv/lib/python3.10/site-packages/oslo_concurrency/processutils.py:468}}
Feb 24 09:59:26 devstack cinder-volume[82645]: WARNING cinder.volume.drivers.remotefs [None req-439ee9bf-dbe9-4080-91c1-c796400da333 tempest-SnapshotsActionsTest-1447499411 None] /opt/stack/data/cinder/mnt/a0bd65bfc48e4c4ff14a78c46412b0d0/volume-4420b331-fbea-4fc6-b41a-aa1ac3781325.a381edc1-113b-4470-8b2d-f6c226192a63 is being set with open permissions: ugo+rw
Feb 24 09:59:26 devstack cinder-volume[82645]: DEBUG oslo_concurrency.processutils [None req-439ee9bf-dbe9-4080-91c1-c796400da333 tempest-SnapshotsActionsTest-1447499411 None] Running cmd (subprocess): sudo cinder-rootwrap /etc/cinder/rootwrap.conf chmod ugo+rw /opt/stack/data/cinder/mnt/a0bd65bfc48e4c4ff14a78c46412b0d0/volume-4420b331-fbea-4fc6-b41a-aa1ac3781325.a381edc1-113b-4470-8b2d-f6c226192a63 {{(pid=82645) execute /opt/stack/data/venv/lib/python3.10/site-packages/oslo_concurrency/processutils.py:440}}
Feb 24 09:59:26 devstack sudo[85642]: quobyte : PWD=/ ; USER=root ; COMMAND=/opt/stack/data/venv/bin/cinder-rootwrap /etc/cinder/rootwrap.conf chmod ugo+rw /opt/stack/data/cinder/mnt/a0bd65bfc48e4c4ff14a78c46412b0d0/volume-4420b331-fbea-4fc6-b41a-aa1ac3781325.a381edc1-113b-4470-8b2d-f6c226192a63
Feb 24 09:59:26 devstack sudo[85642]: pam_unix(sudo:session): session opened for user root(uid=0) by (uid=1000)
Feb 24 09:59:26 devstack sudo[85642]: pam_unix(sudo:session): session closed for user root
Feb 24 09:59:26 devstack cinder-volume[82645]: DEBUG oslo_concurrency.processutils [None req-439ee9bf-dbe9-4080-91c1-c796400da333 tempest-SnapshotsActionsTest-1447499411 None] CMD "sudo cinder-rootwrap /etc/cinder/rootwrap.conf chmod ugo+rw /opt/stack/data/cinder/mnt/a0bd65bfc48e4c4ff14a78c46412b0d0/volume-4420b331-fbea-4fc6-b41a-aa1ac3781325.a381edc1-113b-4470-8b2d-f6c226192a63" returned: 0 in 0.583s {{(pid=82645) execute /opt/stack/data/venv/lib/python3.10/site-packages/oslo_concurrency/processutils.py:468}}
Feb 24 09:59:26 devstack cinder-volume[82645]: DEBUG oslo_concurrency.lockutils [None req-439ee9bf-dbe9-4080-91c1-c796400da333 tempest-SnapshotsActionsTest-1447499411 None] Lock "quobyte" "released" by "cinder.volume.drivers.quobyte.QuobyteDriver.create_snapshot" :: held 2.377s {{(pid=82645) inner /opt/stack/data/venv/lib/python3.10/site-packages/oslo_concurrency/lockutils.py:538}}
Feb 24 09:59:26 devstack cinder-volume[82645]: INFO cinder.volume.manager [None req-439ee9bf-dbe9-4080-91c1-c796400da333 tempest-SnapshotsActionsTest-1447499411 None] Create snapshot completed successfully
Feb 24 09:59:27 devstack cinder-volume[82645]: DEBUG cinder.coordination [None req-60279630-b08f-4dee-aed6-3728f0cc224d tempest-SnapshotsActionsTest-961291329 None] Acquiring lock "cinder-a381edc1-113b-4470-8b2d-f6c226192a63-delete_snapshot" by "delete_snapshot" {{(pid=82645) __acquire /opt/stack/cinder/cinder/coordination.py:138}}
Feb 24 09:59:27 devstack cinder-volume[82645]: DEBUG cinder.coordination [None req-60279630-b08f-4dee-aed6-3728f0cc224d tempest-SnapshotsActionsTest-961291329 None] Lock "cinder-a381edc1-113b-4470-8b2d-f6c226192a63-delete_snapshot" acquired by "delete_snapshot" :: waited 0.019s {{(pid=82645) __acquire /opt/stack/cinder/cinder/coordination.py:141}}
Feb 24 09:59:27 devstack cinder-volume[82645]: DEBUG cinder.coordination [None req-60279630-b08f-4dee-aed6-3728f0cc224d tempest-SnapshotsActionsTest-961291329 None] Acquiring lock "cinder-quobyte-4420b331-fbea-4fc6-b41a-aa1ac3781325" by "delete_snapshot" {{(pid=82645) __acquire /opt/stack/cinder/cinder/coordination.py:138}}
Feb 24 09:59:27 devstack cinder-volume[82645]: DEBUG cinder.coordination [None req-60279630-b08f-4dee-aed6-3728f0cc224d tempest-SnapshotsActionsTest-961291329 None] Lock "cinder-quobyte-4420b331-fbea-4fc6-b41a-aa1ac3781325" acquired by "delete_snapshot" :: waited 0.015s {{(pid=82645) __acquire /opt/stack/cinder/cinder/coordination.py:141}}
Feb 24 09:59:27 devstack cinder-volume[82645]: DEBUG cinder.coordination [None req-60279630-b08f-4dee-aed6-3728f0cc224d tempest-SnapshotsActionsTest-961291329 None] Acquiring lock "cinder-quobyte-a381edc1-113b-4470-8b2d-f6c226192a63" by "_delete_snapshot" {{(pid=82645) __acquire /opt/stack/cinder/cinder/coordination.py:138}}
Feb 24 09:59:27 devstack cinder-volume[82645]: DEBUG cinder.coordination [None req-60279630-b08f-4dee-aed6-3728f0cc224d tempest-SnapshotsActionsTest-961291329 None] Lock "cinder-quobyte-a381edc1-113b-4470-8b2d-f6c226192a63" acquired by "_delete_snapshot" :: waited 0.008s {{(pid=82645) __acquire /opt/stack/cinder/cinder/coordination.py:141}}
Feb 24 09:59:27 devstack cinder-volume[82645]: DEBUG cinder.volume.drivers.remotefs [None req-60279630-b08f-4dee-aed6-3728f0cc224d tempest-SnapshotsActionsTest-961291329 None] Deleting offline snapshot a381edc1-113b-4470-8b2d-f6c226192a63 of volume 4420b331-fbea-4fc6-b41a-aa1ac3781325 {{(pid=82645) _delete_snapshot /opt/stack/cinder/cinder/volume/drivers/remotefs.py:1288}}
Feb 24 09:59:27 devstack cinder-volume[82645]: DEBUG cinder.volume.drivers.remotefs [None req-60279630-b08f-4dee-aed6-3728f0cc224d tempest-SnapshotsActionsTest-961291329 None] snapshot_file for this snap is: volume-4420b331-fbea-4fc6-b41a-aa1ac3781325.a381edc1-113b-4470-8b2d-f6c226192a63 {{(pid=82645) _delete_snapshot /opt/stack/cinder/cinder/volume/drivers/remotefs.py:1317}}
Feb 24 09:59:27 devstack cinder-volume[82645]: DEBUG oslo.privsep.daemon [-] privsep: reply[d39d822b-dfb1-4929-8c0f-dff219ed70f4]: (4, 'qcow2') {{(pid=83387) _call_back /opt/stack/data/venv/lib/python3.10/site-packages/oslo_privsep/daemon.py:573}}
Feb 24 09:59:27 devstack cinder-volume[82645]: DEBUG oslo_concurrency.processutils [None req-60279630-b08f-4dee-aed6-3728f0cc224d tempest-SnapshotsActionsTest-961291329 None] Running cmd (subprocess): /opt/stack/data/venv/bin/python3.10 -m oslo_concurrency.prlimit --as=1073741824 --cpu=60 -- sudo cinder-rootwrap /etc/cinder/rootwrap.conf env LC_ALL=C qemu-img info -f qcow2 --output=json --force-share /opt/stack/data/cinder/mnt/a0bd65bfc48e4c4ff14a78c46412b0d0/volume-4420b331-fbea-4fc6-b41a-aa1ac3781325.a381edc1-113b-4470-8b2d-f6c226192a63 {{(pid=82645) execute /opt/stack/data/venv/lib/python3.10/site-packages/oslo_concurrency/processutils.py:440}}
Feb 24 09:59:27 devstack sudo[85672]: quobyte : PWD=/ ; USER=root ; COMMAND=/opt/stack/data/venv/bin/cinder-rootwrap /etc/cinder/rootwrap.conf env LC_ALL=C qemu-img info -f qcow2 --output=json --force-share /opt/stack/data/cinder/mnt/a0bd65bfc48e4c4ff14a78c46412b0d0/volume-4420b331-fbea-4fc6-b41a-aa1ac3781325.a381edc1-113b-4470-8b2d-f6c226192a63
Feb 24 09:59:27 devstack sudo[85672]: pam_unix(sudo:session): session opened for user root(uid=0) by (uid=1000)
Feb 24 09:59:28 devstack sudo[85672]: pam_unix(sudo:session): session closed for user root
Feb 24 09:59:28 devstack cinder-volume[82645]: DEBUG oslo_concurrency.processutils [None req-60279630-b08f-4dee-aed6-3728f0cc224d tempest-SnapshotsActionsTest-961291329 None] CMD "/opt/stack/data/venv/bin/python3.10 -m oslo_concurrency.prlimit --as=1073741824 --cpu=60 -- sudo cinder-rootwrap /etc/cinder/rootwrap.conf env LC_ALL=C qemu-img info -f qcow2 --output=json --force-share /opt/stack/data/cinder/mnt/a0bd65bfc48e4c4ff14a78c46412b0d0/volume-4420b331-fbea-4fc6-b41a-aa1ac3781325.a381edc1-113b-4470-8b2d-f6c226192a63" returned: 0 in 0.557s {{(pid=82645) execute /opt/stack/data/venv/lib/python3.10/site-packages/oslo_concurrency/processutils.py:468}}
Feb 24 09:59:28 devstack cinder-volume[82645]: DEBUG cinder.volume.drivers.remotefs [None req-60279630-b08f-4dee-aed6-3728f0cc224d tempest-SnapshotsActionsTest-961291329 None] Fetching qemu-img info with special backing_file_template: (/opt/stack/data/cinder/mnt/[0-9a-f]+/)?(volume-4420b331-fbea-4fc6-b41a-aa1ac3781325(.(tmp-snap-)?[0-9a-f-]+)?|volume_from_snapshot_cache/(tmp-snap-)?[0-9a-f-]+(.(child-|parent-)[0-9a-f-]+)?)$ {{(pid=82645) _qemu_img_info_base /opt/stack/cinder/cinder/volume/drivers/remotefs.py:896}}
Feb 24 09:59:28 devstack cinder-volume[82645]: DEBUG oslo.privsep.daemon [-] privsep: reply[e6802184-b55e-4a36-9e52-dad1ed89a12f]: (4, 'qcow2') {{(pid=83387) _call_back /opt/stack/data/venv/lib/python3.10/site-packages/oslo_privsep/daemon.py:573}}
Feb 24 09:59:28 devstack cinder-volume[82645]: DEBUG oslo_concurrency.processutils [None req-60279630-b08f-4dee-aed6-3728f0cc224d tempest-SnapshotsActionsTest-961291329 None] Running cmd (subprocess): /opt/stack/data/venv/bin/python3.10 -m oslo_concurrency.prlimit --as=1073741824 --cpu=60 -- sudo cinder-rootwrap /etc/cinder/rootwrap.conf env LC_ALL=C qemu-img info -f qcow2 --output=json --force-share /opt/stack/data/cinder/mnt/a0bd65bfc48e4c4ff14a78c46412b0d0/volume-4420b331-fbea-4fc6-b41a-aa1ac3781325.5bb34976-08de-4148-9771-bf7f27d08fa5 {{(pid=82645) execute /opt/stack/data/venv/lib/python3.10/site-packages/oslo_concurrency/processutils.py:440}}
Feb 24 09:59:28 devstack sudo[85677]: quobyte : PWD=/ ; USER=root ; COMMAND=/opt/stack/data/venv/bin/cinder-rootwrap /etc/cinder/rootwrap.conf env LC_ALL=C qemu-img info -f qcow2 --output=json --force-share /opt/stack/data/cinder/mnt/a0bd65bfc48e4c4ff14a78c46412b0d0/volume-4420b331-fbea-4fc6-b41a-aa1ac3781325.5bb34976-08de-4148-9771-bf7f27d08fa5
Feb 24 09:59:28 devstack sudo[85677]: pam_unix(sudo:session): session opened for user root(uid=0) by (uid=1000)
Feb 24 09:59:28 devstack sudo[85677]: pam_unix(sudo:session): session closed for user root
Feb 24 09:59:28 devstack cinder-volume[82645]: DEBUG oslo_concurrency.processutils [None req-60279630-b08f-4dee-aed6-3728f0cc224d tempest-SnapshotsActionsTest-961291329 None] CMD "/opt/stack/data/venv/bin/python3.10 -m oslo_concurrency.prlimit --as=1073741824 --cpu=60 -- sudo cinder-rootwrap /etc/cinder/rootwrap.conf env LC_ALL=C qemu-img info -f qcow2 --output=json --force-share /opt/stack/data/cinder/mnt/a0bd65bfc48e4c4ff14a78c46412b0d0/volume-4420b331-fbea-4fc6-b41a-aa1ac3781325.5bb34976-08de-4148-9771-bf7f27d08fa5" returned: 0 in 0.677s {{(pid=82645) execute /opt/stack/data/venv/lib/python3.10/site-packages/oslo_concurrency/processutils.py:468}}
Feb 24 09:59:28 devstack cinder-volume[82645]: DEBUG cinder.volume.drivers.remotefs [None req-60279630-b08f-4dee-aed6-3728f0cc224d tempest-SnapshotsActionsTest-961291329 None] Fetching qemu-img info with special backing_file_template: (/opt/stack/data/cinder/mnt/[0-9a-f]+/)?(volume-4420b331-fbea-4fc6-b41a-aa1ac3781325(.(tmp-snap-)?[0-9a-f-]+)?|volume_from_snapshot_cache/(tmp-snap-)?[0-9a-f-]+(.(child-|parent-)[0-9a-f-]+)?)$ {{(pid=82645) _qemu_img_info_base /opt/stack/cinder/cinder/volume/drivers/remotefs.py:896}}
Feb 24 09:59:28 devstack cinder-volume[82645]: DEBUG oslo_concurrency.processutils [None req-60279630-b08f-4dee-aed6-3728f0cc224d tempest-SnapshotsActionsTest-961291329 None] Running cmd (subprocess): sudo cinder-rootwrap /etc/cinder/rootwrap.conf qemu-img commit -d /opt/stack/data/cinder/mnt/a0bd65bfc48e4c4ff14a78c46412b0d0/volume-4420b331-fbea-4fc6-b41a-aa1ac3781325.a381edc1-113b-4470-8b2d-f6c226192a63 {{(pid=82645) execute /opt/stack/data/venv/lib/python3.10/site-packages/oslo_concurrency/processutils.py:440}}
Feb 24 09:59:28 devstack sudo[85682]: quobyte : PWD=/ ; USER=root ; COMMAND=/opt/stack/data/venv/bin/cinder-rootwrap /etc/cinder/rootwrap.conf qemu-img commit -d /opt/stack/data/cinder/mnt/a0bd65bfc48e4c4ff14a78c46412b0d0/volume-4420b331-fbea-4fc6-b41a-aa1ac3781325.a381edc1-113b-4470-8b2d-f6c226192a63
Feb 24 09:59:28 devstack sudo[85682]: pam_unix(sudo:session): session opened for user root(uid=0) by (uid=1000)
Feb 24 09:59:29 devstack sudo[85682]: pam_unix(sudo:session): session closed for user root
Feb 24 09:59:29 devstack cinder-volume[82645]: DEBUG oslo_concurrency.processutils [None req-60279630-b08f-4dee-aed6-3728f0cc224d tempest-SnapshotsActionsTest-961291329 None] CMD "sudo cinder-rootwrap /etc/cinder/rootwrap.conf qemu-img commit -d /opt/stack/data/cinder/mnt/a0bd65bfc48e4c4ff14a78c46412b0d0/volume-4420b331-fbea-4fc6-b41a-aa1ac3781325.a381edc1-113b-4470-8b2d-f6c226192a63" returned: 0 in 0.766s {{(pid=82645) execute /opt/stack/data/venv/lib/python3.10/site-packages/oslo_concurrency/processutils.py:468}}
Feb 24 09:59:29 devstack cinder-volume[82645]: DEBUG oslo_concurrency.processutils [None req-60279630-b08f-4dee-aed6-3728f0cc224d tempest-SnapshotsActionsTest-961291329 None] Running cmd (subprocess): sudo cinder-rootwrap /etc/cinder/rootwrap.conf rm -f /opt/stack/data/cinder/mnt/a0bd65bfc48e4c4ff14a78c46412b0d0/volume-4420b331-fbea-4fc6-b41a-aa1ac3781325.a381edc1-113b-4470-8b2d-f6c226192a63 {{(pid=82645) execute /opt/stack/data/venv/lib/python3.10/site-packages/oslo_concurrency/processutils.py:440}}
Feb 24 09:59:29 devstack sudo[85687]: quobyte : PWD=/ ; USER=root ; COMMAND=/opt/stack/data/venv/bin/cinder-rootwrap /etc/cinder/rootwrap.conf rm -f /opt/stack/data/cinder/mnt/a0bd65bfc48e4c4ff14a78c46412b0d0/volume-4420b331-fbea-4fc6-b41a-aa1ac3781325.a381edc1-113b-4470-8b2d-f6c226192a63
Feb 24 09:59:29 devstack sudo[85687]: pam_unix(sudo:session): session opened for user root(uid=0) by (uid=1000)
Feb 24 09:59:30 devstack sudo[85687]: pam_unix(sudo:session): session closed for user root
Feb 24 09:59:30 devstack cinder-volume[82645]: DEBUG oslo_concurrency.processutils [None req-60279630-b08f-4dee-aed6-3728f0cc224d tempest-SnapshotsActionsTest-961291329 None] CMD "sudo cinder-rootwrap /etc/cinder/rootwrap.conf rm -f /opt/stack/data/cinder/mnt/a0bd65bfc48e4c4ff14a78c46412b0d0/volume-4420b331-fbea-4fc6-b41a-aa1ac3781325.a381edc1-113b-4470-8b2d-f6c226192a63" returned: 0 in 0.530s {{(pid=82645) execute /opt/stack/data/venv/lib/python3.10/site-packages/oslo_concurrency/processutils.py:468}}
Feb 24 09:59:30 devstack cinder-volume[82645]: DEBUG cinder.coordination [None req-60279630-b08f-4dee-aed6-3728f0cc224d tempest-SnapshotsActionsTest-961291329 None] Lock "cinder-quobyte-a381edc1-113b-4470-8b2d-f6c226192a63" released by "_delete_snapshot" :: held 2.608s {{(pid=82645) __release /opt/stack/cinder/cinder/coordination.py:152}}
Feb 24 09:59:30 devstack cinder-volume[82645]: DEBUG cinder.coordination [None req-60279630-b08f-4dee-aed6-3728f0cc224d tempest-SnapshotsActionsTest-961291329 None] Lock "cinder-quobyte-4420b331-fbea-4fc6-b41a-aa1ac3781325" released by "delete_snapshot" :: held 2.620s {{(pid=82645) __release /opt/stack/cinder/cinder/coordination.py:152}}
Feb 24 09:59:30 devstack cinder-volume[82645]: DEBUG cinder.quota [None req-60279630-b08f-4dee-aed6-3728f0cc224d tempest-SnapshotsActionsTest-961291329 None] Created reservations ['fe74b31a-2a2f-4edf-98ce-e46c235d7dcf', '70557674-204d-4adb-9bbc-7b4be6fc8586', 'c6002445-c4b5-4da1-9659-a7b8ee6d5af9', 'e9f102c0-33c3-4354-80f2-ef030c3f9e7d'] {{(pid=82645) reserve /opt/stack/cinder/cinder/quota.py:752}}
Feb 24 09:59:30 devstack cinder-volume[82645]: INFO cinder.volume.manager [None req-60279630-b08f-4dee-aed6-3728f0cc224d tempest-SnapshotsActionsTest-961291329 None] Delete snapshot completed successfully.
Feb 24 09:59:30 devstack cinder-volume[82645]: DEBUG cinder.coordination [None req-60279630-b08f-4dee-aed6-3728f0cc224d tempest-SnapshotsActionsTest-961291329 None] Lock "cinder-a381edc1-113b-4470-8b2d-f6c226192a63-delete_snapshot" released by "delete_snapshot" :: held 2.808s {{(pid=82645) __release /opt/stack/cinder/cinder/coordination.py:152}}
Feb 24 09:59:31 devstack cinder-volume[82645]: DEBUG oslo_concurrency.lockutils [None req-f0ba51bf-3466-48c9-9672-dc4214af3fbd tempest-SnapshotsActionsTest-1447499411 None] Acquiring lock "quobyte" by "cinder.volume.drivers.quobyte.QuobyteDriver.create_snapshot" {{(pid=82645) inner /opt/stack/data/venv/lib/python3.10/site-packages/oslo_concurrency/lockutils.py:506}}
Feb 24 09:59:31 devstack cinder-volume[82645]: DEBUG oslo_concurrency.lockutils [None req-f0ba51bf-3466-48c9-9672-dc4214af3fbd tempest-SnapshotsActionsTest-1447499411 None] Lock "quobyte" acquired by "cinder.volume.drivers.quobyte.QuobyteDriver.create_snapshot" :: waited 0.001s {{(pid=82645) inner /opt/stack/data/venv/lib/python3.10/site-packages/oslo_concurrency/lockutils.py:519}}
Feb 24 09:59:31 devstack cinder-volume[82645]: DEBUG cinder.volume.drivers.remotefs [None req-f0ba51bf-3466-48c9-9672-dc4214af3fbd tempest-SnapshotsActionsTest-1447499411 None] Creating offline snapshot bdf5b612-24f2-4a75-8a41-9a37905aba3c of volume 4420b331-fbea-4fc6-b41a-aa1ac3781325 {{(pid=82645) _create_snapshot /opt/stack/cinder/cinder/volume/drivers/remotefs.py:1815}}
Feb 24 09:59:31 devstack cinder-volume[82645]: DEBUG oslo.privsep.daemon [-] privsep: reply[855e4b96-2e0a-4841-b8dc-e15d52606693]: (4, 'qcow2') {{(pid=83387) _call_back /opt/stack/data/venv/lib/python3.10/site-packages/oslo_privsep/daemon.py:573}}
Feb 24 09:59:31 devstack cinder-volume[82645]: DEBUG oslo_concurrency.processutils [None req-f0ba51bf-3466-48c9-9672-dc4214af3fbd tempest-SnapshotsActionsTest-1447499411 None] Running cmd (subprocess): /opt/stack/data/venv/bin/python3.10 -m oslo_concurrency.prlimit --as=1073741824 --cpu=60 -- sudo cinder-rootwrap /etc/cinder/rootwrap.conf env LC_ALL=C qemu-img info -f qcow2 --output=json --force-share /opt/stack/data/cinder/mnt/a0bd65bfc48e4c4ff14a78c46412b0d0/volume-4420b331-fbea-4fc6-b41a-aa1ac3781325.5bb34976-08de-4148-9771-bf7f27d08fa5 {{(pid=82645) execute /opt/stack/data/venv/lib/python3.10/site-packages/oslo_concurrency/processutils.py:440}}
Feb 24 09:59:31 devstack sudo[85692]: quobyte : PWD=/ ; USER=root ; COMMAND=/opt/stack/data/venv/bin/cinder-rootwrap /etc/cinder/rootwrap.conf env LC_ALL=C qemu-img info -f qcow2 --output=json --force-share /opt/stack/data/cinder/mnt/a0bd65bfc48e4c4ff14a78c46412b0d0/volume-4420b331-fbea-4fc6-b41a-aa1ac3781325.5bb34976-08de-4148-9771-bf7f27d08fa5
Feb 24 09:59:31 devstack sudo[85692]: pam_unix(sudo:session): session opened for user root(uid=0) by (uid=1000)
Feb 24 09:59:31 devstack cinder-volume[82645]: DEBUG oslo_service.periodic_task [None req-35102e9b-856b-447c-bd48-66786b816aa9 None None] Running periodic task VolumeManager.publish_service_capabilities {{(pid=82645) run_periodic_tasks /opt/stack/data/venv/lib/python3.10/site-packages/oslo_service/periodic_task.py:210}}
Feb 24 09:59:31 devstack cinder-volume[82645]: DEBUG oslo_concurrency.lockutils [None req-35102e9b-856b-447c-bd48-66786b816aa9 None None] Acquiring lock "quobyte_ensure" by "cinder.volume.drivers.quobyte.QuobyteDriver._ensure_shares_mounted" {{(pid=82645) inner /opt/stack/data/venv/lib/python3.10/site-packages/oslo_concurrency/lockutils.py:506}}
Feb 24 09:59:31 devstack cinder-volume[82645]: DEBUG oslo_concurrency.lockutils [None req-35102e9b-856b-447c-bd48-66786b816aa9 None None] Lock "quobyte_ensure" acquired by "cinder.volume.drivers.quobyte.QuobyteDriver._ensure_shares_mounted" :: waited 0.000s {{(pid=82645) inner /opt/stack/data/venv/lib/python3.10/site-packages/oslo_concurrency/lockutils.py:519}}
Feb 24 09:59:31 devstack cinder-volume[82645]: DEBUG cinder.volume.drivers.quobyte [None req-35102e9b-856b-447c-bd48-66786b816aa9 None None] Quobyte Volume URL set to: {'osci02.corp.quobyte.com/cinder-vol-346000ab-770b-4c86-a126-b4f5cf742a67': None} {{(pid=82645) _load_shares_config /opt/stack/cinder/cinder/volume/drivers/quobyte.py:617}}
Feb 24 09:59:31 devstack cinder-volume[82645]: DEBUG cinder.volume.drivers.quobyte [None req-35102e9b-856b-447c-bd48-66786b816aa9 None None] Available shares ['osci02.corp.quobyte.com/cinder-vol-346000ab-770b-4c86-a126-b4f5cf742a67'] {{(pid=82645) _ensure_shares_mounted /opt/stack/cinder/cinder/volume/drivers/quobyte.py:647}}
Feb 24 09:59:31 devstack cinder-volume[82645]: DEBUG oslo_concurrency.lockutils [None req-35102e9b-856b-447c-bd48-66786b816aa9 None None] Lock "quobyte_ensure" "released" by "cinder.volume.drivers.quobyte.QuobyteDriver._ensure_shares_mounted" :: held 0.004s {{(pid=82645) inner /opt/stack/data/venv/lib/python3.10/site-packages/oslo_concurrency/lockutils.py:538}}
Feb 24 09:59:31 devstack cinder-volume[82645]: DEBUG oslo_concurrency.processutils [None req-35102e9b-856b-447c-bd48-66786b816aa9 None None] Running cmd (subprocess): sudo cinder-rootwrap /etc/cinder/rootwrap.conf df --portability --block-size 1 /opt/stack/data/cinder/mnt/a0bd65bfc48e4c4ff14a78c46412b0d0 {{(pid=82645) execute /opt/stack/data/venv/lib/python3.10/site-packages/oslo_concurrency/processutils.py:440}}
Feb 24 09:59:31 devstack sudo[85695]: quobyte : PWD=/ ; USER=root ; COMMAND=/opt/stack/data/venv/bin/cinder-rootwrap /etc/cinder/rootwrap.conf df --portability --block-size 1 /opt/stack/data/cinder/mnt/a0bd65bfc48e4c4ff14a78c46412b0d0
Feb 24 09:59:31 devstack sudo[85695]: pam_unix(sudo:session): session opened for user root(uid=0) by (uid=1000)
Feb 24 09:59:31 devstack sudo[85692]: pam_unix(sudo:session): session closed for user root
Feb 24 09:59:31 devstack cinder-volume[82645]: DEBUG oslo_concurrency.processutils [None req-f0ba51bf-3466-48c9-9672-dc4214af3fbd tempest-SnapshotsActionsTest-1447499411 None] CMD "/opt/stack/data/venv/bin/python3.10 -m oslo_concurrency.prlimit --as=1073741824 --cpu=60 -- sudo cinder-rootwrap /etc/cinder/rootwrap.conf env LC_ALL=C qemu-img info -f qcow2 --output=json --force-share /opt/stack/data/cinder/mnt/a0bd65bfc48e4c4ff14a78c46412b0d0/volume-4420b331-fbea-4fc6-b41a-aa1ac3781325.5bb34976-08de-4148-9771-bf7f27d08fa5" returned: 0 in 0.799s {{(pid=82645) execute /opt/stack/data/venv/lib/python3.10/site-packages/oslo_concurrency/processutils.py:468}}
Feb 24 09:59:31 devstack cinder-volume[82645]: DEBUG cinder.volume.drivers.remotefs [None req-f0ba51bf-3466-48c9-9672-dc4214af3fbd tempest-SnapshotsActionsTest-1447499411 None] Fetching qemu-img info with special backing_file_template: (/opt/stack/data/cinder/mnt/[0-9a-f]+/)?(volume-4420b331-fbea-4fc6-b41a-aa1ac3781325(.(tmp-snap-)?[0-9a-f-]+)?|volume_from_snapshot_cache/(tmp-snap-)?[0-9a-f-]+(.(child-|parent-)[0-9a-f-]+)?)$ {{(pid=82645) _qemu_img_info_base /opt/stack/cinder/cinder/volume/drivers/remotefs.py:896}}
Feb 24 09:59:31 devstack cinder-volume[82645]: DEBUG oslo_concurrency.processutils [None req-f0ba51bf-3466-48c9-9672-dc4214af3fbd tempest-SnapshotsActionsTest-1447499411 None] Running cmd (subprocess): sudo cinder-rootwrap /etc/cinder/rootwrap.conf qemu-img create -f qcow2 -o backing_file=/opt/stack/data/cinder/mnt/a0bd65bfc48e4c4ff14a78c46412b0d0/volume-4420b331-fbea-4fc6-b41a-aa1ac3781325.5bb34976-08de-4148-9771-bf7f27d08fa5,backing_fmt=qcow2 /opt/stack/data/cinder/mnt/a0bd65bfc48e4c4ff14a78c46412b0d0/volume-4420b331-fbea-4fc6-b41a-aa1ac3781325.bdf5b612-24f2-4a75-8a41-9a37905aba3c 1G {{(pid=82645) execute /opt/stack/data/venv/lib/python3.10/site-packages/oslo_concurrency/processutils.py:440}}
Feb 24 09:59:31 devstack sudo[85700]: quobyte : PWD=/ ; USER=root ; COMMAND=/opt/stack/data/venv/bin/cinder-rootwrap /etc/cinder/rootwrap.conf qemu-img create -f qcow2 -o backing_file=/opt/stack/data/cinder/mnt/a0bd65bfc48e4c4ff14a78c46412b0d0/volume-4420b331-fbea-4fc6-b41a-aa1ac3781325.5bb34976-08de-4148-9771-bf7f27d08fa5,backing_fmt=qcow2 /opt/stack/data/cinder/mnt/a0bd65bfc48e4c4ff14a78c46412b0d0/volume-4420b331-fbea-4fc6-b41a-aa1ac3781325.bdf5b612-24f2-4a75-8a41-9a37905aba3c 1G
Feb 24 09:59:31 devstack sudo[85700]: pam_unix(sudo:session): session opened for user root(uid=0) by (uid=1000)
Feb 24 09:59:32 devstack sudo[85695]: pam_unix(sudo:session): session closed for user root
Feb 24 09:59:32 devstack cinder-volume[82645]: DEBUG oslo_concurrency.processutils [None req-35102e9b-856b-447c-bd48-66786b816aa9 None None] CMD "sudo cinder-rootwrap /etc/cinder/rootwrap.conf df --portability --block-size 1 /opt/stack/data/cinder/mnt/a0bd65bfc48e4c4ff14a78c46412b0d0" returned: 0 in 0.685s {{(pid=82645) execute /opt/stack/data/venv/lib/python3.10/site-packages/oslo_concurrency/processutils.py:468}}
Feb 24 09:59:32 devstack cinder-volume[82645]: DEBUG cinder.manager [None req-35102e9b-856b-447c-bd48-66786b816aa9 None None] Notifying Schedulers of capabilities ... {{(pid=82645) _publish_service_capabilities /opt/stack/cinder/cinder/manager.py:202}}
Feb 24 09:59:32 devstack sudo[85700]: pam_unix(sudo:session): session closed for user root
Feb 24 09:59:32 devstack cinder-volume[82645]: DEBUG oslo_concurrency.processutils [None req-f0ba51bf-3466-48c9-9672-dc4214af3fbd tempest-SnapshotsActionsTest-1447499411 None] CMD "sudo cinder-rootwrap /etc/cinder/rootwrap.conf qemu-img create -f qcow2 -o backing_file=/opt/stack/data/cinder/mnt/a0bd65bfc48e4c4ff14a78c46412b0d0/volume-4420b331-fbea-4fc6-b41a-aa1ac3781325.5bb34976-08de-4148-9771-bf7f27d08fa5,backing_fmt=qcow2 /opt/stack/data/cinder/mnt/a0bd65bfc48e4c4ff14a78c46412b0d0/volume-4420b331-fbea-4fc6-b41a-aa1ac3781325.bdf5b612-24f2-4a75-8a41-9a37905aba3c 1G" returned: 0 in 0.863s {{(pid=82645) execute /opt/stack/data/venv/lib/python3.10/site-packages/oslo_concurrency/processutils.py:468}}
Feb 24 09:59:32 devstack cinder-volume[82645]: DEBUG oslo_concurrency.processutils [None req-f0ba51bf-3466-48c9-9672-dc4214af3fbd tempest-SnapshotsActionsTest-1447499411 None] Running cmd (subprocess): sudo cinder-rootwrap /etc/cinder/rootwrap.conf qemu-img rebase -u -b volume-4420b331-fbea-4fc6-b41a-aa1ac3781325.5bb34976-08de-4148-9771-bf7f27d08fa5 -F qcow2 /opt/stack/data/cinder/mnt/a0bd65bfc48e4c4ff14a78c46412b0d0/volume-4420b331-fbea-4fc6-b41a-aa1ac3781325.bdf5b612-24f2-4a75-8a41-9a37905aba3c {{(pid=82645) execute /opt/stack/data/venv/lib/python3.10/site-packages/oslo_concurrency/processutils.py:440}}
