Feb 24 09:59:32 devstack sudo[85706]: quobyte : PWD=/ ; USER=root ; COMMAND=/opt/stack/data/venv/bin/cinder-rootwrap /etc/cinder/rootwrap.conf qemu-img rebase -u -b volume-4420b331-fbea-4fc6-b41a-aa1ac3781325.5bb34976-08de-4148-9771-bf7f27d08fa5 -F qcow2 /opt/stack/data/cinder/mnt/a0bd65bfc48e4c4ff14a78c46412b0d0/volume-4420b331-fbea-4fc6-b41a-aa1ac3781325.bdf5b612-24f2-4a75-8a41-9a37905aba3c
Feb 24 09:59:32 devstack sudo[85706]: pam_unix(sudo:session): session opened for user root(uid=0) by (uid=1000)
Feb 24 09:59:32 devstack cinder-volume[82645]: DEBUG cinder.coordination [None req-b237eeb3-daca-4717-af26-4259ee92fd45 tempest-VolumesActionsTest-1986053646 None] Acquiring lock "cinder-bf521f3a-70e2-4cc6-ae38-dfd0c9159eca" by "attach_volume" {{(pid=82645) __acquire /opt/stack/cinder/cinder/coordination.py:138}}
Feb 24 09:59:32 devstack cinder-volume[82645]: DEBUG cinder.coordination [None req-b237eeb3-daca-4717-af26-4259ee92fd45 tempest-VolumesActionsTest-1986053646 None] Lock "cinder-bf521f3a-70e2-4cc6-ae38-dfd0c9159eca" acquired by "attach_volume" :: waited 0.017s {{(pid=82645) __acquire /opt/stack/cinder/cinder/coordination.py:141}}
Feb 24 09:59:33 devstack cinder-volume[82645]: INFO cinder.volume.manager [None req-b237eeb3-daca-4717-af26-4259ee92fd45 tempest-VolumesActionsTest-1986053646 None] Attaching volume bf521f3a-70e2-4cc6-ae38-dfd0c9159eca to instance 396d6368-4502-458a-a371-93914dcdc29c at mountpoint /dev/vdb on host None.
Feb 24 09:59:33 devstack cinder-volume[82645]: INFO cinder.volume.manager [None req-b237eeb3-daca-4717-af26-4259ee92fd45 tempest-VolumesActionsTest-1986053646 None] Attach volume completed successfully.
Feb 24 09:59:33 devstack cinder-volume[82645]: DEBUG cinder.coordination [None req-b237eeb3-daca-4717-af26-4259ee92fd45 tempest-VolumesActionsTest-1986053646 None] Lock "cinder-bf521f3a-70e2-4cc6-ae38-dfd0c9159eca" released by "attach_volume" :: held 0.141s {{(pid=82645) __release /opt/stack/cinder/cinder/coordination.py:152}}
Feb 24 09:59:33 devstack sudo[85706]: pam_unix(sudo:session): session closed for user root
Feb 24 09:59:33 devstack cinder-volume[82645]: DEBUG oslo_concurrency.processutils [None req-f0ba51bf-3466-48c9-9672-dc4214af3fbd tempest-SnapshotsActionsTest-1447499411 None] CMD "sudo cinder-rootwrap /etc/cinder/rootwrap.conf qemu-img rebase -u -b volume-4420b331-fbea-4fc6-b41a-aa1ac3781325.5bb34976-08de-4148-9771-bf7f27d08fa5 -F qcow2 /opt/stack/data/cinder/mnt/a0bd65bfc48e4c4ff14a78c46412b0d0/volume-4420b331-fbea-4fc6-b41a-aa1ac3781325.bdf5b612-24f2-4a75-8a41-9a37905aba3c" returned: 0 in 0.553s {{(pid=82645) execute /opt/stack/data/venv/lib/python3.10/site-packages/oslo_concurrency/processutils.py:468}}
Feb 24 09:59:33 devstack cinder-volume[82645]: WARNING cinder.volume.drivers.remotefs [None req-f0ba51bf-3466-48c9-9672-dc4214af3fbd tempest-SnapshotsActionsTest-1447499411 None] /opt/stack/data/cinder/mnt/a0bd65bfc48e4c4ff14a78c46412b0d0/volume-4420b331-fbea-4fc6-b41a-aa1ac3781325.bdf5b612-24f2-4a75-8a41-9a37905aba3c is being set with open permissions: ugo+rw
Feb 24 09:59:33 devstack cinder-volume[82645]: DEBUG oslo_concurrency.processutils [None req-f0ba51bf-3466-48c9-9672-dc4214af3fbd tempest-SnapshotsActionsTest-1447499411 None] Running cmd (subprocess): sudo cinder-rootwrap /etc/cinder/rootwrap.conf chmod ugo+rw /opt/stack/data/cinder/mnt/a0bd65bfc48e4c4ff14a78c46412b0d0/volume-4420b331-fbea-4fc6-b41a-aa1ac3781325.bdf5b612-24f2-4a75-8a41-9a37905aba3c {{(pid=82645) execute /opt/stack/data/venv/lib/python3.10/site-packages/oslo_concurrency/processutils.py:440}}
Feb 24 09:59:33 devstack sudo[85711]: quobyte : PWD=/ ; USER=root ; COMMAND=/opt/stack/data/venv/bin/cinder-rootwrap /etc/cinder/rootwrap.conf chmod ugo+rw /opt/stack/data/cinder/mnt/a0bd65bfc48e4c4ff14a78c46412b0d0/volume-4420b331-fbea-4fc6-b41a-aa1ac3781325.bdf5b612-24f2-4a75-8a41-9a37905aba3c
Feb 24 09:59:33 devstack sudo[85711]: pam_unix(sudo:session): session opened for user root(uid=0) by (uid=1000)
Feb 24 09:59:33 devstack cinder-volume[82645]: DEBUG cinder.coordination [None req-049023fc-168e-49a0-994e-8d423be94f9b tempest-VolumesActionsTest-1986053646 None] Acquiring lock "cinder-bf521f3a-70e2-4cc6-ae38-dfd0c9159eca-detach_volume" by "detach_volume" {{(pid=82645) __acquire /opt/stack/cinder/cinder/coordination.py:138}}
Feb 24 09:59:33 devstack cinder-volume[82645]: DEBUG cinder.coordination [None req-049023fc-168e-49a0-994e-8d423be94f9b tempest-VolumesActionsTest-1986053646 None] Lock "cinder-bf521f3a-70e2-4cc6-ae38-dfd0c9159eca-detach_volume" acquired by "detach_volume" :: waited 0.013s {{(pid=82645) __acquire /opt/stack/cinder/cinder/coordination.py:141}}
Feb 24 09:59:33 devstack cinder-volume[82645]: INFO cinder.volume.manager [None req-049023fc-168e-49a0-994e-8d423be94f9b tempest-VolumesActionsTest-1986053646 None] Detaching volume bf521f3a-70e2-4cc6-ae38-dfd0c9159eca from instance 396d6368-4502-458a-a371-93914dcdc29c.
Feb 24 09:59:33 devstack cinder-volume[82645]: INFO cinder.volume.manager [None req-049023fc-168e-49a0-994e-8d423be94f9b tempest-VolumesActionsTest-1986053646 None] Detach volume completed successfully.
Feb 24 09:59:33 devstack cinder-volume[82645]: DEBUG cinder.coordination [None req-049023fc-168e-49a0-994e-8d423be94f9b tempest-VolumesActionsTest-1986053646 None] Lock "cinder-bf521f3a-70e2-4cc6-ae38-dfd0c9159eca-detach_volume" released by "detach_volume" :: held 0.040s {{(pid=82645) __release /opt/stack/cinder/cinder/coordination.py:152}}
Feb 24 09:59:34 devstack sudo[85711]: pam_unix(sudo:session): session closed for user root
Feb 24 09:59:34 devstack cinder-volume[82645]: DEBUG oslo_concurrency.processutils [None req-f0ba51bf-3466-48c9-9672-dc4214af3fbd tempest-SnapshotsActionsTest-1447499411 None] CMD "sudo cinder-rootwrap /etc/cinder/rootwrap.conf chmod ugo+rw /opt/stack/data/cinder/mnt/a0bd65bfc48e4c4ff14a78c46412b0d0/volume-4420b331-fbea-4fc6-b41a-aa1ac3781325.bdf5b612-24f2-4a75-8a41-9a37905aba3c" returned: 0 in 0.684s {{(pid=82645) execute /opt/stack/data/venv/lib/python3.10/site-packages/oslo_concurrency/processutils.py:468}}
Feb 24 09:59:34 devstack cinder-volume[82645]: DEBUG oslo_concurrency.lockutils [None req-f0ba51bf-3466-48c9-9672-dc4214af3fbd tempest-SnapshotsActionsTest-1447499411 None] Lock "quobyte" "released" by "cinder.volume.drivers.quobyte.QuobyteDriver.create_snapshot" :: held 2.978s {{(pid=82645) inner /opt/stack/data/venv/lib/python3.10/site-packages/oslo_concurrency/lockutils.py:538}}
Feb 24 09:59:34 devstack cinder-volume[82645]: INFO cinder.volume.manager [None req-f0ba51bf-3466-48c9-9672-dc4214af3fbd tempest-SnapshotsActionsTest-1447499411 None] Create snapshot completed successfully
Feb 24 09:59:34 devstack cinder-volume[82645]: DEBUG cinder.coordination [None req-efe48e5b-c280-43e6-832d-003f0e1aea52 tempest-SnapshotsActionsTest-961291329 None] Acquiring lock "cinder-bdf5b612-24f2-4a75-8a41-9a37905aba3c-delete_snapshot" by "delete_snapshot" {{(pid=82645) __acquire /opt/stack/cinder/cinder/coordination.py:138}}
Feb 24 09:59:34 devstack cinder-volume[82645]: DEBUG cinder.coordination [None req-efe48e5b-c280-43e6-832d-003f0e1aea52 tempest-SnapshotsActionsTest-961291329 None] Lock "cinder-bdf5b612-24f2-4a75-8a41-9a37905aba3c-delete_snapshot" acquired by "delete_snapshot" :: waited 0.012s {{(pid=82645) __acquire /opt/stack/cinder/cinder/coordination.py:141}}
Feb 24 09:59:34 devstack cinder-volume[82645]: DEBUG cinder.coordination [None req-efe48e5b-c280-43e6-832d-003f0e1aea52 tempest-SnapshotsActionsTest-961291329 None] Acquiring lock "cinder-quobyte-4420b331-fbea-4fc6-b41a-aa1ac3781325" by "delete_snapshot" {{(pid=82645) __acquire /opt/stack/cinder/cinder/coordination.py:138}}
Feb 24 09:59:34 devstack cinder-volume[82645]: DEBUG cinder.coordination [None req-efe48e5b-c280-43e6-832d-003f0e1aea52 tempest-SnapshotsActionsTest-961291329 None] Lock "cinder-quobyte-4420b331-fbea-4fc6-b41a-aa1ac3781325" acquired by "delete_snapshot" :: waited 0.026s {{(pid=82645) __acquire /opt/stack/cinder/cinder/coordination.py:141}}
Feb 24 09:59:34 devstack cinder-volume[82645]: DEBUG cinder.coordination [None req-efe48e5b-c280-43e6-832d-003f0e1aea52 tempest-SnapshotsActionsTest-961291329 None] Acquiring lock "cinder-quobyte-bdf5b612-24f2-4a75-8a41-9a37905aba3c" by "_delete_snapshot" {{(pid=82645) __acquire /opt/stack/cinder/cinder/coordination.py:138}}
Feb 24 09:59:34 devstack cinder-volume[82645]: DEBUG cinder.coordination [None req-efe48e5b-c280-43e6-832d-003f0e1aea52 tempest-SnapshotsActionsTest-961291329 None] Lock "cinder-quobyte-bdf5b612-24f2-4a75-8a41-9a37905aba3c" acquired by "_delete_snapshot" :: waited 0.019s {{(pid=82645) __acquire /opt/stack/cinder/cinder/coordination.py:141}}
Feb 24 09:59:34 devstack cinder-volume[82645]: DEBUG cinder.volume.drivers.remotefs [None req-efe48e5b-c280-43e6-832d-003f0e1aea52 tempest-SnapshotsActionsTest-961291329 None] Deleting offline snapshot bdf5b612-24f2-4a75-8a41-9a37905aba3c of volume 4420b331-fbea-4fc6-b41a-aa1ac3781325 {{(pid=82645) _delete_snapshot /opt/stack/cinder/cinder/volume/drivers/remotefs.py:1288}}
Feb 24 09:59:34 devstack cinder-volume[82645]: DEBUG cinder.volume.drivers.remotefs [None req-efe48e5b-c280-43e6-832d-003f0e1aea52 tempest-SnapshotsActionsTest-961291329 None] snapshot_file for this snap is: volume-4420b331-fbea-4fc6-b41a-aa1ac3781325.bdf5b612-24f2-4a75-8a41-9a37905aba3c {{(pid=82645) _delete_snapshot /opt/stack/cinder/cinder/volume/drivers/remotefs.py:1317}}
Feb 24 09:59:34 devstack cinder-volume[82645]: DEBUG oslo.privsep.daemon [-] privsep: reply[be7f7a95-9c2d-4661-8a60-08649dcb678a]: (4, 'qcow2') {{(pid=83387) _call_back /opt/stack/data/venv/lib/python3.10/site-packages/oslo_privsep/daemon.py:573}}
Feb 24 09:59:34 devstack cinder-volume[82645]: DEBUG oslo_concurrency.processutils [None req-efe48e5b-c280-43e6-832d-003f0e1aea52 tempest-SnapshotsActionsTest-961291329 None] Running cmd (subprocess): /opt/stack/data/venv/bin/python3.10 -m oslo_concurrency.prlimit --as=1073741824 --cpu=60 -- sudo cinder-rootwrap /etc/cinder/rootwrap.conf env LC_ALL=C qemu-img info -f qcow2 --output=json --force-share /opt/stack/data/cinder/mnt/a0bd65bfc48e4c4ff14a78c46412b0d0/volume-4420b331-fbea-4fc6-b41a-aa1ac3781325.bdf5b612-24f2-4a75-8a41-9a37905aba3c {{(pid=82645) execute /opt/stack/data/venv/lib/python3.10/site-packages/oslo_concurrency/processutils.py:440}}
Feb 24 09:59:34 devstack sudo[85715]: quobyte : PWD=/ ; USER=root ; COMMAND=/opt/stack/data/venv/bin/cinder-rootwrap /etc/cinder/rootwrap.conf env LC_ALL=C qemu-img info -f qcow2 --output=json --force-share /opt/stack/data/cinder/mnt/a0bd65bfc48e4c4ff14a78c46412b0d0/volume-4420b331-fbea-4fc6-b41a-aa1ac3781325.bdf5b612-24f2-4a75-8a41-9a37905aba3c
Feb 24 09:59:34 devstack sudo[85715]: pam_unix(sudo:session): session opened for user root(uid=0) by (uid=1000)
Feb 24 09:59:35 devstack sudo[85715]: pam_unix(sudo:session): session closed for user root
Feb 24 09:59:35 devstack cinder-volume[82645]: DEBUG oslo_concurrency.processutils [None req-efe48e5b-c280-43e6-832d-003f0e1aea52 tempest-SnapshotsActionsTest-961291329 None] CMD "/opt/stack/data/venv/bin/python3.10 -m oslo_concurrency.prlimit --as=1073741824 --cpu=60 -- sudo cinder-rootwrap /etc/cinder/rootwrap.conf env LC_ALL=C qemu-img info -f qcow2 --output=json --force-share /opt/stack/data/cinder/mnt/a0bd65bfc48e4c4ff14a78c46412b0d0/volume-4420b331-fbea-4fc6-b41a-aa1ac3781325.bdf5b612-24f2-4a75-8a41-9a37905aba3c" returned: 0 in 0.666s {{(pid=82645) execute /opt/stack/data/venv/lib/python3.10/site-packages/oslo_concurrency/processutils.py:468}}
Feb 24 09:59:35 devstack cinder-volume[82645]: DEBUG cinder.volume.drivers.remotefs [None req-efe48e5b-c280-43e6-832d-003f0e1aea52 tempest-SnapshotsActionsTest-961291329 None] Fetching qemu-img info with special backing_file_template: (/opt/stack/data/cinder/mnt/[0-9a-f]+/)?(volume-4420b331-fbea-4fc6-b41a-aa1ac3781325(.(tmp-snap-)?[0-9a-f-]+)?|volume_from_snapshot_cache/(tmp-snap-)?[0-9a-f-]+(.(child-|parent-)[0-9a-f-]+)?)$ {{(pid=82645) _qemu_img_info_base /opt/stack/cinder/cinder/volume/drivers/remotefs.py:896}}
Feb 24 09:59:35 devstack cinder-volume[82645]: DEBUG oslo.privsep.daemon [-] privsep: reply[5bfd0e6e-bd34-43a2-aab0-47cb715c1f47]: (4, 'qcow2') {{(pid=83387) _call_back /opt/stack/data/venv/lib/python3.10/site-packages/oslo_privsep/daemon.py:573}}
Feb 24 09:59:35 devstack cinder-volume[82645]: DEBUG oslo_concurrency.processutils [None req-efe48e5b-c280-43e6-832d-003f0e1aea52 tempest-SnapshotsActionsTest-961291329 None] Running cmd (subprocess): /opt/stack/data/venv/bin/python3.10 -m oslo_concurrency.prlimit --as=1073741824 --cpu=60 -- sudo cinder-rootwrap /etc/cinder/rootwrap.conf env LC_ALL=C qemu-img info -f qcow2 --output=json --force-share /opt/stack/data/cinder/mnt/a0bd65bfc48e4c4ff14a78c46412b0d0/volume-4420b331-fbea-4fc6-b41a-aa1ac3781325.5bb34976-08de-4148-9771-bf7f27d08fa5 {{(pid=82645) execute /opt/stack/data/venv/lib/python3.10/site-packages/oslo_concurrency/processutils.py:440}}
Feb 24 09:59:35 devstack sudo[85721]: quobyte : PWD=/ ; USER=root ; COMMAND=/opt/stack/data/venv/bin/cinder-rootwrap /etc/cinder/rootwrap.conf env LC_ALL=C qemu-img info -f qcow2 --output=json --force-share /opt/stack/data/cinder/mnt/a0bd65bfc48e4c4ff14a78c46412b0d0/volume-4420b331-fbea-4fc6-b41a-aa1ac3781325.5bb34976-08de-4148-9771-bf7f27d08fa5
Feb 24 09:59:35 devstack sudo[85721]: pam_unix(sudo:session): session opened for user root(uid=0) by (uid=1000)
Feb 24 09:59:35 devstack sudo[85721]: pam_unix(sudo:session): session closed for user root
Feb 24 09:59:35 devstack cinder-volume[82645]: DEBUG oslo_concurrency.processutils [None req-efe48e5b-c280-43e6-832d-003f0e1aea52 tempest-SnapshotsActionsTest-961291329 None] CMD "/opt/stack/data/venv/bin/python3.10 -m oslo_concurrency.prlimit --as=1073741824 --cpu=60 -- sudo cinder-rootwrap /etc/cinder/rootwrap.conf env LC_ALL=C qemu-img info -f qcow2 --output=json --force-share /opt/stack/data/cinder/mnt/a0bd65bfc48e4c4ff14a78c46412b0d0/volume-4420b331-fbea-4fc6-b41a-aa1ac3781325.5bb34976-08de-4148-9771-bf7f27d08fa5" returned: 0 in 0.751s {{(pid=82645) execute /opt/stack/data/venv/lib/python3.10/site-packages/oslo_concurrency/processutils.py:468}}
Feb 24 09:59:35 devstack cinder-volume[82645]: DEBUG cinder.volume.drivers.remotefs [None req-efe48e5b-c280-43e6-832d-003f0e1aea52 tempest-SnapshotsActionsTest-961291329 None] Fetching qemu-img info with special backing_file_template: (/opt/stack/data/cinder/mnt/[0-9a-f]+/)?(volume-4420b331-fbea-4fc6-b41a-aa1ac3781325(.(tmp-snap-)?[0-9a-f-]+)?|volume_from_snapshot_cache/(tmp-snap-)?[0-9a-f-]+(.(child-|parent-)[0-9a-f-]+)?)$ {{(pid=82645) _qemu_img_info_base /opt/stack/cinder/cinder/volume/drivers/remotefs.py:896}}
Feb 24 09:59:35 devstack cinder-volume[82645]: DEBUG oslo_concurrency.processutils [None req-efe48e5b-c280-43e6-832d-003f0e1aea52 tempest-SnapshotsActionsTest-961291329 None] Running cmd (subprocess): sudo cinder-rootwrap /etc/cinder/rootwrap.conf qemu-img commit -d /opt/stack/data/cinder/mnt/a0bd65bfc48e4c4ff14a78c46412b0d0/volume-4420b331-fbea-4fc6-b41a-aa1ac3781325.bdf5b612-24f2-4a75-8a41-9a37905aba3c {{(pid=82645) execute /opt/stack/data/venv/lib/python3.10/site-packages/oslo_concurrency/processutils.py:440}}
Feb 24 09:59:35 devstack sudo[85752]: quobyte : PWD=/ ; USER=root ; COMMAND=/opt/stack/data/venv/bin/cinder-rootwrap /etc/cinder/rootwrap.conf qemu-img commit -d /opt/stack/data/cinder/mnt/a0bd65bfc48e4c4ff14a78c46412b0d0/volume-4420b331-fbea-4fc6-b41a-aa1ac3781325.bdf5b612-24f2-4a75-8a41-9a37905aba3c
Feb 24 09:59:35 devstack sudo[85752]: pam_unix(sudo:session): session opened for user root(uid=0) by (uid=1000)
Feb 24 09:59:36 devstack sudo[85752]: pam_unix(sudo:session): session closed for user root
Feb 24 09:59:36 devstack cinder-volume[82645]: DEBUG oslo_concurrency.processutils [None req-efe48e5b-c280-43e6-832d-003f0e1aea52 tempest-SnapshotsActionsTest-961291329 None] CMD "sudo cinder-rootwrap /etc/cinder/rootwrap.conf qemu-img commit -d /opt/stack/data/cinder/mnt/a0bd65bfc48e4c4ff14a78c46412b0d0/volume-4420b331-fbea-4fc6-b41a-aa1ac3781325.bdf5b612-24f2-4a75-8a41-9a37905aba3c" returned: 0 in 0.656s {{(pid=82645) execute /opt/stack/data/venv/lib/python3.10/site-packages/oslo_concurrency/processutils.py:468}}
Feb 24 09:59:36 devstack cinder-volume[82645]: DEBUG oslo_concurrency.processutils [None req-efe48e5b-c280-43e6-832d-003f0e1aea52 tempest-SnapshotsActionsTest-961291329 None] Running cmd (subprocess): sudo cinder-rootwrap /etc/cinder/rootwrap.conf rm -f /opt/stack/data/cinder/mnt/a0bd65bfc48e4c4ff14a78c46412b0d0/volume-4420b331-fbea-4fc6-b41a-aa1ac3781325.bdf5b612-24f2-4a75-8a41-9a37905aba3c {{(pid=82645) execute /opt/stack/data/venv/lib/python3.10/site-packages/oslo_concurrency/processutils.py:440}}
Feb 24 09:59:36 devstack sudo[85757]: quobyte : PWD=/ ; USER=root ; COMMAND=/opt/stack/data/venv/bin/cinder-rootwrap /etc/cinder/rootwrap.conf rm -f /opt/stack/data/cinder/mnt/a0bd65bfc48e4c4ff14a78c46412b0d0/volume-4420b331-fbea-4fc6-b41a-aa1ac3781325.bdf5b612-24f2-4a75-8a41-9a37905aba3c
Feb 24 09:59:36 devstack sudo[85757]: pam_unix(sudo:session): session opened for user root(uid=0) by (uid=1000)
Feb 24 09:59:37 devstack sudo[85757]: pam_unix(sudo:session): session closed for user root
Feb 24 09:59:37 devstack cinder-volume[82645]: DEBUG oslo_concurrency.processutils [None req-efe48e5b-c280-43e6-832d-003f0e1aea52 tempest-SnapshotsActionsTest-961291329 None] CMD "sudo cinder-rootwrap /etc/cinder/rootwrap.conf rm -f /opt/stack/data/cinder/mnt/a0bd65bfc48e4c4ff14a78c46412b0d0/volume-4420b331-fbea-4fc6-b41a-aa1ac3781325.bdf5b612-24f2-4a75-8a41-9a37905aba3c" returned: 0 in 0.503s {{(pid=82645) execute /opt/stack/data/venv/lib/python3.10/site-packages/oslo_concurrency/processutils.py:468}}
Feb 24 09:59:37 devstack cinder-volume[82645]: DEBUG cinder.coordination [None req-efe48e5b-c280-43e6-832d-003f0e1aea52 tempest-SnapshotsActionsTest-961291329 None] Lock "cinder-quobyte-bdf5b612-24f2-4a75-8a41-9a37905aba3c" released by "_delete_snapshot" :: held 2.643s {{(pid=82645) __release /opt/stack/cinder/cinder/coordination.py:152}}
Feb 24 09:59:37 devstack cinder-volume[82645]: DEBUG cinder.coordination [None req-efe48e5b-c280-43e6-832d-003f0e1aea52 tempest-SnapshotsActionsTest-961291329 None] Lock "cinder-quobyte-4420b331-fbea-4fc6-b41a-aa1ac3781325" released by "delete_snapshot" :: held 2.668s {{(pid=82645) __release /opt/stack/cinder/cinder/coordination.py:152}}
Feb 24 09:59:37 devstack cinder-volume[82645]: DEBUG cinder.quota [None req-efe48e5b-c280-43e6-832d-003f0e1aea52 tempest-SnapshotsActionsTest-961291329 None] Created reservations ['eeef9160-2d5a-4c2f-a866-0bad5a4f4faa', 'e8523ee2-c47b-42b8-9310-52649dfc1291', 'a82f013c-f00c-44ee-97ff-925eec5753a4', '20a35c96-546e-4694-8f65-d3cb3928aa5a'] {{(pid=82645) reserve /opt/stack/cinder/cinder/quota.py:752}}
Feb 24 09:59:37 devstack cinder-volume[82645]: INFO cinder.volume.manager [None req-efe48e5b-c280-43e6-832d-003f0e1aea52 tempest-SnapshotsActionsTest-961291329 None] Delete snapshot completed successfully.
Feb 24 09:59:37 devstack cinder-volume[82645]: DEBUG cinder.coordination [None req-efe48e5b-c280-43e6-832d-003f0e1aea52 tempest-SnapshotsActionsTest-961291329 None] Lock "cinder-bdf5b612-24f2-4a75-8a41-9a37905aba3c-delete_snapshot" released by "delete_snapshot" :: held 2.797s {{(pid=82645) __release /opt/stack/cinder/cinder/coordination.py:152}}
Feb 24 09:59:37 devstack cinder-volume[82645]: DEBUG oslo_concurrency.lockutils [None req-f7b9a383-6b92-4208-af7f-1260e3635ff7 tempest-SnapshotsActionsTest-1447499411 None] Acquiring lock "quobyte" by "cinder.volume.drivers.quobyte.QuobyteDriver.create_snapshot" {{(pid=82645) inner /opt/stack/data/venv/lib/python3.10/site-packages/oslo_concurrency/lockutils.py:506}}
Feb 24 09:59:37 devstack cinder-volume[82645]: DEBUG oslo_concurrency.lockutils [None req-f7b9a383-6b92-4208-af7f-1260e3635ff7 tempest-SnapshotsActionsTest-1447499411 None] Lock "quobyte" acquired by "cinder.volume.drivers.quobyte.QuobyteDriver.create_snapshot" :: waited 0.001s {{(pid=82645) inner /opt/stack/data/venv/lib/python3.10/site-packages/oslo_concurrency/lockutils.py:519}}
Feb 24 09:59:37 devstack cinder-volume[82645]: DEBUG cinder.volume.drivers.remotefs [None req-f7b9a383-6b92-4208-af7f-1260e3635ff7 tempest-SnapshotsActionsTest-1447499411 None] Creating offline snapshot d0931de5-213a-4f94-bb9c-46a51237f287 of volume 4420b331-fbea-4fc6-b41a-aa1ac3781325 {{(pid=82645) _create_snapshot /opt/stack/cinder/cinder/volume/drivers/remotefs.py:1815}}
Feb 24 09:59:37 devstack cinder-volume[82645]: DEBUG oslo.privsep.daemon [-] privsep: reply[f0de1615-7838-4570-98a2-39a9adc16aff]: (4, 'qcow2') {{(pid=83387) _call_back /opt/stack/data/venv/lib/python3.10/site-packages/oslo_privsep/daemon.py:573}}
Feb 24 09:59:37 devstack cinder-volume[82645]: DEBUG oslo_concurrency.processutils [None req-f7b9a383-6b92-4208-af7f-1260e3635ff7 tempest-SnapshotsActionsTest-1447499411 None] Running cmd (subprocess): /opt/stack/data/venv/bin/python3.10 -m oslo_concurrency.prlimit --as=1073741824 --cpu=60 -- sudo cinder-rootwrap /etc/cinder/rootwrap.conf env LC_ALL=C qemu-img info -f qcow2 --output=json --force-share /opt/stack/data/cinder/mnt/a0bd65bfc48e4c4ff14a78c46412b0d0/volume-4420b331-fbea-4fc6-b41a-aa1ac3781325.5bb34976-08de-4148-9771-bf7f27d08fa5 {{(pid=82645) execute /opt/stack/data/venv/lib/python3.10/site-packages/oslo_concurrency/processutils.py:440}}
Feb 24 09:59:37 devstack sudo[85762]: quobyte : PWD=/ ; USER=root ; COMMAND=/opt/stack/data/venv/bin/cinder-rootwrap /etc/cinder/rootwrap.conf env LC_ALL=C qemu-img info -f qcow2 --output=json --force-share /opt/stack/data/cinder/mnt/a0bd65bfc48e4c4ff14a78c46412b0d0/volume-4420b331-fbea-4fc6-b41a-aa1ac3781325.5bb34976-08de-4148-9771-bf7f27d08fa5
Feb 24 09:59:37 devstack sudo[85762]: pam_unix(sudo:session): session opened for user root(uid=0) by (uid=1000)
Feb 24 09:59:38 devstack sudo[85762]: pam_unix(sudo:session): session closed for user root
Feb 24 09:59:38 devstack cinder-volume[82645]: DEBUG oslo_concurrency.processutils [None req-f7b9a383-6b92-4208-af7f-1260e3635ff7 tempest-SnapshotsActionsTest-1447499411 None] CMD "/opt/stack/data/venv/bin/python3.10 -m oslo_concurrency.prlimit --as=1073741824 --cpu=60 -- sudo cinder-rootwrap /etc/cinder/rootwrap.conf env LC_ALL=C qemu-img info -f qcow2 --output=json --force-share /opt/stack/data/cinder/mnt/a0bd65bfc48e4c4ff14a78c46412b0d0/volume-4420b331-fbea-4fc6-b41a-aa1ac3781325.5bb34976-08de-4148-9771-bf7f27d08fa5" returned: 0 in 0.546s {{(pid=82645) execute /opt/stack/data/venv/lib/python3.10/site-packages/oslo_concurrency/processutils.py:468}}
Feb 24 09:59:38 devstack cinder-volume[82645]: DEBUG cinder.volume.drivers.remotefs [None req-f7b9a383-6b92-4208-af7f-1260e3635ff7 tempest-SnapshotsActionsTest-1447499411 None] Fetching qemu-img info with special backing_file_template: (/opt/stack/data/cinder/mnt/[0-9a-f]+/)?(volume-4420b331-fbea-4fc6-b41a-aa1ac3781325(.(tmp-snap-)?[0-9a-f-]+)?|volume_from_snapshot_cache/(tmp-snap-)?[0-9a-f-]+(.(child-|parent-)[0-9a-f-]+)?)$ {{(pid=82645) _qemu_img_info_base /opt/stack/cinder/cinder/volume/drivers/remotefs.py:896}}
Feb 24 09:59:38 devstack cinder-volume[82645]: DEBUG oslo_concurrency.processutils [None req-f7b9a383-6b92-4208-af7f-1260e3635ff7 tempest-SnapshotsActionsTest-1447499411 None] Running cmd (subprocess): sudo cinder-rootwrap /etc/cinder/rootwrap.conf qemu-img create -f qcow2 -o backing_file=/opt/stack/data/cinder/mnt/a0bd65bfc48e4c4ff14a78c46412b0d0/volume-4420b331-fbea-4fc6-b41a-aa1ac3781325.5bb34976-08de-4148-9771-bf7f27d08fa5,backing_fmt=qcow2 /opt/stack/data/cinder/mnt/a0bd65bfc48e4c4ff14a78c46412b0d0/volume-4420b331-fbea-4fc6-b41a-aa1ac3781325.d0931de5-213a-4f94-bb9c-46a51237f287 1G {{(pid=82645) execute /opt/stack/data/venv/lib/python3.10/site-packages/oslo_concurrency/processutils.py:440}}
Feb 24 09:59:38 devstack sudo[85768]: quobyte : PWD=/ ; USER=root ; COMMAND=/opt/stack/data/venv/bin/cinder-rootwrap /etc/cinder/rootwrap.conf qemu-img create -f qcow2 -o backing_file=/opt/stack/data/cinder/mnt/a0bd65bfc48e4c4ff14a78c46412b0d0/volume-4420b331-fbea-4fc6-b41a-aa1ac3781325.5bb34976-08de-4148-9771-bf7f27d08fa5,backing_fmt=qcow2 /opt/stack/data/cinder/mnt/a0bd65bfc48e4c4ff14a78c46412b0d0/volume-4420b331-fbea-4fc6-b41a-aa1ac3781325.d0931de5-213a-4f94-bb9c-46a51237f287 1G
Feb 24 09:59:38 devstack sudo[85768]: pam_unix(sudo:session): session opened for user root(uid=0) by (uid=1000)
Feb 24 09:59:38 devstack sudo[85768]: pam_unix(sudo:session): session closed for user root
Feb 24 09:59:38 devstack cinder-volume[82645]: DEBUG oslo_concurrency.processutils [None req-f7b9a383-6b92-4208-af7f-1260e3635ff7 tempest-SnapshotsActionsTest-1447499411 None] CMD "sudo cinder-rootwrap /etc/cinder/rootwrap.conf qemu-img create -f qcow2 -o backing_file=/opt/stack/data/cinder/mnt/a0bd65bfc48e4c4ff14a78c46412b0d0/volume-4420b331-fbea-4fc6-b41a-aa1ac3781325.5bb34976-08de-4148-9771-bf7f27d08fa5,backing_fmt=qcow2 /opt/stack/data/cinder/mnt/a0bd65bfc48e4c4ff14a78c46412b0d0/volume-4420b331-fbea-4fc6-b41a-aa1ac3781325.d0931de5-213a-4f94-bb9c-46a51237f287 1G" returned: 0 in 0.566s {{(pid=82645) execute /opt/stack/data/venv/lib/python3.10/site-packages/oslo_concurrency/processutils.py:468}}
Feb 24 09:59:38 devstack cinder-volume[82645]: DEBUG oslo_concurrency.processutils [None req-f7b9a383-6b92-4208-af7f-1260e3635ff7 tempest-SnapshotsActionsTest-1447499411 None] Running cmd (subprocess): sudo cinder-rootwrap /etc/cinder/rootwrap.conf qemu-img rebase -u -b volume-4420b331-fbea-4fc6-b41a-aa1ac3781325.5bb34976-08de-4148-9771-bf7f27d08fa5 -F qcow2 /opt/stack/data/cinder/mnt/a0bd65bfc48e4c4ff14a78c46412b0d0/volume-4420b331-fbea-4fc6-b41a-aa1ac3781325.d0931de5-213a-4f94-bb9c-46a51237f287 {{(pid=82645) execute /opt/stack/data/venv/lib/python3.10/site-packages/oslo_concurrency/processutils.py:440}}
Feb 24 09:59:38 devstack sudo[85773]: quobyte : PWD=/ ; USER=root ; COMMAND=/opt/stack/data/venv/bin/cinder-rootwrap /etc/cinder/rootwrap.conf qemu-img rebase -u -b volume-4420b331-fbea-4fc6-b41a-aa1ac3781325.5bb34976-08de-4148-9771-bf7f27d08fa5 -F qcow2 /opt/stack/data/cinder/mnt/a0bd65bfc48e4c4ff14a78c46412b0d0/volume-4420b331-fbea-4fc6-b41a-aa1ac3781325.d0931de5-213a-4f94-bb9c-46a51237f287
Feb 24 09:59:39 devstack sudo[85773]: pam_unix(sudo:session): session opened for user root(uid=0) by (uid=1000)
Feb 24 09:59:39 devstack sudo[85773]: pam_unix(sudo:session): session closed for user root
Feb 24 09:59:39 devstack cinder-volume[82645]: DEBUG oslo_concurrency.processutils [None req-f7b9a383-6b92-4208-af7f-1260e3635ff7 tempest-SnapshotsActionsTest-1447499411 None] CMD "sudo cinder-rootwrap /etc/cinder/rootwrap.conf qemu-img rebase -u -b volume-4420b331-fbea-4fc6-b41a-aa1ac3781325.5bb34976-08de-4148-9771-bf7f27d08fa5 -F qcow2 /opt/stack/data/cinder/mnt/a0bd65bfc48e4c4ff14a78c46412b0d0/volume-4420b331-fbea-4fc6-b41a-aa1ac3781325.d0931de5-213a-4f94-bb9c-46a51237f287" returned: 0 in 0.574s {{(pid=82645) execute /opt/stack/data/venv/lib/python3.10/site-packages/oslo_concurrency/processutils.py:468}}
Feb 24 09:59:39 devstack cinder-volume[82645]: WARNING cinder.volume.drivers.remotefs [None req-f7b9a383-6b92-4208-af7f-1260e3635ff7 tempest-SnapshotsActionsTest-1447499411 None] /opt/stack/data/cinder/mnt/a0bd65bfc48e4c4ff14a78c46412b0d0/volume-4420b331-fbea-4fc6-b41a-aa1ac3781325.d0931de5-213a-4f94-bb9c-46a51237f287 is being set with open permissions: ugo+rw
Feb 24 09:59:39 devstack cinder-volume[82645]: DEBUG oslo_concurrency.processutils [None req-f7b9a383-6b92-4208-af7f-1260e3635ff7 tempest-SnapshotsActionsTest-1447499411 None] Running cmd (subprocess): sudo cinder-rootwrap /etc/cinder/rootwrap.conf chmod ugo+rw /opt/stack/data/cinder/mnt/a0bd65bfc48e4c4ff14a78c46412b0d0/volume-4420b331-fbea-4fc6-b41a-aa1ac3781325.d0931de5-213a-4f94-bb9c-46a51237f287 {{(pid=82645) execute /opt/stack/data/venv/lib/python3.10/site-packages/oslo_concurrency/processutils.py:440}}
Feb 24 09:59:39 devstack sudo[85778]: quobyte : PWD=/ ; USER=root ; COMMAND=/opt/stack/data/venv/bin/cinder-rootwrap /etc/cinder/rootwrap.conf chmod ugo+rw /opt/stack/data/cinder/mnt/a0bd65bfc48e4c4ff14a78c46412b0d0/volume-4420b331-fbea-4fc6-b41a-aa1ac3781325.d0931de5-213a-4f94-bb9c-46a51237f287
Feb 24 09:59:39 devstack sudo[85778]: pam_unix(sudo:session): session opened for user root(uid=0) by (uid=1000)
Feb 24 09:59:40 devstack sudo[85778]: pam_unix(sudo:session): session closed for user root
Feb 24 09:59:40 devstack cinder-volume[82645]: DEBUG oslo_concurrency.processutils [None req-f7b9a383-6b92-4208-af7f-1260e3635ff7 tempest-SnapshotsActionsTest-1447499411 None] CMD "sudo cinder-rootwrap /etc/cinder/rootwrap.conf chmod ugo+rw /opt/stack/data/cinder/mnt/a0bd65bfc48e4c4ff14a78c46412b0d0/volume-4420b331-fbea-4fc6-b41a-aa1ac3781325.d0931de5-213a-4f94-bb9c-46a51237f287" returned: 0 in 0.522s {{(pid=82645) execute /opt/stack/data/venv/lib/python3.10/site-packages/oslo_concurrency/processutils.py:468}}
Feb 24 09:59:40 devstack cinder-volume[82645]: DEBUG oslo_concurrency.lockutils [None req-f7b9a383-6b92-4208-af7f-1260e3635ff7 tempest-SnapshotsActionsTest-1447499411 None] Lock "quobyte" "released" by "cinder.volume.drivers.quobyte.QuobyteDriver.create_snapshot" :: held 2.305s {{(pid=82645) inner /opt/stack/data/venv/lib/python3.10/site-packages/oslo_concurrency/lockutils.py:538}}
Feb 24 09:59:40 devstack cinder-volume[82645]: INFO cinder.volume.manager [None req-f7b9a383-6b92-4208-af7f-1260e3635ff7 tempest-SnapshotsActionsTest-1447499411 None] Create snapshot completed successfully
Feb 24 09:59:41 devstack cinder-volume[82645]: DEBUG cinder.coordination [None req-6a5a0b8d-8056-4e0e-8a11-b8146504fa74 tempest-SnapshotsActionsTest-961291329 None] Acquiring lock "cinder-d0931de5-213a-4f94-bb9c-46a51237f287-delete_snapshot" by "delete_snapshot" {{(pid=82645) __acquire /opt/stack/cinder/cinder/coordination.py:138}}
Feb 24 09:59:41 devstack cinder-volume[82645]: DEBUG cinder.coordination [None req-6a5a0b8d-8056-4e0e-8a11-b8146504fa74 tempest-SnapshotsActionsTest-961291329 None] Lock "cinder-d0931de5-213a-4f94-bb9c-46a51237f287-delete_snapshot" acquired by "delete_snapshot" :: waited 0.010s {{(pid=82645) __acquire /opt/stack/cinder/cinder/coordination.py:141}}
Feb 24 09:59:41 devstack cinder-volume[82645]: DEBUG cinder.coordination [None req-6a5a0b8d-8056-4e0e-8a11-b8146504fa74 tempest-SnapshotsActionsTest-961291329 None] Acquiring lock "cinder-quobyte-4420b331-fbea-4fc6-b41a-aa1ac3781325" by "delete_snapshot" {{(pid=82645) __acquire /opt/stack/cinder/cinder/coordination.py:138}}
Feb 24 09:59:41 devstack cinder-volume[82645]: DEBUG cinder.coordination [None req-6a5a0b8d-8056-4e0e-8a11-b8146504fa74 tempest-SnapshotsActionsTest-961291329 None] Lock "cinder-quobyte-4420b331-fbea-4fc6-b41a-aa1ac3781325" acquired by "delete_snapshot" :: waited 0.011s {{(pid=82645) __acquire /opt/stack/cinder/cinder/coordination.py:141}}
Feb 24 09:59:41 devstack cinder-volume[82645]: DEBUG cinder.coordination [None req-6a5a0b8d-8056-4e0e-8a11-b8146504fa74 tempest-SnapshotsActionsTest-961291329 None] Acquiring lock "cinder-quobyte-d0931de5-213a-4f94-bb9c-46a51237f287" by "_delete_snapshot" {{(pid=82645) __acquire /opt/stack/cinder/cinder/coordination.py:138}}
Feb 24 09:59:41 devstack cinder-volume[82645]: DEBUG cinder.coordination [None req-6a5a0b8d-8056-4e0e-8a11-b8146504fa74 tempest-SnapshotsActionsTest-961291329 None] Lock "cinder-quobyte-d0931de5-213a-4f94-bb9c-46a51237f287" acquired by "_delete_snapshot" :: waited 0.011s {{(pid=82645) __acquire /opt/stack/cinder/cinder/coordination.py:141}}
Feb 24 09:59:41 devstack cinder-volume[82645]: DEBUG cinder.volume.drivers.remotefs [None req-6a5a0b8d-8056-4e0e-8a11-b8146504fa74 tempest-SnapshotsActionsTest-961291329 None] Deleting offline snapshot d0931de5-213a-4f94-bb9c-46a51237f287 of volume 4420b331-fbea-4fc6-b41a-aa1ac3781325 {{(pid=82645) _delete_snapshot /opt/stack/cinder/cinder/volume/drivers/remotefs.py:1288}}
Feb 24 09:59:41 devstack cinder-volume[82645]: DEBUG cinder.volume.drivers.remotefs [None req-6a5a0b8d-8056-4e0e-8a11-b8146504fa74 tempest-SnapshotsActionsTest-961291329 None] snapshot_file for this snap is: volume-4420b331-fbea-4fc6-b41a-aa1ac3781325.d0931de5-213a-4f94-bb9c-46a51237f287 {{(pid=82645) _delete_snapshot /opt/stack/cinder/cinder/volume/drivers/remotefs.py:1317}}
Feb 24 09:59:41 devstack cinder-volume[82645]: DEBUG oslo.privsep.daemon [-] privsep: reply[15ff22e7-5d97-43e0-921e-470e866ec598]: (4, 'qcow2') {{(pid=83387) _call_back /opt/stack/data/venv/lib/python3.10/site-packages/oslo_privsep/daemon.py:573}}
Feb 24 09:59:41 devstack cinder-volume[82645]: DEBUG oslo_concurrency.processutils [None req-6a5a0b8d-8056-4e0e-8a11-b8146504fa74 tempest-SnapshotsActionsTest-961291329 None] Running cmd (subprocess): /opt/stack/data/venv/bin/python3.10 -m oslo_concurrency.prlimit --as=1073741824 --cpu=60 -- sudo cinder-rootwrap /etc/cinder/rootwrap.conf env LC_ALL=C qemu-img info -f qcow2 --output=json --force-share /opt/stack/data/cinder/mnt/a0bd65bfc48e4c4ff14a78c46412b0d0/volume-4420b331-fbea-4fc6-b41a-aa1ac3781325.d0931de5-213a-4f94-bb9c-46a51237f287 {{(pid=82645) execute /opt/stack/data/venv/lib/python3.10/site-packages/oslo_concurrency/processutils.py:440}}
Feb 24 09:59:41 devstack sudo[85781]: quobyte : PWD=/ ; USER=root ; COMMAND=/opt/stack/data/venv/bin/cinder-rootwrap /etc/cinder/rootwrap.conf env LC_ALL=C qemu-img info -f qcow2 --output=json --force-share /opt/stack/data/cinder/mnt/a0bd65bfc48e4c4ff14a78c46412b0d0/volume-4420b331-fbea-4fc6-b41a-aa1ac3781325.d0931de5-213a-4f94-bb9c-46a51237f287
Feb 24 09:59:41 devstack sudo[85781]: pam_unix(sudo:session): session opened for user root(uid=0) by (uid=1000)
Feb 24 09:59:41 devstack sudo[85781]: pam_unix(sudo:session): session closed for user root
Feb 24 09:59:41 devstack cinder-volume[82645]: DEBUG oslo_concurrency.processutils [None req-6a5a0b8d-8056-4e0e-8a11-b8146504fa74 tempest-SnapshotsActionsTest-961291329 None] CMD "/opt/stack/data/venv/bin/python3.10 -m oslo_concurrency.prlimit --as=1073741824 --cpu=60 -- sudo cinder-rootwrap /etc/cinder/rootwrap.conf env LC_ALL=C qemu-img info -f qcow2 --output=json --force-share /opt/stack/data/cinder/mnt/a0bd65bfc48e4c4ff14a78c46412b0d0/volume-4420b331-fbea-4fc6-b41a-aa1ac3781325.d0931de5-213a-4f94-bb9c-46a51237f287" returned: 0 in 0.598s {{(pid=82645) execute /opt/stack/data/venv/lib/python3.10/site-packages/oslo_concurrency/processutils.py:468}}
Feb 24 09:59:41 devstack cinder-volume[82645]: DEBUG cinder.volume.drivers.remotefs [None req-6a5a0b8d-8056-4e0e-8a11-b8146504fa74 tempest-SnapshotsActionsTest-961291329 None] Fetching qemu-img info with special backing_file_template: (/opt/stack/data/cinder/mnt/[0-9a-f]+/)?(volume-4420b331-fbea-4fc6-b41a-aa1ac3781325(.(tmp-snap-)?[0-9a-f-]+)?|volume_from_snapshot_cache/(tmp-snap-)?[0-9a-f-]+(.(child-|parent-)[0-9a-f-]+)?)$ {{(pid=82645) _qemu_img_info_base /opt/stack/cinder/cinder/volume/drivers/remotefs.py:896}}
Feb 24 09:59:41 devstack cinder-volume[82645]: DEBUG oslo.privsep.daemon [-] privsep: reply[d24ae8ce-1bfb-4657-97f5-2c203eb611cb]: (4, 'qcow2') {{(pid=83387) _call_back /opt/stack/data/venv/lib/python3.10/site-packages/oslo_privsep/daemon.py:573}}
Feb 24 09:59:41 devstack cinder-volume[82645]: DEBUG oslo_concurrency.processutils [None req-6a5a0b8d-8056-4e0e-8a11-b8146504fa74 tempest-SnapshotsActionsTest-961291329 None] Running cmd (subprocess): /opt/stack/data/venv/bin/python3.10 -m oslo_concurrency.prlimit --as=1073741824 --cpu=60 -- sudo cinder-rootwrap /etc/cinder/rootwrap.conf env LC_ALL=C qemu-img info -f qcow2 --output=json --force-share /opt/stack/data/cinder/mnt/a0bd65bfc48e4c4ff14a78c46412b0d0/volume-4420b331-fbea-4fc6-b41a-aa1ac3781325.5bb34976-08de-4148-9771-bf7f27d08fa5 {{(pid=82645) execute /opt/stack/data/venv/lib/python3.10/site-packages/oslo_concurrency/processutils.py:440}}
Feb 24 09:59:41 devstack sudo[85786]: quobyte : PWD=/ ; USER=root ; COMMAND=/opt/stack/data/venv/bin/cinder-rootwrap /etc/cinder/rootwrap.conf env LC_ALL=C qemu-img info -f qcow2 --output=json --force-share /opt/stack/data/cinder/mnt/a0bd65bfc48e4c4ff14a78c46412b0d0/volume-4420b331-fbea-4fc6-b41a-aa1ac3781325.5bb34976-08de-4148-9771-bf7f27d08fa5
Feb 24 09:59:41 devstack sudo[85786]: pam_unix(sudo:session): session opened for user root(uid=0) by (uid=1000)
Feb 24 09:59:42 devstack sudo[85786]: pam_unix(sudo:session): session closed for user root
Feb 24 09:59:42 devstack cinder-volume[82645]: DEBUG oslo_concurrency.processutils [None req-6a5a0b8d-8056-4e0e-8a11-b8146504fa74 tempest-SnapshotsActionsTest-961291329 None] CMD "/opt/stack/data/venv/bin/python3.10 -m oslo_concurrency.prlimit --as=1073741824 --cpu=60 -- sudo cinder-rootwrap /etc/cinder/rootwrap.conf env LC_ALL=C qemu-img info -f qcow2 --output=json --force-share /opt/stack/data/cinder/mnt/a0bd65bfc48e4c4ff14a78c46412b0d0/volume-4420b331-fbea-4fc6-b41a-aa1ac3781325.5bb34976-08de-4148-9771-bf7f27d08fa5" returned: 0 in 0.680s {{(pid=82645) execute /opt/stack/data/venv/lib/python3.10/site-packages/oslo_concurrency/processutils.py:468}}
Feb 24 09:59:42 devstack cinder-volume[82645]: DEBUG cinder.volume.drivers.remotefs [None req-6a5a0b8d-8056-4e0e-8a11-b8146504fa74 tempest-SnapshotsActionsTest-961291329 None] Fetching qemu-img info with special backing_file_template: (/opt/stack/data/cinder/mnt/[0-9a-f]+/)?(volume-4420b331-fbea-4fc6-b41a-aa1ac3781325(.(tmp-snap-)?[0-9a-f-]+)?|volume_from_snapshot_cache/(tmp-snap-)?[0-9a-f-]+(.(child-|parent-)[0-9a-f-]+)?)$ {{(pid=82645) _qemu_img_info_base /opt/stack/cinder/cinder/volume/drivers/remotefs.py:896}}
Feb 24 09:59:42 devstack cinder-volume[82645]: DEBUG oslo_concurrency.processutils [None req-6a5a0b8d-8056-4e0e-8a11-b8146504fa74 tempest-SnapshotsActionsTest-961291329 None] Running cmd (subprocess): sudo cinder-rootwrap /etc/cinder/rootwrap.conf qemu-img commit -d /opt/stack/data/cinder/mnt/a0bd65bfc48e4c4ff14a78c46412b0d0/volume-4420b331-fbea-4fc6-b41a-aa1ac3781325.d0931de5-213a-4f94-bb9c-46a51237f287 {{(pid=82645) execute /opt/stack/data/venv/lib/python3.10/site-packages/oslo_concurrency/processutils.py:440}}
Feb 24 09:59:42 devstack sudo[85791]: quobyte : PWD=/ ; USER=root ; COMMAND=/opt/stack/data/venv/bin/cinder-rootwrap /etc/cinder/rootwrap.conf qemu-img commit -d /opt/stack/data/cinder/mnt/a0bd65bfc48e4c4ff14a78c46412b0d0/volume-4420b331-fbea-4fc6-b41a-aa1ac3781325.d0931de5-213a-4f94-bb9c-46a51237f287
Feb 24 09:59:42 devstack sudo[85791]: pam_unix(sudo:session): session opened for user root(uid=0) by (uid=1000)
Feb 24 09:59:43 devstack sudo[85791]: pam_unix(sudo:session): session closed for user root
Feb 24 09:59:43 devstack cinder-volume[82645]: DEBUG oslo_concurrency.processutils [None req-6a5a0b8d-8056-4e0e-8a11-b8146504fa74 tempest-SnapshotsActionsTest-961291329 None] CMD "sudo cinder-rootwrap /etc/cinder/rootwrap.conf qemu-img commit -d /opt/stack/data/cinder/mnt/a0bd65bfc48e4c4ff14a78c46412b0d0/volume-4420b331-fbea-4fc6-b41a-aa1ac3781325.d0931de5-213a-4f94-bb9c-46a51237f287" returned: 0 in 0.776s {{(pid=82645) execute /opt/stack/data/venv/lib/python3.10/site-packages/oslo_concurrency/processutils.py:468}}
Feb 24 09:59:43 devstack cinder-volume[82645]: DEBUG oslo_concurrency.processutils [None req-6a5a0b8d-8056-4e0e-8a11-b8146504fa74 tempest-SnapshotsActionsTest-961291329 None] Running cmd (subprocess): sudo cinder-rootwrap /etc/cinder/rootwrap.conf rm -f /opt/stack/data/cinder/mnt/a0bd65bfc48e4c4ff14a78c46412b0d0/volume-4420b331-fbea-4fc6-b41a-aa1ac3781325.d0931de5-213a-4f94-bb9c-46a51237f287 {{(pid=82645) execute /opt/stack/data/venv/lib/python3.10/site-packages/oslo_concurrency/processutils.py:440}}
Feb 24 09:59:43 devstack sudo[85796]: quobyte : PWD=/ ; USER=root ; COMMAND=/opt/stack/data/venv/bin/cinder-rootwrap /etc/cinder/rootwrap.conf rm -f /opt/stack/data/cinder/mnt/a0bd65bfc48e4c4ff14a78c46412b0d0/volume-4420b331-fbea-4fc6-b41a-aa1ac3781325.d0931de5-213a-4f94-bb9c-46a51237f287
Feb 24 09:59:43 devstack sudo[85796]: pam_unix(sudo:session): session opened for user root(uid=0) by (uid=1000)
Feb 24 09:59:43 devstack cinder-volume[82645]: DEBUG oslo_concurrency.lockutils [None req-5a0b3993-0576-4c4f-8121-9f333b855db1 tempest-VolumesActionsTest-1986053646 None] Acquiring lock "quobyte" by "cinder.volume.drivers.quobyte.QuobyteDriver.copy_volume_to_image" {{(pid=82645) inner /opt/stack/data/venv/lib/python3.10/site-packages/oslo_concurrency/lockutils.py:506}}
Feb 24 09:59:43 devstack cinder-volume[82645]: DEBUG oslo_concurrency.lockutils [None req-5a0b3993-0576-4c4f-8121-9f333b855db1 tempest-VolumesActionsTest-1986053646 None] Lock "quobyte" acquired by "cinder.volume.drivers.quobyte.QuobyteDriver.copy_volume_to_image" :: waited 0.001s {{(pid=82645) inner /opt/stack/data/venv/lib/python3.10/site-packages/oslo_concurrency/lockutils.py:519}}
Feb 24 09:59:43 devstack cinder-volume[82645]: DEBUG oslo.privsep.daemon [-] privsep: reply[040f237e-a3f9-462a-aa3f-74f14221d01f]: (4, 'qcow2') {{(pid=83387) _call_back /opt/stack/data/venv/lib/python3.10/site-packages/oslo_privsep/daemon.py:573}}
Feb 24 09:59:43 devstack cinder-volume[82645]: DEBUG oslo_concurrency.processutils [None req-5a0b3993-0576-4c4f-8121-9f333b855db1 tempest-VolumesActionsTest-1986053646 None] Running cmd (subprocess): /opt/stack/data/venv/bin/python3.10 -m oslo_concurrency.prlimit --as=1073741824 --cpu=60 -- sudo cinder-rootwrap /etc/cinder/rootwrap.conf env LC_ALL=C qemu-img info -f qcow2 --output=json --force-share /opt/stack/data/cinder/mnt/a0bd65bfc48e4c4ff14a78c46412b0d0/volume-bf521f3a-70e2-4cc6-ae38-dfd0c9159eca {{(pid=82645) execute /opt/stack/data/venv/lib/python3.10/site-packages/oslo_concurrency/processutils.py:440}}
Feb 24 09:59:43 devstack sudo[85796]: pam_unix(sudo:session): session closed for user root
Feb 24 09:59:43 devstack cinder-volume[82645]: DEBUG oslo_concurrency.processutils [None req-6a5a0b8d-8056-4e0e-8a11-b8146504fa74 tempest-SnapshotsActionsTest-961291329 None] CMD "sudo cinder-rootwrap /etc/cinder/rootwrap.conf rm -f /opt/stack/data/cinder/mnt/a0bd65bfc48e4c4ff14a78c46412b0d0/volume-4420b331-fbea-4fc6-b41a-aa1ac3781325.d0931de5-213a-4f94-bb9c-46a51237f287" returned: 0 in 0.538s {{(pid=82645) execute /opt/stack/data/venv/lib/python3.10/site-packages/oslo_concurrency/processutils.py:468}}
Feb 24 09:59:43 devstack cinder-volume[82645]: DEBUG cinder.coordination [None req-6a5a0b8d-8056-4e0e-8a11-b8146504fa74 tempest-SnapshotsActionsTest-961291329 None] Lock "cinder-quobyte-d0931de5-213a-4f94-bb9c-46a51237f287" released by "_delete_snapshot" :: held 2.657s {{(pid=82645) __release /opt/stack/cinder/cinder/coordination.py:152}}
Feb 24 09:59:43 devstack cinder-volume[82645]: DEBUG cinder.coordination [None req-6a5a0b8d-8056-4e0e-8a11-b8146504fa74 tempest-SnapshotsActionsTest-961291329 None] Lock "cinder-quobyte-4420b331-fbea-4fc6-b41a-aa1ac3781325" released by "delete_snapshot" :: held 2.673s {{(pid=82645) __release /opt/stack/cinder/cinder/coordination.py:152}}
Feb 24 09:59:43 devstack sudo[85801]: quobyte : PWD=/ ; USER=root ; COMMAND=/opt/stack/data/venv/bin/cinder-rootwrap /etc/cinder/rootwrap.conf env LC_ALL=C qemu-img info -f qcow2 --output=json --force-share /opt/stack/data/cinder/mnt/a0bd65bfc48e4c4ff14a78c46412b0d0/volume-bf521f3a-70e2-4cc6-ae38-dfd0c9159eca
Feb 24 09:59:43 devstack sudo[85801]: pam_unix(sudo:session): session opened for user root(uid=0) by (uid=1000)
Feb 24 09:59:43 devstack cinder-volume[82645]: DEBUG cinder.quota [None req-6a5a0b8d-8056-4e0e-8a11-b8146504fa74 tempest-SnapshotsActionsTest-961291329 None] Created reservations ['b89e2e70-31a0-4204-b41a-d99f3b48711d', '4661ab53-07ff-483d-9691-fd7d16b157d9', '2ca6a092-ac6a-405b-ac13-05bf4e17100b', 'b316547b-5217-4a1e-9171-4732b6f97941'] {{(pid=82645) reserve /opt/stack/cinder/cinder/quota.py:752}}
Feb 24 09:59:43 devstack cinder-volume[82645]: INFO cinder.volume.manager [None req-6a5a0b8d-8056-4e0e-8a11-b8146504fa74 tempest-SnapshotsActionsTest-961291329 None] Delete snapshot completed successfully.
Feb 24 09:59:43 devstack cinder-volume[82645]: DEBUG cinder.coordination [None req-6a5a0b8d-8056-4e0e-8a11-b8146504fa74 tempest-SnapshotsActionsTest-961291329 None] Lock "cinder-d0931de5-213a-4f94-bb9c-46a51237f287-delete_snapshot" released by "delete_snapshot" :: held 2.786s {{(pid=82645) __release /opt/stack/cinder/cinder/coordination.py:152}}
Feb 24 09:59:44 devstack sudo[85801]: pam_unix(sudo:session): session closed for user root
Feb 24 09:59:44 devstack cinder-volume[82645]: DEBUG oslo_concurrency.processutils [None req-5a0b3993-0576-4c4f-8121-9f333b855db1 tempest-VolumesActionsTest-1986053646 None] CMD "/opt/stack/data/venv/bin/python3.10 -m oslo_concurrency.prlimit --as=1073741824 --cpu=60 -- sudo cinder-rootwrap /etc/cinder/rootwrap.conf env LC_ALL=C qemu-img info -f qcow2 --output=json --force-share /opt/stack/data/cinder/mnt/a0bd65bfc48e4c4ff14a78c46412b0d0/volume-bf521f3a-70e2-4cc6-ae38-dfd0c9159eca" returned: 0 in 0.617s {{(pid=82645) execute /opt/stack/data/venv/lib/python3.10/site-packages/oslo_concurrency/processutils.py:468}}
Feb 24 09:59:44 devstack cinder-volume[82645]: DEBUG oslo.privsep.daemon [-] privsep: reply[00623108-12b9-40aa-b913-935fd1b40826]: (4, 'qcow2') {{(pid=83387) _call_back /opt/stack/data/venv/lib/python3.10/site-packages/oslo_privsep/daemon.py:573}}
Feb 24 09:59:44 devstack cinder-volume[82645]: DEBUG oslo_concurrency.processutils [None req-5a0b3993-0576-4c4f-8121-9f333b855db1 tempest-VolumesActionsTest-1986053646 None] Running cmd (subprocess): /opt/stack/data/venv/bin/python3.10 -m oslo_concurrency.prlimit --as=1073741824 --cpu=60 -- sudo cinder-rootwrap /etc/cinder/rootwrap.conf env LC_ALL=C qemu-img info -f qcow2 --output=json /opt/stack/data/cinder/mnt/a0bd65bfc48e4c4ff14a78c46412b0d0/volume-bf521f3a-70e2-4cc6-ae38-dfd0c9159eca {{(pid=82645) execute /opt/stack/data/venv/lib/python3.10/site-packages/oslo_concurrency/processutils.py:440}}
Feb 24 09:59:44 devstack sudo[85807]: quobyte : PWD=/ ; USER=root ; COMMAND=/opt/stack/data/venv/bin/cinder-rootwrap /etc/cinder/rootwrap.conf env LC_ALL=C qemu-img info -f qcow2 --output=json /opt/stack/data/cinder/mnt/a0bd65bfc48e4c4ff14a78c46412b0d0/volume-bf521f3a-70e2-4cc6-ae38-dfd0c9159eca
Feb 24 09:59:44 devstack sudo[85807]: pam_unix(sudo:session): session opened for user root(uid=0) by (uid=1000)
Feb 24 09:59:44 devstack cinder-volume[82645]: DEBUG cinder.coordination [None req-eb6d7992-81d4-4018-ab88-b62077d0d0d5 tempest-SnapshotsActionsTest-1447499411 None] Acquiring lock "cinder-5bb34976-08de-4148-9771-bf7f27d08fa5-delete_snapshot" by "delete_snapshot" {{(pid=82645) __acquire /opt/stack/cinder/cinder/coordination.py:138}}
Feb 24 09:59:44 devstack cinder-volume[82645]: DEBUG cinder.coordination [None req-eb6d7992-81d4-4018-ab88-b62077d0d0d5 tempest-SnapshotsActionsTest-1447499411 None] Lock "cinder-5bb34976-08de-4148-9771-bf7f27d08fa5-delete_snapshot" acquired by "delete_snapshot" :: waited 0.011s {{(pid=82645) __acquire /opt/stack/cinder/cinder/coordination.py:141}}
Feb 24 09:59:44 devstack cinder-volume[82645]: DEBUG cinder.coordination [None req-eb6d7992-81d4-4018-ab88-b62077d0d0d5 tempest-SnapshotsActionsTest-1447499411 None] Acquiring lock "cinder-quobyte-4420b331-fbea-4fc6-b41a-aa1ac3781325" by "delete_snapshot" {{(pid=82645) __acquire /opt/stack/cinder/cinder/coordination.py:138}}
Feb 24 09:59:44 devstack cinder-volume[82645]: DEBUG cinder.coordination [None req-eb6d7992-81d4-4018-ab88-b62077d0d0d5 tempest-SnapshotsActionsTest-1447499411 None] Lock "cinder-quobyte-4420b331-fbea-4fc6-b41a-aa1ac3781325" acquired by "delete_snapshot" :: waited 0.012s {{(pid=82645) __acquire /opt/stack/cinder/cinder/coordination.py:141}}
Feb 24 09:59:44 devstack cinder-volume[82645]: DEBUG cinder.coordination [None req-eb6d7992-81d4-4018-ab88-b62077d0d0d5 tempest-SnapshotsActionsTest-1447499411 None] Acquiring lock "cinder-quobyte-5bb34976-08de-4148-9771-bf7f27d08fa5" by "_delete_snapshot" {{(pid=82645) __acquire /opt/stack/cinder/cinder/coordination.py:138}}
Feb 24 09:59:44 devstack cinder-volume[82645]: DEBUG cinder.coordination [None req-eb6d7992-81d4-4018-ab88-b62077d0d0d5 tempest-SnapshotsActionsTest-1447499411 None] Lock "cinder-quobyte-5bb34976-08de-4148-9771-bf7f27d08fa5" acquired by "_delete_snapshot" :: waited 0.008s {{(pid=82645) __acquire /opt/stack/cinder/cinder/coordination.py:141}}
Feb 24 09:59:44 devstack cinder-volume[82645]: DEBUG cinder.volume.drivers.remotefs [None req-eb6d7992-81d4-4018-ab88-b62077d0d0d5 tempest-SnapshotsActionsTest-1447499411 None] Deleting offline snapshot 5bb34976-08de-4148-9771-bf7f27d08fa5 of volume 4420b331-fbea-4fc6-b41a-aa1ac3781325 {{(pid=82645) _delete_snapshot /opt/stack/cinder/cinder/volume/drivers/remotefs.py:1288}}
Feb 24 09:59:44 devstack cinder-volume[82645]: DEBUG cinder.volume.drivers.remotefs [None req-eb6d7992-81d4-4018-ab88-b62077d0d0d5 tempest-SnapshotsActionsTest-1447499411 None] snapshot_file for this snap is: volume-4420b331-fbea-4fc6-b41a-aa1ac3781325.5bb34976-08de-4148-9771-bf7f27d08fa5 {{(pid=82645) _delete_snapshot /opt/stack/cinder/cinder/volume/drivers/remotefs.py:1317}}
Feb 24 09:59:44 devstack cinder-volume[82645]: DEBUG oslo.privsep.daemon [-] privsep: reply[627e2f5a-bff9-4e8d-ab79-a4ba2e7438f3]: (4, 'qcow2') {{(pid=83387) _call_back /opt/stack/data/venv/lib/python3.10/site-packages/oslo_privsep/daemon.py:573}}
