Jun 05 16:42:00 devstack cinder-volume[86589]: DEBUG cinder.volume.manager [None req-5981055c-220b-4d30-9507-2e896af0c41d tempest-VolumesSnapshotListTestJSON-1878687204 None] Task 'cinder.volume.flows.manager.create_volume.ExtractVolumeSpecTask;volume:create' (b125a527-69fe-443c-8092-3211893510e7) transitioned into state 'SUCCESS' from state 'RUNNING' with result '{'status': 'creating', 'type': 'raw', 'volume_id': '94ca94ce-0406-437a-a1ac-09a17d24ed94', 'volume_name': 'volume-94ca94ce-0406-437a-a1ac-09a17d24ed94', 'volume_size': 1}' {{(pid=86589) _task_receiver /opt/stack/data/venv/lib/python3.12/site-packages/taskflow/listeners/logging.py:182}}
Jun 05 16:42:00 devstack cinder-volume[86589]: DEBUG cinder.volume.manager [None req-5981055c-220b-4d30-9507-2e896af0c41d tempest-VolumesSnapshotListTestJSON-1878687204 None] Task 'cinder.volume.flows.manager.create_volume.NotifyVolumeActionTask;volume:create, create.start' (42258691-c108-45e8-bbd3-4b4afc18d875) transitioned into state 'RUNNING' from state 'PENDING' {{(pid=86589) _task_receiver /opt/stack/data/venv/lib/python3.12/site-packages/taskflow/listeners/logging.py:194}}
Jun 05 16:42:00 devstack cinder-volume[86589]: DEBUG cinder.volume.manager [None req-5981055c-220b-4d30-9507-2e896af0c41d tempest-VolumesSnapshotListTestJSON-1878687204 None] Task 'cinder.volume.flows.manager.create_volume.NotifyVolumeActionTask;volume:create, create.start' (42258691-c108-45e8-bbd3-4b4afc18d875) transitioned into state 'SUCCESS' from state 'RUNNING' with result 'None' {{(pid=86589) _task_receiver /opt/stack/data/venv/lib/python3.12/site-packages/taskflow/listeners/logging.py:182}}
Jun 05 16:42:00 devstack cinder-volume[86589]: DEBUG cinder.volume.manager [None req-5981055c-220b-4d30-9507-2e896af0c41d tempest-VolumesSnapshotListTestJSON-1878687204 None] Task 'cinder.volume.flows.manager.create_volume.CreateVolumeFromSpecTask;volume:create' (8fc4bcc5-3960-4498-ab69-8c8e48baffe3) transitioned into state 'RUNNING' from state 'PENDING' {{(pid=86589) _task_receiver /opt/stack/data/venv/lib/python3.12/site-packages/taskflow/listeners/logging.py:194}}
Jun 05 16:42:00 devstack cinder-volume[86589]: INFO cinder.volume.flows.manager.create_volume [None req-5981055c-220b-4d30-9507-2e896af0c41d tempest-VolumesSnapshotListTestJSON-1878687204 None] Volume 94ca94ce-0406-437a-a1ac-09a17d24ed94: being created as raw with specification: {'status': 'creating', 'volume_name': 'volume-94ca94ce-0406-437a-a1ac-09a17d24ed94', 'volume_size': 1}
Jun 05 16:42:00 devstack cinder-volume[86589]: DEBUG oslo_concurrency.lockutils [None req-5981055c-220b-4d30-9507-2e896af0c41d tempest-VolumesSnapshotListTestJSON-1878687204 None] Acquiring lock "quobyte" by "cinder.volume.drivers.quobyte.QuobyteDriver.create_volume" {{(pid=86589) inner /opt/stack/data/venv/lib/python3.12/site-packages/oslo_concurrency/lockutils.py:506}}
Jun 05 16:42:01 devstack sudo[90340]: pam_unix(sudo:session): session closed for user root
Jun 05 16:42:01 devstack cinder-volume[86589]: DEBUG oslo_concurrency.processutils [req-6bb196e8-0429-4478-8d26-89c0d456755a req-4ef6dc9c-731c-48e0-823b-73621c71eb65 tempest-VolumesGetTestJSON-1561134607 None] CMD "sudo cinder-rootwrap /etc/cinder/rootwrap.conf qemu-img create -f qcow2 -o preallocation=metadata /opt/stack/data/cinder/mnt/50d583997b0f7fc1034ed909a0103694/volume-bb6fae7c-d3b8-4baa-b2c7-f11483c9f595 1073741824" returned: 0 in 1.142s {{(pid=86589) execute /opt/stack/data/venv/lib/python3.12/site-packages/oslo_concurrency/processutils.py:468}}
Jun 05 16:42:01 devstack cinder-volume[86589]: DEBUG oslo_concurrency.processutils [req-6bb196e8-0429-4478-8d26-89c0d456755a req-4ef6dc9c-731c-48e0-823b-73621c71eb65 tempest-VolumesGetTestJSON-1561134607 None] Running cmd (subprocess): sudo cinder-rootwrap /etc/cinder/rootwrap.conf chmod ugo+rw /opt/stack/data/cinder/mnt/50d583997b0f7fc1034ed909a0103694/volume-bb6fae7c-d3b8-4baa-b2c7-f11483c9f595 {{(pid=86589) execute /opt/stack/data/venv/lib/python3.12/site-packages/oslo_concurrency/processutils.py:440}}
Jun 05 16:42:01 devstack sudo[90347]: quobyte : PWD=/ ; USER=root ; COMMAND=/opt/stack/data/venv/bin/cinder-rootwrap /etc/cinder/rootwrap.conf chmod ugo+rw /opt/stack/data/cinder/mnt/50d583997b0f7fc1034ed909a0103694/volume-bb6fae7c-d3b8-4baa-b2c7-f11483c9f595
Jun 05 16:42:01 devstack sudo[90347]: pam_unix(sudo:session): session opened for user root(uid=0) by (uid=1000)
Jun 05 16:42:01 devstack sudo[90347]: pam_unix(sudo:session): session closed for user root
Jun 05 16:42:01 devstack cinder-volume[86589]: DEBUG oslo_concurrency.processutils [req-6bb196e8-0429-4478-8d26-89c0d456755a req-4ef6dc9c-731c-48e0-823b-73621c71eb65 tempest-VolumesGetTestJSON-1561134607 None] CMD "sudo cinder-rootwrap /etc/cinder/rootwrap.conf chmod ugo+rw /opt/stack/data/cinder/mnt/50d583997b0f7fc1034ed909a0103694/volume-bb6fae7c-d3b8-4baa-b2c7-f11483c9f595" returned: 0 in 0.659s {{(pid=86589) execute /opt/stack/data/venv/lib/python3.12/site-packages/oslo_concurrency/processutils.py:468}}
Jun 05 16:42:01 devstack cinder-volume[86589]: DEBUG cinder.volume.drivers.quobyte [req-6bb196e8-0429-4478-8d26-89c0d456755a req-4ef6dc9c-731c-48e0-823b-73621c71eb65 tempest-VolumesGetTestJSON-1561134607 None] <== create_volume: return (1852ms) {'provider_location': 'osci02.corp.quobyte.com/cinder-vol-f76b58d2-3653-489d-9c17-8da0a708aa4e'} {{(pid=86589) trace_logging_wrapper /opt/stack/cinder/cinder/volume/volume_utils.py:1523}}
Jun 05 16:42:01 devstack cinder-volume[86589]: DEBUG oslo_concurrency.lockutils [req-6bb196e8-0429-4478-8d26-89c0d456755a req-4ef6dc9c-731c-48e0-823b-73621c71eb65 tempest-VolumesGetTestJSON-1561134607 None] Lock "quobyte" "released" by "cinder.volume.drivers.quobyte.QuobyteDriver.create_volume" :: held 1.855s {{(pid=86589) inner /opt/stack/data/venv/lib/python3.12/site-packages/oslo_concurrency/lockutils.py:538}}
Jun 05 16:42:01 devstack cinder-volume[86589]: DEBUG oslo_concurrency.lockutils [None req-5981055c-220b-4d30-9507-2e896af0c41d tempest-VolumesSnapshotListTestJSON-1878687204 None] Lock "quobyte" acquired by "cinder.volume.drivers.quobyte.QuobyteDriver.create_volume" :: waited 1.173s {{(pid=86589) inner /opt/stack/data/venv/lib/python3.12/site-packages/oslo_concurrency/lockutils.py:519}}
Jun 05 16:42:01 devstack cinder-volume[86589]: DEBUG cinder.volume.drivers.quobyte [None req-5981055c-220b-4d30-9507-2e896af0c41d tempest-VolumesSnapshotListTestJSON-1878687204 None] ==> create_volume: call "{'self': , 'volume': Volume(_name_id=None,admin_metadata=,attach_status='detached',availability_zone='nova',bootable=False,cluster=,cluster_name=None,consistencygroup=,consistencygroup_id=None,created_at=2026-06-05T14:42:00Z,deleted=False,deleted_at=None,display_description=None,display_name='tempest-VolumesSnapshotListTestJSON-Volume-1536251443',ec2_id=None,encryption_key_id=None,glance_metadata=,group=,group_id=None,host='devstack@QuobyteHD#QuobyteHD',id=94ca94ce-0406-437a-a1ac-09a17d24ed94,launched_at=None,metadata={},migration_status=None,multiattach=False,previous_status=None,project_id='a789986b701c4708a460911aef66b557',provider_auth=None,provider_geometry=None,provider_id=None,provider_location=None,replication_driver_data=None,replication_extended_status=None,replication_status=None,scheduled_at=2026-06-05T14:42:00Z,service_uuid=None,shared_targets=True,size=1,snapshot_id=None,snapshots=,source_volid=None,status='creating',terminated_at=None,updated_at=2026-06-05T14:42:00Z,use_quota=True,user_id='161ea5577fcf4ed5a9afedb4ed9e6ca4',volume_attachment=VolumeAttachmentList,volume_type=VolumeType(30e484d0-56ba-4e4a-9604-56effe96425c),volume_type_id=30e484d0-56ba-4e4a-9604-56effe96425c)}" {{(pid=86589) trace_logging_wrapper /opt/stack/cinder/cinder/volume/volume_utils.py:1498}}
Jun 05 16:42:01 devstack cinder-volume[86589]: DEBUG cinder.volume.drivers.remotefs [None req-5981055c-220b-4d30-9507-2e896af0c41d tempest-VolumesSnapshotListTestJSON-1878687204 None] Creating volume 94ca94ce-0406-437a-a1ac-09a17d24ed94 {{(pid=86589) create_volume /opt/stack/cinder/cinder/volume/drivers/remotefs.py:292}}
Jun 05 16:42:01 devstack cinder-volume[86589]: DEBUG oslo_concurrency.lockutils [None req-5981055c-220b-4d30-9507-2e896af0c41d tempest-VolumesSnapshotListTestJSON-1878687204 None] Acquiring lock "quobyte_ensure" by "cinder.volume.drivers.quobyte.QuobyteDriver._ensure_shares_mounted" {{(pid=86589) inner /opt/stack/data/venv/lib/python3.12/site-packages/oslo_concurrency/lockutils.py:506}}
Jun 05 16:42:01 devstack cinder-volume[86589]: DEBUG oslo_concurrency.lockutils [None req-5981055c-220b-4d30-9507-2e896af0c41d tempest-VolumesSnapshotListTestJSON-1878687204 None] Lock "quobyte_ensure" acquired by "cinder.volume.drivers.quobyte.QuobyteDriver._ensure_shares_mounted" :: waited 0.000s {{(pid=86589) inner /opt/stack/data/venv/lib/python3.12/site-packages/oslo_concurrency/lockutils.py:519}}
Jun 05 16:42:01 devstack cinder-volume[86589]: DEBUG cinder.volume.drivers.quobyte [None req-5981055c-220b-4d30-9507-2e896af0c41d tempest-VolumesSnapshotListTestJSON-1878687204 None] Quobyte Volume URL set to: {'osci02.corp.quobyte.com/cinder-vol-f76b58d2-3653-489d-9c17-8da0a708aa4e': None} {{(pid=86589) _load_shares_config /opt/stack/cinder/cinder/volume/drivers/quobyte.py:617}}
Jun 05 16:42:01 devstack cinder-volume[86589]: DEBUG cinder.volume.drivers.quobyte [None req-5981055c-220b-4d30-9507-2e896af0c41d tempest-VolumesSnapshotListTestJSON-1878687204 None] Available shares ['osci02.corp.quobyte.com/cinder-vol-f76b58d2-3653-489d-9c17-8da0a708aa4e'] {{(pid=86589) _ensure_shares_mounted /opt/stack/cinder/cinder/volume/drivers/quobyte.py:647}}
Jun 05 16:42:01 devstack cinder-volume[86589]: DEBUG oslo_concurrency.lockutils [None req-5981055c-220b-4d30-9507-2e896af0c41d tempest-VolumesSnapshotListTestJSON-1878687204 None] Lock "quobyte_ensure" "released" by "cinder.volume.drivers.quobyte.QuobyteDriver._ensure_shares_mounted" :: held 0.012s {{(pid=86589) inner /opt/stack/data/venv/lib/python3.12/site-packages/oslo_concurrency/lockutils.py:538}}
Jun 05 16:42:01 devstack cinder-volume[86589]: DEBUG cinder.volume.drivers.quobyte [None req-5981055c-220b-4d30-9507-2e896af0c41d tempest-VolumesSnapshotListTestJSON-1878687204 None] Selected osci02.corp.quobyte.com/cinder-vol-f76b58d2-3653-489d-9c17-8da0a708aa4e as target Quobyte volume. {{(pid=86589) _find_share /opt/stack/cinder/cinder/volume/drivers/quobyte.py:668}}
Jun 05 16:42:01 devstack cinder-volume[86589]: INFO cinder.volume.drivers.remotefs [None req-5981055c-220b-4d30-9507-2e896af0c41d tempest-VolumesSnapshotListTestJSON-1878687204 None] casted to osci02.corp.quobyte.com/cinder-vol-f76b58d2-3653-489d-9c17-8da0a708aa4e
Jun 05 16:42:01 devstack cinder-volume[86589]: DEBUG oslo_concurrency.processutils [None req-5981055c-220b-4d30-9507-2e896af0c41d tempest-VolumesSnapshotListTestJSON-1878687204 None] Running cmd (subprocess): sudo cinder-rootwrap /etc/cinder/rootwrap.conf qemu-img create -f qcow2 -o preallocation=metadata /opt/stack/data/cinder/mnt/50d583997b0f7fc1034ed909a0103694/volume-94ca94ce-0406-437a-a1ac-09a17d24ed94 1073741824 {{(pid=86589) execute /opt/stack/data/venv/lib/python3.12/site-packages/oslo_concurrency/processutils.py:440}}
Jun 05 16:42:01 devstack cinder-volume[86589]: DEBUG cinder.volume.manager [req-6bb196e8-0429-4478-8d26-89c0d456755a req-4ef6dc9c-731c-48e0-823b-73621c71eb65 tempest-VolumesGetTestJSON-1561134607 None] Task 'cinder.volume.flows.manager.create_volume.CreateVolumeFromSpecTask;volume:create' (3c486f69-2ba2-402b-8d6c-037cc702395a) transitioned into state 'SUCCESS' from state 'RUNNING' with result '{'status': 'creating', 'volume_name': 'volume-bb6fae7c-d3b8-4baa-b2c7-f11483c9f595', 'volume_size': 1}' {{(pid=86589) _task_receiver /opt/stack/data/venv/lib/python3.12/site-packages/taskflow/listeners/logging.py:182}}
Jun 05 16:42:01 devstack sudo[90359]: quobyte : PWD=/ ; USER=root ; COMMAND=/opt/stack/data/venv/bin/cinder-rootwrap /etc/cinder/rootwrap.conf qemu-img create -f qcow2 -o preallocation=metadata /opt/stack/data/cinder/mnt/50d583997b0f7fc1034ed909a0103694/volume-94ca94ce-0406-437a-a1ac-09a17d24ed94 1073741824
Jun 05 16:42:01 devstack sudo[90359]: pam_unix(sudo:session): session opened for user root(uid=0) by (uid=1000)
Jun 05 16:42:01 devstack cinder-volume[86589]: DEBUG cinder.volume.manager [req-6bb196e8-0429-4478-8d26-89c0d456755a req-4ef6dc9c-731c-48e0-823b-73621c71eb65 tempest-VolumesGetTestJSON-1561134607 None] Task 'cinder.volume.flows.manager.create_volume.CreateVolumeOnFinishTask;volume:create, create.end' (3601f493-a35a-48fb-806e-b40fe409b0c5) transitioned into state 'RUNNING' from state 'PENDING' {{(pid=86589) _task_receiver /opt/stack/data/venv/lib/python3.12/site-packages/taskflow/listeners/logging.py:194}}
Jun 05 16:42:01 devstack cinder-volume[86589]: INFO cinder.volume.flows.manager.create_volume [req-6bb196e8-0429-4478-8d26-89c0d456755a req-4ef6dc9c-731c-48e0-823b-73621c71eb65 tempest-VolumesGetTestJSON-1561134607 None] Volume volume-bb6fae7c-d3b8-4baa-b2c7-f11483c9f595 (bb6fae7c-d3b8-4baa-b2c7-f11483c9f595): created successfully
Jun 05 16:42:01 devstack cinder-volume[86589]: DEBUG cinder.volume.manager [req-6bb196e8-0429-4478-8d26-89c0d456755a req-4ef6dc9c-731c-48e0-823b-73621c71eb65 tempest-VolumesGetTestJSON-1561134607 None] Task 'cinder.volume.flows.manager.create_volume.CreateVolumeOnFinishTask;volume:create, create.end' (3601f493-a35a-48fb-806e-b40fe409b0c5) transitioned into state 'SUCCESS' from state 'RUNNING' with result 'None' {{(pid=86589) _task_receiver /opt/stack/data/venv/lib/python3.12/site-packages/taskflow/listeners/logging.py:182}}
Jun 05 16:42:01 devstack cinder-volume[86589]: DEBUG cinder.volume.manager [req-6bb196e8-0429-4478-8d26-89c0d456755a req-4ef6dc9c-731c-48e0-823b-73621c71eb65 tempest-VolumesGetTestJSON-1561134607 None] Flow 'volume_create_manager' (fca4b615-5789-4b14-9153-eb1792741c8d) transitioned into state 'SUCCESS' from state 'RUNNING' {{(pid=86589) _flow_receiver /opt/stack/data/venv/lib/python3.12/site-packages/taskflow/listeners/logging.py:145}}
Jun 05 16:42:01 devstack cinder-volume[86589]: INFO cinder.volume.manager [req-6bb196e8-0429-4478-8d26-89c0d456755a req-4ef6dc9c-731c-48e0-823b-73621c71eb65 tempest-VolumesGetTestJSON-1561134607 None] Created volume successfully.
Jun 05 16:42:02 devstack cinder-volume[86589]: DEBUG cinder.coordination [req-0e2fdb0a-4ec0-4479-bde8-297d44f64dc3 req-c8db65bc-6b16-47d3-a4af-38d01d051a77 tempest-VolumesGetTestJSON-1561134607 None] Acquiring lock "cinder-bb6fae7c-d3b8-4baa-b2c7-f11483c9f595-delete_volume" by "delete_volume" {{(pid=86589) __acquire /opt/stack/cinder/cinder/coordination.py:138}}
Jun 05 16:42:02 devstack cinder-volume[86589]: DEBUG cinder.coordination [req-0e2fdb0a-4ec0-4479-bde8-297d44f64dc3 req-c8db65bc-6b16-47d3-a4af-38d01d051a77 tempest-VolumesGetTestJSON-1561134607 None] Lock "cinder-bb6fae7c-d3b8-4baa-b2c7-f11483c9f595-delete_volume" acquired by "delete_volume" :: waited 0.032s {{(pid=86589) __acquire /opt/stack/cinder/cinder/coordination.py:141}}
Jun 05 16:42:02 devstack cinder-volume[86589]: DEBUG cinder.coordination [req-0e2fdb0a-4ec0-4479-bde8-297d44f64dc3 req-c8db65bc-6b16-47d3-a4af-38d01d051a77 tempest-VolumesGetTestJSON-1561134607 None] Acquiring lock "cinder-quobyte-bb6fae7c-d3b8-4baa-b2c7-f11483c9f595" by "delete_volume" {{(pid=86589) __acquire /opt/stack/cinder/cinder/coordination.py:138}}
Jun 05 16:42:02 devstack cinder-volume[86589]: DEBUG cinder.coordination [req-0e2fdb0a-4ec0-4479-bde8-297d44f64dc3 req-c8db65bc-6b16-47d3-a4af-38d01d051a77 tempest-VolumesGetTestJSON-1561134607 None] Lock "cinder-quobyte-bb6fae7c-d3b8-4baa-b2c7-f11483c9f595" acquired by "delete_volume" :: waited 0.017s {{(pid=86589) __acquire /opt/stack/cinder/cinder/coordination.py:141}}
Jun 05 16:42:02 devstack cinder-volume[86589]: DEBUG oslo.privsep.daemon [-] privsep: reply[0c736ec2-79e7-4784-9ef5-6daf0582fb1b]: (4, 'qcow2') {{(pid=87776) _call_back /opt/stack/data/venv/lib/python3.12/site-packages/oslo_privsep/daemon.py:573}}
Jun 05 16:42:02 devstack cinder-volume[86589]: DEBUG oslo_concurrency.processutils [req-0e2fdb0a-4ec0-4479-bde8-297d44f64dc3 req-c8db65bc-6b16-47d3-a4af-38d01d051a77 tempest-VolumesGetTestJSON-1561134607 None] Running cmd (subprocess): /opt/stack/data/venv/bin/python3.12 -m oslo_concurrency.prlimit --as=1073741824 --cpu=60 -- sudo cinder-rootwrap /etc/cinder/rootwrap.conf env LC_ALL=C qemu-img info -f qcow2 --output=json --force-share /opt/stack/data/cinder/mnt/50d583997b0f7fc1034ed909a0103694/volume-bb6fae7c-d3b8-4baa-b2c7-f11483c9f595 {{(pid=86589) execute /opt/stack/data/venv/lib/python3.12/site-packages/oslo_concurrency/processutils.py:440}}
Jun 05 16:42:02 devstack sudo[90359]: pam_unix(sudo:session): session closed for user root
Jun 05 16:42:02 devstack cinder-volume[86589]: DEBUG oslo_concurrency.processutils [None req-5981055c-220b-4d30-9507-2e896af0c41d tempest-VolumesSnapshotListTestJSON-1878687204 None] CMD "sudo cinder-rootwrap /etc/cinder/rootwrap.conf qemu-img create -f qcow2 -o preallocation=metadata /opt/stack/data/cinder/mnt/50d583997b0f7fc1034ed909a0103694/volume-94ca94ce-0406-437a-a1ac-09a17d24ed94 1073741824" returned: 0 in 1.107s {{(pid=86589) execute /opt/stack/data/venv/lib/python3.12/site-packages/oslo_concurrency/processutils.py:468}}
Jun 05 16:42:02 devstack sudo[90391]: quobyte : PWD=/ ; USER=root ; COMMAND=/opt/stack/data/venv/bin/cinder-rootwrap /etc/cinder/rootwrap.conf env LC_ALL=C qemu-img info -f qcow2 --output=json --force-share /opt/stack/data/cinder/mnt/50d583997b0f7fc1034ed909a0103694/volume-bb6fae7c-d3b8-4baa-b2c7-f11483c9f595
Jun 05 16:42:02 devstack sudo[90391]: pam_unix(sudo:session): session opened for user root(uid=0) by (uid=1000)
Jun 05 16:42:02 devstack cinder-volume[86589]: DEBUG oslo_concurrency.processutils [None req-5981055c-220b-4d30-9507-2e896af0c41d tempest-VolumesSnapshotListTestJSON-1878687204 None] Running cmd (subprocess): sudo cinder-rootwrap /etc/cinder/rootwrap.conf chmod ugo+rw /opt/stack/data/cinder/mnt/50d583997b0f7fc1034ed909a0103694/volume-94ca94ce-0406-437a-a1ac-09a17d24ed94 {{(pid=86589) execute /opt/stack/data/venv/lib/python3.12/site-packages/oslo_concurrency/processutils.py:440}}
Jun 05 16:42:02 devstack sudo[90393]: quobyte : PWD=/ ; USER=root ; COMMAND=/opt/stack/data/venv/bin/cinder-rootwrap /etc/cinder/rootwrap.conf chmod ugo+rw /opt/stack/data/cinder/mnt/50d583997b0f7fc1034ed909a0103694/volume-94ca94ce-0406-437a-a1ac-09a17d24ed94
Jun 05 16:42:02 devstack sudo[90393]: pam_unix(sudo:session): session opened for user root(uid=0) by (uid=1000)
Jun 05 16:42:03 devstack sudo[90391]: pam_unix(sudo:session): session closed for user root
Jun 05 16:42:03 devstack cinder-volume[86589]: DEBUG oslo_concurrency.processutils [req-0e2fdb0a-4ec0-4479-bde8-297d44f64dc3 req-c8db65bc-6b16-47d3-a4af-38d01d051a77 tempest-VolumesGetTestJSON-1561134607 None] CMD "/opt/stack/data/venv/bin/python3.12 -m oslo_concurrency.prlimit --as=1073741824 --cpu=60 -- sudo cinder-rootwrap /etc/cinder/rootwrap.conf env LC_ALL=C qemu-img info -f qcow2 --output=json --force-share /opt/stack/data/cinder/mnt/50d583997b0f7fc1034ed909a0103694/volume-bb6fae7c-d3b8-4baa-b2c7-f11483c9f595" returned: 0 in 0.726s {{(pid=86589) execute /opt/stack/data/venv/lib/python3.12/site-packages/oslo_concurrency/processutils.py:468}}
Jun 05 16:42:03 devstack cinder-volume[86589]: DEBUG oslo_concurrency.processutils [req-0e2fdb0a-4ec0-4479-bde8-297d44f64dc3 req-c8db65bc-6b16-47d3-a4af-38d01d051a77 tempest-VolumesGetTestJSON-1561134607 None] Running cmd (subprocess): sudo cinder-rootwrap /etc/cinder/rootwrap.conf rm -f /opt/stack/data/cinder/mnt/50d583997b0f7fc1034ed909a0103694/volume-bb6fae7c-d3b8-4baa-b2c7-f11483c9f595 {{(pid=86589) execute /opt/stack/data/venv/lib/python3.12/site-packages/oslo_concurrency/processutils.py:440}}
Jun 05 16:42:03 devstack sudo[90393]: pam_unix(sudo:session): session closed for user root
Jun 05 16:42:03 devstack sudo[90399]: quobyte : PWD=/ ; USER=root ; COMMAND=/opt/stack/data/venv/bin/cinder-rootwrap /etc/cinder/rootwrap.conf rm -f /opt/stack/data/cinder/mnt/50d583997b0f7fc1034ed909a0103694/volume-bb6fae7c-d3b8-4baa-b2c7-f11483c9f595
Jun 05 16:42:03 devstack sudo[90399]: pam_unix(sudo:session): session opened for user root(uid=0) by (uid=1000)
Jun 05 16:42:03 devstack cinder-volume[86589]: DEBUG oslo_concurrency.processutils [None req-5981055c-220b-4d30-9507-2e896af0c41d tempest-VolumesSnapshotListTestJSON-1878687204 None] CMD "sudo cinder-rootwrap /etc/cinder/rootwrap.conf chmod ugo+rw /opt/stack/data/cinder/mnt/50d583997b0f7fc1034ed909a0103694/volume-94ca94ce-0406-437a-a1ac-09a17d24ed94" returned: 0 in 0.634s {{(pid=86589) execute /opt/stack/data/venv/lib/python3.12/site-packages/oslo_concurrency/processutils.py:468}}
Jun 05 16:42:03 devstack cinder-volume[86589]: DEBUG cinder.volume.drivers.quobyte [None req-5981055c-220b-4d30-9507-2e896af0c41d tempest-VolumesSnapshotListTestJSON-1878687204 None] <== create_volume: return (1797ms) {'provider_location': 'osci02.corp.quobyte.com/cinder-vol-f76b58d2-3653-489d-9c17-8da0a708aa4e'} {{(pid=86589) trace_logging_wrapper /opt/stack/cinder/cinder/volume/volume_utils.py:1523}}
Jun 05 16:42:03 devstack cinder-volume[86589]: DEBUG oslo_concurrency.lockutils [None req-5981055c-220b-4d30-9507-2e896af0c41d tempest-VolumesSnapshotListTestJSON-1878687204 None] Lock "quobyte" "released" by "cinder.volume.drivers.quobyte.QuobyteDriver.create_volume" :: held 1.800s {{(pid=86589) inner /opt/stack/data/venv/lib/python3.12/site-packages/oslo_concurrency/lockutils.py:538}}
Jun 05 16:42:03 devstack cinder-volume[86589]: DEBUG cinder.volume.manager [None req-5981055c-220b-4d30-9507-2e896af0c41d tempest-VolumesSnapshotListTestJSON-1878687204 None] Task 'cinder.volume.flows.manager.create_volume.CreateVolumeFromSpecTask;volume:create' (8fc4bcc5-3960-4498-ab69-8c8e48baffe3) transitioned into state 'SUCCESS' from state 'RUNNING' with result '{'status': 'creating', 'volume_name': 'volume-94ca94ce-0406-437a-a1ac-09a17d24ed94', 'volume_size': 1}' {{(pid=86589) _task_receiver /opt/stack/data/venv/lib/python3.12/site-packages/taskflow/listeners/logging.py:182}}
Jun 05 16:42:03 devstack cinder-volume[86589]: DEBUG cinder.volume.manager [None req-5981055c-220b-4d30-9507-2e896af0c41d tempest-VolumesSnapshotListTestJSON-1878687204 None] Task 'cinder.volume.flows.manager.create_volume.CreateVolumeOnFinishTask;volume:create, create.end' (a354fb41-6661-4be3-bd1f-fefa1e593e4b) transitioned into state 'RUNNING' from state 'PENDING' {{(pid=86589) _task_receiver /opt/stack/data/venv/lib/python3.12/site-packages/taskflow/listeners/logging.py:194}}
Jun 05 16:42:03 devstack cinder-volume[86589]: INFO cinder.volume.flows.manager.create_volume [None req-5981055c-220b-4d30-9507-2e896af0c41d tempest-VolumesSnapshotListTestJSON-1878687204 None] Volume volume-94ca94ce-0406-437a-a1ac-09a17d24ed94 (94ca94ce-0406-437a-a1ac-09a17d24ed94): created successfully
Jun 05 16:42:03 devstack cinder-volume[86589]: DEBUG cinder.volume.manager [None req-5981055c-220b-4d30-9507-2e896af0c41d tempest-VolumesSnapshotListTestJSON-1878687204 None] Task 'cinder.volume.flows.manager.create_volume.CreateVolumeOnFinishTask;volume:create, create.end' (a354fb41-6661-4be3-bd1f-fefa1e593e4b) transitioned into state 'SUCCESS' from state 'RUNNING' with result 'None' {{(pid=86589) _task_receiver /opt/stack/data/venv/lib/python3.12/site-packages/taskflow/listeners/logging.py:182}}
Jun 05 16:42:03 devstack cinder-volume[86589]: DEBUG cinder.volume.manager [None req-5981055c-220b-4d30-9507-2e896af0c41d tempest-VolumesSnapshotListTestJSON-1878687204 None] Flow 'volume_create_manager' (438137d1-fa22-4226-917c-33522bf158b3) transitioned into state 'SUCCESS' from state 'RUNNING' {{(pid=86589) _flow_receiver /opt/stack/data/venv/lib/python3.12/site-packages/taskflow/listeners/logging.py:145}}
Jun 05 16:42:03 devstack cinder-volume[86589]: INFO cinder.volume.manager [None req-5981055c-220b-4d30-9507-2e896af0c41d tempest-VolumesSnapshotListTestJSON-1878687204 None] Created volume successfully.
Jun 05 16:42:04 devstack sudo[90399]: pam_unix(sudo:session): session closed for user root
Jun 05 16:42:04 devstack cinder-volume[86589]: DEBUG oslo_concurrency.processutils [req-0e2fdb0a-4ec0-4479-bde8-297d44f64dc3 req-c8db65bc-6b16-47d3-a4af-38d01d051a77 tempest-VolumesGetTestJSON-1561134607 None] CMD "sudo cinder-rootwrap /etc/cinder/rootwrap.conf rm -f /opt/stack/data/cinder/mnt/50d583997b0f7fc1034ed909a0103694/volume-bb6fae7c-d3b8-4baa-b2c7-f11483c9f595" returned: 0 in 0.649s {{(pid=86589) execute /opt/stack/data/venv/lib/python3.12/site-packages/oslo_concurrency/processutils.py:468}}
Jun 05 16:42:04 devstack cinder-volume[86589]: DEBUG cinder.coordination [req-0e2fdb0a-4ec0-4479-bde8-297d44f64dc3 req-c8db65bc-6b16-47d3-a4af-38d01d051a77 tempest-VolumesGetTestJSON-1561134607 None] Lock "cinder-quobyte-bb6fae7c-d3b8-4baa-b2c7-f11483c9f595" released by "delete_volume" :: held 1.426s {{(pid=86589) __release /opt/stack/cinder/cinder/coordination.py:152}}
Jun 05 16:42:04 devstack cinder-volume[86589]: DEBUG cinder.quota [req-0e2fdb0a-4ec0-4479-bde8-297d44f64dc3 req-c8db65bc-6b16-47d3-a4af-38d01d051a77 tempest-VolumesGetTestJSON-1561134607 None] Created reservations ['bffbd2aa-1ceb-430d-a950-257cc37cca73', '69d79358-b0ee-462d-a395-398033b7a92e', 'd2677bd1-5409-4c11-9e87-c262a6dfcc87', 'e93f059d-1aed-49c6-b96e-606e74b65368'] {{(pid=86589) reserve /opt/stack/cinder/cinder/quota.py:752}}
Jun 05 16:42:04 devstack cinder-volume[86589]: DEBUG oslo_concurrency.lockutils [req-0e2fdb0a-4ec0-4479-bde8-297d44f64dc3 req-c8db65bc-6b16-47d3-a4af-38d01d051a77 tempest-VolumesGetTestJSON-1561134607 None] Acquiring lock "quobyte_ensure" by "cinder.volume.drivers.quobyte.QuobyteDriver._ensure_shares_mounted" {{(pid=86589) inner /opt/stack/data/venv/lib/python3.12/site-packages/oslo_concurrency/lockutils.py:506}}
Jun 05 16:42:04 devstack cinder-volume[86589]: DEBUG oslo_concurrency.lockutils [req-0e2fdb0a-4ec0-4479-bde8-297d44f64dc3 req-c8db65bc-6b16-47d3-a4af-38d01d051a77 tempest-VolumesGetTestJSON-1561134607 None] Lock "quobyte_ensure" acquired by "cinder.volume.drivers.quobyte.QuobyteDriver._ensure_shares_mounted" :: waited 0.001s {{(pid=86589) inner /opt/stack/data/venv/lib/python3.12/site-packages/oslo_concurrency/lockutils.py:519}}
Jun 05 16:42:04 devstack cinder-volume[86589]: DEBUG cinder.volume.drivers.quobyte [req-0e2fdb0a-4ec0-4479-bde8-297d44f64dc3 req-c8db65bc-6b16-47d3-a4af-38d01d051a77 tempest-VolumesGetTestJSON-1561134607 None] Quobyte Volume URL set to: {'osci02.corp.quobyte.com/cinder-vol-f76b58d2-3653-489d-9c17-8da0a708aa4e': None} {{(pid=86589) _load_shares_config /opt/stack/cinder/cinder/volume/drivers/quobyte.py:617}}
Jun 05 16:42:04 devstack cinder-volume[86589]: DEBUG cinder.volume.drivers.quobyte [req-0e2fdb0a-4ec0-4479-bde8-297d44f64dc3 req-c8db65bc-6b16-47d3-a4af-38d01d051a77 tempest-VolumesGetTestJSON-1561134607 None] Available shares ['osci02.corp.quobyte.com/cinder-vol-f76b58d2-3653-489d-9c17-8da0a708aa4e'] {{(pid=86589) _ensure_shares_mounted /opt/stack/cinder/cinder/volume/drivers/quobyte.py:647}}
Jun 05 16:42:04 devstack cinder-volume[86589]: DEBUG oslo_concurrency.lockutils [req-0e2fdb0a-4ec0-4479-bde8-297d44f64dc3 req-c8db65bc-6b16-47d3-a4af-38d01d051a77 tempest-VolumesGetTestJSON-1561134607 None] Lock "quobyte_ensure" "released" by "cinder.volume.drivers.quobyte.QuobyteDriver._ensure_shares_mounted" :: held 0.013s {{(pid=86589) inner /opt/stack/data/venv/lib/python3.12/site-packages/oslo_concurrency/lockutils.py:538}}
Jun 05 16:42:04 devstack cinder-volume[86589]: DEBUG oslo_concurrency.processutils [req-0e2fdb0a-4ec0-4479-bde8-297d44f64dc3 req-c8db65bc-6b16-47d3-a4af-38d01d051a77 tempest-VolumesGetTestJSON-1561134607 None] Running cmd (subprocess): sudo cinder-rootwrap /etc/cinder/rootwrap.conf df --portability --block-size 1 /opt/stack/data/cinder/mnt/50d583997b0f7fc1034ed909a0103694 {{(pid=86589) execute /opt/stack/data/venv/lib/python3.12/site-packages/oslo_concurrency/processutils.py:440}}
Jun 05 16:42:04 devstack sudo[90413]: quobyte : PWD=/ ; USER=root ; COMMAND=/opt/stack/data/venv/bin/cinder-rootwrap /etc/cinder/rootwrap.conf df --portability --block-size 1 /opt/stack/data/cinder/mnt/50d583997b0f7fc1034ed909a0103694
Jun 05 16:42:04 devstack sudo[90413]: pam_unix(sudo:session): session opened for user root(uid=0) by (uid=1000)
Jun 05 16:42:05 devstack cinder-volume[86589]: DEBUG oslo_concurrency.lockutils [None req-b63f516b-15d1-4af5-9425-b081a8d04eb1 tempest-VolumesSnapshotListTestJSON-1878687204 None] Acquiring lock "quobyte" by "cinder.volume.drivers.quobyte.QuobyteDriver.create_snapshot" {{(pid=86589) inner /opt/stack/data/venv/lib/python3.12/site-packages/oslo_concurrency/lockutils.py:506}}
Jun 05 16:42:05 devstack cinder-volume[86589]: DEBUG oslo_concurrency.lockutils [None req-b63f516b-15d1-4af5-9425-b081a8d04eb1 tempest-VolumesSnapshotListTestJSON-1878687204 None] Lock "quobyte" acquired by "cinder.volume.drivers.quobyte.QuobyteDriver.create_snapshot" :: waited 0.001s {{(pid=86589) inner /opt/stack/data/venv/lib/python3.12/site-packages/oslo_concurrency/lockutils.py:519}}
Jun 05 16:42:05 devstack cinder-volume[86589]: DEBUG cinder.volume.drivers.remotefs [None req-b63f516b-15d1-4af5-9425-b081a8d04eb1 tempest-VolumesSnapshotListTestJSON-1878687204 None] Creating offline snapshot af27e1bd-0500-4677-b0b3-bd9881c7078f of volume 94ca94ce-0406-437a-a1ac-09a17d24ed94 {{(pid=86589) _create_snapshot /opt/stack/cinder/cinder/volume/drivers/remotefs.py:1815}}
Jun 05 16:42:05 devstack cinder-volume[86589]: DEBUG oslo.privsep.daemon [-] privsep: reply[f4d5da76-04cb-402a-a980-c0415671a836]: (4, 'qcow2') {{(pid=87776) _call_back /opt/stack/data/venv/lib/python3.12/site-packages/oslo_privsep/daemon.py:573}}
Jun 05 16:42:05 devstack cinder-volume[86589]: DEBUG oslo_concurrency.processutils [None req-b63f516b-15d1-4af5-9425-b081a8d04eb1 tempest-VolumesSnapshotListTestJSON-1878687204 None] Running cmd (subprocess): /opt/stack/data/venv/bin/python3.12 -m oslo_concurrency.prlimit --as=1073741824 --cpu=60 -- sudo cinder-rootwrap /etc/cinder/rootwrap.conf env LC_ALL=C qemu-img info -f qcow2 --output=json --force-share /opt/stack/data/cinder/mnt/50d583997b0f7fc1034ed909a0103694/volume-94ca94ce-0406-437a-a1ac-09a17d24ed94 {{(pid=86589) execute /opt/stack/data/venv/lib/python3.12/site-packages/oslo_concurrency/processutils.py:440}}
Jun 05 16:42:05 devstack sudo[90413]: pam_unix(sudo:session): session closed for user root
Jun 05 16:42:05 devstack cinder-volume[86589]: DEBUG oslo_concurrency.processutils [req-0e2fdb0a-4ec0-4479-bde8-297d44f64dc3 req-c8db65bc-6b16-47d3-a4af-38d01d051a77 tempest-VolumesGetTestJSON-1561134607 None] CMD "sudo cinder-rootwrap /etc/cinder/rootwrap.conf df --portability --block-size 1 /opt/stack/data/cinder/mnt/50d583997b0f7fc1034ed909a0103694" returned: 0 in 0.840s {{(pid=86589) execute /opt/stack/data/venv/lib/python3.12/site-packages/oslo_concurrency/processutils.py:468}}
Jun 05 16:42:05 devstack cinder-volume[86589]: DEBUG cinder.manager [req-0e2fdb0a-4ec0-4479-bde8-297d44f64dc3 req-c8db65bc-6b16-47d3-a4af-38d01d051a77 tempest-VolumesGetTestJSON-1561134607 None] Notifying Schedulers of capabilities ... {{(pid=86589) _publish_service_capabilities /opt/stack/cinder/cinder/manager.py:202}}
Jun 05 16:42:05 devstack cinder-volume[86589]: INFO cinder.volume.manager [req-0e2fdb0a-4ec0-4479-bde8-297d44f64dc3 req-c8db65bc-6b16-47d3-a4af-38d01d051a77 tempest-VolumesGetTestJSON-1561134607 None] Deleted volume successfully.
Jun 05 16:42:05 devstack sudo[90416]: quobyte : PWD=/ ; USER=root ; COMMAND=/opt/stack/data/venv/bin/cinder-rootwrap /etc/cinder/rootwrap.conf env LC_ALL=C qemu-img info -f qcow2 --output=json --force-share /opt/stack/data/cinder/mnt/50d583997b0f7fc1034ed909a0103694/volume-94ca94ce-0406-437a-a1ac-09a17d24ed94
Jun 05 16:42:05 devstack sudo[90416]: pam_unix(sudo:session): session opened for user root(uid=0) by (uid=1000)
Jun 05 16:42:05 devstack cinder-volume[86589]: DEBUG cinder.coordination [req-0e2fdb0a-4ec0-4479-bde8-297d44f64dc3 req-c8db65bc-6b16-47d3-a4af-38d01d051a77 tempest-VolumesGetTestJSON-1561134607 None] Lock "cinder-bb6fae7c-d3b8-4baa-b2c7-f11483c9f595-delete_volume" released by "delete_volume" :: held 2.620s {{(pid=86589) __release /opt/stack/cinder/cinder/coordination.py:152}}
Jun 05 16:42:06 devstack sudo[90416]: pam_unix(sudo:session): session closed for user root
Jun 05 16:42:06 devstack cinder-volume[86589]: DEBUG oslo_concurrency.processutils [None req-b63f516b-15d1-4af5-9425-b081a8d04eb1 tempest-VolumesSnapshotListTestJSON-1878687204 None] CMD "/opt/stack/data/venv/bin/python3.12 -m oslo_concurrency.prlimit --as=1073741824 --cpu=60 -- sudo cinder-rootwrap /etc/cinder/rootwrap.conf env LC_ALL=C qemu-img info -f qcow2 --output=json --force-share /opt/stack/data/cinder/mnt/50d583997b0f7fc1034ed909a0103694/volume-94ca94ce-0406-437a-a1ac-09a17d24ed94" returned: 0 in 1.042s {{(pid=86589) execute /opt/stack/data/venv/lib/python3.12/site-packages/oslo_concurrency/processutils.py:468}}
Jun 05 16:42:06 devstack cinder-volume[86589]: DEBUG oslo_concurrency.processutils [None req-b63f516b-15d1-4af5-9425-b081a8d04eb1 tempest-VolumesSnapshotListTestJSON-1878687204 None] Running cmd (subprocess): sudo cinder-rootwrap /etc/cinder/rootwrap.conf qemu-img create -f qcow2 -o backing_file=/opt/stack/data/cinder/mnt/50d583997b0f7fc1034ed909a0103694/volume-94ca94ce-0406-437a-a1ac-09a17d24ed94,backing_fmt=qcow2 /opt/stack/data/cinder/mnt/50d583997b0f7fc1034ed909a0103694/volume-94ca94ce-0406-437a-a1ac-09a17d24ed94.af27e1bd-0500-4677-b0b3-bd9881c7078f 1G {{(pid=86589) execute /opt/stack/data/venv/lib/python3.12/site-packages/oslo_concurrency/processutils.py:440}}
Jun 05 16:42:06 devstack sudo[90424]: quobyte : PWD=/ ; USER=root ; COMMAND=/opt/stack/data/venv/bin/cinder-rootwrap /etc/cinder/rootwrap.conf qemu-img create -f qcow2 -o backing_file=/opt/stack/data/cinder/mnt/50d583997b0f7fc1034ed909a0103694/volume-94ca94ce-0406-437a-a1ac-09a17d24ed94,backing_fmt=qcow2 /opt/stack/data/cinder/mnt/50d583997b0f7fc1034ed909a0103694/volume-94ca94ce-0406-437a-a1ac-09a17d24ed94.af27e1bd-0500-4677-b0b3-bd9881c7078f 1G
Jun 05 16:42:06 devstack sudo[90424]: pam_unix(sudo:session): session opened for user root(uid=0) by (uid=1000)
Jun 05 16:42:07 devstack sudo[90424]: pam_unix(sudo:session): session closed for user root
Jun 05 16:42:07 devstack cinder-volume[86589]: DEBUG oslo_concurrency.processutils [None req-b63f516b-15d1-4af5-9425-b081a8d04eb1 tempest-VolumesSnapshotListTestJSON-1878687204 None] CMD "sudo cinder-rootwrap /etc/cinder/rootwrap.conf qemu-img create -f qcow2 -o backing_file=/opt/stack/data/cinder/mnt/50d583997b0f7fc1034ed909a0103694/volume-94ca94ce-0406-437a-a1ac-09a17d24ed94,backing_fmt=qcow2 /opt/stack/data/cinder/mnt/50d583997b0f7fc1034ed909a0103694/volume-94ca94ce-0406-437a-a1ac-09a17d24ed94.af27e1bd-0500-4677-b0b3-bd9881c7078f 1G" returned: 0 in 0.987s {{(pid=86589) execute /opt/stack/data/venv/lib/python3.12/site-packages/oslo_concurrency/processutils.py:468}}
Jun 05 16:42:07 devstack cinder-volume[86589]: DEBUG oslo_concurrency.processutils [None req-b63f516b-15d1-4af5-9425-b081a8d04eb1 tempest-VolumesSnapshotListTestJSON-1878687204 None] Running cmd (subprocess): sudo cinder-rootwrap /etc/cinder/rootwrap.conf qemu-img rebase -u -b volume-94ca94ce-0406-437a-a1ac-09a17d24ed94 -F qcow2 /opt/stack/data/cinder/mnt/50d583997b0f7fc1034ed909a0103694/volume-94ca94ce-0406-437a-a1ac-09a17d24ed94.af27e1bd-0500-4677-b0b3-bd9881c7078f {{(pid=86589) execute /opt/stack/data/venv/lib/python3.12/site-packages/oslo_concurrency/processutils.py:440}}
Jun 05 16:42:07 devstack sudo[90430]: quobyte : PWD=/ ; USER=root ; COMMAND=/opt/stack/data/venv/bin/cinder-rootwrap /etc/cinder/rootwrap.conf qemu-img rebase -u -b volume-94ca94ce-0406-437a-a1ac-09a17d24ed94 -F qcow2 /opt/stack/data/cinder/mnt/50d583997b0f7fc1034ed909a0103694/volume-94ca94ce-0406-437a-a1ac-09a17d24ed94.af27e1bd-0500-4677-b0b3-bd9881c7078f
Jun 05 16:42:07 devstack sudo[90430]: pam_unix(sudo:session): session opened for user root(uid=0) by (uid=1000)
Jun 05 16:42:07 devstack sudo[90430]: pam_unix(sudo:session): session closed for user root
Jun 05 16:42:07 devstack cinder-volume[86589]: DEBUG oslo_concurrency.processutils [None req-b63f516b-15d1-4af5-9425-b081a8d04eb1 tempest-VolumesSnapshotListTestJSON-1878687204 None] CMD "sudo cinder-rootwrap /etc/cinder/rootwrap.conf qemu-img rebase -u -b volume-94ca94ce-0406-437a-a1ac-09a17d24ed94 -F qcow2 /opt/stack/data/cinder/mnt/50d583997b0f7fc1034ed909a0103694/volume-94ca94ce-0406-437a-a1ac-09a17d24ed94.af27e1bd-0500-4677-b0b3-bd9881c7078f" returned: 0 in 0.830s {{(pid=86589) execute /opt/stack/data/venv/lib/python3.12/site-packages/oslo_concurrency/processutils.py:468}}
Jun 05 16:42:07 devstack cinder-volume[86589]: WARNING cinder.volume.drivers.remotefs [None req-b63f516b-15d1-4af5-9425-b081a8d04eb1 tempest-VolumesSnapshotListTestJSON-1878687204 None] /opt/stack/data/cinder/mnt/50d583997b0f7fc1034ed909a0103694/volume-94ca94ce-0406-437a-a1ac-09a17d24ed94.af27e1bd-0500-4677-b0b3-bd9881c7078f is being set with open permissions: ugo+rw
Jun 05 16:42:07 devstack cinder-volume[86589]: DEBUG oslo_concurrency.processutils [None req-b63f516b-15d1-4af5-9425-b081a8d04eb1 tempest-VolumesSnapshotListTestJSON-1878687204 None] Running cmd (subprocess): sudo cinder-rootwrap /etc/cinder/rootwrap.conf chmod ugo+rw /opt/stack/data/cinder/mnt/50d583997b0f7fc1034ed909a0103694/volume-94ca94ce-0406-437a-a1ac-09a17d24ed94.af27e1bd-0500-4677-b0b3-bd9881c7078f {{(pid=86589) execute /opt/stack/data/venv/lib/python3.12/site-packages/oslo_concurrency/processutils.py:440}}
Jun 05 16:42:07 devstack sudo[90436]: quobyte : PWD=/ ; USER=root ; COMMAND=/opt/stack/data/venv/bin/cinder-rootwrap /etc/cinder/rootwrap.conf chmod ugo+rw /opt/stack/data/cinder/mnt/50d583997b0f7fc1034ed909a0103694/volume-94ca94ce-0406-437a-a1ac-09a17d24ed94.af27e1bd-0500-4677-b0b3-bd9881c7078f
Jun 05 16:42:07 devstack sudo[90436]: pam_unix(sudo:session): session opened for user root(uid=0) by (uid=1000)
Jun 05 16:42:08 devstack sudo[90436]: pam_unix(sudo:session): session closed for user root
Jun 05 16:42:08 devstack cinder-volume[86589]: DEBUG oslo_concurrency.processutils [None req-b63f516b-15d1-4af5-9425-b081a8d04eb1 tempest-VolumesSnapshotListTestJSON-1878687204 None] CMD "sudo cinder-rootwrap /etc/cinder/rootwrap.conf chmod ugo+rw /opt/stack/data/cinder/mnt/50d583997b0f7fc1034ed909a0103694/volume-94ca94ce-0406-437a-a1ac-09a17d24ed94.af27e1bd-0500-4677-b0b3-bd9881c7078f" returned: 0 in 0.856s {{(pid=86589) execute /opt/stack/data/venv/lib/python3.12/site-packages/oslo_concurrency/processutils.py:468}}
Jun 05 16:42:08 devstack cinder-volume[86589]: DEBUG oslo_concurrency.processutils [None req-b63f516b-15d1-4af5-9425-b081a8d04eb1 tempest-VolumesSnapshotListTestJSON-1878687204 None] Running cmd (subprocess): sudo cinder-rootwrap /etc/cinder/rootwrap.conf truncate -s0 /opt/stack/data/cinder/mnt/50d583997b0f7fc1034ed909a0103694/volume-94ca94ce-0406-437a-a1ac-09a17d24ed94.info {{(pid=86589) execute /opt/stack/data/venv/lib/python3.12/site-packages/oslo_concurrency/processutils.py:440}}
Jun 05 16:42:08 devstack sudo[90440]: quobyte : PWD=/ ; USER=root ; COMMAND=/opt/stack/data/venv/bin/cinder-rootwrap /etc/cinder/rootwrap.conf truncate -s0 /opt/stack/data/cinder/mnt/50d583997b0f7fc1034ed909a0103694/volume-94ca94ce-0406-437a-a1ac-09a17d24ed94.info
Jun 05 16:42:08 devstack sudo[90440]: pam_unix(sudo:session): session opened for user root(uid=0) by (uid=1000)
Jun 05 16:42:09 devstack sudo[90440]: pam_unix(sudo:session): session closed for user root
Jun 05 16:42:09 devstack cinder-volume[86589]: DEBUG oslo_concurrency.processutils [None req-b63f516b-15d1-4af5-9425-b081a8d04eb1 tempest-VolumesSnapshotListTestJSON-1878687204 None] CMD "sudo cinder-rootwrap /etc/cinder/rootwrap.conf truncate -s0 /opt/stack/data/cinder/mnt/50d583997b0f7fc1034ed909a0103694/volume-94ca94ce-0406-437a-a1ac-09a17d24ed94.info" returned: 0 in 0.677s {{(pid=86589) execute /opt/stack/data/venv/lib/python3.12/site-packages/oslo_concurrency/processutils.py:468}}
Jun 05 16:42:09 devstack cinder-volume[86589]: WARNING cinder.volume.drivers.remotefs [None req-b63f516b-15d1-4af5-9425-b081a8d04eb1 tempest-VolumesSnapshotListTestJSON-1878687204 None] /opt/stack/data/cinder/mnt/50d583997b0f7fc1034ed909a0103694/volume-94ca94ce-0406-437a-a1ac-09a17d24ed94.info is being set with open permissions: ugo+rw
Jun 05 16:42:09 devstack cinder-volume[86589]: DEBUG oslo_concurrency.processutils [None req-b63f516b-15d1-4af5-9425-b081a8d04eb1 tempest-VolumesSnapshotListTestJSON-1878687204 None] Running cmd (subprocess): sudo cinder-rootwrap /etc/cinder/rootwrap.conf chmod ugo+rw /opt/stack/data/cinder/mnt/50d583997b0f7fc1034ed909a0103694/volume-94ca94ce-0406-437a-a1ac-09a17d24ed94.info {{(pid=86589) execute /opt/stack/data/venv/lib/python3.12/site-packages/oslo_concurrency/processutils.py:440}}
Jun 05 16:42:09 devstack sudo[90444]: quobyte : PWD=/ ; USER=root ; COMMAND=/opt/stack/data/venv/bin/cinder-rootwrap /etc/cinder/rootwrap.conf chmod ugo+rw /opt/stack/data/cinder/mnt/50d583997b0f7fc1034ed909a0103694/volume-94ca94ce-0406-437a-a1ac-09a17d24ed94.info
Jun 05 16:42:09 devstack sudo[90444]: pam_unix(sudo:session): session opened for user root(uid=0) by (uid=1000)
Jun 05 16:42:10 devstack sudo[90444]: pam_unix(sudo:session): session closed for user root
Jun 05 16:42:10 devstack cinder-volume[86589]: DEBUG oslo_concurrency.processutils [None req-b63f516b-15d1-4af5-9425-b081a8d04eb1 tempest-VolumesSnapshotListTestJSON-1878687204 None] CMD "sudo cinder-rootwrap /etc/cinder/rootwrap.conf chmod ugo+rw /opt/stack/data/cinder/mnt/50d583997b0f7fc1034ed909a0103694/volume-94ca94ce-0406-437a-a1ac-09a17d24ed94.info" returned: 0 in 0.838s {{(pid=86589) execute /opt/stack/data/venv/lib/python3.12/site-packages/oslo_concurrency/processutils.py:468}}
Jun 05 16:42:10 devstack cinder-volume[86589]: DEBUG oslo_concurrency.lockutils [None req-b63f516b-15d1-4af5-9425-b081a8d04eb1 tempest-VolumesSnapshotListTestJSON-1878687204 None] Lock "quobyte" "released" by "cinder.volume.drivers.quobyte.QuobyteDriver.create_snapshot" :: held 5.354s {{(pid=86589) inner /opt/stack/data/venv/lib/python3.12/site-packages/oslo_concurrency/lockutils.py:538}}
Jun 05 16:42:10 devstack cinder-volume[86589]: INFO cinder.volume.manager [None req-b63f516b-15d1-4af5-9425-b081a8d04eb1 tempest-VolumesSnapshotListTestJSON-1878687204 None] Create snapshot completed successfully
Jun 05 16:42:11 devstack cinder-volume[86589]: DEBUG oslo_concurrency.lockutils [None req-c187b521-6a33-46f5-814d-56627270fb89 tempest-VolumesSnapshotListTestJSON-1878687204 None] Acquiring lock "quobyte" by "cinder.volume.drivers.quobyte.QuobyteDriver.create_snapshot" {{(pid=86589) inner /opt/stack/data/venv/lib/python3.12/site-packages/oslo_concurrency/lockutils.py:506}}
Jun 05 16:42:11 devstack cinder-volume[86589]: DEBUG oslo_concurrency.lockutils [None req-c187b521-6a33-46f5-814d-56627270fb89 tempest-VolumesSnapshotListTestJSON-1878687204 None] Lock "quobyte" acquired by "cinder.volume.drivers.quobyte.QuobyteDriver.create_snapshot" :: waited 0.001s {{(pid=86589) inner /opt/stack/data/venv/lib/python3.12/site-packages/oslo_concurrency/lockutils.py:519}}
Jun 05 16:42:11 devstack cinder-volume[86589]: DEBUG cinder.volume.drivers.remotefs [None req-c187b521-6a33-46f5-814d-56627270fb89 tempest-VolumesSnapshotListTestJSON-1878687204 None] Creating offline snapshot ed9c40a4-f84e-4d4e-8536-594fb1f8d3aa of volume 94ca94ce-0406-437a-a1ac-09a17d24ed94 {{(pid=86589) _create_snapshot /opt/stack/cinder/cinder/volume/drivers/remotefs.py:1815}}
Jun 05 16:42:11 devstack cinder-volume[86589]: DEBUG oslo.privsep.daemon [-] privsep: reply[f7a36eb8-dc19-495a-9f42-0f2be7ebdc38]: (4, 'qcow2') {{(pid=87776) _call_back /opt/stack/data/venv/lib/python3.12/site-packages/oslo_privsep/daemon.py:573}}
Jun 05 16:42:11 devstack cinder-volume[86589]: DEBUG oslo_concurrency.processutils [None req-c187b521-6a33-46f5-814d-56627270fb89 tempest-VolumesSnapshotListTestJSON-1878687204 None] Running cmd (subprocess): /opt/stack/data/venv/bin/python3.12 -m oslo_concurrency.prlimit --as=1073741824 --cpu=60 -- sudo cinder-rootwrap /etc/cinder/rootwrap.conf env LC_ALL=C qemu-img info -f qcow2 --output=json --force-share /opt/stack/data/cinder/mnt/50d583997b0f7fc1034ed909a0103694/volume-94ca94ce-0406-437a-a1ac-09a17d24ed94.af27e1bd-0500-4677-b0b3-bd9881c7078f {{(pid=86589) execute /opt/stack/data/venv/lib/python3.12/site-packages/oslo_concurrency/processutils.py:440}}
Jun 05 16:42:11 devstack sudo[90461]: quobyte : PWD=/ ; USER=root ; COMMAND=/opt/stack/data/venv/bin/cinder-rootwrap /etc/cinder/rootwrap.conf env LC_ALL=C qemu-img info -f qcow2 --output=json --force-share /opt/stack/data/cinder/mnt/50d583997b0f7fc1034ed909a0103694/volume-94ca94ce-0406-437a-a1ac-09a17d24ed94.af27e1bd-0500-4677-b0b3-bd9881c7078f
Jun 05 16:42:11 devstack sudo[90461]: pam_unix(sudo:session): session opened for user root(uid=0) by (uid=1000)
Jun 05 16:42:12 devstack sudo[90461]: pam_unix(sudo:session): session closed for user root
Jun 05 16:42:12 devstack cinder-volume[86589]: DEBUG oslo_concurrency.processutils [None req-c187b521-6a33-46f5-814d-56627270fb89 tempest-VolumesSnapshotListTestJSON-1878687204 None] CMD "/opt/stack/data/venv/bin/python3.12 -m oslo_concurrency.prlimit --as=1073741824 --cpu=60 -- sudo cinder-rootwrap /etc/cinder/rootwrap.conf env LC_ALL=C qemu-img info -f qcow2 --output=json --force-share /opt/stack/data/cinder/mnt/50d583997b0f7fc1034ed909a0103694/volume-94ca94ce-0406-437a-a1ac-09a17d24ed94.af27e1bd-0500-4677-b0b3-bd9881c7078f" returned: 0 in 1.103s {{(pid=86589) execute /opt/stack/data/venv/lib/python3.12/site-packages/oslo_concurrency/processutils.py:468}}
Jun 05 16:42:12 devstack cinder-volume[86589]: DEBUG cinder.volume.drivers.remotefs [None req-c187b521-6a33-46f5-814d-56627270fb89 tempest-VolumesSnapshotListTestJSON-1878687204 None] Fetching qemu-img info with special backing_file_template: (/opt/stack/data/cinder/mnt/[0-9a-f]+/)?(volume-94ca94ce-0406-437a-a1ac-09a17d24ed94(.(tmp-snap-)?[0-9a-f-]+)?|volume_from_snapshot_cache/(tmp-snap-)?[0-9a-f-]+(.(child-|parent-)[0-9a-f-]+)?)$ {{(pid=86589) _qemu_img_info_base /opt/stack/cinder/cinder/volume/drivers/remotefs.py:896}}
Jun 05 16:42:12 devstack cinder-volume[86589]: DEBUG oslo_concurrency.processutils [None req-c187b521-6a33-46f5-814d-56627270fb89 tempest-VolumesSnapshotListTestJSON-1878687204 None] Running cmd (subprocess): sudo cinder-rootwrap /etc/cinder/rootwrap.conf qemu-img create -f qcow2 -o backing_file=/opt/stack/data/cinder/mnt/50d583997b0f7fc1034ed909a0103694/volume-94ca94ce-0406-437a-a1ac-09a17d24ed94.af27e1bd-0500-4677-b0b3-bd9881c7078f,backing_fmt=qcow2 /opt/stack/data/cinder/mnt/50d583997b0f7fc1034ed909a0103694/volume-94ca94ce-0406-437a-a1ac-09a17d24ed94.ed9c40a4-f84e-4d4e-8536-594fb1f8d3aa 1G {{(pid=86589) execute /opt/stack/data/venv/lib/python3.12/site-packages/oslo_concurrency/processutils.py:440}}
Jun 05 16:42:12 devstack sudo[90470]: quobyte : PWD=/ ; USER=root ; COMMAND=/opt/stack/data/venv/bin/cinder-rootwrap /etc/cinder/rootwrap.conf qemu-img create -f qcow2 -o backing_file=/opt/stack/data/cinder/mnt/50d583997b0f7fc1034ed909a0103694/volume-94ca94ce-0406-437a-a1ac-09a17d24ed94.af27e1bd-0500-4677-b0b3-bd9881c7078f,backing_fmt=qcow2 /opt/stack/data/cinder/mnt/50d583997b0f7fc1034ed909a0103694/volume-94ca94ce-0406-437a-a1ac-09a17d24ed94.ed9c40a4-f84e-4d4e-8536-594fb1f8d3aa 1G
Jun 05 16:42:12 devstack sudo[90470]: pam_unix(sudo:session): session opened for user root(uid=0) by (uid=1000)
Jun 05 16:42:13 devstack sudo[90470]: pam_unix(sudo:session): session closed for user root
Jun 05 16:42:14 devstack cinder-volume[86589]: DEBUG oslo_concurrency.processutils [None req-c187b521-6a33-46f5-814d-56627270fb89 tempest-VolumesSnapshotListTestJSON-1878687204 None] CMD "sudo cinder-rootwrap /etc/cinder/rootwrap.conf qemu-img create -f qcow2 -o backing_file=/opt/stack/data/cinder/mnt/50d583997b0f7fc1034ed909a0103694/volume-94ca94ce-0406-437a-a1ac-09a17d24ed94.af27e1bd-0500-4677-b0b3-bd9881c7078f,backing_fmt=qcow2 /opt/stack/data/cinder/mnt/50d583997b0f7fc1034ed909a0103694/volume-94ca94ce-0406-437a-a1ac-09a17d24ed94.ed9c40a4-f84e-4d4e-8536-594fb1f8d3aa 1G" returned: 0 in 1.197s {{(pid=86589) execute /opt/stack/data/venv/lib/python3.12/site-packages/oslo_concurrency/processutils.py:468}}
Jun 05 16:42:14 devstack cinder-volume[86589]: DEBUG oslo_concurrency.processutils [None req-c187b521-6a33-46f5-814d-56627270fb89 tempest-VolumesSnapshotListTestJSON-1878687204 None] Running cmd (subprocess): sudo cinder-rootwrap /etc/cinder/rootwrap.conf qemu-img rebase -u -b volume-94ca94ce-0406-437a-a1ac-09a17d24ed94.af27e1bd-0500-4677-b0b3-bd9881c7078f -F qcow2 /opt/stack/data/cinder/mnt/50d583997b0f7fc1034ed909a0103694/volume-94ca94ce-0406-437a-a1ac-09a17d24ed94.ed9c40a4-f84e-4d4e-8536-594fb1f8d3aa {{(pid=86589) execute /opt/stack/data/venv/lib/python3.12/site-packages/oslo_concurrency/processutils.py:440}}
Jun 05 16:42:14 devstack sudo[90495]: quobyte : PWD=/ ; USER=root ; COMMAND=/opt/stack/data/venv/bin/cinder-rootwrap /etc/cinder/rootwrap.conf qemu-img rebase -u -b volume-94ca94ce-0406-437a-a1ac-09a17d24ed94.af27e1bd-0500-4677-b0b3-bd9881c7078f -F qcow2 /opt/stack/data/cinder/mnt/50d583997b0f7fc1034ed909a0103694/volume-94ca94ce-0406-437a-a1ac-09a17d24ed94.ed9c40a4-f84e-4d4e-8536-594fb1f8d3aa
Jun 05 16:42:14 devstack sudo[90495]: pam_unix(sudo:session): session opened for user root(uid=0) by (uid=1000)
Jun 05 16:42:14 devstack cinder-volume[86589]: DEBUG oslo_service.periodic_task [None req-94100f83-11cc-4691-ad92-54fa60270386 None None] Running periodic task VolumeManager.publish_service_capabilities {{(pid=86589) run_periodic_tasks /opt/stack/data/venv/lib/python3.12/site-packages/oslo_service/periodic_task.py:210}}
