Jun 05 16:43:09 devstack cinder-volume[86589]: INFO cinder.volume.manager [None req-707d881d-3263-42b9-aab8-d9e46e348075 tempest-GroupSnapshotsTest-715553026 None] Created volume successfully.
Jun 05 16:43:09 devstack sudo[91820]: pam_unix(sudo:session): session closed for user root
Jun 05 16:43:09 devstack cinder-volume[86589]: DEBUG oslo_concurrency.processutils [None req-a55ef065-c444-40ad-b71f-ae1f2263a8ee tempest-VolumesSnapshotNegativeTestJSON-1556311726 None] CMD "sudo cinder-rootwrap /etc/cinder/rootwrap.conf rm -f /opt/stack/data/cinder/mnt/50d583997b0f7fc1034ed909a0103694/volume-6deb3be2-b2d4-4d90-a2ca-0c2c56a39a39.76208a64-ff81-4298-8fca-a2c5fa59b747" returned: 0 in 0.651s {{(pid=86589) execute /opt/stack/data/venv/lib/python3.12/site-packages/oslo_concurrency/processutils.py:468}}
Jun 05 16:43:09 devstack cinder-volume[86589]: DEBUG cinder.coordination [None req-a55ef065-c444-40ad-b71f-ae1f2263a8ee tempest-VolumesSnapshotNegativeTestJSON-1556311726 None] Lock "cinder-quobyte-76208a64-ff81-4298-8fca-a2c5fa59b747" released by "_delete_snapshot" :: held 3.909s {{(pid=86589) __release /opt/stack/cinder/cinder/coordination.py:152}}
Jun 05 16:43:09 devstack cinder-volume[86589]: DEBUG cinder.coordination [None req-a55ef065-c444-40ad-b71f-ae1f2263a8ee tempest-VolumesSnapshotNegativeTestJSON-1556311726 None] Lock "cinder-quobyte-6deb3be2-b2d4-4d90-a2ca-0c2c56a39a39" released by "delete_snapshot" :: held 3.938s {{(pid=86589) __release /opt/stack/cinder/cinder/coordination.py:152}}
Jun 05 16:43:09 devstack cinder-volume[86589]: DEBUG cinder.quota [None req-a55ef065-c444-40ad-b71f-ae1f2263a8ee tempest-VolumesSnapshotNegativeTestJSON-1556311726 None] Created reservations ['7c506b75-538c-4d66-8ca4-ae3e4fbdc6be', 'f80ee2c8-27c8-416f-8b31-4d61cf83c219', '55414958-fee8-482d-a509-e5198d8eb20b', 'f309c953-b582-4105-a641-88eab6a1469f'] {{(pid=86589) reserve /opt/stack/cinder/cinder/quota.py:752}}
Jun 05 16:43:09 devstack cinder-volume[86589]: INFO cinder.volume.manager [None req-a55ef065-c444-40ad-b71f-ae1f2263a8ee tempest-VolumesSnapshotNegativeTestJSON-1556311726 None] Delete snapshot completed successfully.
Jun 05 16:43:09 devstack cinder-volume[86589]: DEBUG cinder.coordination [None req-a55ef065-c444-40ad-b71f-ae1f2263a8ee tempest-VolumesSnapshotNegativeTestJSON-1556311726 None] Lock "cinder-76208a64-ff81-4298-8fca-a2c5fa59b747-delete_snapshot" released by "delete_snapshot" :: held 4.122s {{(pid=86589) __release /opt/stack/cinder/cinder/coordination.py:152}}
Jun 05 16:43:09 devstack cinder-volume[86589]: INFO cinder.volume.manager [None req-300b7151-e6d6-4cee-9221-8a129fa15b7c tempest-GroupSnapshotsTest-715553026 None] Update group completed successfully.
Jun 05 16:43:09 devstack cinder-volume[86589]: DEBUG cinder.coordination [None req-876d2ee9-fd95-45eb-a2db-8bb34d4ea724 tempest-VolumesSnapshotNegativeTestJSON-1556311726 None] Acquiring lock "cinder-6deb3be2-b2d4-4d90-a2ca-0c2c56a39a39-delete_volume" by "delete_volume" {{(pid=86589) __acquire /opt/stack/cinder/cinder/coordination.py:138}}
Jun 05 16:43:09 devstack cinder-volume[86589]: DEBUG cinder.coordination [None req-876d2ee9-fd95-45eb-a2db-8bb34d4ea724 tempest-VolumesSnapshotNegativeTestJSON-1556311726 None] Lock "cinder-6deb3be2-b2d4-4d90-a2ca-0c2c56a39a39-delete_volume" acquired by "delete_volume" :: waited 0.025s {{(pid=86589) __acquire /opt/stack/cinder/cinder/coordination.py:141}}
Jun 05 16:43:10 devstack cinder-volume[86589]: DEBUG cinder.coordination [None req-996f65b0-2213-4413-a28b-cd0fc224cf04 tempest-ServerRescueNegativeTestJSON-1328276610 None] Acquiring lock "cinder-9112d2fa-1a15-42c4-9ba5-54eea14ef485-delete_volume" by "delete_volume" {{(pid=86589) __acquire /opt/stack/cinder/cinder/coordination.py:138}}
Jun 05 16:43:10 devstack cinder-volume[86589]: DEBUG cinder.coordination [None req-876d2ee9-fd95-45eb-a2db-8bb34d4ea724 tempest-VolumesSnapshotNegativeTestJSON-1556311726 None] Acquiring lock "cinder-quobyte-6deb3be2-b2d4-4d90-a2ca-0c2c56a39a39" by "delete_volume" {{(pid=86589) __acquire /opt/stack/cinder/cinder/coordination.py:138}}
Jun 05 16:43:10 devstack cinder-volume[86589]: DEBUG cinder.coordination [None req-996f65b0-2213-4413-a28b-cd0fc224cf04 tempest-ServerRescueNegativeTestJSON-1328276610 None] Lock "cinder-9112d2fa-1a15-42c4-9ba5-54eea14ef485-delete_volume" acquired by "delete_volume" :: waited 0.029s {{(pid=86589) __acquire /opt/stack/cinder/cinder/coordination.py:141}}
Jun 05 16:43:10 devstack cinder-volume[86589]: DEBUG cinder.coordination [None req-876d2ee9-fd95-45eb-a2db-8bb34d4ea724 tempest-VolumesSnapshotNegativeTestJSON-1556311726 None] Lock "cinder-quobyte-6deb3be2-b2d4-4d90-a2ca-0c2c56a39a39" acquired by "delete_volume" :: waited 0.030s {{(pid=86589) __acquire /opt/stack/cinder/cinder/coordination.py:141}}
Jun 05 16:43:10 devstack cinder-volume[86589]: DEBUG oslo.privsep.daemon [-] privsep: reply[8b621c3f-0f12-4eba-89e9-c292e7ba7108]: (4, 'qcow2') {{(pid=87776) _call_back /opt/stack/data/venv/lib/python3.12/site-packages/oslo_privsep/daemon.py:573}}
Jun 05 16:43:10 devstack cinder-volume[86589]: DEBUG oslo_concurrency.processutils [None req-876d2ee9-fd95-45eb-a2db-8bb34d4ea724 tempest-VolumesSnapshotNegativeTestJSON-1556311726 None] Running cmd (subprocess): /opt/stack/data/venv/bin/python3.12 -m oslo_concurrency.prlimit --as=1073741824 --cpu=60 -- sudo cinder-rootwrap /etc/cinder/rootwrap.conf env LC_ALL=C qemu-img info -f qcow2 --output=json --force-share /opt/stack/data/cinder/mnt/50d583997b0f7fc1034ed909a0103694/volume-6deb3be2-b2d4-4d90-a2ca-0c2c56a39a39 {{(pid=86589) execute /opt/stack/data/venv/lib/python3.12/site-packages/oslo_concurrency/processutils.py:440}}
Jun 05 16:43:10 devstack cinder-volume[86589]: DEBUG cinder.coordination [None req-996f65b0-2213-4413-a28b-cd0fc224cf04 tempest-ServerRescueNegativeTestJSON-1328276610 None] Acquiring lock "cinder-quobyte-9112d2fa-1a15-42c4-9ba5-54eea14ef485" by "delete_volume" {{(pid=86589) __acquire /opt/stack/cinder/cinder/coordination.py:138}}
Jun 05 16:43:10 devstack cinder-volume[86589]: DEBUG cinder.coordination [None req-996f65b0-2213-4413-a28b-cd0fc224cf04 tempest-ServerRescueNegativeTestJSON-1328276610 None] Lock "cinder-quobyte-9112d2fa-1a15-42c4-9ba5-54eea14ef485" acquired by "delete_volume" :: waited 0.015s {{(pid=86589) __acquire /opt/stack/cinder/cinder/coordination.py:141}}
Jun 05 16:43:10 devstack cinder-volume[86589]: DEBUG oslo.privsep.daemon [-] privsep: reply[64bf32b4-012c-4f47-9ca0-40a510e1731f]: (4, 'qcow2') {{(pid=87776) _call_back /opt/stack/data/venv/lib/python3.12/site-packages/oslo_privsep/daemon.py:573}}
Jun 05 16:43:10 devstack cinder-volume[86589]: DEBUG oslo_concurrency.processutils [None req-996f65b0-2213-4413-a28b-cd0fc224cf04 tempest-ServerRescueNegativeTestJSON-1328276610 None] Running cmd (subprocess): /opt/stack/data/venv/bin/python3.12 -m oslo_concurrency.prlimit --as=1073741824 --cpu=60 -- sudo cinder-rootwrap /etc/cinder/rootwrap.conf env LC_ALL=C qemu-img info -f qcow2 --output=json --force-share /opt/stack/data/cinder/mnt/50d583997b0f7fc1034ed909a0103694/volume-9112d2fa-1a15-42c4-9ba5-54eea14ef485 {{(pid=86589) execute /opt/stack/data/venv/lib/python3.12/site-packages/oslo_concurrency/processutils.py:440}}
Jun 05 16:43:10 devstack sudo[91826]: quobyte : PWD=/ ; USER=root ; COMMAND=/opt/stack/data/venv/bin/cinder-rootwrap /etc/cinder/rootwrap.conf env LC_ALL=C qemu-img info -f qcow2 --output=json --force-share /opt/stack/data/cinder/mnt/50d583997b0f7fc1034ed909a0103694/volume-6deb3be2-b2d4-4d90-a2ca-0c2c56a39a39
Jun 05 16:43:10 devstack sudo[91826]: pam_unix(sudo:session): session opened for user root(uid=0) by (uid=1000)
Jun 05 16:43:10 devstack sudo[91827]: quobyte : PWD=/ ; USER=root ; COMMAND=/opt/stack/data/venv/bin/cinder-rootwrap /etc/cinder/rootwrap.conf env LC_ALL=C qemu-img info -f qcow2 --output=json --force-share /opt/stack/data/cinder/mnt/50d583997b0f7fc1034ed909a0103694/volume-9112d2fa-1a15-42c4-9ba5-54eea14ef485
Jun 05 16:43:10 devstack sudo[91827]: pam_unix(sudo:session): session opened for user root(uid=0) by (uid=1000)
Jun 05 16:43:10 devstack sudo[91826]: pam_unix(sudo:session): session closed for user root
Jun 05 16:43:10 devstack cinder-volume[86589]: DEBUG oslo_concurrency.processutils [None req-876d2ee9-fd95-45eb-a2db-8bb34d4ea724 tempest-VolumesSnapshotNegativeTestJSON-1556311726 None] CMD "/opt/stack/data/venv/bin/python3.12 -m oslo_concurrency.prlimit --as=1073741824 --cpu=60 -- sudo cinder-rootwrap /etc/cinder/rootwrap.conf env LC_ALL=C qemu-img info -f qcow2 --output=json --force-share /opt/stack/data/cinder/mnt/50d583997b0f7fc1034ed909a0103694/volume-6deb3be2-b2d4-4d90-a2ca-0c2c56a39a39" returned: 0 in 0.859s {{(pid=86589) execute /opt/stack/data/venv/lib/python3.12/site-packages/oslo_concurrency/processutils.py:468}}
Jun 05 16:43:10 devstack cinder-volume[86589]: DEBUG oslo_concurrency.processutils [None req-876d2ee9-fd95-45eb-a2db-8bb34d4ea724 tempest-VolumesSnapshotNegativeTestJSON-1556311726 None] Running cmd (subprocess): sudo cinder-rootwrap /etc/cinder/rootwrap.conf rm -f /opt/stack/data/cinder/mnt/50d583997b0f7fc1034ed909a0103694/volume-6deb3be2-b2d4-4d90-a2ca-0c2c56a39a39 {{(pid=86589) execute /opt/stack/data/venv/lib/python3.12/site-packages/oslo_concurrency/processutils.py:440}}
Jun 05 16:43:11 devstack sudo[91837]: quobyte : PWD=/ ; USER=root ; COMMAND=/opt/stack/data/venv/bin/cinder-rootwrap /etc/cinder/rootwrap.conf rm -f /opt/stack/data/cinder/mnt/50d583997b0f7fc1034ed909a0103694/volume-6deb3be2-b2d4-4d90-a2ca-0c2c56a39a39
Jun 05 16:43:11 devstack sudo[91837]: pam_unix(sudo:session): session opened for user root(uid=0) by (uid=1000)
Jun 05 16:43:11 devstack cinder-volume[86589]: INFO cinder.volume.manager [None req-d50396c2-f281-4c49-ac7e-3915b9a733d3 tempest-GroupSnapshotsTest-715553026 None] Update group completed successfully.
Jun 05 16:43:11 devstack sudo[91827]: pam_unix(sudo:session): session closed for user root
Jun 05 16:43:11 devstack cinder-volume[86589]: DEBUG oslo_concurrency.processutils [None req-996f65b0-2213-4413-a28b-cd0fc224cf04 tempest-ServerRescueNegativeTestJSON-1328276610 None] CMD "/opt/stack/data/venv/bin/python3.12 -m oslo_concurrency.prlimit --as=1073741824 --cpu=60 -- sudo cinder-rootwrap /etc/cinder/rootwrap.conf env LC_ALL=C qemu-img info -f qcow2 --output=json --force-share /opt/stack/data/cinder/mnt/50d583997b0f7fc1034ed909a0103694/volume-9112d2fa-1a15-42c4-9ba5-54eea14ef485" returned: 0 in 0.841s {{(pid=86589) execute /opt/stack/data/venv/lib/python3.12/site-packages/oslo_concurrency/processutils.py:468}}
Jun 05 16:43:11 devstack cinder-volume[86589]: DEBUG oslo_concurrency.processutils [None req-996f65b0-2213-4413-a28b-cd0fc224cf04 tempest-ServerRescueNegativeTestJSON-1328276610 None] Running cmd (subprocess): sudo cinder-rootwrap /etc/cinder/rootwrap.conf rm -f /opt/stack/data/cinder/mnt/50d583997b0f7fc1034ed909a0103694/volume-9112d2fa-1a15-42c4-9ba5-54eea14ef485 {{(pid=86589) execute /opt/stack/data/venv/lib/python3.12/site-packages/oslo_concurrency/processutils.py:440}}
Jun 05 16:43:11 devstack sudo[91839]: quobyte : PWD=/ ; USER=root ; COMMAND=/opt/stack/data/venv/bin/cinder-rootwrap /etc/cinder/rootwrap.conf rm -f /opt/stack/data/cinder/mnt/50d583997b0f7fc1034ed909a0103694/volume-9112d2fa-1a15-42c4-9ba5-54eea14ef485
Jun 05 16:43:11 devstack sudo[91839]: pam_unix(sudo:session): session opened for user root(uid=0) by (uid=1000)
Jun 05 16:43:11 devstack sudo[91839]: pam_unix(sudo:session): session closed for user root
Jun 05 16:43:11 devstack cinder-volume[86589]: DEBUG oslo_concurrency.processutils [None req-996f65b0-2213-4413-a28b-cd0fc224cf04 tempest-ServerRescueNegativeTestJSON-1328276610 None] CMD "sudo cinder-rootwrap /etc/cinder/rootwrap.conf rm -f /opt/stack/data/cinder/mnt/50d583997b0f7fc1034ed909a0103694/volume-9112d2fa-1a15-42c4-9ba5-54eea14ef485" returned: 0 in 0.592s {{(pid=86589) execute /opt/stack/data/venv/lib/python3.12/site-packages/oslo_concurrency/processutils.py:468}}
Jun 05 16:43:11 devstack cinder-volume[86589]: DEBUG cinder.coordination [None req-996f65b0-2213-4413-a28b-cd0fc224cf04 tempest-ServerRescueNegativeTestJSON-1328276610 None] Lock "cinder-quobyte-9112d2fa-1a15-42c4-9ba5-54eea14ef485" released by "delete_volume" :: held 1.480s {{(pid=86589) __release /opt/stack/cinder/cinder/coordination.py:152}}
Jun 05 16:43:11 devstack sudo[91837]: pam_unix(sudo:session): session closed for user root
Jun 05 16:43:11 devstack cinder-volume[86589]: DEBUG oslo_concurrency.processutils [None req-876d2ee9-fd95-45eb-a2db-8bb34d4ea724 tempest-VolumesSnapshotNegativeTestJSON-1556311726 None] CMD "sudo cinder-rootwrap /etc/cinder/rootwrap.conf rm -f /opt/stack/data/cinder/mnt/50d583997b0f7fc1034ed909a0103694/volume-6deb3be2-b2d4-4d90-a2ca-0c2c56a39a39" returned: 0 in 0.681s {{(pid=86589) execute /opt/stack/data/venv/lib/python3.12/site-packages/oslo_concurrency/processutils.py:468}}
Jun 05 16:43:11 devstack cinder-volume[86589]: DEBUG cinder.coordination [None req-876d2ee9-fd95-45eb-a2db-8bb34d4ea724 tempest-VolumesSnapshotNegativeTestJSON-1556311726 None] Lock "cinder-quobyte-6deb3be2-b2d4-4d90-a2ca-0c2c56a39a39" released by "delete_volume" :: held 1.615s {{(pid=86589) __release /opt/stack/cinder/cinder/coordination.py:152}}
Jun 05 16:43:11 devstack cinder-volume[86589]: DEBUG cinder.quota [None req-876d2ee9-fd95-45eb-a2db-8bb34d4ea724 tempest-VolumesSnapshotNegativeTestJSON-1556311726 None] Created reservations ['eb8f9bea-0ab0-46a4-98b3-f15d6a3d53c0', '61a10e86-4e56-4673-b839-13d62ed5dc72', '8f2fb251-6fb2-4996-a85b-ab128643f989', 'ec7cad24-00c4-4bc3-b6d5-43b55b03af2f'] {{(pid=86589) reserve /opt/stack/cinder/cinder/quota.py:752}}
Jun 05 16:43:11 devstack cinder-volume[86589]: DEBUG cinder.quota [None req-996f65b0-2213-4413-a28b-cd0fc224cf04 tempest-ServerRescueNegativeTestJSON-1328276610 None] Created reservations ['1586a0bf-50f9-45f4-9abc-d54d0bd81f79', 'a0f734fa-902b-46c6-8959-4b0bb1bcd73d', '4502480f-9314-4e1c-927f-db58ea2d39b1', '78aaf760-591a-4e7f-828f-37c6115ec495'] {{(pid=86589) reserve /opt/stack/cinder/cinder/quota.py:752}}
Jun 05 16:43:11 devstack cinder-volume[86589]: DEBUG oslo_concurrency.lockutils [None req-876d2ee9-fd95-45eb-a2db-8bb34d4ea724 tempest-VolumesSnapshotNegativeTestJSON-1556311726 None] Acquiring lock "quobyte_ensure" by "cinder.volume.drivers.quobyte.QuobyteDriver._ensure_shares_mounted" {{(pid=86589) inner /opt/stack/data/venv/lib/python3.12/site-packages/oslo_concurrency/lockutils.py:506}}
Jun 05 16:43:11 devstack cinder-volume[86589]: DEBUG oslo_concurrency.lockutils [None req-876d2ee9-fd95-45eb-a2db-8bb34d4ea724 tempest-VolumesSnapshotNegativeTestJSON-1556311726 None] Lock "quobyte_ensure" acquired by "cinder.volume.drivers.quobyte.QuobyteDriver._ensure_shares_mounted" :: waited 0.001s {{(pid=86589) inner /opt/stack/data/venv/lib/python3.12/site-packages/oslo_concurrency/lockutils.py:519}}
Jun 05 16:43:11 devstack cinder-volume[86589]: DEBUG cinder.volume.drivers.quobyte [None req-876d2ee9-fd95-45eb-a2db-8bb34d4ea724 tempest-VolumesSnapshotNegativeTestJSON-1556311726 None] Quobyte Volume URL set to: {'osci02.corp.quobyte.com/cinder-vol-f76b58d2-3653-489d-9c17-8da0a708aa4e': None} {{(pid=86589) _load_shares_config /opt/stack/cinder/cinder/volume/drivers/quobyte.py:617}}
Jun 05 16:43:11 devstack cinder-volume[86589]: DEBUG cinder.volume.drivers.quobyte [None req-876d2ee9-fd95-45eb-a2db-8bb34d4ea724 tempest-VolumesSnapshotNegativeTestJSON-1556311726 None] Available shares ['osci02.corp.quobyte.com/cinder-vol-f76b58d2-3653-489d-9c17-8da0a708aa4e'] {{(pid=86589) _ensure_shares_mounted /opt/stack/cinder/cinder/volume/drivers/quobyte.py:647}}
Jun 05 16:43:11 devstack cinder-volume[86589]: DEBUG oslo_concurrency.lockutils [None req-876d2ee9-fd95-45eb-a2db-8bb34d4ea724 tempest-VolumesSnapshotNegativeTestJSON-1556311726 None] Lock "quobyte_ensure" "released" by "cinder.volume.drivers.quobyte.QuobyteDriver._ensure_shares_mounted" :: held 0.007s {{(pid=86589) inner /opt/stack/data/venv/lib/python3.12/site-packages/oslo_concurrency/lockutils.py:538}}
Jun 05 16:43:11 devstack cinder-volume[86589]: DEBUG oslo_concurrency.processutils [None req-876d2ee9-fd95-45eb-a2db-8bb34d4ea724 tempest-VolumesSnapshotNegativeTestJSON-1556311726 None] Running cmd (subprocess): sudo cinder-rootwrap /etc/cinder/rootwrap.conf df --portability --block-size 1 /opt/stack/data/cinder/mnt/50d583997b0f7fc1034ed909a0103694 {{(pid=86589) execute /opt/stack/data/venv/lib/python3.12/site-packages/oslo_concurrency/processutils.py:440}}
Jun 05 16:43:11 devstack sudo[91843]: quobyte : PWD=/ ; USER=root ; COMMAND=/opt/stack/data/venv/bin/cinder-rootwrap /etc/cinder/rootwrap.conf df --portability --block-size 1 /opt/stack/data/cinder/mnt/50d583997b0f7fc1034ed909a0103694
Jun 05 16:43:11 devstack sudo[91843]: pam_unix(sudo:session): session opened for user root(uid=0) by (uid=1000)
Jun 05 16:43:11 devstack cinder-volume[86589]: DEBUG oslo_concurrency.lockutils [None req-996f65b0-2213-4413-a28b-cd0fc224cf04 tempest-ServerRescueNegativeTestJSON-1328276610 None] Acquiring lock "quobyte_ensure" by "cinder.volume.drivers.quobyte.QuobyteDriver._ensure_shares_mounted" {{(pid=86589) inner /opt/stack/data/venv/lib/python3.12/site-packages/oslo_concurrency/lockutils.py:506}}
Jun 05 16:43:11 devstack cinder-volume[86589]: DEBUG oslo_concurrency.lockutils [None req-996f65b0-2213-4413-a28b-cd0fc224cf04 tempest-ServerRescueNegativeTestJSON-1328276610 None] Lock "quobyte_ensure" acquired by "cinder.volume.drivers.quobyte.QuobyteDriver._ensure_shares_mounted" :: waited 0.001s {{(pid=86589) inner /opt/stack/data/venv/lib/python3.12/site-packages/oslo_concurrency/lockutils.py:519}}
Jun 05 16:43:11 devstack cinder-volume[86589]: DEBUG cinder.volume.drivers.quobyte [None req-996f65b0-2213-4413-a28b-cd0fc224cf04 tempest-ServerRescueNegativeTestJSON-1328276610 None] Quobyte Volume URL set to: {'osci02.corp.quobyte.com/cinder-vol-f76b58d2-3653-489d-9c17-8da0a708aa4e': None} {{(pid=86589) _load_shares_config /opt/stack/cinder/cinder/volume/drivers/quobyte.py:617}}
Jun 05 16:43:11 devstack cinder-volume[86589]: DEBUG cinder.volume.drivers.quobyte [None req-996f65b0-2213-4413-a28b-cd0fc224cf04 tempest-ServerRescueNegativeTestJSON-1328276610 None] Available shares ['osci02.corp.quobyte.com/cinder-vol-f76b58d2-3653-489d-9c17-8da0a708aa4e'] {{(pid=86589) _ensure_shares_mounted /opt/stack/cinder/cinder/volume/drivers/quobyte.py:647}}
Jun 05 16:43:11 devstack cinder-volume[86589]: DEBUG oslo_concurrency.lockutils [None req-996f65b0-2213-4413-a28b-cd0fc224cf04 tempest-ServerRescueNegativeTestJSON-1328276610 None] Lock "quobyte_ensure" "released" by "cinder.volume.drivers.quobyte.QuobyteDriver._ensure_shares_mounted" :: held 0.010s {{(pid=86589) inner /opt/stack/data/venv/lib/python3.12/site-packages/oslo_concurrency/lockutils.py:538}}
Jun 05 16:43:11 devstack cinder-volume[86589]: DEBUG oslo_concurrency.processutils [None req-996f65b0-2213-4413-a28b-cd0fc224cf04 tempest-ServerRescueNegativeTestJSON-1328276610 None] Running cmd (subprocess): sudo cinder-rootwrap /etc/cinder/rootwrap.conf df --portability --block-size 1 /opt/stack/data/cinder/mnt/50d583997b0f7fc1034ed909a0103694 {{(pid=86589) execute /opt/stack/data/venv/lib/python3.12/site-packages/oslo_concurrency/processutils.py:440}}
Jun 05 16:43:11 devstack sudo[91845]: quobyte : PWD=/ ; USER=root ; COMMAND=/opt/stack/data/venv/bin/cinder-rootwrap /etc/cinder/rootwrap.conf df --portability --block-size 1 /opt/stack/data/cinder/mnt/50d583997b0f7fc1034ed909a0103694
Jun 05 16:43:11 devstack sudo[91845]: pam_unix(sudo:session): session opened for user root(uid=0) by (uid=1000)
Jun 05 16:43:12 devstack cinder-volume[86589]: INFO cinder.volume.manager [None req-e9519f88-0fb2-4de0-942b-c28ed6f0c93a tempest-GroupSnapshotsTest-715553026 None] Update group completed successfully.
Jun 05 16:43:12 devstack sudo[91845]: pam_unix(sudo:session): session closed for user root
Jun 05 16:43:12 devstack cinder-volume[86589]: DEBUG oslo_concurrency.processutils [None req-996f65b0-2213-4413-a28b-cd0fc224cf04 tempest-ServerRescueNegativeTestJSON-1328276610 None] CMD "sudo cinder-rootwrap /etc/cinder/rootwrap.conf df --portability --block-size 1 /opt/stack/data/cinder/mnt/50d583997b0f7fc1034ed909a0103694" returned: 0 in 0.840s {{(pid=86589) execute /opt/stack/data/venv/lib/python3.12/site-packages/oslo_concurrency/processutils.py:468}}
Jun 05 16:43:12 devstack cinder-volume[86589]: DEBUG cinder.manager [None req-996f65b0-2213-4413-a28b-cd0fc224cf04 tempest-ServerRescueNegativeTestJSON-1328276610 None] Notifying Schedulers of capabilities ... {{(pid=86589) _publish_service_capabilities /opt/stack/cinder/cinder/manager.py:202}}
Jun 05 16:43:12 devstack cinder-volume[86589]: INFO cinder.volume.manager [None req-996f65b0-2213-4413-a28b-cd0fc224cf04 tempest-ServerRescueNegativeTestJSON-1328276610 None] Deleted volume successfully.
Jun 05 16:43:12 devstack cinder-volume[86589]: DEBUG cinder.coordination [None req-996f65b0-2213-4413-a28b-cd0fc224cf04 tempest-ServerRescueNegativeTestJSON-1328276610 None] Lock "cinder-9112d2fa-1a15-42c4-9ba5-54eea14ef485-delete_volume" released by "delete_volume" :: held 2.676s {{(pid=86589) __release /opt/stack/cinder/cinder/coordination.py:152}}
Jun 05 16:43:12 devstack sudo[91843]: pam_unix(sudo:session): session closed for user root
Jun 05 16:43:12 devstack cinder-volume[86589]: DEBUG oslo_concurrency.processutils [None req-876d2ee9-fd95-45eb-a2db-8bb34d4ea724 tempest-VolumesSnapshotNegativeTestJSON-1556311726 None] CMD "sudo cinder-rootwrap /etc/cinder/rootwrap.conf df --portability --block-size 1 /opt/stack/data/cinder/mnt/50d583997b0f7fc1034ed909a0103694" returned: 0 in 1.019s {{(pid=86589) execute /opt/stack/data/venv/lib/python3.12/site-packages/oslo_concurrency/processutils.py:468}}
Jun 05 16:43:12 devstack cinder-volume[86589]: DEBUG cinder.manager [None req-876d2ee9-fd95-45eb-a2db-8bb34d4ea724 tempest-VolumesSnapshotNegativeTestJSON-1556311726 None] Notifying Schedulers of capabilities ... {{(pid=86589) _publish_service_capabilities /opt/stack/cinder/cinder/manager.py:202}}
Jun 05 16:43:12 devstack cinder-volume[86589]: INFO cinder.volume.manager [None req-876d2ee9-fd95-45eb-a2db-8bb34d4ea724 tempest-VolumesSnapshotNegativeTestJSON-1556311726 None] Deleted volume successfully.
Jun 05 16:43:12 devstack cinder-volume[86589]: DEBUG cinder.coordination [None req-876d2ee9-fd95-45eb-a2db-8bb34d4ea724 tempest-VolumesSnapshotNegativeTestJSON-1556311726 None] Lock "cinder-6deb3be2-b2d4-4d90-a2ca-0c2c56a39a39-delete_volume" released by "delete_volume" :: held 2.887s {{(pid=86589) __release /opt/stack/cinder/cinder/coordination.py:152}}
Jun 05 16:43:13 devstack cinder-volume[86589]: INFO cinder.volume.manager [None req-052f3d4d-19dd-4b82-b4a7-d8e166ed89fc tempest-GroupSnapshotsTest-715553026 None] Update group completed successfully.
Jun 05 16:43:14 devstack cinder-volume[86589]: DEBUG oslo_service.periodic_task [None req-94100f83-11cc-4691-ad92-54fa60270386 None None] Running periodic task VolumeManager.publish_service_capabilities {{(pid=86589) run_periodic_tasks /opt/stack/data/venv/lib/python3.12/site-packages/oslo_service/periodic_task.py:210}}
Jun 05 16:43:14 devstack cinder-volume[86589]: DEBUG oslo_concurrency.lockutils [None req-94100f83-11cc-4691-ad92-54fa60270386 None None] Acquiring lock "quobyte_ensure" by "cinder.volume.drivers.quobyte.QuobyteDriver._ensure_shares_mounted" {{(pid=86589) inner /opt/stack/data/venv/lib/python3.12/site-packages/oslo_concurrency/lockutils.py:506}}
Jun 05 16:43:14 devstack cinder-volume[86589]: DEBUG oslo_concurrency.lockutils [None req-94100f83-11cc-4691-ad92-54fa60270386 None None] Lock "quobyte_ensure" acquired by "cinder.volume.drivers.quobyte.QuobyteDriver._ensure_shares_mounted" :: waited 0.002s {{(pid=86589) inner /opt/stack/data/venv/lib/python3.12/site-packages/oslo_concurrency/lockutils.py:519}}
Jun 05 16:43:14 devstack cinder-volume[86589]: DEBUG cinder.volume.drivers.quobyte [None req-94100f83-11cc-4691-ad92-54fa60270386 None None] Quobyte Volume URL set to: {'osci02.corp.quobyte.com/cinder-vol-f76b58d2-3653-489d-9c17-8da0a708aa4e': None} {{(pid=86589) _load_shares_config /opt/stack/cinder/cinder/volume/drivers/quobyte.py:617}}
Jun 05 16:43:14 devstack cinder-volume[86589]: DEBUG cinder.volume.drivers.quobyte [None req-94100f83-11cc-4691-ad92-54fa60270386 None None] Available shares ['osci02.corp.quobyte.com/cinder-vol-f76b58d2-3653-489d-9c17-8da0a708aa4e'] {{(pid=86589) _ensure_shares_mounted /opt/stack/cinder/cinder/volume/drivers/quobyte.py:647}}
Jun 05 16:43:14 devstack cinder-volume[86589]: DEBUG oslo_concurrency.lockutils [None req-94100f83-11cc-4691-ad92-54fa60270386 None None] Lock "quobyte_ensure" "released" by "cinder.volume.drivers.quobyte.QuobyteDriver._ensure_shares_mounted" :: held 0.022s {{(pid=86589) inner /opt/stack/data/venv/lib/python3.12/site-packages/oslo_concurrency/lockutils.py:538}}
Jun 05 16:43:14 devstack cinder-volume[86589]: DEBUG oslo_concurrency.processutils [None req-94100f83-11cc-4691-ad92-54fa60270386 None None] Running cmd (subprocess): sudo cinder-rootwrap /etc/cinder/rootwrap.conf df --portability --block-size 1 /opt/stack/data/cinder/mnt/50d583997b0f7fc1034ed909a0103694 {{(pid=86589) execute /opt/stack/data/venv/lib/python3.12/site-packages/oslo_concurrency/processutils.py:440}}
Jun 05 16:43:14 devstack sudo[91885]: quobyte : PWD=/ ; USER=root ; COMMAND=/opt/stack/data/venv/bin/cinder-rootwrap /etc/cinder/rootwrap.conf df --portability --block-size 1 /opt/stack/data/cinder/mnt/50d583997b0f7fc1034ed909a0103694
Jun 05 16:43:14 devstack sudo[91885]: pam_unix(sudo:session): session opened for user root(uid=0) by (uid=1000)
Jun 05 16:43:15 devstack sudo[91885]: pam_unix(sudo:session): session closed for user root
Jun 05 16:43:15 devstack cinder-volume[86589]: DEBUG oslo_concurrency.processutils [None req-94100f83-11cc-4691-ad92-54fa60270386 None None] CMD "sudo cinder-rootwrap /etc/cinder/rootwrap.conf df --portability --block-size 1 /opt/stack/data/cinder/mnt/50d583997b0f7fc1034ed909a0103694" returned: 0 in 1.462s {{(pid=86589) execute /opt/stack/data/venv/lib/python3.12/site-packages/oslo_concurrency/processutils.py:468}}
Jun 05 16:43:15 devstack cinder-volume[86589]: DEBUG cinder.manager [None req-94100f83-11cc-4691-ad92-54fa60270386 None None] Notifying Schedulers of capabilities ... {{(pid=86589) _publish_service_capabilities /opt/stack/cinder/cinder/manager.py:202}}
Jun 05 16:43:15 devstack cinder-volume[86589]: INFO cinder.volume.manager [None req-15ed19ae-c55e-4c92-9de9-f0dc012f793a tempest-GroupSnapshotsTest-715553026 None] GroupSnapshot 0cace442-5948-4ff1-a340-41f126bdb1dd: creating.
Jun 05 16:43:15 devstack cinder-volume[86589]: DEBUG cinder.volume.manager [None req-15ed19ae-c55e-4c92-9de9-f0dc012f793a tempest-GroupSnapshotsTest-715553026 None] Group snapshot 0cace442-5948-4ff1-a340-41f126bdb1dd: creating. {{(pid=86589) create_group_snapshot /opt/stack/cinder/cinder/volume/manager.py:4175}}
Jun 05 16:43:15 devstack cinder-volume[86589]: DEBUG oslo_concurrency.lockutils [None req-15ed19ae-c55e-4c92-9de9-f0dc012f793a tempest-GroupSnapshotsTest-715553026 None] Acquiring lock "quobyte" by "cinder.volume.drivers.quobyte.QuobyteDriver.create_snapshot" {{(pid=86589) inner /opt/stack/data/venv/lib/python3.12/site-packages/oslo_concurrency/lockutils.py:506}}
Jun 05 16:43:15 devstack cinder-volume[86589]: DEBUG oslo_concurrency.lockutils [None req-15ed19ae-c55e-4c92-9de9-f0dc012f793a tempest-GroupSnapshotsTest-715553026 None] Lock "quobyte" acquired by "cinder.volume.drivers.quobyte.QuobyteDriver.create_snapshot" :: waited 0.002s {{(pid=86589) inner /opt/stack/data/venv/lib/python3.12/site-packages/oslo_concurrency/lockutils.py:519}}
Jun 05 16:43:15 devstack cinder-volume[86589]: DEBUG cinder.volume.drivers.remotefs [None req-15ed19ae-c55e-4c92-9de9-f0dc012f793a tempest-GroupSnapshotsTest-715553026 None] Creating offline snapshot 9ebf6956-0600-4b68-9c8b-b339673527ef of volume 8794dbfa-9ffc-4cfb-a429-db2aaa0706c2 {{(pid=86589) _create_snapshot /opt/stack/cinder/cinder/volume/drivers/remotefs.py:1815}}
Jun 05 16:43:15 devstack cinder-volume[86589]: DEBUG oslo.privsep.daemon [-] privsep: reply[5d0649aa-e98f-4424-9143-42101fbe7e5b]: (4, 'qcow2') {{(pid=87776) _call_back /opt/stack/data/venv/lib/python3.12/site-packages/oslo_privsep/daemon.py:573}}
Jun 05 16:43:15 devstack cinder-volume[86589]: DEBUG oslo_concurrency.processutils [None req-15ed19ae-c55e-4c92-9de9-f0dc012f793a tempest-GroupSnapshotsTest-715553026 None] Running cmd (subprocess): /opt/stack/data/venv/bin/python3.12 -m oslo_concurrency.prlimit --as=1073741824 --cpu=60 -- sudo cinder-rootwrap /etc/cinder/rootwrap.conf env LC_ALL=C qemu-img info -f qcow2 --output=json --force-share /opt/stack/data/cinder/mnt/50d583997b0f7fc1034ed909a0103694/volume-8794dbfa-9ffc-4cfb-a429-db2aaa0706c2 {{(pid=86589) execute /opt/stack/data/venv/lib/python3.12/site-packages/oslo_concurrency/processutils.py:440}}
Jun 05 16:43:15 devstack sudo[91904]: quobyte : PWD=/ ; USER=root ; COMMAND=/opt/stack/data/venv/bin/cinder-rootwrap /etc/cinder/rootwrap.conf env LC_ALL=C qemu-img info -f qcow2 --output=json --force-share /opt/stack/data/cinder/mnt/50d583997b0f7fc1034ed909a0103694/volume-8794dbfa-9ffc-4cfb-a429-db2aaa0706c2
Jun 05 16:43:15 devstack sudo[91904]: pam_unix(sudo:session): session opened for user root(uid=0) by (uid=1000)
Jun 05 16:43:16 devstack sudo[91904]: pam_unix(sudo:session): session closed for user root
Jun 05 16:43:16 devstack cinder-volume[86589]: DEBUG oslo_concurrency.processutils [None req-15ed19ae-c55e-4c92-9de9-f0dc012f793a tempest-GroupSnapshotsTest-715553026 None] CMD "/opt/stack/data/venv/bin/python3.12 -m oslo_concurrency.prlimit --as=1073741824 --cpu=60 -- sudo cinder-rootwrap /etc/cinder/rootwrap.conf env LC_ALL=C qemu-img info -f qcow2 --output=json --force-share /opt/stack/data/cinder/mnt/50d583997b0f7fc1034ed909a0103694/volume-8794dbfa-9ffc-4cfb-a429-db2aaa0706c2" returned: 0 in 1.101s {{(pid=86589) execute /opt/stack/data/venv/lib/python3.12/site-packages/oslo_concurrency/processutils.py:468}}
Jun 05 16:43:16 devstack cinder-volume[86589]: DEBUG oslo_concurrency.processutils [None req-15ed19ae-c55e-4c92-9de9-f0dc012f793a tempest-GroupSnapshotsTest-715553026 None] Running cmd (subprocess): sudo cinder-rootwrap /etc/cinder/rootwrap.conf qemu-img create -f qcow2 -o backing_file=/opt/stack/data/cinder/mnt/50d583997b0f7fc1034ed909a0103694/volume-8794dbfa-9ffc-4cfb-a429-db2aaa0706c2,backing_fmt=qcow2 /opt/stack/data/cinder/mnt/50d583997b0f7fc1034ed909a0103694/volume-8794dbfa-9ffc-4cfb-a429-db2aaa0706c2.9ebf6956-0600-4b68-9c8b-b339673527ef 1G {{(pid=86589) execute /opt/stack/data/venv/lib/python3.12/site-packages/oslo_concurrency/processutils.py:440}}
Jun 05 16:43:16 devstack sudo[91946]: quobyte : PWD=/ ; USER=root ; COMMAND=/opt/stack/data/venv/bin/cinder-rootwrap /etc/cinder/rootwrap.conf qemu-img create -f qcow2 -o backing_file=/opt/stack/data/cinder/mnt/50d583997b0f7fc1034ed909a0103694/volume-8794dbfa-9ffc-4cfb-a429-db2aaa0706c2,backing_fmt=qcow2 /opt/stack/data/cinder/mnt/50d583997b0f7fc1034ed909a0103694/volume-8794dbfa-9ffc-4cfb-a429-db2aaa0706c2.9ebf6956-0600-4b68-9c8b-b339673527ef 1G
Jun 05 16:43:16 devstack sudo[91946]: pam_unix(sudo:session): session opened for user root(uid=0) by (uid=1000)
Jun 05 16:43:18 devstack sudo[91946]: pam_unix(sudo:session): session closed for user root
Jun 05 16:43:18 devstack cinder-volume[86589]: DEBUG oslo_concurrency.processutils [None req-15ed19ae-c55e-4c92-9de9-f0dc012f793a tempest-GroupSnapshotsTest-715553026 None] CMD "sudo cinder-rootwrap /etc/cinder/rootwrap.conf qemu-img create -f qcow2 -o backing_file=/opt/stack/data/cinder/mnt/50d583997b0f7fc1034ed909a0103694/volume-8794dbfa-9ffc-4cfb-a429-db2aaa0706c2,backing_fmt=qcow2 /opt/stack/data/cinder/mnt/50d583997b0f7fc1034ed909a0103694/volume-8794dbfa-9ffc-4cfb-a429-db2aaa0706c2.9ebf6956-0600-4b68-9c8b-b339673527ef 1G" returned: 0 in 1.110s {{(pid=86589) execute /opt/stack/data/venv/lib/python3.12/site-packages/oslo_concurrency/processutils.py:468}}
Jun 05 16:43:18 devstack cinder-volume[86589]: DEBUG oslo_concurrency.processutils [None req-15ed19ae-c55e-4c92-9de9-f0dc012f793a tempest-GroupSnapshotsTest-715553026 None] Running cmd (subprocess): sudo cinder-rootwrap /etc/cinder/rootwrap.conf qemu-img rebase -u -b volume-8794dbfa-9ffc-4cfb-a429-db2aaa0706c2 -F qcow2 /opt/stack/data/cinder/mnt/50d583997b0f7fc1034ed909a0103694/volume-8794dbfa-9ffc-4cfb-a429-db2aaa0706c2.9ebf6956-0600-4b68-9c8b-b339673527ef {{(pid=86589) execute /opt/stack/data/venv/lib/python3.12/site-packages/oslo_concurrency/processutils.py:440}}
Jun 05 16:43:18 devstack sudo[91954]: quobyte : PWD=/ ; USER=root ; COMMAND=/opt/stack/data/venv/bin/cinder-rootwrap /etc/cinder/rootwrap.conf qemu-img rebase -u -b volume-8794dbfa-9ffc-4cfb-a429-db2aaa0706c2 -F qcow2 /opt/stack/data/cinder/mnt/50d583997b0f7fc1034ed909a0103694/volume-8794dbfa-9ffc-4cfb-a429-db2aaa0706c2.9ebf6956-0600-4b68-9c8b-b339673527ef
Jun 05 16:43:18 devstack sudo[91954]: pam_unix(sudo:session): session opened for user root(uid=0) by (uid=1000)
Jun 05 16:43:18 devstack cinder-volume[86589]: INFO cinder.volume.manager [req-c630e5e4-a442-4643-b667-9160e7776b55 req-d2aaa7dd-049d-42fc-b82e-59e948723b03 tempest-AttachVolumeShelveTestJSON-298505208 None] Terminate volume connection completed successfully.
Jun 05 16:43:18 devstack cinder-volume[86589]: DEBUG cinder.volume.manager [req-c630e5e4-a442-4643-b667-9160e7776b55 req-d2aaa7dd-049d-42fc-b82e-59e948723b03 tempest-AttachVolumeShelveTestJSON-298505208 None] Deleting attachment 9e14dc96-d66c-444a-a413-1dbf8c7e729e. {{(pid=86589) attachment_delete /opt/stack/cinder/cinder/volume/manager.py:5055}}
Jun 05 16:43:18 devstack sudo[91954]: pam_unix(sudo:session): session closed for user root
Jun 05 16:43:18 devstack cinder-volume[86589]: DEBUG oslo_concurrency.processutils [None req-15ed19ae-c55e-4c92-9de9-f0dc012f793a tempest-GroupSnapshotsTest-715553026 None] CMD "sudo cinder-rootwrap /etc/cinder/rootwrap.conf qemu-img rebase -u -b volume-8794dbfa-9ffc-4cfb-a429-db2aaa0706c2 -F qcow2 /opt/stack/data/cinder/mnt/50d583997b0f7fc1034ed909a0103694/volume-8794dbfa-9ffc-4cfb-a429-db2aaa0706c2.9ebf6956-0600-4b68-9c8b-b339673527ef" returned: 0 in 0.903s {{(pid=86589) execute /opt/stack/data/venv/lib/python3.12/site-packages/oslo_concurrency/processutils.py:468}}
Jun 05 16:43:18 devstack cinder-volume[86589]: WARNING cinder.volume.drivers.remotefs [None req-15ed19ae-c55e-4c92-9de9-f0dc012f793a tempest-GroupSnapshotsTest-715553026 None] /opt/stack/data/cinder/mnt/50d583997b0f7fc1034ed909a0103694/volume-8794dbfa-9ffc-4cfb-a429-db2aaa0706c2.9ebf6956-0600-4b68-9c8b-b339673527ef is being set with open permissions: ugo+rw: NotImplementedError
Jun 05 16:43:18 devstack cinder-volume[86589]: DEBUG oslo_concurrency.processutils [None req-15ed19ae-c55e-4c92-9de9-f0dc012f793a tempest-GroupSnapshotsTest-715553026 None] Running cmd (subprocess): sudo cinder-rootwrap /etc/cinder/rootwrap.conf chmod ugo+rw /opt/stack/data/cinder/mnt/50d583997b0f7fc1034ed909a0103694/volume-8794dbfa-9ffc-4cfb-a429-db2aaa0706c2.9ebf6956-0600-4b68-9c8b-b339673527ef {{(pid=86589) execute /opt/stack/data/venv/lib/python3.12/site-packages/oslo_concurrency/processutils.py:440}}
Jun 05 16:43:18 devstack sudo[91962]: quobyte : PWD=/ ; USER=root ; COMMAND=/opt/stack/data/venv/bin/cinder-rootwrap /etc/cinder/rootwrap.conf chmod ugo+rw /opt/stack/data/cinder/mnt/50d583997b0f7fc1034ed909a0103694/volume-8794dbfa-9ffc-4cfb-a429-db2aaa0706c2.9ebf6956-0600-4b68-9c8b-b339673527ef
Jun 05 16:43:18 devstack sudo[91962]: pam_unix(sudo:session): session opened for user root(uid=0) by (uid=1000)
Jun 05 16:43:19 devstack sudo[91962]: pam_unix(sudo:session): session closed for user root
Jun 05 16:43:19 devstack cinder-volume[86589]: DEBUG oslo_concurrency.processutils [None req-15ed19ae-c55e-4c92-9de9-f0dc012f793a tempest-GroupSnapshotsTest-715553026 None] CMD "sudo cinder-rootwrap /etc/cinder/rootwrap.conf chmod ugo+rw /opt/stack/data/cinder/mnt/50d583997b0f7fc1034ed909a0103694/volume-8794dbfa-9ffc-4cfb-a429-db2aaa0706c2.9ebf6956-0600-4b68-9c8b-b339673527ef" returned: 0 in 0.820s {{(pid=86589) execute /opt/stack/data/venv/lib/python3.12/site-packages/oslo_concurrency/processutils.py:468}}
Jun 05 16:43:19 devstack cinder-volume[86589]: DEBUG oslo_concurrency.processutils [None req-15ed19ae-c55e-4c92-9de9-f0dc012f793a tempest-GroupSnapshotsTest-715553026 None] Running cmd (subprocess): sudo cinder-rootwrap /etc/cinder/rootwrap.conf truncate -s0 /opt/stack/data/cinder/mnt/50d583997b0f7fc1034ed909a0103694/volume-8794dbfa-9ffc-4cfb-a429-db2aaa0706c2.info {{(pid=86589) execute /opt/stack/data/venv/lib/python3.12/site-packages/oslo_concurrency/processutils.py:440}}
Jun 05 16:43:19 devstack sudo[91965]: quobyte : PWD=/ ; USER=root ; COMMAND=/opt/stack/data/venv/bin/cinder-rootwrap /etc/cinder/rootwrap.conf truncate -s0 /opt/stack/data/cinder/mnt/50d583997b0f7fc1034ed909a0103694/volume-8794dbfa-9ffc-4cfb-a429-db2aaa0706c2.info
Jun 05 16:43:19 devstack sudo[91965]: pam_unix(sudo:session): session opened for user root(uid=0) by (uid=1000)
Jun 05 16:43:20 devstack sudo[91965]: pam_unix(sudo:session): session closed for user root
Jun 05 16:43:20 devstack cinder-volume[86589]: DEBUG oslo_concurrency.processutils [None req-15ed19ae-c55e-4c92-9de9-f0dc012f793a tempest-GroupSnapshotsTest-715553026 None] CMD "sudo cinder-rootwrap /etc/cinder/rootwrap.conf truncate -s0 /opt/stack/data/cinder/mnt/50d583997b0f7fc1034ed909a0103694/volume-8794dbfa-9ffc-4cfb-a429-db2aaa0706c2.info" returned: 0 in 0.805s {{(pid=86589) execute /opt/stack/data/venv/lib/python3.12/site-packages/oslo_concurrency/processutils.py:468}}
Jun 05 16:43:20 devstack cinder-volume[86589]: WARNING cinder.volume.drivers.remotefs [None req-15ed19ae-c55e-4c92-9de9-f0dc012f793a tempest-GroupSnapshotsTest-715553026 None] /opt/stack/data/cinder/mnt/50d583997b0f7fc1034ed909a0103694/volume-8794dbfa-9ffc-4cfb-a429-db2aaa0706c2.info is being set with open permissions: ugo+rw: NotImplementedError
Jun 05 16:43:20 devstack cinder-volume[86589]: DEBUG oslo_concurrency.processutils [None req-15ed19ae-c55e-4c92-9de9-f0dc012f793a tempest-GroupSnapshotsTest-715553026 None] Running cmd (subprocess): sudo cinder-rootwrap /etc/cinder/rootwrap.conf chmod ugo+rw /opt/stack/data/cinder/mnt/50d583997b0f7fc1034ed909a0103694/volume-8794dbfa-9ffc-4cfb-a429-db2aaa0706c2.info {{(pid=86589) execute /opt/stack/data/venv/lib/python3.12/site-packages/oslo_concurrency/processutils.py:440}}
Jun 05 16:43:20 devstack sudo[91968]: quobyte : PWD=/ ; USER=root ; COMMAND=/opt/stack/data/venv/bin/cinder-rootwrap /etc/cinder/rootwrap.conf chmod ugo+rw /opt/stack/data/cinder/mnt/50d583997b0f7fc1034ed909a0103694/volume-8794dbfa-9ffc-4cfb-a429-db2aaa0706c2.info
Jun 05 16:43:20 devstack sudo[91968]: pam_unix(sudo:session): session opened for user root(uid=0) by (uid=1000)
Jun 05 16:43:21 devstack sudo[91968]: pam_unix(sudo:session): session closed for user root
Jun 05 16:43:21 devstack cinder-volume[86589]: DEBUG oslo_concurrency.processutils [None req-15ed19ae-c55e-4c92-9de9-f0dc012f793a tempest-GroupSnapshotsTest-715553026 None] CMD "sudo cinder-rootwrap /etc/cinder/rootwrap.conf chmod ugo+rw /opt/stack/data/cinder/mnt/50d583997b0f7fc1034ed909a0103694/volume-8794dbfa-9ffc-4cfb-a429-db2aaa0706c2.info" returned: 0 in 0.946s {{(pid=86589) execute /opt/stack/data/venv/lib/python3.12/site-packages/oslo_concurrency/processutils.py:468}}
Jun 05 16:43:21 devstack cinder-volume[86589]: DEBUG oslo_concurrency.lockutils [None req-15ed19ae-c55e-4c92-9de9-f0dc012f793a tempest-GroupSnapshotsTest-715553026 None] Lock "quobyte" "released" by "cinder.volume.drivers.quobyte.QuobyteDriver.create_snapshot" :: held 5.793s {{(pid=86589) inner /opt/stack/data/venv/lib/python3.12/site-packages/oslo_concurrency/lockutils.py:538}}
Jun 05 16:43:21 devstack cinder-volume[86589]: DEBUG oslo_concurrency.lockutils [None req-15ed19ae-c55e-4c92-9de9-f0dc012f793a tempest-GroupSnapshotsTest-715553026 None] Acquiring lock "quobyte" by "cinder.volume.drivers.quobyte.QuobyteDriver.create_snapshot" {{(pid=86589) inner /opt/stack/data/venv/lib/python3.12/site-packages/oslo_concurrency/lockutils.py:506}}
Jun 05 16:43:21 devstack cinder-volume[86589]: DEBUG oslo_concurrency.lockutils [None req-15ed19ae-c55e-4c92-9de9-f0dc012f793a tempest-GroupSnapshotsTest-715553026 None] Lock "quobyte" acquired by "cinder.volume.drivers.quobyte.QuobyteDriver.create_snapshot" :: waited 0.000s {{(pid=86589) inner /opt/stack/data/venv/lib/python3.12/site-packages/oslo_concurrency/lockutils.py:519}}
Jun 05 16:43:21 devstack cinder-volume[86589]: DEBUG cinder.volume.drivers.remotefs [None req-15ed19ae-c55e-4c92-9de9-f0dc012f793a tempest-GroupSnapshotsTest-715553026 None] Creating offline snapshot bfc1bc7e-53c6-47ec-bbfa-21cf455a5fcc of volume 92d95b9a-9030-4d4e-96b0-afb82cbbd945 {{(pid=86589) _create_snapshot /opt/stack/cinder/cinder/volume/drivers/remotefs.py:1815}}
Jun 05 16:43:21 devstack cinder-volume[86589]: DEBUG oslo.privsep.daemon [-] privsep: reply[151ef730-04f5-4d2e-a815-ac45ec403837]: (4, 'qcow2') {{(pid=87776) _call_back /opt/stack/data/venv/lib/python3.12/site-packages/oslo_privsep/daemon.py:573}}
Jun 05 16:43:21 devstack cinder-volume[86589]: DEBUG oslo_concurrency.processutils [None req-15ed19ae-c55e-4c92-9de9-f0dc012f793a tempest-GroupSnapshotsTest-715553026 None] Running cmd (subprocess): /opt/stack/data/venv/bin/python3.12 -m oslo_concurrency.prlimit --as=1073741824 --cpu=60 -- sudo cinder-rootwrap /etc/cinder/rootwrap.conf env LC_ALL=C qemu-img info -f qcow2 --output=json --force-share /opt/stack/data/cinder/mnt/50d583997b0f7fc1034ed909a0103694/volume-92d95b9a-9030-4d4e-96b0-afb82cbbd945 {{(pid=86589) execute /opt/stack/data/venv/lib/python3.12/site-packages/oslo_concurrency/processutils.py:440}}
Jun 05 16:43:21 devstack sudo[91974]: quobyte : PWD=/ ; USER=root ; COMMAND=/opt/stack/data/venv/bin/cinder-rootwrap /etc/cinder/rootwrap.conf env LC_ALL=C qemu-img info -f qcow2 --output=json --force-share /opt/stack/data/cinder/mnt/50d583997b0f7fc1034ed909a0103694/volume-92d95b9a-9030-4d4e-96b0-afb82cbbd945
Jun 05 16:43:21 devstack sudo[91974]: pam_unix(sudo:session): session opened for user root(uid=0) by (uid=1000)
Jun 05 16:43:22 devstack sudo[91974]: pam_unix(sudo:session): session closed for user root
Jun 05 16:43:22 devstack cinder-volume[86589]: DEBUG oslo_concurrency.processutils [None req-15ed19ae-c55e-4c92-9de9-f0dc012f793a tempest-GroupSnapshotsTest-715553026 None] CMD "/opt/stack/data/venv/bin/python3.12 -m oslo_concurrency.prlimit --as=1073741824 --cpu=60 -- sudo cinder-rootwrap /etc/cinder/rootwrap.conf env LC_ALL=C qemu-img info -f qcow2 --output=json --force-share /opt/stack/data/cinder/mnt/50d583997b0f7fc1034ed909a0103694/volume-92d95b9a-9030-4d4e-96b0-afb82cbbd945" returned: 0 in 1.201s {{(pid=86589) execute /opt/stack/data/venv/lib/python3.12/site-packages/oslo_concurrency/processutils.py:468}}
Jun 05 16:43:22 devstack cinder-volume[86589]: DEBUG oslo_concurrency.processutils [None req-15ed19ae-c55e-4c92-9de9-f0dc012f793a tempest-GroupSnapshotsTest-715553026 None] Running cmd (subprocess): sudo cinder-rootwrap /etc/cinder/rootwrap.conf qemu-img create -f qcow2 -o backing_file=/opt/stack/data/cinder/mnt/50d583997b0f7fc1034ed909a0103694/volume-92d95b9a-9030-4d4e-96b0-afb82cbbd945,backing_fmt=qcow2 /opt/stack/data/cinder/mnt/50d583997b0f7fc1034ed909a0103694/volume-92d95b9a-9030-4d4e-96b0-afb82cbbd945.bfc1bc7e-53c6-47ec-bbfa-21cf455a5fcc 1G {{(pid=86589) execute /opt/stack/data/venv/lib/python3.12/site-packages/oslo_concurrency/processutils.py:440}}
Jun 05 16:43:22 devstack sudo[92071]: quobyte : PWD=/ ; USER=root ; COMMAND=/opt/stack/data/venv/bin/cinder-rootwrap /etc/cinder/rootwrap.conf qemu-img create -f qcow2 -o backing_file=/opt/stack/data/cinder/mnt/50d583997b0f7fc1034ed909a0103694/volume-92d95b9a-9030-4d4e-96b0-afb82cbbd945,backing_fmt=qcow2 /opt/stack/data/cinder/mnt/50d583997b0f7fc1034ed909a0103694/volume-92d95b9a-9030-4d4e-96b0-afb82cbbd945.bfc1bc7e-53c6-47ec-bbfa-21cf455a5fcc 1G
Jun 05 16:43:22 devstack sudo[92071]: pam_unix(sudo:session): session opened for user root(uid=0) by (uid=1000)
Jun 05 16:43:23 devstack sudo[92071]: pam_unix(sudo:session): session closed for user root
Jun 05 16:43:23 devstack cinder-volume[86589]: DEBUG oslo_concurrency.processutils [None req-15ed19ae-c55e-4c92-9de9-f0dc012f793a tempest-GroupSnapshotsTest-715553026 None] CMD "sudo cinder-rootwrap /etc/cinder/rootwrap.conf qemu-img create -f qcow2 -o backing_file=/opt/stack/data/cinder/mnt/50d583997b0f7fc1034ed909a0103694/volume-92d95b9a-9030-4d4e-96b0-afb82cbbd945,backing_fmt=qcow2 /opt/stack/data/cinder/mnt/50d583997b0f7fc1034ed909a0103694/volume-92d95b9a-9030-4d4e-96b0-afb82cbbd945.bfc1bc7e-53c6-47ec-bbfa-21cf455a5fcc 1G" returned: 0 in 0.948s {{(pid=86589) execute /opt/stack/data/venv/lib/python3.12/site-packages/oslo_concurrency/processutils.py:468}}
Jun 05 16:43:23 devstack cinder-volume[86589]: DEBUG oslo_concurrency.processutils [None req-15ed19ae-c55e-4c92-9de9-f0dc012f793a tempest-GroupSnapshotsTest-715553026 None] Running cmd (subprocess): sudo cinder-rootwrap /etc/cinder/rootwrap.conf qemu-img rebase -u -b volume-92d95b9a-9030-4d4e-96b0-afb82cbbd945 -F qcow2 /opt/stack/data/cinder/mnt/50d583997b0f7fc1034ed909a0103694/volume-92d95b9a-9030-4d4e-96b0-afb82cbbd945.bfc1bc7e-53c6-47ec-bbfa-21cf455a5fcc {{(pid=86589) execute /opt/stack/data/venv/lib/python3.12/site-packages/oslo_concurrency/processutils.py:440}}
Jun 05 16:43:23 devstack sudo[92078]: quobyte : PWD=/ ; USER=root ; COMMAND=/opt/stack/data/venv/bin/cinder-rootwrap /etc/cinder/rootwrap.conf qemu-img rebase -u -b volume-92d95b9a-9030-4d4e-96b0-afb82cbbd945 -F qcow2 /opt/stack/data/cinder/mnt/50d583997b0f7fc1034ed909a0103694/volume-92d95b9a-9030-4d4e-96b0-afb82cbbd945.bfc1bc7e-53c6-47ec-bbfa-21cf455a5fcc
Jun 05 16:43:23 devstack sudo[92078]: pam_unix(sudo:session): session opened for user root(uid=0) by (uid=1000)
Jun 05 16:43:24 devstack sudo[92078]: pam_unix(sudo:session): session closed for user root
Jun 05 16:43:24 devstack cinder-volume[86589]: DEBUG oslo_concurrency.processutils [None req-15ed19ae-c55e-4c92-9de9-f0dc012f793a tempest-GroupSnapshotsTest-715553026 None] CMD "sudo cinder-rootwrap /etc/cinder/rootwrap.conf qemu-img rebase -u -b volume-92d95b9a-9030-4d4e-96b0-afb82cbbd945 -F qcow2 /opt/stack/data/cinder/mnt/50d583997b0f7fc1034ed909a0103694/volume-92d95b9a-9030-4d4e-96b0-afb82cbbd945.bfc1bc7e-53c6-47ec-bbfa-21cf455a5fcc" returned: 0 in 0.806s {{(pid=86589) execute /opt/stack/data/venv/lib/python3.12/site-packages/oslo_concurrency/processutils.py:468}}
Jun 05 16:43:24 devstack cinder-volume[86589]: WARNING cinder.volume.drivers.remotefs [None req-15ed19ae-c55e-4c92-9de9-f0dc012f793a tempest-GroupSnapshotsTest-715553026 None] /opt/stack/data/cinder/mnt/50d583997b0f7fc1034ed909a0103694/volume-92d95b9a-9030-4d4e-96b0-afb82cbbd945.bfc1bc7e-53c6-47ec-bbfa-21cf455a5fcc is being set with open permissions: ugo+rw: NotImplementedError
Jun 05 16:43:24 devstack cinder-volume[86589]: DEBUG oslo_concurrency.processutils [None req-15ed19ae-c55e-4c92-9de9-f0dc012f793a tempest-GroupSnapshotsTest-715553026 None] Running cmd (subprocess): sudo cinder-rootwrap /etc/cinder/rootwrap.conf chmod ugo+rw /opt/stack/data/cinder/mnt/50d583997b0f7fc1034ed909a0103694/volume-92d95b9a-9030-4d4e-96b0-afb82cbbd945.bfc1bc7e-53c6-47ec-bbfa-21cf455a5fcc {{(pid=86589) execute /opt/stack/data/venv/lib/python3.12/site-packages/oslo_concurrency/processutils.py:440}}
Jun 05 16:43:24 devstack sudo[92085]: quobyte : PWD=/ ; USER=root ; COMMAND=/opt/stack/data/venv/bin/cinder-rootwrap /etc/cinder/rootwrap.conf chmod ugo+rw /opt/stack/data/cinder/mnt/50d583997b0f7fc1034ed909a0103694/volume-92d95b9a-9030-4d4e-96b0-afb82cbbd945.bfc1bc7e-53c6-47ec-bbfa-21cf455a5fcc
Jun 05 16:43:24 devstack sudo[92085]: pam_unix(sudo:session): session opened for user root(uid=0) by (uid=1000)
Jun 05 16:43:25 devstack sudo[92085]: pam_unix(sudo:session): session closed for user root
Jun 05 16:43:25 devstack cinder-volume[86589]: DEBUG oslo_concurrency.processutils [None req-15ed19ae-c55e-4c92-9de9-f0dc012f793a tempest-GroupSnapshotsTest-715553026 None] CMD "sudo cinder-rootwrap /etc/cinder/rootwrap.conf chmod ugo+rw /opt/stack/data/cinder/mnt/50d583997b0f7fc1034ed909a0103694/volume-92d95b9a-9030-4d4e-96b0-afb82cbbd945.bfc1bc7e-53c6-47ec-bbfa-21cf455a5fcc" returned: 0 in 0.710s {{(pid=86589) execute /opt/stack/data/venv/lib/python3.12/site-packages/oslo_concurrency/processutils.py:468}}
Jun 05 16:43:25 devstack cinder-volume[86589]: DEBUG oslo_concurrency.processutils [None req-15ed19ae-c55e-4c92-9de9-f0dc012f793a tempest-GroupSnapshotsTest-715553026 None] Running cmd (subprocess): sudo cinder-rootwrap /etc/cinder/rootwrap.conf truncate -s0 /opt/stack/data/cinder/mnt/50d583997b0f7fc1034ed909a0103694/volume-92d95b9a-9030-4d4e-96b0-afb82cbbd945.info {{(pid=86589) execute /opt/stack/data/venv/lib/python3.12/site-packages/oslo_concurrency/processutils.py:440}}
Jun 05 16:43:25 devstack sudo[92090]: quobyte : PWD=/ ; USER=root ; COMMAND=/opt/stack/data/venv/bin/cinder-rootwrap /etc/cinder/rootwrap.conf truncate -s0 /opt/stack/data/cinder/mnt/50d583997b0f7fc1034ed909a0103694/volume-92d95b9a-9030-4d4e-96b0-afb82cbbd945.info
Jun 05 16:43:25 devstack sudo[92090]: pam_unix(sudo:session): session opened for user root(uid=0) by (uid=1000)
Jun 05 16:43:25 devstack sudo[92090]: pam_unix(sudo:session): session closed for user root
