Feb 20 05:30:41 devstack devstack@c-api.service[82744]: WARNING cinder.quota [None req-16dfaf70-f479-4a0d-93a6-b4f3ff7106ba tempest-VolumeQuotasNegativeTestJSON-1881806359 tempest-VolumeQuotasNegativeTestJSON-1881806359-project-admin] Deprecated: Default quota for resource: snapshots___DEFAULT__ is set by the default quota flag: quota_snapshots___DEFAULT__, it is now deprecated. Please use the default quota class for default quota.
Feb 20 05:30:41 devstack devstack@c-api.service[82744]: INFO cinder.api.openstack.wsgi [None req-16dfaf70-f479-4a0d-93a6-b4f3ff7106ba tempest-VolumeQuotasNegativeTestJSON-1881806359 tempest-VolumeQuotasNegativeTestJSON-1881806359-project-admin] http://192.168.122.125/volume/v3/os-quota-sets/b15589eafd4a40ec84469e2a2bd7238a returned with HTTP 200
Feb 20 05:30:41 devstack devstack@c-api.service[82744]: [pid: 82744|app: 0|req: 191/367] 192.168.122.125 () {62 vars in 1337 bytes} [Fri Feb 20 05:30:41 2026] GET /volume/v3/os-quota-sets/b15589eafd4a40ec84469e2a2bd7238a => generated 612 bytes in 136 msecs (HTTP/1.1 200) 7 headers in 285 bytes (1 switches on core 0)
Feb 20 05:30:41 devstack devstack@c-api.service[82745]: DEBUG cinder.api.middleware.request_id [None req-27167e57-38e0-40d9-9ddb-4feb2842260d None None] RequestId filter calling following filter/app {{(pid=82745) _context_setter /opt/stack/cinder/cinder/api/middleware/request_id.py:62}}
Feb 20 05:30:41 devstack devstack@c-api.service[82745]: INFO cinder.api.openstack.wsgi [None req-27167e57-38e0-40d9-9ddb-4feb2842260d tempest-VolumeQuotasNegativeTestJSON-322373589 tempest-VolumeQuotasNegativeTestJSON-322373589-project-member] POST http://192.168.122.125/volume/v3/volumes
Feb 20 05:30:41 devstack devstack@c-api.service[82745]: DEBUG cinder.api.openstack.wsgi [None req-27167e57-38e0-40d9-9ddb-4feb2842260d tempest-VolumeQuotasNegativeTestJSON-322373589 tempest-VolumeQuotasNegativeTestJSON-322373589-project-member] Action: 'create', calling method: create, body: {"volume": {"size": 1, "name": "tempest-VolumeQuotasNegativeTestJSON-Volume-787128802"}} {{(pid=82745) _process_stack /opt/stack/cinder/cinder/api/openstack/wsgi.py:876}}
Feb 20 05:30:41 devstack devstack@c-api.service[82745]: DEBUG cinder.api.v3.volumes [None req-27167e57-38e0-40d9-9ddb-4feb2842260d tempest-VolumeQuotasNegativeTestJSON-322373589 tempest-VolumeQuotasNegativeTestJSON-322373589-project-member] Create volume request body: {'volume': {'size': 1, 'name': 'tempest-VolumeQuotasNegativeTestJSON-Volume-787128802'}} {{(pid=82745) create /opt/stack/cinder/cinder/api/v3/volumes.py:368}}
Feb 20 05:30:41 devstack devstack@c-api.service[82745]: INFO cinder.api.v3.volumes [None req-27167e57-38e0-40d9-9ddb-4feb2842260d tempest-VolumeQuotasNegativeTestJSON-322373589 tempest-VolumeQuotasNegativeTestJSON-322373589-project-member] Create volume of 1 GB
Feb 20 05:30:41 devstack devstack@c-api.service[82745]: INFO cinder.volume.api [None req-27167e57-38e0-40d9-9ddb-4feb2842260d tempest-VolumeQuotasNegativeTestJSON-322373589 tempest-VolumeQuotasNegativeTestJSON-322373589-project-member] Availability Zones retrieved successfully.
Feb 20 05:30:41 devstack devstack@c-api.service[82745]: DEBUG cinder.volume.api [None req-27167e57-38e0-40d9-9ddb-4feb2842260d tempest-VolumeQuotasNegativeTestJSON-322373589 tempest-VolumeQuotasNegativeTestJSON-322373589-project-member] Flow 'volume_create_api' (d96b7c72-382b-4206-b5e6-2cc930b1c224) transitioned into state 'RUNNING' from state 'PENDING' {{(pid=82745) _flow_receiver /opt/stack/data/venv/lib/python3.10/site-packages/taskflow/listeners/logging.py:145}}
Feb 20 05:30:41 devstack devstack@c-api.service[82745]: DEBUG cinder.volume.api [None req-27167e57-38e0-40d9-9ddb-4feb2842260d tempest-VolumeQuotasNegativeTestJSON-322373589 tempest-VolumeQuotasNegativeTestJSON-322373589-project-member] Task 'cinder.volume.flows.api.create_volume.ExtractVolumeRequestTask;volume:create' (383aa78e-2e97-48dd-b373-6aae1857b796) transitioned into state 'RUNNING' from state 'PENDING' {{(pid=82745) _task_receiver /opt/stack/data/venv/lib/python3.10/site-packages/taskflow/listeners/logging.py:194}}
Feb 20 05:30:41 devstack devstack@c-api.service[82745]: DEBUG cinder.volume.flows.api.create_volume [None req-27167e57-38e0-40d9-9ddb-4feb2842260d tempest-VolumeQuotasNegativeTestJSON-322373589 tempest-VolumeQuotasNegativeTestJSON-322373589-project-member] Validating volume size '1' using validate_int {{(pid=82745) _extract_size /opt/stack/cinder/cinder/volume/flows/api/create_volume.py:226}}
Feb 20 05:30:41 devstack devstack@c-api.service[82745]: DEBUG cinder.volume.api [None req-27167e57-38e0-40d9-9ddb-4feb2842260d tempest-VolumeQuotasNegativeTestJSON-322373589 tempest-VolumeQuotasNegativeTestJSON-322373589-project-member] Task 'cinder.volume.flows.api.create_volume.ExtractVolumeRequestTask;volume:create' (383aa78e-2e97-48dd-b373-6aae1857b796) transitioned into state 'SUCCESS' from state 'RUNNING' with result '{'size': 1, 'snapshot_id': None, 'source_volid': None, 'volume_type': VolumeType(created_at=2026-02-20T04:27:17Z,deleted=False,deleted_at=None,description=None,extra_specs={},id=5e0ef998-b83a-4959-b657-02f7618cfdf0,is_public=True,name='QuobyteHD',projects=[],qos_specs=,qos_specs_id=None,updated_at=None), 'volume_type_id': '5e0ef998-b83a-4959-b657-02f7618cfdf0', 'encryption_key_id': None, 'qos_specs': None, 'consistencygroup_id': None, 'cgsnapshot_id': None, 'group_id': None, 'replication_status': 'disabled', 'refresh_az': False, 'backup_id': None, 'multiattach': False, 'availability_zones': ['nova']}' {{(pid=82745) _task_receiver /opt/stack/data/venv/lib/python3.10/site-packages/taskflow/listeners/logging.py:182}}
Feb 20 05:30:41 devstack devstack@c-api.service[82745]: DEBUG cinder.volume.api [None req-27167e57-38e0-40d9-9ddb-4feb2842260d tempest-VolumeQuotasNegativeTestJSON-322373589 tempest-VolumeQuotasNegativeTestJSON-322373589-project-member] Task 'cinder.volume.flows.api.create_volume.QuotaReserveTask;volume:create' (97a01e75-0282-4a20-bec4-3de3a9a91105) transitioned into state 'RUNNING' from state 'PENDING' {{(pid=82745) _task_receiver /opt/stack/data/venv/lib/python3.10/site-packages/taskflow/listeners/logging.py:194}}
Feb 20 05:30:41 devstack devstack@c-api.service[82745]: DEBUG cinder.quota [None req-27167e57-38e0-40d9-9ddb-4feb2842260d tempest-VolumeQuotasNegativeTestJSON-322373589 tempest-VolumeQuotasNegativeTestJSON-322373589-project-member] Created reservations ['36e708c5-b5f5-4d44-9017-6ebd3905f122', '54235fa5-f164-431a-baa0-1bcfc3195603', '97e8acb9-f521-4894-be2d-dfc546b6f295', '0316b220-c18d-466c-b76b-ca4ffdd9e804'] {{(pid=82745) reserve /opt/stack/cinder/cinder/quota.py:752}}
Feb 20 05:30:41 devstack devstack@c-api.service[82745]: DEBUG cinder.volume.api [None req-27167e57-38e0-40d9-9ddb-4feb2842260d tempest-VolumeQuotasNegativeTestJSON-322373589 tempest-VolumeQuotasNegativeTestJSON-322373589-project-member] Task 'cinder.volume.flows.api.create_volume.QuotaReserveTask;volume:create' (97a01e75-0282-4a20-bec4-3de3a9a91105) transitioned into state 'SUCCESS' from state 'RUNNING' with result '{'reservations': ['36e708c5-b5f5-4d44-9017-6ebd3905f122', '54235fa5-f164-431a-baa0-1bcfc3195603', '97e8acb9-f521-4894-be2d-dfc546b6f295', '0316b220-c18d-466c-b76b-ca4ffdd9e804']}' {{(pid=82745) _task_receiver /opt/stack/data/venv/lib/python3.10/site-packages/taskflow/listeners/logging.py:182}}
Feb 20 05:30:41 devstack devstack@c-api.service[82745]: DEBUG cinder.volume.api [None req-27167e57-38e0-40d9-9ddb-4feb2842260d tempest-VolumeQuotasNegativeTestJSON-322373589 tempest-VolumeQuotasNegativeTestJSON-322373589-project-member] Task 'cinder.volume.flows.api.create_volume.EntryCreateTask;volume:create' (2b2e4a60-c37d-45ab-af12-a20b33343791) transitioned into state 'RUNNING' from state 'PENDING' {{(pid=82745) _task_receiver /opt/stack/data/venv/lib/python3.10/site-packages/taskflow/listeners/logging.py:194}}
Feb 20 05:30:41 devstack devstack@c-api.service[82744]: DEBUG cinder.api.middleware.request_id [req-b51bfbb5-3a1b-4efb-b8cd-6b476510b6b1 req-a7035dde-3139-470a-881e-10515fd2768b None None] RequestId filter calling following filter/app {{(pid=82744) _context_setter /opt/stack/cinder/cinder/api/middleware/request_id.py:62}}
Feb 20 05:30:41 devstack devstack@c-api.service[82745]: DEBUG cinder.volume.api [None req-27167e57-38e0-40d9-9ddb-4feb2842260d tempest-VolumeQuotasNegativeTestJSON-322373589 tempest-VolumeQuotasNegativeTestJSON-322373589-project-member] Task 'cinder.volume.flows.api.create_volume.EntryCreateTask;volume:create' (2b2e4a60-c37d-45ab-af12-a20b33343791) transitioned into state 'SUCCESS' from state 'RUNNING' with result '{'volume_id': '8eee9267-a8ab-43d1-b8f9-ff3f3ccc210b', 'volume_properties': VolumeProperties(attach_status='detached',availability_zone='nova',cgsnapshot_id=None,consistencygroup_id=None,display_description=None,display_name='tempest-VolumeQuotasNegativeTestJSON-Volume-787128802',encryption_key_id=None,group_id=None,group_type_id=,metadata={},multiattach=False,project_id='b15589eafd4a40ec84469e2a2bd7238a',qos_specs=None,replication_status=,reservations=['36e708c5-b5f5-4d44-9017-6ebd3905f122','54235fa5-f164-431a-baa0-1bcfc3195603','97e8acb9-f521-4894-be2d-dfc546b6f295','0316b220-c18d-466c-b76b-ca4ffdd9e804'],size=1,snapshot_id=None,source_replicaid=,source_volid=None,status='creating',user_id='c0c653e3ae9c4627a4e8836d9c695cd4',volume_type_id=5e0ef998-b83a-4959-b657-02f7618cfdf0), 'volume': Volume(_name_id=None,admin_metadata=,attach_status='detached',availability_zone='nova',bootable=False,cluster=,cluster_name=None,consistencygroup=,consistencygroup_id=None,created_at=2026-02-20T04:30:41Z,deleted=False,deleted_at=None,display_description=None,display_name='tempest-VolumeQuotasNegativeTestJSON-Volume-787128802',ec2_id=None,encryption_key_id=None,glance_metadata=,group=,group_id=None,host=None,id=8eee9267-a8ab-43d1-b8f9-ff3f3ccc210b,launched_at=None,metadata={},migration_status=None,multiattach=False,previous_status=None,project_id='b15589eafd4a40ec84469e2a2bd7238a',provider_auth=None,provider_geometry=None,provider_id=None,provider_location=None,replication_driver_data=None,replication_extended_status=None,replication_status=None,scheduled_at=None,service_uuid=None,shared_targets=True,size=1,snapshot_id=None,snapshots=,source_volid=None,status='creating',terminated_at=None,updated_at=None,use_quota=True,user_id='c0c653e3ae9c4627a4e8836d9c695cd4',volume_attachment=VolumeAttachmentList,volume_type=VolumeType(5e0ef998-b83a-4959-b657-02f7618cfdf0),volume_type_id=5e0ef998-b83a-4959-b657-02f7618cfdf0)}' {{(pid=82745) _task_receiver /opt/stack/data/venv/lib/python3.10/site-packages/taskflow/listeners/logging.py:182}}
Feb 20 05:30:41 devstack devstack@c-api.service[82744]: INFO cinder.api.openstack.wsgi [req-b51bfbb5-3a1b-4efb-b8cd-6b476510b6b1 req-a7035dde-3139-470a-881e-10515fd2768b tempest-VolumesSnapshotsTestJSON-1388072821 tempest-VolumesSnapshotsTestJSON-1388072821-project-member] GET http://192.168.122.125/volume/v3/snapshots/4171fccb-e6f1-4fb7-bb7a-3ab472ffdbbe
Feb 20 05:30:41 devstack devstack@c-api.service[82744]: DEBUG cinder.api.openstack.wsgi [req-b51bfbb5-3a1b-4efb-b8cd-6b476510b6b1 req-a7035dde-3139-470a-881e-10515fd2768b tempest-VolumesSnapshotsTestJSON-1388072821 tempest-VolumesSnapshotsTestJSON-1388072821-project-member] Empty body provided in request {{(pid=82744) get_body /opt/stack/cinder/cinder/api/openstack/wsgi.py:725}}
Feb 20 05:30:41 devstack devstack@c-api.service[82744]: DEBUG cinder.api.openstack.wsgi [req-b51bfbb5-3a1b-4efb-b8cd-6b476510b6b1 req-a7035dde-3139-470a-881e-10515fd2768b tempest-VolumesSnapshotsTestJSON-1388072821 tempest-VolumesSnapshotsTestJSON-1388072821-project-member] Calling method 'show' {{(pid=82744) _process_stack /opt/stack/cinder/cinder/api/openstack/wsgi.py:878}}
Feb 20 05:30:42 devstack devstack@c-api.service[82745]: DEBUG cinder.volume.api [None req-27167e57-38e0-40d9-9ddb-4feb2842260d tempest-VolumeQuotasNegativeTestJSON-322373589 tempest-VolumeQuotasNegativeTestJSON-322373589-project-member] Task 'cinder.volume.flows.api.create_volume.QuotaCommitTask;volume:create' (1efed90c-d55d-4f43-a08d-c069f39a60c4) transitioned into state 'RUNNING' from state 'PENDING' {{(pid=82745) _task_receiver /opt/stack/data/venv/lib/python3.10/site-packages/taskflow/listeners/logging.py:194}}
Feb 20 05:30:42 devstack devstack@c-api.service[82744]: /opt/stack/data/venv/lib/python3.10/site-packages/oslo_context/context.py:101: DeprecationWarning: Policy enforcement is depending on the value of is_admin. This key is deprecated. Please update your policy file to use the standard policy values.
Feb 20 05:30:42 devstack devstack@c-api.service[82744]: warnings.warn(
Feb 20 05:30:42 devstack devstack@c-api.service[82744]: INFO cinder.volume.api [req-b51bfbb5-3a1b-4efb-b8cd-6b476510b6b1 req-a7035dde-3139-470a-881e-10515fd2768b tempest-VolumesSnapshotsTestJSON-1388072821 tempest-VolumesSnapshotsTestJSON-1388072821-project-member] Snapshot retrieved successfully.
Feb 20 05:30:42 devstack devstack@c-api.service[82744]: INFO cinder.api.openstack.wsgi [req-b51bfbb5-3a1b-4efb-b8cd-6b476510b6b1 req-a7035dde-3139-470a-881e-10515fd2768b tempest-VolumesSnapshotsTestJSON-1388072821 tempest-VolumesSnapshotsTestJSON-1388072821-project-member] http://192.168.122.125/volume/v3/snapshots/4171fccb-e6f1-4fb7-bb7a-3ab472ffdbbe returned with HTTP 200
Feb 20 05:30:42 devstack devstack@c-api.service[82744]: [pid: 82744|app: 0|req: 192/368] 192.168.122.125 () {64 vars in 1590 bytes} [Fri Feb 20 05:30:41 2026] GET /volume/v3/snapshots/4171fccb-e6f1-4fb7-bb7a-3ab472ffdbbe => generated 470 bytes in 20 msecs (HTTP/1.1 200) 7 headers in 285 bytes (1 switches on core 0)
Feb 20 05:30:42 devstack devstack@c-api.service[82744]: DEBUG cinder.api.middleware.request_id [req-58fc645c-b77c-4fb7-9dc9-054246dabbcc req-60c72cec-8806-41ac-a05f-e519695a7419 None None] RequestId filter calling following filter/app {{(pid=82744) _context_setter /opt/stack/cinder/cinder/api/middleware/request_id.py:62}}
Feb 20 05:30:42 devstack devstack@c-api.service[82744]: INFO cinder.api.openstack.wsgi [req-58fc645c-b77c-4fb7-9dc9-054246dabbcc req-60c72cec-8806-41ac-a05f-e519695a7419 tempest-VolumesSnapshotsTestJSON-1388072821 tempest-VolumesSnapshotsTestJSON-1388072821-project-member] DELETE http://192.168.122.125/volume/v3/snapshots/4171fccb-e6f1-4fb7-bb7a-3ab472ffdbbe
Feb 20 05:30:42 devstack devstack@c-api.service[82744]: DEBUG cinder.api.openstack.wsgi [req-58fc645c-b77c-4fb7-9dc9-054246dabbcc req-60c72cec-8806-41ac-a05f-e519695a7419 tempest-VolumesSnapshotsTestJSON-1388072821 tempest-VolumesSnapshotsTestJSON-1388072821-project-member] Empty body provided in request {{(pid=82744) get_body /opt/stack/cinder/cinder/api/openstack/wsgi.py:725}}
Feb 20 05:30:42 devstack devstack@c-api.service[82745]: DEBUG cinder.volume.api [None req-27167e57-38e0-40d9-9ddb-4feb2842260d tempest-VolumeQuotasNegativeTestJSON-322373589 tempest-VolumeQuotasNegativeTestJSON-322373589-project-member] Task 'cinder.volume.flows.api.create_volume.QuotaCommitTask;volume:create' (1efed90c-d55d-4f43-a08d-c069f39a60c4) transitioned into state 'SUCCESS' from state 'RUNNING' with result '{'volume_properties': VolumeProperties(attach_status='detached',availability_zone='nova',cgsnapshot_id=None,consistencygroup_id=None,display_description=None,display_name='tempest-VolumeQuotasNegativeTestJSON-Volume-787128802',encryption_key_id=None,group_id=None,group_type_id=,metadata={},multiattach=False,project_id='b15589eafd4a40ec84469e2a2bd7238a',qos_specs=None,replication_status=,reservations=['36e708c5-b5f5-4d44-9017-6ebd3905f122','54235fa5-f164-431a-baa0-1bcfc3195603','97e8acb9-f521-4894-be2d-dfc546b6f295','0316b220-c18d-466c-b76b-ca4ffdd9e804'],size=1,snapshot_id=None,source_replicaid=,source_volid=None,status='creating',user_id='c0c653e3ae9c4627a4e8836d9c695cd4',volume_type_id=5e0ef998-b83a-4959-b657-02f7618cfdf0)}' {{(pid=82745) _task_receiver /opt/stack/data/venv/lib/python3.10/site-packages/taskflow/listeners/logging.py:182}}
Feb 20 05:30:42 devstack devstack@c-api.service[82744]: DEBUG cinder.api.openstack.wsgi [req-58fc645c-b77c-4fb7-9dc9-054246dabbcc req-60c72cec-8806-41ac-a05f-e519695a7419 tempest-VolumesSnapshotsTestJSON-1388072821 tempest-VolumesSnapshotsTestJSON-1388072821-project-member] Calling method 'delete' {{(pid=82744) _process_stack /opt/stack/cinder/cinder/api/openstack/wsgi.py:878}}
Feb 20 05:30:42 devstack devstack@c-api.service[82744]: INFO cinder.api.v3.snapshots [req-58fc645c-b77c-4fb7-9dc9-054246dabbcc req-60c72cec-8806-41ac-a05f-e519695a7419 tempest-VolumesSnapshotsTestJSON-1388072821 tempest-VolumesSnapshotsTestJSON-1388072821-project-member] Delete snapshot with id: 4171fccb-e6f1-4fb7-bb7a-3ab472ffdbbe
Feb 20 05:30:42 devstack devstack@c-api.service[82745]: DEBUG cinder.volume.api [None req-27167e57-38e0-40d9-9ddb-4feb2842260d tempest-VolumeQuotasNegativeTestJSON-322373589 tempest-VolumeQuotasNegativeTestJSON-322373589-project-member] Task 'cinder.volume.flows.api.create_volume.VolumeCastTask;volume:create' (bd25bd3a-6685-4d15-8514-7c2a19870c56) transitioned into state 'RUNNING' from state 'PENDING' {{(pid=82745) _task_receiver /opt/stack/data/venv/lib/python3.10/site-packages/taskflow/listeners/logging.py:194}}
Feb 20 05:30:42 devstack devstack@c-api.service[82745]: DEBUG cinder.volume.api [None req-27167e57-38e0-40d9-9ddb-4feb2842260d tempest-VolumeQuotasNegativeTestJSON-322373589 tempest-VolumeQuotasNegativeTestJSON-322373589-project-member] Task 'cinder.volume.flows.api.create_volume.VolumeCastTask;volume:create' (bd25bd3a-6685-4d15-8514-7c2a19870c56) transitioned into state 'SUCCESS' from state 'RUNNING' with result 'None' {{(pid=82745) _task_receiver /opt/stack/data/venv/lib/python3.10/site-packages/taskflow/listeners/logging.py:182}}
Feb 20 05:30:42 devstack devstack@c-api.service[82744]: /opt/stack/data/venv/lib/python3.10/site-packages/oslo_context/context.py:101: DeprecationWarning: Policy enforcement is depending on the value of is_admin. This key is deprecated. Please update your policy file to use the standard policy values.
Feb 20 05:30:42 devstack devstack@c-api.service[82744]: warnings.warn(
Feb 20 05:30:42 devstack devstack@c-api.service[82744]: INFO cinder.volume.api [req-58fc645c-b77c-4fb7-9dc9-054246dabbcc req-60c72cec-8806-41ac-a05f-e519695a7419 tempest-VolumesSnapshotsTestJSON-1388072821 tempest-VolumesSnapshotsTestJSON-1388072821-project-member] Snapshot retrieved successfully.
Feb 20 05:30:42 devstack devstack@c-api.service[82745]: DEBUG cinder.volume.api [None req-27167e57-38e0-40d9-9ddb-4feb2842260d tempest-VolumeQuotasNegativeTestJSON-322373589 tempest-VolumeQuotasNegativeTestJSON-322373589-project-member] Flow 'volume_create_api' (d96b7c72-382b-4206-b5e6-2cc930b1c224) transitioned into state 'SUCCESS' from state 'RUNNING' {{(pid=82745) _flow_receiver /opt/stack/data/venv/lib/python3.10/site-packages/taskflow/listeners/logging.py:145}}
Feb 20 05:30:42 devstack devstack@c-api.service[82745]: INFO cinder.volume.api [None req-27167e57-38e0-40d9-9ddb-4feb2842260d tempest-VolumeQuotasNegativeTestJSON-322373589 tempest-VolumeQuotasNegativeTestJSON-322373589-project-member] Create volume request issued successfully.
Feb 20 05:30:42 devstack devstack@c-api.service[82745]: INFO cinder.api.openstack.wsgi [None req-27167e57-38e0-40d9-9ddb-4feb2842260d tempest-VolumeQuotasNegativeTestJSON-322373589 tempest-VolumeQuotasNegativeTestJSON-322373589-project-member] http://192.168.122.125/volume/v3/volumes returned with HTTP 202
Feb 20 05:30:42 devstack devstack@c-api.service[82745]: [pid: 82745|app: 0|req: 177/369] 192.168.122.125 () {64 vars in 1241 bytes} [Fri Feb 20 05:30:41 2026] POST /volume/v3/volumes => generated 767 bytes in 419 msecs (HTTP/1.1 202) 7 headers in 291 bytes (1 switches on core 0)
Feb 20 05:30:42 devstack devstack@c-api.service[82745]: DEBUG cinder.api.middleware.request_id [None req-01443e07-d679-4f24-b4ac-10c716238eb2 None None] RequestId filter calling following filter/app {{(pid=82745) _context_setter /opt/stack/cinder/cinder/api/middleware/request_id.py:62}}
Feb 20 05:30:42 devstack devstack@c-api.service[82745]: INFO cinder.api.openstack.wsgi [None req-01443e07-d679-4f24-b4ac-10c716238eb2 tempest-VolumeQuotasNegativeTestJSON-322373589 tempest-VolumeQuotasNegativeTestJSON-322373589-project-member] GET http://192.168.122.125/volume/v3/volumes/8eee9267-a8ab-43d1-b8f9-ff3f3ccc210b
Feb 20 05:30:42 devstack devstack@c-api.service[82745]: DEBUG cinder.api.openstack.wsgi [None req-01443e07-d679-4f24-b4ac-10c716238eb2 tempest-VolumeQuotasNegativeTestJSON-322373589 tempest-VolumeQuotasNegativeTestJSON-322373589-project-member] Empty body provided in request {{(pid=82745) get_body /opt/stack/cinder/cinder/api/openstack/wsgi.py:725}}
Feb 20 05:30:42 devstack devstack@c-api.service[82745]: DEBUG cinder.api.openstack.wsgi [None req-01443e07-d679-4f24-b4ac-10c716238eb2 tempest-VolumeQuotasNegativeTestJSON-322373589 tempest-VolumeQuotasNegativeTestJSON-322373589-project-member] Calling method 'show' {{(pid=82745) _process_stack /opt/stack/cinder/cinder/api/openstack/wsgi.py:878}}
Feb 20 05:30:42 devstack devstack@c-api.service[82745]: /opt/stack/data/venv/lib/python3.10/site-packages/oslo_context/context.py:101: DeprecationWarning: Policy enforcement is depending on the value of is_admin. This key is deprecated. Please update your policy file to use the standard policy values.
Feb 20 05:30:42 devstack devstack@c-api.service[82745]: warnings.warn(
Feb 20 05:30:42 devstack devstack@c-api.service[82744]: INFO cinder.volume.api [req-58fc645c-b77c-4fb7-9dc9-054246dabbcc req-60c72cec-8806-41ac-a05f-e519695a7419 tempest-VolumesSnapshotsTestJSON-1388072821 tempest-VolumesSnapshotsTestJSON-1388072821-project-member] Snapshot delete request issued successfully.
Feb 20 05:30:42 devstack devstack@c-api.service[82744]: INFO cinder.api.openstack.wsgi [req-58fc645c-b77c-4fb7-9dc9-054246dabbcc req-60c72cec-8806-41ac-a05f-e519695a7419 tempest-VolumesSnapshotsTestJSON-1388072821 tempest-VolumesSnapshotsTestJSON-1388072821-project-member] http://192.168.122.125/volume/v3/snapshots/4171fccb-e6f1-4fb7-bb7a-3ab472ffdbbe returned with HTTP 202
Feb 20 05:30:42 devstack devstack@c-api.service[82745]: INFO cinder.volume.api [None req-01443e07-d679-4f24-b4ac-10c716238eb2 tempest-VolumeQuotasNegativeTestJSON-322373589 tempest-VolumeQuotasNegativeTestJSON-322373589-project-member] Volume info retrieved successfully.
Feb 20 05:30:42 devstack devstack@c-api.service[82744]: [pid: 82744|app: 0|req: 193/370] 192.168.122.125 () {66 vars in 1612 bytes} [Fri Feb 20 05:30:42 2026] DELETE /volume/v3/snapshots/4171fccb-e6f1-4fb7-bb7a-3ab472ffdbbe => generated 0 bytes in 86 msecs (HTTP/1.1 202) 6 headers in 233 bytes (2 switches on core 0)
Feb 20 05:30:42 devstack devstack@c-api.service[82745]: INFO cinder.api.openstack.wsgi [None req-01443e07-d679-4f24-b4ac-10c716238eb2 tempest-VolumeQuotasNegativeTestJSON-322373589 tempest-VolumeQuotasNegativeTestJSON-322373589-project-member] http://192.168.122.125/volume/v3/volumes/8eee9267-a8ab-43d1-b8f9-ff3f3ccc210b returned with HTTP 200
Feb 20 05:30:42 devstack devstack@c-api.service[82745]: [pid: 82745|app: 0|req: 178/371] 192.168.122.125 () {62 vars in 1331 bytes} [Fri Feb 20 05:30:42 2026] GET /volume/v3/volumes/8eee9267-a8ab-43d1-b8f9-ff3f3ccc210b => generated 835 bytes in 59 msecs (HTTP/1.1 200) 7 headers in 285 bytes (1 switches on core 0)
Feb 20 05:30:42 devstack devstack@c-api.service[82744]: DEBUG cinder.api.middleware.request_id [req-8ff4aa29-2b06-4a28-bca6-820452e5891e req-f901c6af-233e-41f6-a38e-6ca425a845e5 None None] RequestId filter calling following filter/app {{(pid=82744) _context_setter /opt/stack/cinder/cinder/api/middleware/request_id.py:62}}
Feb 20 05:30:42 devstack devstack@c-api.service[82744]: INFO cinder.api.openstack.wsgi [req-8ff4aa29-2b06-4a28-bca6-820452e5891e req-f901c6af-233e-41f6-a38e-6ca425a845e5 tempest-VolumesSnapshotsTestJSON-1388072821 tempest-VolumesSnapshotsTestJSON-1388072821-project-member] GET http://192.168.122.125/volume/v3/snapshots/4171fccb-e6f1-4fb7-bb7a-3ab472ffdbbe
Feb 20 05:30:42 devstack devstack@c-api.service[82744]: DEBUG cinder.api.openstack.wsgi [req-8ff4aa29-2b06-4a28-bca6-820452e5891e req-f901c6af-233e-41f6-a38e-6ca425a845e5 tempest-VolumesSnapshotsTestJSON-1388072821 tempest-VolumesSnapshotsTestJSON-1388072821-project-member] Empty body provided in request {{(pid=82744) get_body /opt/stack/cinder/cinder/api/openstack/wsgi.py:725}}
Feb 20 05:30:42 devstack devstack@c-api.service[82744]: DEBUG cinder.api.openstack.wsgi [req-8ff4aa29-2b06-4a28-bca6-820452e5891e req-f901c6af-233e-41f6-a38e-6ca425a845e5 tempest-VolumesSnapshotsTestJSON-1388072821 tempest-VolumesSnapshotsTestJSON-1388072821-project-member] Calling method 'show' {{(pid=82744) _process_stack /opt/stack/cinder/cinder/api/openstack/wsgi.py:878}}
Feb 20 05:30:42 devstack devstack@c-api.service[82745]: DEBUG cinder.api.middleware.request_id [None req-c2d90717-a266-4021-8d93-0a2d42048444 None None] RequestId filter calling following filter/app {{(pid=82745) _context_setter /opt/stack/cinder/cinder/api/middleware/request_id.py:62}}
Feb 20 05:30:42 devstack devstack@c-api.service[82745]: INFO cinder.api.openstack.wsgi [None req-c2d90717-a266-4021-8d93-0a2d42048444 tempest-GroupsTest-1875454719 tempest-GroupsTest-1875454719-project-member] GET http://192.168.122.125/volume/v3/volumes/7f5deb8d-80b0-4370-82a8-5803dbdb7081
Feb 20 05:30:42 devstack devstack@c-api.service[82744]: /opt/stack/data/venv/lib/python3.10/site-packages/oslo_context/context.py:101: DeprecationWarning: Policy enforcement is depending on the value of is_admin. This key is deprecated. Please update your policy file to use the standard policy values.
Feb 20 05:30:42 devstack devstack@c-api.service[82744]: warnings.warn(
Feb 20 05:30:42 devstack devstack@c-api.service[82745]: DEBUG cinder.api.openstack.wsgi [None req-c2d90717-a266-4021-8d93-0a2d42048444 tempest-GroupsTest-1875454719 tempest-GroupsTest-1875454719-project-member] Empty body provided in request {{(pid=82745) get_body /opt/stack/cinder/cinder/api/openstack/wsgi.py:725}}
Feb 20 05:30:42 devstack devstack@c-api.service[82744]: INFO cinder.volume.api [req-8ff4aa29-2b06-4a28-bca6-820452e5891e req-f901c6af-233e-41f6-a38e-6ca425a845e5 tempest-VolumesSnapshotsTestJSON-1388072821 tempest-VolumesSnapshotsTestJSON-1388072821-project-member] Snapshot retrieved successfully.
Feb 20 05:30:42 devstack devstack@c-api.service[82745]: DEBUG cinder.api.openstack.wsgi [None req-c2d90717-a266-4021-8d93-0a2d42048444 tempest-GroupsTest-1875454719 tempest-GroupsTest-1875454719-project-member] Calling method 'show' {{(pid=82745) _process_stack /opt/stack/cinder/cinder/api/openstack/wsgi.py:878}}
Feb 20 05:30:42 devstack devstack@c-api.service[82744]: INFO cinder.api.openstack.wsgi [req-8ff4aa29-2b06-4a28-bca6-820452e5891e req-f901c6af-233e-41f6-a38e-6ca425a845e5 tempest-VolumesSnapshotsTestJSON-1388072821 tempest-VolumesSnapshotsTestJSON-1388072821-project-member] http://192.168.122.125/volume/v3/snapshots/4171fccb-e6f1-4fb7-bb7a-3ab472ffdbbe returned with HTTP 200
Feb 20 05:30:42 devstack devstack@c-api.service[82744]: [pid: 82744|app: 0|req: 194/372] 192.168.122.125 () {64 vars in 1590 bytes} [Fri Feb 20 05:30:42 2026] GET /volume/v3/snapshots/4171fccb-e6f1-4fb7-bb7a-3ab472ffdbbe => generated 469 bytes in 59 msecs (HTTP/1.1 200) 7 headers in 285 bytes (1 switches on core 0)
Feb 20 05:30:42 devstack devstack@c-api.service[82745]: /opt/stack/data/venv/lib/python3.10/site-packages/oslo_context/context.py:101: DeprecationWarning: Policy enforcement is depending on the value of is_admin. This key is deprecated. Please update your policy file to use the standard policy values.
Feb 20 05:30:42 devstack devstack@c-api.service[82745]: warnings.warn(
Feb 20 05:30:42 devstack devstack@c-api.service[82745]: INFO cinder.volume.api [None req-c2d90717-a266-4021-8d93-0a2d42048444 tempest-GroupsTest-1875454719 tempest-GroupsTest-1875454719-project-member] Volume info retrieved successfully.
Feb 20 05:30:42 devstack devstack@c-api.service[82745]: WARNING stevedore.named [None req-c2d90717-a266-4021-8d93-0a2d42048444 tempest-GroupsTest-1875454719 tempest-GroupsTest-1875454719-project-member] Could not load cinder.keymgr.conf_key_mgr.ConfKeyManager
Feb 20 05:30:42 devstack devstack@c-api.service[82745]: WARNING castellan.key_manager [None req-c2d90717-a266-4021-8d93-0a2d42048444 tempest-GroupsTest-1875454719 tempest-GroupsTest-1875454719-project-member] Deprecation Warning : cinder.keymgr.conf_key_mgr.ConfKeyManager is not a stevedore based driver, trying to load it as a class: stevedore.exception.NoMatches: No 'castellan.drivers' driver found, looking for 'cinder.keymgr.conf_key_mgr.ConfKeyManager'
Feb 20 05:30:42 devstack devstack@c-api.service[82745]: DEBUG oslo_db.sqlalchemy.engines [None req-c2d90717-a266-4021-8d93-0a2d42048444 tempest-GroupsTest-1875454719 tempest-GroupsTest-1875454719-project-member] MySQL server mode set to STRICT_TRANS_TABLES,STRICT_ALL_TABLES,NO_ZERO_IN_DATE,NO_ZERO_DATE,ERROR_FOR_DIVISION_BY_ZERO,TRADITIONAL,NO_ENGINE_SUBSTITUTION {{(pid=82745) _check_effective_sql_mode /opt/stack/data/venv/lib/python3.10/site-packages/oslo_db/sqlalchemy/engines.py:397}}
Feb 20 05:30:42 devstack devstack@c-api.service[82745]: /opt/stack/data/venv/lib/python3.10/site-packages/oslo_context/context.py:101: DeprecationWarning: Policy enforcement is depending on the value of is_admin. This key is deprecated. Please update your policy file to use the standard policy values.
Feb 20 05:30:42 devstack devstack@c-api.service[82745]: warnings.warn(
Feb 20 05:30:42 devstack devstack@c-api.service[82745]: INFO cinder.api.openstack.wsgi [None req-c2d90717-a266-4021-8d93-0a2d42048444 tempest-GroupsTest-1875454719 tempest-GroupsTest-1875454719-project-member] http://192.168.122.125/volume/v3/volumes/7f5deb8d-80b0-4370-82a8-5803dbdb7081 returned with HTTP 200
Feb 20 05:30:42 devstack devstack@c-api.service[82745]: [pid: 82745|app: 0|req: 179/373] 192.168.122.125 () {64 vars in 1372 bytes} [Fri Feb 20 05:30:42 2026] GET /volume/v3/volumes/7f5deb8d-80b0-4370-82a8-5803dbdb7081 => generated 914 bytes in 110 msecs (HTTP/1.1 200) 7 headers in 286 bytes (1 switches on core 0)
Feb 20 05:30:43 devstack devstack@c-api.service[82744]: DEBUG cinder.api.middleware.request_id [None req-1b4910d9-cdc8-4631-b2f3-8c465620ed07 None None] RequestId filter calling following filter/app {{(pid=82744) _context_setter /opt/stack/cinder/cinder/api/middleware/request_id.py:62}}
Feb 20 05:30:43 devstack devstack@c-api.service[82744]: INFO cinder.api.openstack.wsgi [None req-1b4910d9-cdc8-4631-b2f3-8c465620ed07 tempest-VolumeQuotasNegativeTestJSON-322373589 tempest-VolumeQuotasNegativeTestJSON-322373589-project-member] GET http://192.168.122.125/volume/v3/volumes/8eee9267-a8ab-43d1-b8f9-ff3f3ccc210b
Feb 20 05:30:43 devstack devstack@c-api.service[82744]: DEBUG cinder.api.openstack.wsgi [None req-1b4910d9-cdc8-4631-b2f3-8c465620ed07 tempest-VolumeQuotasNegativeTestJSON-322373589 tempest-VolumeQuotasNegativeTestJSON-322373589-project-member] Empty body provided in request {{(pid=82744) get_body /opt/stack/cinder/cinder/api/openstack/wsgi.py:725}}
Feb 20 05:30:43 devstack devstack@c-api.service[82744]: DEBUG cinder.api.openstack.wsgi [None req-1b4910d9-cdc8-4631-b2f3-8c465620ed07 tempest-VolumeQuotasNegativeTestJSON-322373589 tempest-VolumeQuotasNegativeTestJSON-322373589-project-member] Calling method 'show' {{(pid=82744) _process_stack /opt/stack/cinder/cinder/api/openstack/wsgi.py:878}}
Feb 20 05:30:43 devstack devstack@c-api.service[82744]: /opt/stack/data/venv/lib/python3.10/site-packages/oslo_context/context.py:101: DeprecationWarning: Policy enforcement is depending on the value of is_admin. This key is deprecated. Please update your policy file to use the standard policy values.
Feb 20 05:30:43 devstack devstack@c-api.service[82744]: warnings.warn(
Feb 20 05:30:43 devstack devstack@c-api.service[82744]: INFO cinder.volume.api [None req-1b4910d9-cdc8-4631-b2f3-8c465620ed07 tempest-VolumeQuotasNegativeTestJSON-322373589 tempest-VolumeQuotasNegativeTestJSON-322373589-project-member] Volume info retrieved successfully.
Feb 20 05:30:43 devstack devstack@c-api.service[82744]: INFO cinder.api.openstack.wsgi [None req-1b4910d9-cdc8-4631-b2f3-8c465620ed07 tempest-VolumeQuotasNegativeTestJSON-322373589 tempest-VolumeQuotasNegativeTestJSON-322373589-project-member] http://192.168.122.125/volume/v3/volumes/8eee9267-a8ab-43d1-b8f9-ff3f3ccc210b returned with HTTP 200
Feb 20 05:30:43 devstack devstack@c-api.service[82744]: [pid: 82744|app: 0|req: 195/374] 192.168.122.125 () {62 vars in 1331 bytes} [Fri Feb 20 05:30:43 2026] GET /volume/v3/volumes/8eee9267-a8ab-43d1-b8f9-ff3f3ccc210b => generated 859 bytes in 40 msecs (HTTP/1.1 200) 7 headers in 285 bytes (1 switches on core 0)
Feb 20 05:30:43 devstack devstack@c-api.service[82745]: DEBUG cinder.api.middleware.request_id [req-84b98331-ce60-4b97-b3af-2578070062f0 req-699ab09a-aab0-40a7-93e7-c7118664089b None None] RequestId filter calling following filter/app {{(pid=82745) _context_setter /opt/stack/cinder/cinder/api/middleware/request_id.py:62}}
Feb 20 05:30:43 devstack devstack@c-api.service[82745]: INFO cinder.api.openstack.wsgi [req-84b98331-ce60-4b97-b3af-2578070062f0 req-699ab09a-aab0-40a7-93e7-c7118664089b tempest-VolumesSnapshotsTestJSON-1388072821 tempest-VolumesSnapshotsTestJSON-1388072821-project-member] GET http://192.168.122.125/volume/v3/snapshots/4171fccb-e6f1-4fb7-bb7a-3ab472ffdbbe
Feb 20 05:30:43 devstack devstack@c-api.service[82745]: DEBUG cinder.api.openstack.wsgi [req-84b98331-ce60-4b97-b3af-2578070062f0 req-699ab09a-aab0-40a7-93e7-c7118664089b tempest-VolumesSnapshotsTestJSON-1388072821 tempest-VolumesSnapshotsTestJSON-1388072821-project-member] Empty body provided in request {{(pid=82745) get_body /opt/stack/cinder/cinder/api/openstack/wsgi.py:725}}
Feb 20 05:30:43 devstack devstack@c-api.service[82745]: DEBUG cinder.api.openstack.wsgi [req-84b98331-ce60-4b97-b3af-2578070062f0 req-699ab09a-aab0-40a7-93e7-c7118664089b tempest-VolumesSnapshotsTestJSON-1388072821 tempest-VolumesSnapshotsTestJSON-1388072821-project-member] Calling method 'show' {{(pid=82745) _process_stack /opt/stack/cinder/cinder/api/openstack/wsgi.py:878}}
Feb 20 05:30:43 devstack devstack@c-api.service[82745]: /opt/stack/data/venv/lib/python3.10/site-packages/oslo_context/context.py:101: DeprecationWarning: Policy enforcement is depending on the value of is_admin. This key is deprecated. Please update your policy file to use the standard policy values.
Feb 20 05:30:43 devstack devstack@c-api.service[82745]: warnings.warn(
Feb 20 05:30:43 devstack devstack@c-api.service[82745]: INFO cinder.volume.api [req-84b98331-ce60-4b97-b3af-2578070062f0 req-699ab09a-aab0-40a7-93e7-c7118664089b tempest-VolumesSnapshotsTestJSON-1388072821 tempest-VolumesSnapshotsTestJSON-1388072821-project-member] Snapshot retrieved successfully.
Feb 20 05:30:43 devstack devstack@c-api.service[82745]: INFO cinder.api.openstack.wsgi [req-84b98331-ce60-4b97-b3af-2578070062f0 req-699ab09a-aab0-40a7-93e7-c7118664089b tempest-VolumesSnapshotsTestJSON-1388072821 tempest-VolumesSnapshotsTestJSON-1388072821-project-member] http://192.168.122.125/volume/v3/snapshots/4171fccb-e6f1-4fb7-bb7a-3ab472ffdbbe returned with HTTP 200
Feb 20 05:30:43 devstack devstack@c-api.service[82745]: [pid: 82745|app: 0|req: 180/375] 192.168.122.125 () {64 vars in 1590 bytes} [Fri Feb 20 05:30:43 2026] GET /volume/v3/snapshots/4171fccb-e6f1-4fb7-bb7a-3ab472ffdbbe => generated 469 bytes in 20 msecs (HTTP/1.1 200) 7 headers in 285 bytes (1 switches on core 0)
Feb 20 05:30:43 devstack devstack@c-api.service[82744]: DEBUG cinder.api.middleware.request_id [None req-af3feb9f-91fe-4781-9591-2e29b05938ed None None] RequestId filter calling following filter/app {{(pid=82744) _context_setter /opt/stack/cinder/cinder/api/middleware/request_id.py:62}}
Feb 20 05:30:43 devstack devstack@c-api.service[82744]: INFO cinder.api.openstack.wsgi [None req-af3feb9f-91fe-4781-9591-2e29b05938ed tempest-GroupsTest-1875454719 tempest-GroupsTest-1875454719-project-member] GET http://192.168.122.125/volume/v3/volumes/7f5deb8d-80b0-4370-82a8-5803dbdb7081
Feb 20 05:30:43 devstack devstack@c-api.service[82744]: DEBUG cinder.api.openstack.wsgi [None req-af3feb9f-91fe-4781-9591-2e29b05938ed tempest-GroupsTest-1875454719 tempest-GroupsTest-1875454719-project-member] Empty body provided in request {{(pid=82744) get_body /opt/stack/cinder/cinder/api/openstack/wsgi.py:725}}
Feb 20 05:30:43 devstack devstack@c-api.service[82744]: DEBUG cinder.api.openstack.wsgi [None req-af3feb9f-91fe-4781-9591-2e29b05938ed tempest-GroupsTest-1875454719 tempest-GroupsTest-1875454719-project-member] Calling method 'show' {{(pid=82744) _process_stack /opt/stack/cinder/cinder/api/openstack/wsgi.py:878}}
Feb 20 05:30:43 devstack devstack@c-api.service[82744]: /opt/stack/data/venv/lib/python3.10/site-packages/oslo_context/context.py:101: DeprecationWarning: Policy enforcement is depending on the value of is_admin. This key is deprecated. Please update your policy file to use the standard policy values.
Feb 20 05:30:43 devstack devstack@c-api.service[82744]: warnings.warn(
Feb 20 05:30:43 devstack devstack@c-api.service[82744]: INFO cinder.volume.api [None req-af3feb9f-91fe-4781-9591-2e29b05938ed tempest-GroupsTest-1875454719 tempest-GroupsTest-1875454719-project-member] Volume info retrieved successfully.
Feb 20 05:30:43 devstack devstack@c-api.service[82744]: WARNING stevedore.named [None req-af3feb9f-91fe-4781-9591-2e29b05938ed tempest-GroupsTest-1875454719 tempest-GroupsTest-1875454719-project-member] Could not load cinder.keymgr.conf_key_mgr.ConfKeyManager
Feb 20 05:30:43 devstack devstack@c-api.service[82744]: WARNING castellan.key_manager [None req-af3feb9f-91fe-4781-9591-2e29b05938ed tempest-GroupsTest-1875454719 tempest-GroupsTest-1875454719-project-member] Deprecation Warning : cinder.keymgr.conf_key_mgr.ConfKeyManager is not a stevedore based driver, trying to load it as a class: stevedore.exception.NoMatches: No 'castellan.drivers' driver found, looking for 'cinder.keymgr.conf_key_mgr.ConfKeyManager'
Feb 20 05:30:43 devstack devstack@c-api.service[82744]: DEBUG oslo_db.sqlalchemy.engines [None req-af3feb9f-91fe-4781-9591-2e29b05938ed tempest-GroupsTest-1875454719 tempest-GroupsTest-1875454719-project-member] MySQL server mode set to STRICT_TRANS_TABLES,STRICT_ALL_TABLES,NO_ZERO_IN_DATE,NO_ZERO_DATE,ERROR_FOR_DIVISION_BY_ZERO,TRADITIONAL,NO_ENGINE_SUBSTITUTION {{(pid=82744) _check_effective_sql_mode /opt/stack/data/venv/lib/python3.10/site-packages/oslo_db/sqlalchemy/engines.py:397}}
Feb 20 05:30:43 devstack devstack@c-api.service[82744]: /opt/stack/data/venv/lib/python3.10/site-packages/oslo_context/context.py:101: DeprecationWarning: Policy enforcement is depending on the value of is_admin. This key is deprecated. Please update your policy file to use the standard policy values.
Feb 20 05:30:43 devstack devstack@c-api.service[82744]: warnings.warn(
Feb 20 05:30:43 devstack devstack@c-api.service[82744]: INFO cinder.api.openstack.wsgi [None req-af3feb9f-91fe-4781-9591-2e29b05938ed tempest-GroupsTest-1875454719 tempest-GroupsTest-1875454719-project-member] http://192.168.122.125/volume/v3/volumes/7f5deb8d-80b0-4370-82a8-5803dbdb7081 returned with HTTP 200
Feb 20 05:30:43 devstack devstack@c-api.service[82744]: [pid: 82744|app: 0|req: 196/376] 192.168.122.125 () {64 vars in 1372 bytes} [Fri Feb 20 05:30:43 2026] GET /volume/v3/volumes/7f5deb8d-80b0-4370-82a8-5803dbdb7081 => generated 915 bytes in 53 msecs (HTTP/1.1 200) 7 headers in 286 bytes (1 switches on core 0)
Feb 20 05:30:43 devstack devstack@c-api.service[82745]: DEBUG cinder.api.middleware.request_id [None req-f37d97a9-d9ba-4519-bc9f-15e710f4ce8d None None] RequestId filter calling following filter/app {{(pid=82745) _context_setter /opt/stack/cinder/cinder/api/middleware/request_id.py:62}}
Feb 20 05:30:43 devstack devstack@c-api.service[82745]: INFO cinder.api.openstack.wsgi [None req-f37d97a9-d9ba-4519-bc9f-15e710f4ce8d tempest-GroupsTest-1875454719 tempest-GroupsTest-1875454719-project-member] PUT http://192.168.122.125/volume/v3/groups/0375ac09-9fee-4925-81e9-eeb37f88736b
Feb 20 05:30:43 devstack devstack@c-api.service[82745]: DEBUG cinder.api.openstack.wsgi [None req-f37d97a9-d9ba-4519-bc9f-15e710f4ce8d tempest-GroupsTest-1875454719 tempest-GroupsTest-1875454719-project-member] Action: 'update', calling method: version_select, body: {"group": {"name": "new_group", "description": "This is a new group", "remove_volumes": "7f5deb8d-80b0-4370-82a8-5803dbdb7081"}} {{(pid=82745) _process_stack /opt/stack/cinder/cinder/api/openstack/wsgi.py:876}}
Feb 20 05:30:43 devstack devstack@c-api.service[82745]: DEBUG cinder.api.v3.groups [None req-f37d97a9-d9ba-4519-bc9f-15e710f4ce8d tempest-GroupsTest-1875454719 tempest-GroupsTest-1875454719-project-member] Update called for group 0375ac09-9fee-4925-81e9-eeb37f88736b. {{(pid=82745) update /opt/stack/cinder/cinder/api/v3/groups.py:302}}
Feb 20 05:30:43 devstack devstack@c-api.service[82745]: INFO cinder.api.v3.groups [None req-f37d97a9-d9ba-4519-bc9f-15e710f4ce8d tempest-GroupsTest-1875454719 tempest-GroupsTest-1875454719-project-member] Updating group 0375ac09-9fee-4925-81e9-eeb37f88736b with name new_group description: This is a new group add_volumes: None remove_volumes: 7f5deb8d-80b0-4370-82a8-5803dbdb7081.
Feb 20 05:30:43 devstack devstack@c-api.service[82745]: /opt/stack/data/venv/lib/python3.10/site-packages/oslo_context/context.py:101: DeprecationWarning: Policy enforcement is depending on the value of is_admin. This key is deprecated. Please update your policy file to use the standard policy values.
Feb 20 05:30:43 devstack devstack@c-api.service[82745]: warnings.warn(
Feb 20 05:30:43 devstack devstack@c-api.service[82745]: INFO cinder.api.openstack.wsgi [None req-f37d97a9-d9ba-4519-bc9f-15e710f4ce8d tempest-GroupsTest-1875454719 tempest-GroupsTest-1875454719-project-member] http://192.168.122.125/volume/v3/groups/0375ac09-9fee-4925-81e9-eeb37f88736b returned with HTTP 202
Feb 20 05:30:43 devstack devstack@c-api.service[82745]: [pid: 82745|app: 0|req: 181/377] 192.168.122.125 () {66 vars in 1390 bytes} [Fri Feb 20 05:30:43 2026] PUT /volume/v3/groups/0375ac09-9fee-4925-81e9-eeb37f88736b => generated 0 bytes in 81 msecs (HTTP/1.1 202) 6 headers in 234 bytes (1 switches on core 0)
Feb 20 05:30:43 devstack devstack@c-api.service[82744]: DEBUG cinder.api.middleware.request_id [None req-a188466b-de8d-45c8-aaf0-ee764bf19024 None None] RequestId filter calling following filter/app {{(pid=82744) _context_setter /opt/stack/cinder/cinder/api/middleware/request_id.py:62}}
Feb 20 05:30:43 devstack devstack@c-api.service[82744]: INFO cinder.api.openstack.wsgi [None req-a188466b-de8d-45c8-aaf0-ee764bf19024 tempest-GroupsTest-1875454719 tempest-GroupsTest-1875454719-project-member] GET http://192.168.122.125/volume/v3/groups/0375ac09-9fee-4925-81e9-eeb37f88736b
Feb 20 05:30:43 devstack devstack@c-api.service[82744]: DEBUG cinder.api.openstack.wsgi [None req-a188466b-de8d-45c8-aaf0-ee764bf19024 tempest-GroupsTest-1875454719 tempest-GroupsTest-1875454719-project-member] Empty body provided in request {{(pid=82744) get_body /opt/stack/cinder/cinder/api/openstack/wsgi.py:725}}
Feb 20 05:30:43 devstack devstack@c-api.service[82744]: DEBUG cinder.api.openstack.wsgi [None req-a188466b-de8d-45c8-aaf0-ee764bf19024 tempest-GroupsTest-1875454719 tempest-GroupsTest-1875454719-project-member] Calling method 'version_select' {{(pid=82744) _process_stack /opt/stack/cinder/cinder/api/openstack/wsgi.py:878}}
Feb 20 05:30:43 devstack devstack@c-api.service[82744]: DEBUG cinder.api.v3.groups [None req-a188466b-de8d-45c8-aaf0-ee764bf19024 tempest-GroupsTest-1875454719 tempest-GroupsTest-1875454719-project-member] show called for member 0375ac09-9fee-4925-81e9-eeb37f88736b {{(pid=82744) show /opt/stack/cinder/cinder/api/v3/groups.py:58}}
Feb 20 05:30:43 devstack devstack@c-api.service[82744]: /opt/stack/data/venv/lib/python3.10/site-packages/oslo_context/context.py:101: DeprecationWarning: Policy enforcement is depending on the value of is_admin. This key is deprecated. Please update your policy file to use the standard policy values.
Feb 20 05:30:43 devstack devstack@c-api.service[82744]: warnings.warn(
Feb 20 05:30:43 devstack devstack@c-api.service[82744]: INFO cinder.api.openstack.wsgi [None req-a188466b-de8d-45c8-aaf0-ee764bf19024 tempest-GroupsTest-1875454719 tempest-GroupsTest-1875454719-project-member] http://192.168.122.125/volume/v3/groups/0375ac09-9fee-4925-81e9-eeb37f88736b returned with HTTP 200
Feb 20 05:30:43 devstack devstack@c-api.service[82744]: [pid: 82744|app: 0|req: 197/378] 192.168.122.125 () {64 vars in 1369 bytes} [Fri Feb 20 05:30:43 2026] GET /volume/v3/groups/0375ac09-9fee-4925-81e9-eeb37f88736b => generated 323 bytes in 57 msecs (HTTP/1.1 200) 7 headers in 286 bytes (1 switches on core 0)
Feb 20 05:30:44 devstack devstack@c-api.service[82745]: DEBUG cinder.api.middleware.request_id [None req-5e202260-e58f-4d61-a6ba-36654b3b21e9 None None] RequestId filter calling following filter/app {{(pid=82745) _context_setter /opt/stack/cinder/cinder/api/middleware/request_id.py:62}}
Feb 20 05:30:44 devstack devstack@c-api.service[82745]: INFO cinder.api.openstack.wsgi [None req-5e202260-e58f-4d61-a6ba-36654b3b21e9 tempest-VolumeQuotasNegativeTestJSON-322373589 tempest-VolumeQuotasNegativeTestJSON-322373589-project-member] GET http://192.168.122.125/volume/v3/volumes/8eee9267-a8ab-43d1-b8f9-ff3f3ccc210b
Feb 20 05:30:44 devstack devstack@c-api.service[82745]: DEBUG cinder.api.openstack.wsgi [None req-5e202260-e58f-4d61-a6ba-36654b3b21e9 tempest-VolumeQuotasNegativeTestJSON-322373589 tempest-VolumeQuotasNegativeTestJSON-322373589-project-member] Empty body provided in request {{(pid=82745) get_body /opt/stack/cinder/cinder/api/openstack/wsgi.py:725}}
Feb 20 05:30:44 devstack devstack@c-api.service[82745]: DEBUG cinder.api.openstack.wsgi [None req-5e202260-e58f-4d61-a6ba-36654b3b21e9 tempest-VolumeQuotasNegativeTestJSON-322373589 tempest-VolumeQuotasNegativeTestJSON-322373589-project-member] Calling method 'show' {{(pid=82745) _process_stack /opt/stack/cinder/cinder/api/openstack/wsgi.py:878}}
Feb 20 05:30:44 devstack devstack@c-api.service[82745]: /opt/stack/data/venv/lib/python3.10/site-packages/oslo_context/context.py:101: DeprecationWarning: Policy enforcement is depending on the value of is_admin. This key is deprecated. Please update your policy file to use the standard policy values.
Feb 20 05:30:44 devstack devstack@c-api.service[82745]: warnings.warn(
Feb 20 05:30:44 devstack devstack@c-api.service[82745]: INFO cinder.volume.api [None req-5e202260-e58f-4d61-a6ba-36654b3b21e9 tempest-VolumeQuotasNegativeTestJSON-322373589 tempest-VolumeQuotasNegativeTestJSON-322373589-project-member] Volume info retrieved successfully.
Feb 20 05:30:44 devstack devstack@c-api.service[82745]: INFO cinder.api.openstack.wsgi [None req-5e202260-e58f-4d61-a6ba-36654b3b21e9 tempest-VolumeQuotasNegativeTestJSON-322373589 tempest-VolumeQuotasNegativeTestJSON-322373589-project-member] http://192.168.122.125/volume/v3/volumes/8eee9267-a8ab-43d1-b8f9-ff3f3ccc210b returned with HTTP 200
Feb 20 05:30:44 devstack devstack@c-api.service[82745]: [pid: 82745|app: 0|req: 182/379] 192.168.122.125 () {62 vars in 1331 bytes} [Fri Feb 20 05:30:44 2026] GET /volume/v3/volumes/8eee9267-a8ab-43d1-b8f9-ff3f3ccc210b => generated 860 bytes in 32 msecs (HTTP/1.1 200) 7 headers in 285 bytes (1 switches on core 0)
Feb 20 05:30:44 devstack devstack@c-api.service[82744]: DEBUG cinder.api.middleware.request_id [None req-651cb196-78e0-4058-ade5-5c4ff69e5400 None None] RequestId filter calling following filter/app {{(pid=82744) _context_setter /opt/stack/cinder/cinder/api/middleware/request_id.py:62}}
Feb 20 05:30:44 devstack devstack@c-api.service[82744]: INFO cinder.api.openstack.wsgi [None req-651cb196-78e0-4058-ade5-5c4ff69e5400 tempest-VolumeQuotasNegativeTestJSON-1881806359 tempest-VolumeQuotasNegativeTestJSON-1881806359-project-admin] PUT http://192.168.122.125/volume/v3/os-quota-sets/b15589eafd4a40ec84469e2a2bd7238a
Feb 20 05:30:44 devstack devstack@c-api.service[82744]: DEBUG cinder.api.openstack.wsgi [None req-651cb196-78e0-4058-ade5-5c4ff69e5400 tempest-VolumeQuotasNegativeTestJSON-1881806359 tempest-VolumeQuotasNegativeTestJSON-1881806359-project-admin] Action: 'update', calling method: update, body: {"quota_set": {"gigabytes": 1, "volumes": -1}} {{(pid=82744) _process_stack /opt/stack/cinder/cinder/api/openstack/wsgi.py:876}}
Feb 20 05:30:44 devstack devstack@c-api.service[82745]: DEBUG cinder.api.middleware.request_id [req-fdfee89b-8da4-40fc-a1d2-b084687ca113 req-e435d2f7-0ac1-429d-9f00-74fcae664be0 None None] RequestId filter calling following filter/app {{(pid=82745) _context_setter /opt/stack/cinder/cinder/api/middleware/request_id.py:62}}
Feb 20 05:30:44 devstack devstack@c-api.service[82745]: INFO cinder.api.openstack.wsgi [req-fdfee89b-8da4-40fc-a1d2-b084687ca113 req-e435d2f7-0ac1-429d-9f00-74fcae664be0 tempest-VolumesSnapshotsTestJSON-1388072821 tempest-VolumesSnapshotsTestJSON-1388072821-project-member] GET http://192.168.122.125/volume/v3/snapshots/4171fccb-e6f1-4fb7-bb7a-3ab472ffdbbe
Feb 20 05:30:44 devstack devstack@c-api.service[82745]: DEBUG cinder.api.openstack.wsgi [req-fdfee89b-8da4-40fc-a1d2-b084687ca113 req-e435d2f7-0ac1-429d-9f00-74fcae664be0 tempest-VolumesSnapshotsTestJSON-1388072821 tempest-VolumesSnapshotsTestJSON-1388072821-project-member] Empty body provided in request {{(pid=82745) get_body /opt/stack/cinder/cinder/api/openstack/wsgi.py:725}}
