Feb 20 05:32:11 devstack cinder-volume[82946]: DEBUG cinder.volume.manager [None req-40c4e6ff-80b0-4b03-8244-a567bd9c2285 tempest-VolumesDeleteCascade-1635133610 None] Task 'cinder.volume.flows.manager.create_volume.CreateVolumeOnFinishTask;volume:create, create.end' (fbf459a9-45d2-427b-a60e-ed2be435cc02) transitioned into state 'SUCCESS' from state 'RUNNING' with result 'None' {{(pid=82946) _task_receiver /opt/stack/data/venv/lib/python3.10/site-packages/taskflow/listeners/logging.py:182}}
Feb 20 05:32:11 devstack cinder-volume[82946]: DEBUG cinder.volume.manager [None req-40c4e6ff-80b0-4b03-8244-a567bd9c2285 tempest-VolumesDeleteCascade-1635133610 None] Flow 'volume_create_manager' (afa5edb0-003a-479a-a28e-747547bcc144) transitioned into state 'SUCCESS' from state 'RUNNING' {{(pid=82946) _flow_receiver /opt/stack/data/venv/lib/python3.10/site-packages/taskflow/listeners/logging.py:145}}
Feb 20 05:32:11 devstack cinder-volume[82946]: INFO cinder.volume.manager [None req-40c4e6ff-80b0-4b03-8244-a567bd9c2285 tempest-VolumesDeleteCascade-1635133610 None] Created volume successfully.
Feb 20 05:32:12 devstack cinder-volume[82946]: WARNING cinder.volume.volume_utils [None req-1924ba3e-4878-4d16-8725-8c2e2f48ea7e tempest-GroupSnapshotsTest-2098595689 None] Volume driver (QuobyteDriver 1.1.13) is currently unsupported and may be removed in the next release of OpenStack. Use at your own risk.
Feb 20 05:32:12 devstack cinder-volume[82946]: DEBUG cinder.volume.flows.manager.create_volume [None req-1924ba3e-4878-4d16-8725-8c2e2f48ea7e tempest-GroupSnapshotsTest-2098595689 None] Volume reschedule parameters: True retry: {'num_attempts': 1, 'backends': ['devstack@QuobyteHD#QuobyteHD'], 'hosts': ['devstack@QuobyteHD#QuobyteHD']} {{(pid=82946) get_flow /opt/stack/cinder/cinder/volume/flows/manager/create_volume.py:1388}}
Feb 20 05:32:12 devstack cinder-volume[82946]: DEBUG cinder.volume.manager [None req-1924ba3e-4878-4d16-8725-8c2e2f48ea7e tempest-GroupSnapshotsTest-2098595689 None] Flow 'volume_create_manager' (aa6bad44-c418-4087-8812-da9f9f05ad20) transitioned into state 'RUNNING' from state 'PENDING' {{(pid=82946) _flow_receiver /opt/stack/data/venv/lib/python3.10/site-packages/taskflow/listeners/logging.py:145}}
Feb 20 05:32:12 devstack cinder-volume[82946]: DEBUG cinder.volume.manager [None req-1924ba3e-4878-4d16-8725-8c2e2f48ea7e tempest-GroupSnapshotsTest-2098595689 None] Task 'cinder.volume.flows.manager.create_volume.ExtractVolumeRefTask;volume:create' (e3688be4-949b-42dd-9718-98d1147e5320) transitioned into state 'RUNNING' from state 'PENDING' {{(pid=82946) _task_receiver /opt/stack/data/venv/lib/python3.10/site-packages/taskflow/listeners/logging.py:194}}
Feb 20 05:32:12 devstack cinder-volume[82946]: DEBUG cinder.volume.manager [None req-1924ba3e-4878-4d16-8725-8c2e2f48ea7e tempest-GroupSnapshotsTest-2098595689 None] Task 'cinder.volume.flows.manager.create_volume.ExtractVolumeRefTask;volume:create' (e3688be4-949b-42dd-9718-98d1147e5320) transitioned into state 'SUCCESS' from state 'RUNNING' with result 'Volume(_name_id=None,admin_metadata=,attach_status='detached',availability_zone='nova',bootable=False,cluster=,cluster_name=None,consistencygroup=,consistencygroup_id=None,created_at=2026-02-20T04:32:12Z,deleted=False,deleted_at=None,display_description=None,display_name='tempest-volume-832650799',ec2_id=None,encryption_key_id=None,glance_metadata=,group=,group_id=9b900ba6-32af-4392-bcf0-bce57ff3374d,host='devstack@QuobyteHD#QuobyteHD',id=52d415d6-805c-4f56-be59-37f489683124,launched_at=None,metadata={},migration_status=None,multiattach=False,previous_status=None,project_id='5f1ef78b708f425aadcc1b0c0a4469fa',provider_auth=None,provider_geometry=None,provider_id=None,provider_location=None,replication_driver_data=None,replication_extended_status=None,replication_status=None,scheduled_at=2026-02-20T04:32:12Z,service_uuid=None,shared_targets=True,size=1,snapshot_id=None,snapshots=,source_volid=None,status='creating',terminated_at=None,updated_at=2026-02-20T04:32:12Z,use_quota=True,user_id='9026987a563b4b8a822d5974047ab3bd',volume_attachment=VolumeAttachmentList,volume_type=VolumeType(483767b9-5e44-4214-910d-ee84d2a82b36),volume_type_id=483767b9-5e44-4214-910d-ee84d2a82b36)' {{(pid=82946) _task_receiver /opt/stack/data/venv/lib/python3.10/site-packages/taskflow/listeners/logging.py:182}}
Feb 20 05:32:12 devstack cinder-volume[82946]: DEBUG cinder.volume.manager [None req-1924ba3e-4878-4d16-8725-8c2e2f48ea7e tempest-GroupSnapshotsTest-2098595689 None] Task 'cinder.volume.flows.manager.create_volume.OnFailureRescheduleTask;volume:create' (2be41bbf-6c90-4b46-996c-8b577adede96) transitioned into state 'RUNNING' from state 'PENDING' {{(pid=82946) _task_receiver /opt/stack/data/venv/lib/python3.10/site-packages/taskflow/listeners/logging.py:194}}
Feb 20 05:32:12 devstack cinder-volume[82946]: DEBUG cinder.volume.manager [None req-1924ba3e-4878-4d16-8725-8c2e2f48ea7e tempest-GroupSnapshotsTest-2098595689 None] Task 'cinder.volume.flows.manager.create_volume.OnFailureRescheduleTask;volume:create' (2be41bbf-6c90-4b46-996c-8b577adede96) transitioned into state 'SUCCESS' from state 'RUNNING' with result 'None' {{(pid=82946) _task_receiver /opt/stack/data/venv/lib/python3.10/site-packages/taskflow/listeners/logging.py:182}}
Feb 20 05:32:12 devstack cinder-volume[82946]: DEBUG cinder.volume.manager [None req-1924ba3e-4878-4d16-8725-8c2e2f48ea7e tempest-GroupSnapshotsTest-2098595689 None] Task 'cinder.volume.flows.manager.create_volume.ExtractVolumeSpecTask;volume:create' (5e409668-a577-4912-9110-4ecd549cb685) transitioned into state 'RUNNING' from state 'PENDING' {{(pid=82946) _task_receiver /opt/stack/data/venv/lib/python3.10/site-packages/taskflow/listeners/logging.py:194}}
Feb 20 05:32:12 devstack cinder-volume[82946]: DEBUG cinder.volume.manager [None req-1924ba3e-4878-4d16-8725-8c2e2f48ea7e tempest-GroupSnapshotsTest-2098595689 None] Task 'cinder.volume.flows.manager.create_volume.ExtractVolumeSpecTask;volume:create' (5e409668-a577-4912-9110-4ecd549cb685) transitioned into state 'SUCCESS' from state 'RUNNING' with result '{'status': 'creating', 'type': 'raw', 'volume_id': '52d415d6-805c-4f56-be59-37f489683124', 'volume_name': 'volume-52d415d6-805c-4f56-be59-37f489683124', 'volume_size': 1}' {{(pid=82946) _task_receiver /opt/stack/data/venv/lib/python3.10/site-packages/taskflow/listeners/logging.py:182}}
Feb 20 05:32:12 devstack cinder-volume[82946]: DEBUG cinder.volume.manager [None req-1924ba3e-4878-4d16-8725-8c2e2f48ea7e tempest-GroupSnapshotsTest-2098595689 None] Task 'cinder.volume.flows.manager.create_volume.NotifyVolumeActionTask;volume:create, create.start' (04ed929d-908a-43a6-ac04-1ae83849c8c3) transitioned into state 'RUNNING' from state 'PENDING' {{(pid=82946) _task_receiver /opt/stack/data/venv/lib/python3.10/site-packages/taskflow/listeners/logging.py:194}}
Feb 20 05:32:12 devstack cinder-volume[82946]: DEBUG cinder.volume.manager [None req-1924ba3e-4878-4d16-8725-8c2e2f48ea7e tempest-GroupSnapshotsTest-2098595689 None] Task 'cinder.volume.flows.manager.create_volume.NotifyVolumeActionTask;volume:create, create.start' (04ed929d-908a-43a6-ac04-1ae83849c8c3) transitioned into state 'SUCCESS' from state 'RUNNING' with result 'None' {{(pid=82946) _task_receiver /opt/stack/data/venv/lib/python3.10/site-packages/taskflow/listeners/logging.py:182}}
Feb 20 05:32:12 devstack cinder-volume[82946]: DEBUG cinder.volume.manager [None req-1924ba3e-4878-4d16-8725-8c2e2f48ea7e tempest-GroupSnapshotsTest-2098595689 None] Task 'cinder.volume.flows.manager.create_volume.CreateVolumeFromSpecTask;volume:create' (93e55402-fad2-4e8d-9f1f-6384c3c84c58) transitioned into state 'RUNNING' from state 'PENDING' {{(pid=82946) _task_receiver /opt/stack/data/venv/lib/python3.10/site-packages/taskflow/listeners/logging.py:194}}
Feb 20 05:32:12 devstack cinder-volume[82946]: INFO cinder.volume.flows.manager.create_volume [None req-1924ba3e-4878-4d16-8725-8c2e2f48ea7e tempest-GroupSnapshotsTest-2098595689 None] Volume 52d415d6-805c-4f56-be59-37f489683124: being created as raw with specification: {'status': 'creating', 'volume_name': 'volume-52d415d6-805c-4f56-be59-37f489683124', 'volume_size': 1}
Feb 20 05:32:12 devstack cinder-volume[82946]: DEBUG oslo_concurrency.lockutils [None req-1924ba3e-4878-4d16-8725-8c2e2f48ea7e tempest-GroupSnapshotsTest-2098595689 None] Acquiring lock "quobyte" by "cinder.volume.drivers.quobyte.QuobyteDriver.create_volume" {{(pid=82946) inner /opt/stack/data/venv/lib/python3.10/site-packages/oslo_concurrency/lockutils.py:405}}
Feb 20 05:32:12 devstack cinder-volume[82946]: DEBUG oslo_concurrency.lockutils [None req-1924ba3e-4878-4d16-8725-8c2e2f48ea7e tempest-GroupSnapshotsTest-2098595689 None] Lock "quobyte" acquired by "cinder.volume.drivers.quobyte.QuobyteDriver.create_volume" :: waited 0.000s {{(pid=82946) inner /opt/stack/data/venv/lib/python3.10/site-packages/oslo_concurrency/lockutils.py:410}}
Feb 20 05:32:12 devstack cinder-volume[82946]: DEBUG cinder.volume.drivers.quobyte [None req-1924ba3e-4878-4d16-8725-8c2e2f48ea7e tempest-GroupSnapshotsTest-2098595689 None] ==> create_volume: call "{'self': , 'volume': Volume(_name_id=None,admin_metadata=,attach_status='detached',availability_zone='nova',bootable=False,cluster=,cluster_name=None,consistencygroup=,consistencygroup_id=9b900ba6-32af-4392-bcf0-bce57ff3374d,created_at=2026-02-20T04:32:12Z,deleted=False,deleted_at=None,display_description=None,display_name='tempest-volume-832650799',ec2_id=None,encryption_key_id=None,glance_metadata=,group=,group_id=9b900ba6-32af-4392-bcf0-bce57ff3374d,host='devstack@QuobyteHD#QuobyteHD',id=52d415d6-805c-4f56-be59-37f489683124,launched_at=None,metadata={},migration_status=None,multiattach=False,previous_status=None,project_id='5f1ef78b708f425aadcc1b0c0a4469fa',provider_auth=None,provider_geometry=None,provider_id=None,provider_location=None,replication_driver_data=None,replication_extended_status=None,replication_status=None,scheduled_at=2026-02-20T04:32:12Z,service_uuid=None,shared_targets=True,size=1,snapshot_id=None,snapshots=,source_volid=None,status='creating',terminated_at=None,updated_at=2026-02-20T04:32:12Z,use_quota=True,user_id='9026987a563b4b8a822d5974047ab3bd',volume_attachment=VolumeAttachmentList,volume_type=VolumeType(483767b9-5e44-4214-910d-ee84d2a82b36),volume_type_id=483767b9-5e44-4214-910d-ee84d2a82b36)}" {{(pid=82946) trace_logging_wrapper /opt/stack/cinder/cinder/volume/volume_utils.py:1498}}
Feb 20 05:32:12 devstack cinder-volume[82946]: DEBUG cinder.volume.drivers.remotefs [None req-1924ba3e-4878-4d16-8725-8c2e2f48ea7e tempest-GroupSnapshotsTest-2098595689 None] Creating volume 52d415d6-805c-4f56-be59-37f489683124 {{(pid=82946) create_volume /opt/stack/cinder/cinder/volume/drivers/remotefs.py:292}}
Feb 20 05:32:12 devstack cinder-volume[82946]: DEBUG oslo_concurrency.lockutils [None req-1924ba3e-4878-4d16-8725-8c2e2f48ea7e tempest-GroupSnapshotsTest-2098595689 None] Acquiring lock "quobyte_ensure" by "cinder.volume.drivers.quobyte.QuobyteDriver._ensure_shares_mounted" {{(pid=82946) inner /opt/stack/data/venv/lib/python3.10/site-packages/oslo_concurrency/lockutils.py:405}}
Feb 20 05:32:12 devstack cinder-volume[82946]: DEBUG oslo_concurrency.lockutils [None req-1924ba3e-4878-4d16-8725-8c2e2f48ea7e tempest-GroupSnapshotsTest-2098595689 None] Lock "quobyte_ensure" acquired by "cinder.volume.drivers.quobyte.QuobyteDriver._ensure_shares_mounted" :: waited 0.000s {{(pid=82946) inner /opt/stack/data/venv/lib/python3.10/site-packages/oslo_concurrency/lockutils.py:410}}
Feb 20 05:32:12 devstack cinder-volume[82946]: DEBUG cinder.volume.drivers.quobyte [None req-1924ba3e-4878-4d16-8725-8c2e2f48ea7e tempest-GroupSnapshotsTest-2098595689 None] Quobyte Volume URL set to: {'osci02.corp.quobyte.com/cinder-vol-1e6950e0-a248-4659-a27d-58315270a98b': None} {{(pid=82946) _load_shares_config /opt/stack/cinder/cinder/volume/drivers/quobyte.py:611}}
Feb 20 05:32:12 devstack cinder-volume[82946]: DEBUG cinder.volume.drivers.quobyte [None req-1924ba3e-4878-4d16-8725-8c2e2f48ea7e tempest-GroupSnapshotsTest-2098595689 None] Available shares ['osci02.corp.quobyte.com/cinder-vol-1e6950e0-a248-4659-a27d-58315270a98b'] {{(pid=82946) _ensure_shares_mounted /opt/stack/cinder/cinder/volume/drivers/quobyte.py:641}}
Feb 20 05:32:12 devstack cinder-volume[82946]: DEBUG oslo_concurrency.lockutils [None req-1924ba3e-4878-4d16-8725-8c2e2f48ea7e tempest-GroupSnapshotsTest-2098595689 None] Lock "quobyte_ensure" "released" by "cinder.volume.drivers.quobyte.QuobyteDriver._ensure_shares_mounted" :: held 0.004s {{(pid=82946) inner /opt/stack/data/venv/lib/python3.10/site-packages/oslo_concurrency/lockutils.py:424}}
Feb 20 05:32:12 devstack cinder-volume[82946]: DEBUG cinder.volume.drivers.quobyte [None req-1924ba3e-4878-4d16-8725-8c2e2f48ea7e tempest-GroupSnapshotsTest-2098595689 None] Selected osci02.corp.quobyte.com/cinder-vol-1e6950e0-a248-4659-a27d-58315270a98b as target Quobyte volume. {{(pid=82946) _find_share /opt/stack/cinder/cinder/volume/drivers/quobyte.py:662}}
Feb 20 05:32:12 devstack cinder-volume[82946]: INFO cinder.volume.drivers.remotefs [None req-1924ba3e-4878-4d16-8725-8c2e2f48ea7e tempest-GroupSnapshotsTest-2098595689 None] casted to osci02.corp.quobyte.com/cinder-vol-1e6950e0-a248-4659-a27d-58315270a98b
Feb 20 05:32:12 devstack cinder-volume[82946]: DEBUG oslo_concurrency.processutils [None req-1924ba3e-4878-4d16-8725-8c2e2f48ea7e tempest-GroupSnapshotsTest-2098595689 None] Running cmd (subprocess): sudo cinder-rootwrap /etc/cinder/rootwrap.conf qemu-img create -f qcow2 -o preallocation=metadata /opt/stack/data/cinder/mnt/086f37882793844b6da98c920837da39/volume-52d415d6-805c-4f56-be59-37f489683124 1073741824 {{(pid=82946) execute /opt/stack/data/venv/lib/python3.10/site-packages/oslo_concurrency/processutils.py:349}}
Feb 20 05:32:12 devstack sudo[85533]: quobyte : PWD=/ ; USER=root ; COMMAND=/opt/stack/data/venv/bin/cinder-rootwrap /etc/cinder/rootwrap.conf qemu-img create -f qcow2 -o preallocation=metadata /opt/stack/data/cinder/mnt/086f37882793844b6da98c920837da39/volume-52d415d6-805c-4f56-be59-37f489683124 1073741824
Feb 20 05:32:12 devstack sudo[85533]: pam_unix(sudo:session): session opened for user root(uid=0) by (uid=1000)
Feb 20 05:32:12 devstack cinder-volume[82946]: WARNING cinder.volume.volume_utils [None req-4298dca7-df26-4337-89bc-31d7ae437267 tempest-VolumesDeleteCascade-1635133610 None] Volume driver (QuobyteDriver 1.1.13) is currently unsupported and may be removed in the next release of OpenStack. Use at your own risk.
Feb 20 05:32:12 devstack cinder-volume[82946]: DEBUG oslo_concurrency.lockutils [None req-4298dca7-df26-4337-89bc-31d7ae437267 tempest-VolumesDeleteCascade-1635133610 None] Acquiring lock "quobyte" by "cinder.volume.drivers.quobyte.QuobyteDriver.create_snapshot" {{(pid=82946) inner /opt/stack/data/venv/lib/python3.10/site-packages/oslo_concurrency/lockutils.py:405}}
Feb 20 05:32:12 devstack sudo[85533]: pam_unix(sudo:session): session closed for user root
Feb 20 05:32:12 devstack cinder-volume[82946]: DEBUG oslo_concurrency.processutils [None req-1924ba3e-4878-4d16-8725-8c2e2f48ea7e tempest-GroupSnapshotsTest-2098595689 None] CMD "sudo cinder-rootwrap /etc/cinder/rootwrap.conf qemu-img create -f qcow2 -o preallocation=metadata /opt/stack/data/cinder/mnt/086f37882793844b6da98c920837da39/volume-52d415d6-805c-4f56-be59-37f489683124 1073741824" returned: 0 in 0.650s {{(pid=82946) execute /opt/stack/data/venv/lib/python3.10/site-packages/oslo_concurrency/processutils.py:372}}
Feb 20 05:32:12 devstack cinder-volume[82946]: DEBUG oslo_concurrency.processutils [None req-1924ba3e-4878-4d16-8725-8c2e2f48ea7e tempest-GroupSnapshotsTest-2098595689 None] Running cmd (subprocess): sudo cinder-rootwrap /etc/cinder/rootwrap.conf chmod ugo+rw /opt/stack/data/cinder/mnt/086f37882793844b6da98c920837da39/volume-52d415d6-805c-4f56-be59-37f489683124 {{(pid=82946) execute /opt/stack/data/venv/lib/python3.10/site-packages/oslo_concurrency/processutils.py:349}}
Feb 20 05:32:12 devstack sudo[85541]: quobyte : PWD=/ ; USER=root ; COMMAND=/opt/stack/data/venv/bin/cinder-rootwrap /etc/cinder/rootwrap.conf chmod ugo+rw /opt/stack/data/cinder/mnt/086f37882793844b6da98c920837da39/volume-52d415d6-805c-4f56-be59-37f489683124
Feb 20 05:32:12 devstack sudo[85541]: pam_unix(sudo:session): session opened for user root(uid=0) by (uid=1000)
Feb 20 05:32:13 devstack sudo[85541]: pam_unix(sudo:session): session closed for user root
Feb 20 05:32:13 devstack cinder-volume[82946]: DEBUG oslo_concurrency.processutils [None req-1924ba3e-4878-4d16-8725-8c2e2f48ea7e tempest-GroupSnapshotsTest-2098595689 None] CMD "sudo cinder-rootwrap /etc/cinder/rootwrap.conf chmod ugo+rw /opt/stack/data/cinder/mnt/086f37882793844b6da98c920837da39/volume-52d415d6-805c-4f56-be59-37f489683124" returned: 0 in 0.451s {{(pid=82946) execute /opt/stack/data/venv/lib/python3.10/site-packages/oslo_concurrency/processutils.py:372}}
Feb 20 05:32:13 devstack cinder-volume[82946]: DEBUG cinder.volume.drivers.quobyte [None req-1924ba3e-4878-4d16-8725-8c2e2f48ea7e tempest-GroupSnapshotsTest-2098595689 None] <== create_volume: return (1126ms) {'provider_location': 'osci02.corp.quobyte.com/cinder-vol-1e6950e0-a248-4659-a27d-58315270a98b'} {{(pid=82946) trace_logging_wrapper /opt/stack/cinder/cinder/volume/volume_utils.py:1523}}
Feb 20 05:32:13 devstack cinder-volume[82946]: DEBUG oslo_concurrency.lockutils [None req-1924ba3e-4878-4d16-8725-8c2e2f48ea7e tempest-GroupSnapshotsTest-2098595689 None] Lock "quobyte" "released" by "cinder.volume.drivers.quobyte.QuobyteDriver.create_volume" :: held 1.128s {{(pid=82946) inner /opt/stack/data/venv/lib/python3.10/site-packages/oslo_concurrency/lockutils.py:424}}
Feb 20 05:32:13 devstack cinder-volume[82946]: DEBUG oslo_concurrency.lockutils [None req-4298dca7-df26-4337-89bc-31d7ae437267 tempest-VolumesDeleteCascade-1635133610 None] Lock "quobyte" acquired by "cinder.volume.drivers.quobyte.QuobyteDriver.create_snapshot" :: waited 0.757s {{(pid=82946) inner /opt/stack/data/venv/lib/python3.10/site-packages/oslo_concurrency/lockutils.py:410}}
Feb 20 05:32:13 devstack cinder-volume[82946]: DEBUG cinder.volume.manager [None req-1924ba3e-4878-4d16-8725-8c2e2f48ea7e tempest-GroupSnapshotsTest-2098595689 None] Task 'cinder.volume.flows.manager.create_volume.CreateVolumeFromSpecTask;volume:create' (93e55402-fad2-4e8d-9f1f-6384c3c84c58) transitioned into state 'SUCCESS' from state 'RUNNING' with result '{'status': 'creating', 'volume_name': 'volume-52d415d6-805c-4f56-be59-37f489683124', 'volume_size': 1}' {{(pid=82946) _task_receiver /opt/stack/data/venv/lib/python3.10/site-packages/taskflow/listeners/logging.py:182}}
Feb 20 05:32:13 devstack cinder-volume[82946]: DEBUG cinder.volume.manager [None req-1924ba3e-4878-4d16-8725-8c2e2f48ea7e tempest-GroupSnapshotsTest-2098595689 None] Task 'cinder.volume.flows.manager.create_volume.CreateVolumeOnFinishTask;volume:create, create.end' (086b1efa-c901-46a4-bc3d-38204f97ccb8) transitioned into state 'RUNNING' from state 'PENDING' {{(pid=82946) _task_receiver /opt/stack/data/venv/lib/python3.10/site-packages/taskflow/listeners/logging.py:194}}
Feb 20 05:32:13 devstack cinder-volume[82946]: DEBUG cinder.volume.drivers.remotefs [None req-4298dca7-df26-4337-89bc-31d7ae437267 tempest-VolumesDeleteCascade-1635133610 None] Creating offline snapshot ccd9b6da-34bf-4e76-87f1-b8da6b4e12a0 of volume 4823ddab-e13e-4bc9-9c52-34f1c293c3e1 {{(pid=82946) _create_snapshot /opt/stack/cinder/cinder/volume/drivers/remotefs.py:1817}}
Feb 20 05:32:13 devstack cinder-volume[82946]: DEBUG oslo.privsep.daemon [-] privsep: reply[53e7a6b9-c8ba-4908-a7d7-5799052dec66]: (4, 'qcow2') {{(pid=83704) _call_back /opt/stack/data/venv/lib/python3.10/site-packages/oslo_privsep/daemon.py:515}}
Feb 20 05:32:13 devstack cinder-volume[82946]: DEBUG oslo_concurrency.processutils [None req-4298dca7-df26-4337-89bc-31d7ae437267 tempest-VolumesDeleteCascade-1635133610 None] Running cmd (subprocess): /opt/stack/data/venv/bin/python3.10 -m oslo_concurrency.prlimit --as=1073741824 --cpu=60 -- sudo cinder-rootwrap /etc/cinder/rootwrap.conf env LC_ALL=C qemu-img info -f qcow2 --output=json --force-share /opt/stack/data/cinder/mnt/086f37882793844b6da98c920837da39/volume-4823ddab-e13e-4bc9-9c52-34f1c293c3e1 {{(pid=82946) execute /opt/stack/data/venv/lib/python3.10/site-packages/oslo_concurrency/processutils.py:349}}
Feb 20 05:32:13 devstack cinder-volume[82946]: INFO cinder.volume.flows.manager.create_volume [None req-1924ba3e-4878-4d16-8725-8c2e2f48ea7e tempest-GroupSnapshotsTest-2098595689 None] Volume volume-52d415d6-805c-4f56-be59-37f489683124 (52d415d6-805c-4f56-be59-37f489683124): created successfully
Feb 20 05:32:13 devstack cinder-volume[82946]: DEBUG cinder.volume.manager [None req-1924ba3e-4878-4d16-8725-8c2e2f48ea7e tempest-GroupSnapshotsTest-2098595689 None] Task 'cinder.volume.flows.manager.create_volume.CreateVolumeOnFinishTask;volume:create, create.end' (086b1efa-c901-46a4-bc3d-38204f97ccb8) transitioned into state 'SUCCESS' from state 'RUNNING' with result 'None' {{(pid=82946) _task_receiver /opt/stack/data/venv/lib/python3.10/site-packages/taskflow/listeners/logging.py:182}}
Feb 20 05:32:13 devstack cinder-volume[82946]: DEBUG cinder.volume.manager [None req-1924ba3e-4878-4d16-8725-8c2e2f48ea7e tempest-GroupSnapshotsTest-2098595689 None] Flow 'volume_create_manager' (aa6bad44-c418-4087-8812-da9f9f05ad20) transitioned into state 'SUCCESS' from state 'RUNNING' {{(pid=82946) _flow_receiver /opt/stack/data/venv/lib/python3.10/site-packages/taskflow/listeners/logging.py:145}}
Feb 20 05:32:13 devstack cinder-volume[82946]: INFO cinder.volume.manager [None req-1924ba3e-4878-4d16-8725-8c2e2f48ea7e tempest-GroupSnapshotsTest-2098595689 None] Created volume successfully.
Feb 20 05:32:13 devstack sudo[85544]: quobyte : PWD=/ ; USER=root ; COMMAND=/opt/stack/data/venv/bin/cinder-rootwrap /etc/cinder/rootwrap.conf env LC_ALL=C qemu-img info -f qcow2 --output=json --force-share /opt/stack/data/cinder/mnt/086f37882793844b6da98c920837da39/volume-4823ddab-e13e-4bc9-9c52-34f1c293c3e1
Feb 20 05:32:13 devstack sudo[85544]: pam_unix(sudo:session): session opened for user root(uid=0) by (uid=1000)
Feb 20 05:32:13 devstack sudo[85544]: pam_unix(sudo:session): session closed for user root
Feb 20 05:32:13 devstack cinder-volume[82946]: DEBUG oslo_concurrency.processutils [None req-4298dca7-df26-4337-89bc-31d7ae437267 tempest-VolumesDeleteCascade-1635133610 None] CMD "/opt/stack/data/venv/bin/python3.10 -m oslo_concurrency.prlimit --as=1073741824 --cpu=60 -- sudo cinder-rootwrap /etc/cinder/rootwrap.conf env LC_ALL=C qemu-img info -f qcow2 --output=json --force-share /opt/stack/data/cinder/mnt/086f37882793844b6da98c920837da39/volume-4823ddab-e13e-4bc9-9c52-34f1c293c3e1" returned: 0 in 0.618s {{(pid=82946) execute /opt/stack/data/venv/lib/python3.10/site-packages/oslo_concurrency/processutils.py:372}}
Feb 20 05:32:13 devstack cinder-volume[82946]: DEBUG oslo_concurrency.processutils [None req-4298dca7-df26-4337-89bc-31d7ae437267 tempest-VolumesDeleteCascade-1635133610 None] Running cmd (subprocess): sudo cinder-rootwrap /etc/cinder/rootwrap.conf qemu-img create -f qcow2 -o backing_file=/opt/stack/data/cinder/mnt/086f37882793844b6da98c920837da39/volume-4823ddab-e13e-4bc9-9c52-34f1c293c3e1,backing_fmt=qcow2 /opt/stack/data/cinder/mnt/086f37882793844b6da98c920837da39/volume-4823ddab-e13e-4bc9-9c52-34f1c293c3e1.ccd9b6da-34bf-4e76-87f1-b8da6b4e12a0 1G {{(pid=82946) execute /opt/stack/data/venv/lib/python3.10/site-packages/oslo_concurrency/processutils.py:349}}
Feb 20 05:32:13 devstack sudo[85549]: quobyte : PWD=/ ; USER=root ; COMMAND=/opt/stack/data/venv/bin/cinder-rootwrap /etc/cinder/rootwrap.conf qemu-img create -f qcow2 -o backing_file=/opt/stack/data/cinder/mnt/086f37882793844b6da98c920837da39/volume-4823ddab-e13e-4bc9-9c52-34f1c293c3e1,backing_fmt=qcow2 /opt/stack/data/cinder/mnt/086f37882793844b6da98c920837da39/volume-4823ddab-e13e-4bc9-9c52-34f1c293c3e1.ccd9b6da-34bf-4e76-87f1-b8da6b4e12a0 1G
Feb 20 05:32:13 devstack sudo[85549]: pam_unix(sudo:session): session opened for user root(uid=0) by (uid=1000)
Feb 20 05:32:14 devstack cinder-volume[82946]: INFO cinder.volume.manager [None req-99888d04-ef58-493b-b8d8-e6768f1f523f tempest-GroupSnapshotsTest-2098595689 None] GroupSnapshot 1f6ed110-e2d1-4ba0-81cd-e774c9ed586b: creating.
Feb 20 05:32:14 devstack cinder-volume[82946]: WARNING cinder.volume.volume_utils [None req-99888d04-ef58-493b-b8d8-e6768f1f523f tempest-GroupSnapshotsTest-2098595689 None] Volume driver (QuobyteDriver 1.1.13) is currently unsupported and may be removed in the next release of OpenStack. Use at your own risk.
Feb 20 05:32:14 devstack cinder-volume[82946]: DEBUG cinder.volume.manager [None req-99888d04-ef58-493b-b8d8-e6768f1f523f tempest-GroupSnapshotsTest-2098595689 None] Group snapshot 1f6ed110-e2d1-4ba0-81cd-e774c9ed586b: creating. {{(pid=82946) create_group_snapshot /opt/stack/cinder/cinder/volume/manager.py:4144}}
Feb 20 05:32:14 devstack cinder-volume[82946]: DEBUG oslo_concurrency.lockutils [None req-99888d04-ef58-493b-b8d8-e6768f1f523f tempest-GroupSnapshotsTest-2098595689 None] Acquiring lock "quobyte" by "cinder.volume.drivers.quobyte.QuobyteDriver.create_snapshot" {{(pid=82946) inner /opt/stack/data/venv/lib/python3.10/site-packages/oslo_concurrency/lockutils.py:405}}
Feb 20 05:32:14 devstack sudo[85549]: pam_unix(sudo:session): session closed for user root
Feb 20 05:32:14 devstack cinder-volume[82946]: DEBUG oslo_concurrency.processutils [None req-4298dca7-df26-4337-89bc-31d7ae437267 tempest-VolumesDeleteCascade-1635133610 None] CMD "sudo cinder-rootwrap /etc/cinder/rootwrap.conf qemu-img create -f qcow2 -o backing_file=/opt/stack/data/cinder/mnt/086f37882793844b6da98c920837da39/volume-4823ddab-e13e-4bc9-9c52-34f1c293c3e1,backing_fmt=qcow2 /opt/stack/data/cinder/mnt/086f37882793844b6da98c920837da39/volume-4823ddab-e13e-4bc9-9c52-34f1c293c3e1.ccd9b6da-34bf-4e76-87f1-b8da6b4e12a0 1G" returned: 0 in 0.880s {{(pid=82946) execute /opt/stack/data/venv/lib/python3.10/site-packages/oslo_concurrency/processutils.py:372}}
Feb 20 05:32:14 devstack cinder-volume[82946]: DEBUG oslo_concurrency.processutils [None req-4298dca7-df26-4337-89bc-31d7ae437267 tempest-VolumesDeleteCascade-1635133610 None] Running cmd (subprocess): sudo cinder-rootwrap /etc/cinder/rootwrap.conf qemu-img rebase -u -b volume-4823ddab-e13e-4bc9-9c52-34f1c293c3e1 -F qcow2 /opt/stack/data/cinder/mnt/086f37882793844b6da98c920837da39/volume-4823ddab-e13e-4bc9-9c52-34f1c293c3e1.ccd9b6da-34bf-4e76-87f1-b8da6b4e12a0 {{(pid=82946) execute /opt/stack/data/venv/lib/python3.10/site-packages/oslo_concurrency/processutils.py:349}}
Feb 20 05:32:14 devstack sudo[85607]: quobyte : PWD=/ ; USER=root ; COMMAND=/opt/stack/data/venv/bin/cinder-rootwrap /etc/cinder/rootwrap.conf qemu-img rebase -u -b volume-4823ddab-e13e-4bc9-9c52-34f1c293c3e1 -F qcow2 /opt/stack/data/cinder/mnt/086f37882793844b6da98c920837da39/volume-4823ddab-e13e-4bc9-9c52-34f1c293c3e1.ccd9b6da-34bf-4e76-87f1-b8da6b4e12a0
Feb 20 05:32:14 devstack sudo[85607]: pam_unix(sudo:session): session opened for user root(uid=0) by (uid=1000)
Feb 20 05:32:15 devstack sudo[85607]: pam_unix(sudo:session): session closed for user root
Feb 20 05:32:15 devstack cinder-volume[82946]: DEBUG oslo_concurrency.processutils [None req-4298dca7-df26-4337-89bc-31d7ae437267 tempest-VolumesDeleteCascade-1635133610 None] CMD "sudo cinder-rootwrap /etc/cinder/rootwrap.conf qemu-img rebase -u -b volume-4823ddab-e13e-4bc9-9c52-34f1c293c3e1 -F qcow2 /opt/stack/data/cinder/mnt/086f37882793844b6da98c920837da39/volume-4823ddab-e13e-4bc9-9c52-34f1c293c3e1.ccd9b6da-34bf-4e76-87f1-b8da6b4e12a0" returned: 0 in 0.551s {{(pid=82946) execute /opt/stack/data/venv/lib/python3.10/site-packages/oslo_concurrency/processutils.py:372}}
Feb 20 05:32:15 devstack cinder-volume[82946]: WARNING cinder.volume.drivers.remotefs [None req-4298dca7-df26-4337-89bc-31d7ae437267 tempest-VolumesDeleteCascade-1635133610 None] /opt/stack/data/cinder/mnt/086f37882793844b6da98c920837da39/volume-4823ddab-e13e-4bc9-9c52-34f1c293c3e1.ccd9b6da-34bf-4e76-87f1-b8da6b4e12a0 is being set with open permissions: ugo+rw
Feb 20 05:32:15 devstack cinder-volume[82946]: DEBUG oslo_concurrency.processutils [None req-4298dca7-df26-4337-89bc-31d7ae437267 tempest-VolumesDeleteCascade-1635133610 None] Running cmd (subprocess): sudo cinder-rootwrap /etc/cinder/rootwrap.conf chmod ugo+rw /opt/stack/data/cinder/mnt/086f37882793844b6da98c920837da39/volume-4823ddab-e13e-4bc9-9c52-34f1c293c3e1.ccd9b6da-34bf-4e76-87f1-b8da6b4e12a0 {{(pid=82946) execute /opt/stack/data/venv/lib/python3.10/site-packages/oslo_concurrency/processutils.py:349}}
Feb 20 05:32:15 devstack sudo[85619]: quobyte : PWD=/ ; USER=root ; COMMAND=/opt/stack/data/venv/bin/cinder-rootwrap /etc/cinder/rootwrap.conf chmod ugo+rw /opt/stack/data/cinder/mnt/086f37882793844b6da98c920837da39/volume-4823ddab-e13e-4bc9-9c52-34f1c293c3e1.ccd9b6da-34bf-4e76-87f1-b8da6b4e12a0
Feb 20 05:32:15 devstack sudo[85619]: pam_unix(sudo:session): session opened for user root(uid=0) by (uid=1000)
Feb 20 05:32:16 devstack sudo[85619]: pam_unix(sudo:session): session closed for user root
Feb 20 05:32:16 devstack cinder-volume[82946]: DEBUG oslo_concurrency.processutils [None req-4298dca7-df26-4337-89bc-31d7ae437267 tempest-VolumesDeleteCascade-1635133610 None] CMD "sudo cinder-rootwrap /etc/cinder/rootwrap.conf chmod ugo+rw /opt/stack/data/cinder/mnt/086f37882793844b6da98c920837da39/volume-4823ddab-e13e-4bc9-9c52-34f1c293c3e1.ccd9b6da-34bf-4e76-87f1-b8da6b4e12a0" returned: 0 in 0.665s {{(pid=82946) execute /opt/stack/data/venv/lib/python3.10/site-packages/oslo_concurrency/processutils.py:372}}
Feb 20 05:32:16 devstack cinder-volume[82946]: DEBUG oslo_concurrency.processutils [None req-4298dca7-df26-4337-89bc-31d7ae437267 tempest-VolumesDeleteCascade-1635133610 None] Running cmd (subprocess): sudo cinder-rootwrap /etc/cinder/rootwrap.conf truncate -s0 /opt/stack/data/cinder/mnt/086f37882793844b6da98c920837da39/volume-4823ddab-e13e-4bc9-9c52-34f1c293c3e1.info {{(pid=82946) execute /opt/stack/data/venv/lib/python3.10/site-packages/oslo_concurrency/processutils.py:349}}
Feb 20 05:32:16 devstack sudo[85623]: quobyte : PWD=/ ; USER=root ; COMMAND=/opt/stack/data/venv/bin/cinder-rootwrap /etc/cinder/rootwrap.conf truncate -s0 /opt/stack/data/cinder/mnt/086f37882793844b6da98c920837da39/volume-4823ddab-e13e-4bc9-9c52-34f1c293c3e1.info
Feb 20 05:32:16 devstack sudo[85623]: pam_unix(sudo:session): session opened for user root(uid=0) by (uid=1000)
Feb 20 05:32:16 devstack sudo[85623]: pam_unix(sudo:session): session closed for user root
Feb 20 05:32:16 devstack cinder-volume[82946]: DEBUG oslo_concurrency.processutils [None req-4298dca7-df26-4337-89bc-31d7ae437267 tempest-VolumesDeleteCascade-1635133610 None] CMD "sudo cinder-rootwrap /etc/cinder/rootwrap.conf truncate -s0 /opt/stack/data/cinder/mnt/086f37882793844b6da98c920837da39/volume-4823ddab-e13e-4bc9-9c52-34f1c293c3e1.info" returned: 0 in 0.535s {{(pid=82946) execute /opt/stack/data/venv/lib/python3.10/site-packages/oslo_concurrency/processutils.py:372}}
Feb 20 05:32:16 devstack cinder-volume[82946]: WARNING cinder.volume.drivers.remotefs [None req-4298dca7-df26-4337-89bc-31d7ae437267 tempest-VolumesDeleteCascade-1635133610 None] /opt/stack/data/cinder/mnt/086f37882793844b6da98c920837da39/volume-4823ddab-e13e-4bc9-9c52-34f1c293c3e1.info is being set with open permissions: ugo+rw
Feb 20 05:32:16 devstack cinder-volume[82946]: DEBUG oslo_concurrency.processutils [None req-4298dca7-df26-4337-89bc-31d7ae437267 tempest-VolumesDeleteCascade-1635133610 None] Running cmd (subprocess): sudo cinder-rootwrap /etc/cinder/rootwrap.conf chmod ugo+rw /opt/stack/data/cinder/mnt/086f37882793844b6da98c920837da39/volume-4823ddab-e13e-4bc9-9c52-34f1c293c3e1.info {{(pid=82946) execute /opt/stack/data/venv/lib/python3.10/site-packages/oslo_concurrency/processutils.py:349}}
Feb 20 05:32:16 devstack sudo[85626]: quobyte : PWD=/ ; USER=root ; COMMAND=/opt/stack/data/venv/bin/cinder-rootwrap /etc/cinder/rootwrap.conf chmod ugo+rw /opt/stack/data/cinder/mnt/086f37882793844b6da98c920837da39/volume-4823ddab-e13e-4bc9-9c52-34f1c293c3e1.info
Feb 20 05:32:16 devstack sudo[85626]: pam_unix(sudo:session): session opened for user root(uid=0) by (uid=1000)
Feb 20 05:32:17 devstack sudo[85626]: pam_unix(sudo:session): session closed for user root
Feb 20 05:32:17 devstack cinder-volume[82946]: DEBUG oslo_concurrency.processutils [None req-4298dca7-df26-4337-89bc-31d7ae437267 tempest-VolumesDeleteCascade-1635133610 None] CMD "sudo cinder-rootwrap /etc/cinder/rootwrap.conf chmod ugo+rw /opt/stack/data/cinder/mnt/086f37882793844b6da98c920837da39/volume-4823ddab-e13e-4bc9-9c52-34f1c293c3e1.info" returned: 0 in 0.586s {{(pid=82946) execute /opt/stack/data/venv/lib/python3.10/site-packages/oslo_concurrency/processutils.py:372}}
Feb 20 05:32:17 devstack cinder-volume[82946]: DEBUG oslo_concurrency.lockutils [None req-4298dca7-df26-4337-89bc-31d7ae437267 tempest-VolumesDeleteCascade-1635133610 None] Lock "quobyte" "released" by "cinder.volume.drivers.quobyte.QuobyteDriver.create_snapshot" :: held 3.952s {{(pid=82946) inner /opt/stack/data/venv/lib/python3.10/site-packages/oslo_concurrency/lockutils.py:424}}
Feb 20 05:32:17 devstack cinder-volume[82946]: DEBUG oslo_concurrency.lockutils [None req-99888d04-ef58-493b-b8d8-e6768f1f523f tempest-GroupSnapshotsTest-2098595689 None] Lock "quobyte" acquired by "cinder.volume.drivers.quobyte.QuobyteDriver.create_snapshot" :: waited 2.758s {{(pid=82946) inner /opt/stack/data/venv/lib/python3.10/site-packages/oslo_concurrency/lockutils.py:410}}
Feb 20 05:32:17 devstack cinder-volume[82946]: DEBUG cinder.volume.drivers.remotefs [None req-99888d04-ef58-493b-b8d8-e6768f1f523f tempest-GroupSnapshotsTest-2098595689 None] Creating offline snapshot d0247ce6-de95-4b2c-9bfb-d938873df6b4 of volume 52d415d6-805c-4f56-be59-37f489683124 {{(pid=82946) _create_snapshot /opt/stack/cinder/cinder/volume/drivers/remotefs.py:1817}}
Feb 20 05:32:17 devstack cinder-volume[82946]: INFO cinder.volume.manager [None req-4298dca7-df26-4337-89bc-31d7ae437267 tempest-VolumesDeleteCascade-1635133610 None] Create snapshot completed successfully
Feb 20 05:32:17 devstack cinder-volume[82946]: DEBUG oslo.privsep.daemon [-] privsep: reply[84a321b9-6a94-408b-a528-63d07d78b2ee]: (4, 'qcow2') {{(pid=83704) _call_back /opt/stack/data/venv/lib/python3.10/site-packages/oslo_privsep/daemon.py:515}}
Feb 20 05:32:17 devstack cinder-volume[82946]: DEBUG oslo_concurrency.processutils [None req-99888d04-ef58-493b-b8d8-e6768f1f523f tempest-GroupSnapshotsTest-2098595689 None] Running cmd (subprocess): /opt/stack/data/venv/bin/python3.10 -m oslo_concurrency.prlimit --as=1073741824 --cpu=60 -- sudo cinder-rootwrap /etc/cinder/rootwrap.conf env LC_ALL=C qemu-img info -f qcow2 --output=json --force-share /opt/stack/data/cinder/mnt/086f37882793844b6da98c920837da39/volume-52d415d6-805c-4f56-be59-37f489683124 {{(pid=82946) execute /opt/stack/data/venv/lib/python3.10/site-packages/oslo_concurrency/processutils.py:349}}
Feb 20 05:32:17 devstack cinder-volume[82946]: DEBUG cinder.coordination [None req-012c6e8c-7e19-4522-8bad-d5c636b3594d tempest-VolumesActionsTest-202456094 None] Acquiring lock "cinder-2b72cefe-57d6-4ea5-8cf8-b7902f5aee3c" by "attach_volume" {{(pid=82946) __acquire /opt/stack/cinder/cinder/coordination.py:143}}
Feb 20 05:32:17 devstack cinder-volume[82946]: DEBUG cinder.coordination [None req-012c6e8c-7e19-4522-8bad-d5c636b3594d tempest-VolumesActionsTest-202456094 None] Lock "cinder-2b72cefe-57d6-4ea5-8cf8-b7902f5aee3c" acquired by "attach_volume" :: waited 0.011s {{(pid=82946) __acquire /opt/stack/cinder/cinder/coordination.py:146}}
Feb 20 05:32:17 devstack cinder-volume[82946]: WARNING cinder.volume.volume_utils [None req-012c6e8c-7e19-4522-8bad-d5c636b3594d tempest-VolumesActionsTest-202456094 None] Volume driver (QuobyteDriver 1.1.13) is currently unsupported and may be removed in the next release of OpenStack. Use at your own risk.
Feb 20 05:32:17 devstack cinder-volume[82946]: INFO cinder.volume.manager [None req-012c6e8c-7e19-4522-8bad-d5c636b3594d tempest-VolumesActionsTest-202456094 None] Attaching volume 2b72cefe-57d6-4ea5-8cf8-b7902f5aee3c to instance 5129630f-aa40-4e13-84ad-7fb7519b856f at mountpoint /dev/vdb on host None.
Feb 20 05:32:17 devstack sudo[85629]: quobyte : PWD=/ ; USER=root ; COMMAND=/opt/stack/data/venv/bin/cinder-rootwrap /etc/cinder/rootwrap.conf env LC_ALL=C qemu-img info -f qcow2 --output=json --force-share /opt/stack/data/cinder/mnt/086f37882793844b6da98c920837da39/volume-52d415d6-805c-4f56-be59-37f489683124
Feb 20 05:32:17 devstack sudo[85629]: pam_unix(sudo:session): session opened for user root(uid=0) by (uid=1000)
Feb 20 05:32:17 devstack cinder-volume[82946]: INFO cinder.volume.manager [None req-012c6e8c-7e19-4522-8bad-d5c636b3594d tempest-VolumesActionsTest-202456094 None] Attach volume completed successfully.
Feb 20 05:32:17 devstack cinder-volume[82946]: DEBUG cinder.coordination [None req-012c6e8c-7e19-4522-8bad-d5c636b3594d tempest-VolumesActionsTest-202456094 None] Lock "cinder-2b72cefe-57d6-4ea5-8cf8-b7902f5aee3c" released by "attach_volume" :: held 0.112s {{(pid=82946) __release /opt/stack/cinder/cinder/coordination.py:157}}
Feb 20 05:32:17 devstack cinder-volume[82946]: WARNING cinder.volume.volume_utils [None req-a139d2bc-cc8b-485b-8885-244956485744 tempest-VolumesDeleteCascade-1635133610 None] Volume driver (QuobyteDriver 1.1.13) is currently unsupported and may be removed in the next release of OpenStack. Use at your own risk.
Feb 20 05:32:17 devstack cinder-volume[82946]: DEBUG oslo_concurrency.lockutils [None req-a139d2bc-cc8b-485b-8885-244956485744 tempest-VolumesDeleteCascade-1635133610 None] Acquiring lock "quobyte" by "cinder.volume.drivers.quobyte.QuobyteDriver.create_snapshot" {{(pid=82946) inner /opt/stack/data/venv/lib/python3.10/site-packages/oslo_concurrency/lockutils.py:405}}
Feb 20 05:32:18 devstack cinder-volume[82946]: DEBUG cinder.coordination [None req-00c38acf-67d8-45d3-bdf3-1067946e15ef tempest-VolumesActionsTest-202456094 None] Acquiring lock "cinder-2b72cefe-57d6-4ea5-8cf8-b7902f5aee3c-detach_volume" by "detach_volume" {{(pid=82946) __acquire /opt/stack/cinder/cinder/coordination.py:143}}
Feb 20 05:32:18 devstack cinder-volume[82946]: DEBUG cinder.coordination [None req-00c38acf-67d8-45d3-bdf3-1067946e15ef tempest-VolumesActionsTest-202456094 None] Lock "cinder-2b72cefe-57d6-4ea5-8cf8-b7902f5aee3c-detach_volume" acquired by "detach_volume" :: waited 0.010s {{(pid=82946) __acquire /opt/stack/cinder/cinder/coordination.py:146}}
Feb 20 05:32:18 devstack cinder-volume[82946]: WARNING cinder.volume.volume_utils [None req-00c38acf-67d8-45d3-bdf3-1067946e15ef tempest-VolumesActionsTest-202456094 None] Volume driver (QuobyteDriver 1.1.13) is currently unsupported and may be removed in the next release of OpenStack. Use at your own risk.
Feb 20 05:32:18 devstack cinder-volume[82946]: INFO cinder.volume.manager [None req-00c38acf-67d8-45d3-bdf3-1067946e15ef tempest-VolumesActionsTest-202456094 None] Detaching volume 2b72cefe-57d6-4ea5-8cf8-b7902f5aee3c from instance 5129630f-aa40-4e13-84ad-7fb7519b856f.
Feb 20 05:32:18 devstack cinder-volume[82946]: WARNING cinder.volume.volume_utils [None req-00c38acf-67d8-45d3-bdf3-1067946e15ef tempest-VolumesActionsTest-202456094 None] Volume driver (QuobyteDriver 1.1.13) is currently unsupported and may be removed in the next release of OpenStack. Use at your own risk.
Feb 20 05:32:18 devstack sudo[85629]: pam_unix(sudo:session): session closed for user root
Feb 20 05:32:18 devstack cinder-volume[82946]: DEBUG oslo_concurrency.processutils [None req-99888d04-ef58-493b-b8d8-e6768f1f523f tempest-GroupSnapshotsTest-2098595689 None] CMD "/opt/stack/data/venv/bin/python3.10 -m oslo_concurrency.prlimit --as=1073741824 --cpu=60 -- sudo cinder-rootwrap /etc/cinder/rootwrap.conf env LC_ALL=C qemu-img info -f qcow2 --output=json --force-share /opt/stack/data/cinder/mnt/086f37882793844b6da98c920837da39/volume-52d415d6-805c-4f56-be59-37f489683124" returned: 0 in 0.716s {{(pid=82946) execute /opt/stack/data/venv/lib/python3.10/site-packages/oslo_concurrency/processutils.py:372}}
Feb 20 05:32:18 devstack cinder-volume[82946]: DEBUG oslo_concurrency.processutils [None req-99888d04-ef58-493b-b8d8-e6768f1f523f tempest-GroupSnapshotsTest-2098595689 None] Running cmd (subprocess): sudo cinder-rootwrap /etc/cinder/rootwrap.conf qemu-img create -f qcow2 -o backing_file=/opt/stack/data/cinder/mnt/086f37882793844b6da98c920837da39/volume-52d415d6-805c-4f56-be59-37f489683124,backing_fmt=qcow2 /opt/stack/data/cinder/mnt/086f37882793844b6da98c920837da39/volume-52d415d6-805c-4f56-be59-37f489683124.d0247ce6-de95-4b2c-9bfb-d938873df6b4 1G {{(pid=82946) execute /opt/stack/data/venv/lib/python3.10/site-packages/oslo_concurrency/processutils.py:349}}
Feb 20 05:32:18 devstack sudo[85634]: quobyte : PWD=/ ; USER=root ; COMMAND=/opt/stack/data/venv/bin/cinder-rootwrap /etc/cinder/rootwrap.conf qemu-img create -f qcow2 -o backing_file=/opt/stack/data/cinder/mnt/086f37882793844b6da98c920837da39/volume-52d415d6-805c-4f56-be59-37f489683124,backing_fmt=qcow2 /opt/stack/data/cinder/mnt/086f37882793844b6da98c920837da39/volume-52d415d6-805c-4f56-be59-37f489683124.d0247ce6-de95-4b2c-9bfb-d938873df6b4 1G
Feb 20 05:32:18 devstack sudo[85634]: pam_unix(sudo:session): session opened for user root(uid=0) by (uid=1000)
Feb 20 05:32:18 devstack cinder-volume[82946]: INFO cinder.volume.manager [None req-00c38acf-67d8-45d3-bdf3-1067946e15ef tempest-VolumesActionsTest-202456094 None] Detach volume completed successfully.
Feb 20 05:32:18 devstack cinder-volume[82946]: DEBUG cinder.coordination [None req-00c38acf-67d8-45d3-bdf3-1067946e15ef tempest-VolumesActionsTest-202456094 None] Lock "cinder-2b72cefe-57d6-4ea5-8cf8-b7902f5aee3c-detach_volume" released by "detach_volume" :: held 0.058s {{(pid=82946) __release /opt/stack/cinder/cinder/coordination.py:157}}
Feb 20 05:32:18 devstack sudo[85634]: pam_unix(sudo:session): session closed for user root
Feb 20 05:32:18 devstack cinder-volume[82946]: DEBUG oslo_concurrency.processutils [None req-99888d04-ef58-493b-b8d8-e6768f1f523f tempest-GroupSnapshotsTest-2098595689 None] CMD "sudo cinder-rootwrap /etc/cinder/rootwrap.conf qemu-img create -f qcow2 -o backing_file=/opt/stack/data/cinder/mnt/086f37882793844b6da98c920837da39/volume-52d415d6-805c-4f56-be59-37f489683124,backing_fmt=qcow2 /opt/stack/data/cinder/mnt/086f37882793844b6da98c920837da39/volume-52d415d6-805c-4f56-be59-37f489683124.d0247ce6-de95-4b2c-9bfb-d938873df6b4 1G" returned: 0 in 0.577s {{(pid=82946) execute /opt/stack/data/venv/lib/python3.10/site-packages/oslo_concurrency/processutils.py:372}}
Feb 20 05:32:18 devstack cinder-volume[82946]: DEBUG oslo_concurrency.processutils [None req-99888d04-ef58-493b-b8d8-e6768f1f523f tempest-GroupSnapshotsTest-2098595689 None] Running cmd (subprocess): sudo cinder-rootwrap /etc/cinder/rootwrap.conf qemu-img rebase -u -b volume-52d415d6-805c-4f56-be59-37f489683124 -F qcow2 /opt/stack/data/cinder/mnt/086f37882793844b6da98c920837da39/volume-52d415d6-805c-4f56-be59-37f489683124.d0247ce6-de95-4b2c-9bfb-d938873df6b4 {{(pid=82946) execute /opt/stack/data/venv/lib/python3.10/site-packages/oslo_concurrency/processutils.py:349}}
Feb 20 05:32:18 devstack sudo[85639]: quobyte : PWD=/ ; USER=root ; COMMAND=/opt/stack/data/venv/bin/cinder-rootwrap /etc/cinder/rootwrap.conf qemu-img rebase -u -b volume-52d415d6-805c-4f56-be59-37f489683124 -F qcow2 /opt/stack/data/cinder/mnt/086f37882793844b6da98c920837da39/volume-52d415d6-805c-4f56-be59-37f489683124.d0247ce6-de95-4b2c-9bfb-d938873df6b4
Feb 20 05:32:18 devstack sudo[85639]: pam_unix(sudo:session): session opened for user root(uid=0) by (uid=1000)
Feb 20 05:32:19 devstack sudo[85639]: pam_unix(sudo:session): session closed for user root
Feb 20 05:32:19 devstack cinder-volume[82946]: DEBUG oslo_concurrency.processutils [None req-99888d04-ef58-493b-b8d8-e6768f1f523f tempest-GroupSnapshotsTest-2098595689 None] CMD "sudo cinder-rootwrap /etc/cinder/rootwrap.conf qemu-img rebase -u -b volume-52d415d6-805c-4f56-be59-37f489683124 -F qcow2 /opt/stack/data/cinder/mnt/086f37882793844b6da98c920837da39/volume-52d415d6-805c-4f56-be59-37f489683124.d0247ce6-de95-4b2c-9bfb-d938873df6b4" returned: 0 in 0.480s {{(pid=82946) execute /opt/stack/data/venv/lib/python3.10/site-packages/oslo_concurrency/processutils.py:372}}
Feb 20 05:32:19 devstack cinder-volume[82946]: WARNING cinder.volume.drivers.remotefs [None req-99888d04-ef58-493b-b8d8-e6768f1f523f tempest-GroupSnapshotsTest-2098595689 None] /opt/stack/data/cinder/mnt/086f37882793844b6da98c920837da39/volume-52d415d6-805c-4f56-be59-37f489683124.d0247ce6-de95-4b2c-9bfb-d938873df6b4 is being set with open permissions: ugo+rw: NotImplementedError
Feb 20 05:32:19 devstack cinder-volume[82946]: DEBUG oslo_concurrency.processutils [None req-99888d04-ef58-493b-b8d8-e6768f1f523f tempest-GroupSnapshotsTest-2098595689 None] Running cmd (subprocess): sudo cinder-rootwrap /etc/cinder/rootwrap.conf chmod ugo+rw /opt/stack/data/cinder/mnt/086f37882793844b6da98c920837da39/volume-52d415d6-805c-4f56-be59-37f489683124.d0247ce6-de95-4b2c-9bfb-d938873df6b4 {{(pid=82946) execute /opt/stack/data/venv/lib/python3.10/site-packages/oslo_concurrency/processutils.py:349}}
Feb 20 05:32:19 devstack sudo[85644]: quobyte : PWD=/ ; USER=root ; COMMAND=/opt/stack/data/venv/bin/cinder-rootwrap /etc/cinder/rootwrap.conf chmod ugo+rw /opt/stack/data/cinder/mnt/086f37882793844b6da98c920837da39/volume-52d415d6-805c-4f56-be59-37f489683124.d0247ce6-de95-4b2c-9bfb-d938873df6b4
Feb 20 05:32:19 devstack sudo[85644]: pam_unix(sudo:session): session opened for user root(uid=0) by (uid=1000)
Feb 20 05:32:19 devstack sudo[85644]: pam_unix(sudo:session): session closed for user root
Feb 20 05:32:19 devstack cinder-volume[82946]: DEBUG oslo_concurrency.processutils [None req-99888d04-ef58-493b-b8d8-e6768f1f523f tempest-GroupSnapshotsTest-2098595689 None] CMD "sudo cinder-rootwrap /etc/cinder/rootwrap.conf chmod ugo+rw /opt/stack/data/cinder/mnt/086f37882793844b6da98c920837da39/volume-52d415d6-805c-4f56-be59-37f489683124.d0247ce6-de95-4b2c-9bfb-d938873df6b4" returned: 0 in 0.459s {{(pid=82946) execute /opt/stack/data/venv/lib/python3.10/site-packages/oslo_concurrency/processutils.py:372}}
Feb 20 05:32:19 devstack cinder-volume[82946]: DEBUG oslo_concurrency.processutils [None req-99888d04-ef58-493b-b8d8-e6768f1f523f tempest-GroupSnapshotsTest-2098595689 None] Running cmd (subprocess): sudo cinder-rootwrap /etc/cinder/rootwrap.conf truncate -s0 /opt/stack/data/cinder/mnt/086f37882793844b6da98c920837da39/volume-52d415d6-805c-4f56-be59-37f489683124.info {{(pid=82946) execute /opt/stack/data/venv/lib/python3.10/site-packages/oslo_concurrency/processutils.py:349}}
Feb 20 05:32:19 devstack sudo[85647]: quobyte : PWD=/ ; USER=root ; COMMAND=/opt/stack/data/venv/bin/cinder-rootwrap /etc/cinder/rootwrap.conf truncate -s0 /opt/stack/data/cinder/mnt/086f37882793844b6da98c920837da39/volume-52d415d6-805c-4f56-be59-37f489683124.info
Feb 20 05:32:19 devstack sudo[85647]: pam_unix(sudo:session): session opened for user root(uid=0) by (uid=1000)
Feb 20 05:32:20 devstack sudo[85647]: pam_unix(sudo:session): session closed for user root
Feb 20 05:32:20 devstack cinder-volume[82946]: DEBUG oslo_concurrency.processutils [None req-99888d04-ef58-493b-b8d8-e6768f1f523f tempest-GroupSnapshotsTest-2098595689 None] CMD "sudo cinder-rootwrap /etc/cinder/rootwrap.conf truncate -s0 /opt/stack/data/cinder/mnt/086f37882793844b6da98c920837da39/volume-52d415d6-805c-4f56-be59-37f489683124.info" returned: 0 in 0.524s {{(pid=82946) execute /opt/stack/data/venv/lib/python3.10/site-packages/oslo_concurrency/processutils.py:372}}
Feb 20 05:32:20 devstack cinder-volume[82946]: WARNING cinder.volume.drivers.remotefs [None req-99888d04-ef58-493b-b8d8-e6768f1f523f tempest-GroupSnapshotsTest-2098595689 None] /opt/stack/data/cinder/mnt/086f37882793844b6da98c920837da39/volume-52d415d6-805c-4f56-be59-37f489683124.info is being set with open permissions: ugo+rw: NotImplementedError
Feb 20 05:32:20 devstack cinder-volume[82946]: DEBUG oslo_concurrency.processutils [None req-99888d04-ef58-493b-b8d8-e6768f1f523f tempest-GroupSnapshotsTest-2098595689 None] Running cmd (subprocess): sudo cinder-rootwrap /etc/cinder/rootwrap.conf chmod ugo+rw /opt/stack/data/cinder/mnt/086f37882793844b6da98c920837da39/volume-52d415d6-805c-4f56-be59-37f489683124.info {{(pid=82946) execute /opt/stack/data/venv/lib/python3.10/site-packages/oslo_concurrency/processutils.py:349}}
Feb 20 05:32:20 devstack sudo[85686]: quobyte : PWD=/ ; USER=root ; COMMAND=/opt/stack/data/venv/bin/cinder-rootwrap /etc/cinder/rootwrap.conf chmod ugo+rw /opt/stack/data/cinder/mnt/086f37882793844b6da98c920837da39/volume-52d415d6-805c-4f56-be59-37f489683124.info
Feb 20 05:32:20 devstack sudo[85686]: pam_unix(sudo:session): session opened for user root(uid=0) by (uid=1000)
Feb 20 05:32:20 devstack sudo[85686]: pam_unix(sudo:session): session closed for user root
Feb 20 05:32:20 devstack cinder-volume[82946]: DEBUG oslo_concurrency.processutils [None req-99888d04-ef58-493b-b8d8-e6768f1f523f tempest-GroupSnapshotsTest-2098595689 None] CMD "sudo cinder-rootwrap /etc/cinder/rootwrap.conf chmod ugo+rw /opt/stack/data/cinder/mnt/086f37882793844b6da98c920837da39/volume-52d415d6-805c-4f56-be59-37f489683124.info" returned: 0 in 0.472s {{(pid=82946) execute /opt/stack/data/venv/lib/python3.10/site-packages/oslo_concurrency/processutils.py:372}}
