Jul 17 14:07:48 devstack devstack@g-api.service[77553]: DEBUG glance.common.config [None req-ff85c109-73e6-4d8c-96fc-da8be9cb9b1b None None] database.asyncio_slave_connection = **** {{(pid=77553) log_opt_values /opt/stack/data/venv/lib/python3.12/site-packages/oslo_config/cfg.py:3253}}
Jul 17 14:07:48 devstack devstack@g-api.service[77553]: DEBUG glance.common.config [None req-ff85c109-73e6-4d8c-96fc-da8be9cb9b1b None None] database.backend = sqlalchemy {{(pid=77553) log_opt_values /opt/stack/data/venv/lib/python3.12/site-packages/oslo_config/cfg.py:3253}}
Jul 17 14:07:48 devstack devstack@g-api.service[77553]: DEBUG glance.common.config [None req-ff85c109-73e6-4d8c-96fc-da8be9cb9b1b None None] database.connection = **** {{(pid=77553) log_opt_values /opt/stack/data/venv/lib/python3.12/site-packages/oslo_config/cfg.py:3253}}
Jul 17 14:07:48 devstack devstack@g-api.service[77553]: DEBUG glance.common.config [None req-ff85c109-73e6-4d8c-96fc-da8be9cb9b1b None None] database.connection_debug = 0 {{(pid=77553) log_opt_values /opt/stack/data/venv/lib/python3.12/site-packages/oslo_config/cfg.py:3253}}
Jul 17 14:07:48 devstack devstack@g-api.service[77553]: DEBUG glance.common.config [None req-ff85c109-73e6-4d8c-96fc-da8be9cb9b1b None None] database.connection_parameters = {{(pid=77553) log_opt_values /opt/stack/data/venv/lib/python3.12/site-packages/oslo_config/cfg.py:3253}}
Jul 17 14:07:48 devstack devstack@g-api.service[77553]: DEBUG glance.common.config [None req-ff85c109-73e6-4d8c-96fc-da8be9cb9b1b None None] database.connection_recycle_time = 3600 {{(pid=77553) log_opt_values /opt/stack/data/venv/lib/python3.12/site-packages/oslo_config/cfg.py:3253}}
Jul 17 14:07:48 devstack devstack@g-api.service[77553]: DEBUG glance.common.config [None req-ff85c109-73e6-4d8c-96fc-da8be9cb9b1b None None] database.connection_trace = False {{(pid=77553) log_opt_values /opt/stack/data/venv/lib/python3.12/site-packages/oslo_config/cfg.py:3253}}
Jul 17 14:07:48 devstack devstack@g-api.service[77553]: DEBUG glance.common.config [None req-ff85c109-73e6-4d8c-96fc-da8be9cb9b1b None None] database.db_inc_retry_interval = True {{(pid=77553) log_opt_values /opt/stack/data/venv/lib/python3.12/site-packages/oslo_config/cfg.py:3253}}
Jul 17 14:07:48 devstack devstack@g-api.service[77553]: DEBUG glance.common.config [None req-ff85c109-73e6-4d8c-96fc-da8be9cb9b1b None None] database.db_max_retries = 20 {{(pid=77553) log_opt_values /opt/stack/data/venv/lib/python3.12/site-packages/oslo_config/cfg.py:3253}}
Jul 17 14:07:48 devstack devstack@g-api.service[77553]: DEBUG glance.common.config [None req-ff85c109-73e6-4d8c-96fc-da8be9cb9b1b None None] database.db_max_retry_interval = 10 {{(pid=77553) log_opt_values /opt/stack/data/venv/lib/python3.12/site-packages/oslo_config/cfg.py:3253}}
Jul 17 14:07:48 devstack devstack@g-api.service[77553]: DEBUG glance.common.config [None req-ff85c109-73e6-4d8c-96fc-da8be9cb9b1b None None] database.db_retry_interval = 1 {{(pid=77553) log_opt_values /opt/stack/data/venv/lib/python3.12/site-packages/oslo_config/cfg.py:3253}}
Jul 17 14:07:48 devstack devstack@g-api.service[77553]: DEBUG glance.common.config [None req-ff85c109-73e6-4d8c-96fc-da8be9cb9b1b None None] database.max_overflow = 50 {{(pid=77553) log_opt_values /opt/stack/data/venv/lib/python3.12/site-packages/oslo_config/cfg.py:3253}}
Jul 17 14:07:48 devstack devstack@g-api.service[77553]: DEBUG glance.common.config [None req-ff85c109-73e6-4d8c-96fc-da8be9cb9b1b None None] database.max_pool_size = 5 {{(pid=77553) log_opt_values /opt/stack/data/venv/lib/python3.12/site-packages/oslo_config/cfg.py:3253}}
Jul 17 14:07:48 devstack devstack@g-api.service[77553]: DEBUG glance.common.config [None req-ff85c109-73e6-4d8c-96fc-da8be9cb9b1b None None] database.max_retries = 10 {{(pid=77553) log_opt_values /opt/stack/data/venv/lib/python3.12/site-packages/oslo_config/cfg.py:3253}}
Jul 17 14:07:48 devstack devstack@g-api.service[77553]: DEBUG glance.common.config [None req-ff85c109-73e6-4d8c-96fc-da8be9cb9b1b None None] database.mysql_sql_mode = TRADITIONAL {{(pid=77553) log_opt_values /opt/stack/data/venv/lib/python3.12/site-packages/oslo_config/cfg.py:3253}}
Jul 17 14:07:48 devstack devstack@g-api.service[77553]: DEBUG glance.common.config [None req-ff85c109-73e6-4d8c-96fc-da8be9cb9b1b None None] database.mysql_wsrep_sync_wait = None {{(pid=77553) log_opt_values /opt/stack/data/venv/lib/python3.12/site-packages/oslo_config/cfg.py:3253}}
Jul 17 14:07:48 devstack devstack@g-api.service[77553]: DEBUG glance.common.config [None req-ff85c109-73e6-4d8c-96fc-da8be9cb9b1b None None] database.pool_timeout = None {{(pid=77553) log_opt_values /opt/stack/data/venv/lib/python3.12/site-packages/oslo_config/cfg.py:3253}}
Jul 17 14:07:48 devstack devstack@g-api.service[77553]: DEBUG glance.common.config [None req-ff85c109-73e6-4d8c-96fc-da8be9cb9b1b None None] database.retry_interval = 10 {{(pid=77553) log_opt_values /opt/stack/data/venv/lib/python3.12/site-packages/oslo_config/cfg.py:3253}}
Jul 17 14:07:48 devstack devstack@g-api.service[77553]: DEBUG glance.common.config [None req-ff85c109-73e6-4d8c-96fc-da8be9cb9b1b None None] database.slave_connection = **** {{(pid=77553) log_opt_values /opt/stack/data/venv/lib/python3.12/site-packages/oslo_config/cfg.py:3253}}
Jul 17 14:07:48 devstack devstack@g-api.service[77553]: DEBUG glance.common.config [None req-ff85c109-73e6-4d8c-96fc-da8be9cb9b1b None None] database.sqlite_synchronous = True {{(pid=77553) log_opt_values /opt/stack/data/venv/lib/python3.12/site-packages/oslo_config/cfg.py:3253}}
Jul 17 14:07:48 devstack devstack@g-api.service[77553]: DEBUG glance.common.config [None req-ff85c109-73e6-4d8c-96fc-da8be9cb9b1b None None] database.synchronous_reader = True {{(pid=77553) log_opt_values /opt/stack/data/venv/lib/python3.12/site-packages/oslo_config/cfg.py:3253}}
Jul 17 14:07:48 devstack devstack@g-api.service[77553]: DEBUG glance.common.config [None req-ff85c109-73e6-4d8c-96fc-da8be9cb9b1b None None] database.use_db_reconnect = False {{(pid=77553) log_opt_values /opt/stack/data/venv/lib/python3.12/site-packages/oslo_config/cfg.py:3253}}
Jul 17 14:07:48 devstack devstack@g-api.service[77553]: DEBUG glance.common.config [None req-ff85c109-73e6-4d8c-96fc-da8be9cb9b1b None None] healthcheck.allowed_source_ranges = [] {{(pid=77553) log_opt_values /opt/stack/data/venv/lib/python3.12/site-packages/oslo_config/cfg.py:3253}}
Jul 17 14:07:48 devstack devstack@g-api.service[77553]: DEBUG glance.common.config [None req-ff85c109-73e6-4d8c-96fc-da8be9cb9b1b None None] healthcheck.backends = ['disable_by_file'] {{(pid=77553) log_opt_values /opt/stack/data/venv/lib/python3.12/site-packages/oslo_config/cfg.py:3253}}
Jul 17 14:07:48 devstack devstack@g-api.service[77553]: DEBUG glance.common.config [None req-ff85c109-73e6-4d8c-96fc-da8be9cb9b1b None None] healthcheck.detailed = False {{(pid=77553) log_opt_values /opt/stack/data/venv/lib/python3.12/site-packages/oslo_config/cfg.py:3253}}
Jul 17 14:07:48 devstack devstack@g-api.service[77553]: DEBUG glance.common.config [None req-ff85c109-73e6-4d8c-96fc-da8be9cb9b1b None None] healthcheck.disable_by_file_path = None {{(pid=77553) log_opt_values /opt/stack/data/venv/lib/python3.12/site-packages/oslo_config/cfg.py:3253}}
Jul 17 14:07:48 devstack devstack@g-api.service[77553]: DEBUG glance.common.config [None req-ff85c109-73e6-4d8c-96fc-da8be9cb9b1b None None] healthcheck.ignore_proxied_requests = False {{(pid=77553) log_opt_values /opt/stack/data/venv/lib/python3.12/site-packages/oslo_config/cfg.py:3253}}
Jul 17 14:07:48 devstack devstack@g-api.service[77553]: DEBUG glance.common.config [None req-ff85c109-73e6-4d8c-96fc-da8be9cb9b1b None None] ******************************************************************************** {{(pid=77553) log_opt_values /opt/stack/data/venv/lib/python3.12/site-packages/oslo_config/cfg.py:3260}}
Jul 17 14:07:48 devstack devstack@g-api.service[77553]: WSGI app 0 (mountpoint='') ready in 6 seconds on interpreter 0x7e60000a4668 pid: 77553 (default app)
Jul 17 14:07:52 devstack devstack@g-api.service[77554]: DEBUG glance.api.middleware.version_negotiation [None req-b0bf64cd-55d3-41a9-92f5-c2d57cf845f2 None None] Determining version of request: GET / Accept: application/json {{(pid=77554) process_request /opt/stack/glance/glance/api/middleware/version_negotiation.py:44}}
Jul 17 14:07:52 devstack devstack@g-api.service[77554]: DEBUG glance.api.middleware.version_negotiation [None req-b0bf64cd-55d3-41a9-92f5-c2d57cf845f2 None None] Using url versioning {{(pid=77554) process_request /opt/stack/glance/glance/api/middleware/version_negotiation.py:57}}
Jul 17 14:07:52 devstack devstack@g-api.service[77554]: DEBUG glance.api.middleware.version_negotiation [None req-b0bf64cd-55d3-41a9-92f5-c2d57cf845f2 None None] Unknown version. Returning version choices. {{(pid=77554) process_request /opt/stack/glance/glance/api/middleware/version_negotiation.py:64}}
Jul 17 14:07:52 devstack devstack@g-api.service[77554]: [pid: 77554|app: 0|req: 2/2] 127.0.0.1 () {34 vars in 519 bytes} [Fri Jul 17 14:07:52 2026] GET / => generated 1571 bytes in 6 msecs (HTTP/1.1 300) 3 headers in 106 bytes (1 switches on core 0)
Jul 17 14:07:52 devstack devstack@g-api.service[77553]: DEBUG glance.api.middleware.version_negotiation [None req-ff85c109-73e6-4d8c-96fc-da8be9cb9b1b None None] Determining version of request: POST /v2/images Accept: */* {{(pid=77553) process_request /opt/stack/glance/glance/api/middleware/version_negotiation.py:44}}
Jul 17 14:07:52 devstack devstack@g-api.service[77553]: DEBUG glance.api.middleware.version_negotiation [None req-ff85c109-73e6-4d8c-96fc-da8be9cb9b1b None None] Using url versioning {{(pid=77553) process_request /opt/stack/glance/glance/api/middleware/version_negotiation.py:57}}
Jul 17 14:07:52 devstack devstack@g-api.service[77553]: DEBUG glance.api.middleware.version_negotiation [None req-ff85c109-73e6-4d8c-96fc-da8be9cb9b1b None None] Matched version: v2 {{(pid=77553) process_request /opt/stack/glance/glance/api/middleware/version_negotiation.py:69}}
Jul 17 14:07:52 devstack devstack@g-api.service[77553]: DEBUG glance.api.middleware.version_negotiation [None req-ff85c109-73e6-4d8c-96fc-da8be9cb9b1b None None] new path /v2/images {{(pid=77553) process_request /opt/stack/glance/glance/api/middleware/version_negotiation.py:70}}
Jul 17 14:07:53 devstack devstack@g-api.service[77553]: [pid: 77553|app: 0|req: 1/3] 127.0.0.1 () {40 vars in 782 bytes} [Fri Jul 17 14:07:52 2026] POST /v2/images => generated 807 bytes in 1378 msecs (HTTP/1.1 201) 6 headers in 314 bytes (1 switches on core 0)
Jul 17 14:07:53 devstack devstack@g-api.service[77554]: DEBUG glance.api.middleware.version_negotiation [None req-b0bf64cd-55d3-41a9-92f5-c2d57cf845f2 None None] Determining version of request: PUT /v2/images/fe33b284-d390-4ad6-9a67-4047a22fe63a/file Accept: {{(pid=77554) process_request /opt/stack/glance/glance/api/middleware/version_negotiation.py:44}}
Jul 17 14:07:53 devstack devstack@g-api.service[77554]: DEBUG glance.api.middleware.version_negotiation [None req-b0bf64cd-55d3-41a9-92f5-c2d57cf845f2 None None] Using url versioning {{(pid=77554) process_request /opt/stack/glance/glance/api/middleware/version_negotiation.py:57}}
Jul 17 14:07:53 devstack devstack@g-api.service[77554]: DEBUG glance.api.middleware.version_negotiation [None req-b0bf64cd-55d3-41a9-92f5-c2d57cf845f2 None None] Matched version: v2 {{(pid=77554) process_request /opt/stack/glance/glance/api/middleware/version_negotiation.py:69}}
Jul 17 14:07:53 devstack devstack@g-api.service[77554]: DEBUG glance.api.middleware.version_negotiation [None req-b0bf64cd-55d3-41a9-92f5-c2d57cf845f2 None None] new path /v2/images/fe33b284-d390-4ad6-9a67-4047a22fe63a/file {{(pid=77554) process_request /opt/stack/glance/glance/api/middleware/version_negotiation.py:70}}
Jul 17 14:07:54 devstack devstack@g-api.service[77554]: INFO glance.api.v2.image_data [None req-3fba3c3b-9af0-489d-9a64-f2f8ff1c98db admin admin] Unable to create trust: no such option collect_timing in group [keystone_authtoken] Use the existing user token.
Jul 17 14:07:55 devstack devstack@g-api.service[77554]: DEBUG glance.location [None req-3fba3c3b-9af0-489d-9a64-f2f8ff1c98db admin admin] Enabling in-flight format inspection for qcow2 {{(pid=77554) set_data /opt/stack/glance/glance/location.py:596}}
Jul 17 14:07:55 devstack devstack@g-api.service[77554]: DEBUG oslo_utils.imageutils.format_inspector [None req-3fba3c3b-9af0-489d-9a64-f2f8ff1c98db admin admin] Format inspector for vmdk does not match, excluding from consideration (Signature KDMV not found: b'QFI\xfb') {{(pid=77554) _process_chunk /opt/stack/data/venv/lib/python3.12/site-packages/oslo_utils/imageutils/format_inspector.py:1758}}
Jul 17 14:07:55 devstack devstack@g-api.service[77554]: DEBUG oslo_utils.imageutils.format_inspector [None req-3fba3c3b-9af0-489d-9a64-f2f8ff1c98db admin admin] Format inspector for vhdx does not match, excluding from consideration (Region signature not found at 30000) {{(pid=77554) _process_chunk /opt/stack/data/venv/lib/python3.12/site-packages/oslo_utils/imageutils/format_inspector.py:1758}}
Jul 17 14:07:55 devstack devstack@g-api.service[77554]: DEBUG glance_store._drivers.filesystem [None req-3fba3c3b-9af0-489d-9a64-f2f8ff1c98db admin admin] Wrote 21692416 bytes to /opt/stack/data/glance/images/fe33b284-d390-4ad6-9a67-4047a22fe63a with checksum 87617e24a5e30cb3b87fda8c0764838f and multihash 9a9bce0083a00939ec17c11febbfc767aa211aaa54f51e75c5a8b271a9b5637c77205a518b7a2007cb391d23cceb01e0e4e8d64832317151bc85b734b92a7be0 {{(pid=77554) add /opt/stack/data/venv/lib/python3.12/site-packages/glance_store/_drivers/filesystem.py:899}}
Jul 17 14:07:55 devstack devstack@g-api.service[77554]: INFO glance.location [None req-3fba3c3b-9af0-489d-9a64-f2f8ff1c98db admin admin] Image format matched and virtual size computed: 117440512
Jul 17 14:07:55 devstack devstack@g-api.service[77554]: DEBUG glance_store.backend [None req-3fba3c3b-9af0-489d-9a64-f2f8ff1c98db admin admin] Skipping store.set_acls... not implemented. {{(pid=77554) set_acls /opt/stack/data/venv/lib/python3.12/site-packages/glance_store/backend.py:507}}
Jul 17 14:07:55 devstack devstack@g-api.service[77554]: [pid: 77554|app: 0|req: 3/4] 127.0.0.1 () {40 vars in 875 bytes} [Fri Jul 17 14:07:53 2026] PUT /v2/images/fe33b284-d390-4ad6-9a67-4047a22fe63a/file => generated 0 bytes in 1936 msecs (HTTP/1.1 204) 4 headers in 171 bytes (1 switches on core 0)
Jul 17 14:07:55 devstack devstack@g-api.service[77553]: DEBUG glance.api.middleware.version_negotiation [None req-2e745a7e-3208-468e-8be1-aadf8bd8aee2 admin admin] Determining version of request: GET /v2/images/fe33b284-d390-4ad6-9a67-4047a22fe63a Accept: */* {{(pid=77553) process_request /opt/stack/glance/glance/api/middleware/version_negotiation.py:44}}
Jul 17 14:07:55 devstack devstack@g-api.service[77553]: DEBUG glance.api.middleware.version_negotiation [None req-2e745a7e-3208-468e-8be1-aadf8bd8aee2 admin admin] Using url versioning {{(pid=77553) process_request /opt/stack/glance/glance/api/middleware/version_negotiation.py:57}}
Jul 17 14:07:55 devstack devstack@g-api.service[77553]: DEBUG glance.api.middleware.version_negotiation [None req-2e745a7e-3208-468e-8be1-aadf8bd8aee2 admin admin] Matched version: v2 {{(pid=77553) process_request /opt/stack/glance/glance/api/middleware/version_negotiation.py:69}}
Jul 17 14:07:55 devstack devstack@g-api.service[77553]: DEBUG glance.api.middleware.version_negotiation [None req-2e745a7e-3208-468e-8be1-aadf8bd8aee2 admin admin] new path /v2/images/fe33b284-d390-4ad6-9a67-4047a22fe63a {{(pid=77553) process_request /opt/stack/glance/glance/api/middleware/version_negotiation.py:70}}
Jul 17 14:07:55 devstack devstack@g-api.service[77553]: [pid: 77553|app: 0|req: 2/5] 127.0.0.1 () {36 vars in 802 bytes} [Fri Jul 17 14:07:55 2026] GET /v2/images/fe33b284-d390-4ad6-9a67-4047a22fe63a => generated 976 bytes in 21 msecs (HTTP/1.1 200) 4 headers in 157 bytes (1 switches on core 0)
Jul 17 14:08:05 devstack devstack@g-api.service[77554]: DEBUG dbcounter [-] [77554] Writing DB stats glance:INSERT=5,glance:SELECT=16,glance:UPDATE=2 {{(pid=77554) stat_writer /opt/stack/data/venv/lib/python3.12/site-packages/dbcounter.py:115}}
Jul 17 14:08:05 devstack devstack@g-api.service[77553]: DEBUG dbcounter [-] [77553] Writing DB stats glance:INSERT=9,glance:SELECT=6 {{(pid=77553) stat_writer /opt/stack/data/venv/lib/python3.12/site-packages/dbcounter.py:115}}
Jul 17 14:08:43 devstack devstack@g-api.service[77554]: DEBUG glance.api.middleware.version_negotiation [None req-3fba3c3b-9af0-489d-9a64-f2f8ff1c98db admin admin] Determining version of request: GET / Accept: application/json {{(pid=77554) process_request /opt/stack/glance/glance/api/middleware/version_negotiation.py:44}}
Jul 17 14:08:43 devstack devstack@g-api.service[77554]: DEBUG glance.api.middleware.version_negotiation [None req-3fba3c3b-9af0-489d-9a64-f2f8ff1c98db admin admin] Using url versioning {{(pid=77554) process_request /opt/stack/glance/glance/api/middleware/version_negotiation.py:57}}
Jul 17 14:08:43 devstack devstack@g-api.service[77554]: DEBUG glance.api.middleware.version_negotiation [None req-3fba3c3b-9af0-489d-9a64-f2f8ff1c98db admin admin] Unknown version. Returning version choices. {{(pid=77554) process_request /opt/stack/glance/glance/api/middleware/version_negotiation.py:64}}
Jul 17 14:08:43 devstack devstack@g-api.service[77554]: [pid: 77554|app: 0|req: 4/6] 127.0.0.1 () {34 vars in 519 bytes} [Fri Jul 17 14:08:43 2026] GET / => generated 1571 bytes in 3 msecs (HTTP/1.1 300) 3 headers in 106 bytes (1 switches on core 0)
Jul 17 14:08:43 devstack devstack@g-api.service[77553]: DEBUG glance.api.middleware.version_negotiation [None req-c98c4788-db75-46c2-8da3-2c5c01dd302a admin admin] Determining version of request: GET /v2/images Accept: application/json {{(pid=77553) process_request /opt/stack/glance/glance/api/middleware/version_negotiation.py:44}}
Jul 17 14:08:43 devstack devstack@g-api.service[77553]: DEBUG glance.api.middleware.version_negotiation [None req-c98c4788-db75-46c2-8da3-2c5c01dd302a admin admin] Using url versioning {{(pid=77553) process_request /opt/stack/glance/glance/api/middleware/version_negotiation.py:57}}
Jul 17 14:08:43 devstack devstack@g-api.service[77553]: DEBUG glance.api.middleware.version_negotiation [None req-c98c4788-db75-46c2-8da3-2c5c01dd302a admin admin] Matched version: v2 {{(pid=77553) process_request /opt/stack/glance/glance/api/middleware/version_negotiation.py:69}}
Jul 17 14:08:43 devstack devstack@g-api.service[77553]: DEBUG glance.api.middleware.version_negotiation [None req-c98c4788-db75-46c2-8da3-2c5c01dd302a admin admin] new path /v2/images {{(pid=77553) process_request /opt/stack/glance/glance/api/middleware/version_negotiation.py:70}}
Jul 17 14:08:44 devstack devstack@g-api.service[77553]: [pid: 77553|app: 0|req: 3/7] 127.0.0.1 () {36 vars in 741 bytes} [Fri Jul 17 14:08:43 2026] GET /v2/images => generated 1045 bytes in 123 msecs (HTTP/1.1 200) 4 headers in 158 bytes (1 switches on core 0)
Jul 17 14:08:54 devstack devstack@g-api.service[77553]: DEBUG dbcounter [-] [77553] Writing DB stats glance:SELECT=1 {{(pid=77553) stat_writer /opt/stack/data/venv/lib/python3.12/site-packages/dbcounter.py:115}}
Jul 17 14:08:54 devstack devstack@g-api.service[77554]: DEBUG glance.api.middleware.version_negotiation [None req-3fba3c3b-9af0-489d-9a64-f2f8ff1c98db admin admin] Determining version of request: GET / Accept: application/json {{(pid=77554) process_request /opt/stack/glance/glance/api/middleware/version_negotiation.py:44}}
Jul 17 14:08:54 devstack devstack@g-api.service[77554]: DEBUG glance.api.middleware.version_negotiation [None req-3fba3c3b-9af0-489d-9a64-f2f8ff1c98db admin admin] Using url versioning {{(pid=77554) process_request /opt/stack/glance/glance/api/middleware/version_negotiation.py:57}}
Jul 17 14:08:54 devstack devstack@g-api.service[77554]: DEBUG glance.api.middleware.version_negotiation [None req-3fba3c3b-9af0-489d-9a64-f2f8ff1c98db admin admin] Unknown version. Returning version choices. {{(pid=77554) process_request /opt/stack/glance/glance/api/middleware/version_negotiation.py:64}}
Jul 17 14:08:54 devstack devstack@g-api.service[77554]: [pid: 77554|app: 0|req: 5/8] 127.0.0.1 () {34 vars in 519 bytes} [Fri Jul 17 14:08:54 2026] GET / => generated 1571 bytes in 2 msecs (HTTP/1.1 300) 3 headers in 106 bytes (1 switches on core 0)
Jul 17 14:08:54 devstack devstack@g-api.service[77553]: DEBUG glance.api.middleware.version_negotiation [None req-db4eef7a-6871-416a-a803-b3c4a51df82e admin admin] Determining version of request: GET /v2/images/fe33b284-d390-4ad6-9a67-4047a22fe63a Accept: */* {{(pid=77553) process_request /opt/stack/glance/glance/api/middleware/version_negotiation.py:44}}
Jul 17 14:08:54 devstack devstack@g-api.service[77553]: DEBUG glance.api.middleware.version_negotiation [None req-db4eef7a-6871-416a-a803-b3c4a51df82e admin admin] Using url versioning {{(pid=77553) process_request /opt/stack/glance/glance/api/middleware/version_negotiation.py:57}}
Jul 17 14:08:54 devstack devstack@g-api.service[77553]: DEBUG glance.api.middleware.version_negotiation [None req-db4eef7a-6871-416a-a803-b3c4a51df82e admin admin] Matched version: v2 {{(pid=77553) process_request /opt/stack/glance/glance/api/middleware/version_negotiation.py:69}}
Jul 17 14:08:54 devstack devstack@g-api.service[77553]: DEBUG glance.api.middleware.version_negotiation [None req-db4eef7a-6871-416a-a803-b3c4a51df82e admin admin] new path /v2/images/fe33b284-d390-4ad6-9a67-4047a22fe63a {{(pid=77553) process_request /opt/stack/glance/glance/api/middleware/version_negotiation.py:70}}
Jul 17 14:08:54 devstack devstack@g-api.service[77553]: [pid: 77553|app: 0|req: 4/9] 127.0.0.1 () {36 vars in 802 bytes} [Fri Jul 17 14:08:54 2026] GET /v2/images/fe33b284-d390-4ad6-9a67-4047a22fe63a => generated 976 bytes in 90 msecs (HTTP/1.1 200) 4 headers in 157 bytes (1 switches on core 0)
Jul 17 14:09:01 devstack devstack@g-api.service[77554]: DEBUG glance.api.middleware.version_negotiation [None req-3fba3c3b-9af0-489d-9a64-f2f8ff1c98db admin admin] Determining version of request: GET / Accept: application/json {{(pid=77554) process_request /opt/stack/glance/glance/api/middleware/version_negotiation.py:44}}
Jul 17 14:09:01 devstack devstack@g-api.service[77554]: DEBUG glance.api.middleware.version_negotiation [None req-3fba3c3b-9af0-489d-9a64-f2f8ff1c98db admin admin] Using url versioning {{(pid=77554) process_request /opt/stack/glance/glance/api/middleware/version_negotiation.py:57}}
Jul 17 14:09:01 devstack devstack@g-api.service[77554]: DEBUG glance.api.middleware.version_negotiation [None req-3fba3c3b-9af0-489d-9a64-f2f8ff1c98db admin admin] Unknown version. Returning version choices. {{(pid=77554) process_request /opt/stack/glance/glance/api/middleware/version_negotiation.py:64}}
Jul 17 14:09:01 devstack devstack@g-api.service[77554]: [pid: 77554|app: 0|req: 6/10] 127.0.0.1 () {34 vars in 519 bytes} [Fri Jul 17 14:09:01 2026] GET / => generated 1571 bytes in 3 msecs (HTTP/1.1 300) 3 headers in 106 bytes (1 switches on core 0)
Jul 17 14:09:01 devstack devstack@g-api.service[77553]: DEBUG glance.api.middleware.version_negotiation [None req-71a91e29-37d1-477a-bbaa-d912a52cd3fd admin admin] Determining version of request: GET /v2/images/fe33b284-d390-4ad6-9a67-4047a22fe63a Accept: */* {{(pid=77553) process_request /opt/stack/glance/glance/api/middleware/version_negotiation.py:44}}
Jul 17 14:09:01 devstack devstack@g-api.service[77553]: DEBUG glance.api.middleware.version_negotiation [None req-71a91e29-37d1-477a-bbaa-d912a52cd3fd admin admin] Using url versioning {{(pid=77553) process_request /opt/stack/glance/glance/api/middleware/version_negotiation.py:57}}
Jul 17 14:09:01 devstack devstack@g-api.service[77553]: DEBUG glance.api.middleware.version_negotiation [None req-71a91e29-37d1-477a-bbaa-d912a52cd3fd admin admin] Matched version: v2 {{(pid=77553) process_request /opt/stack/glance/glance/api/middleware/version_negotiation.py:69}}
Jul 17 14:09:01 devstack devstack@g-api.service[77553]: DEBUG glance.api.middleware.version_negotiation [None req-71a91e29-37d1-477a-bbaa-d912a52cd3fd admin admin] new path /v2/images/fe33b284-d390-4ad6-9a67-4047a22fe63a {{(pid=77553) process_request /opt/stack/glance/glance/api/middleware/version_negotiation.py:70}}
Jul 17 14:09:01 devstack devstack@g-api.service[77553]: [pid: 77553|app: 0|req: 5/11] 127.0.0.1 () {36 vars in 802 bytes} [Fri Jul 17 14:09:01 2026] GET /v2/images/fe33b284-d390-4ad6-9a67-4047a22fe63a => generated 976 bytes in 85 msecs (HTTP/1.1 200) 4 headers in 157 bytes (1 switches on core 0)
Jul 17 14:09:11 devstack devstack@g-api.service[77553]: DEBUG dbcounter [-] [77553] Writing DB stats glance:SELECT=4 {{(pid=77553) stat_writer /opt/stack/data/venv/lib/python3.12/site-packages/dbcounter.py:115}}
Jul 17 14:10:26 devstack devstack@g-api.service[77554]: DEBUG glance.api.middleware.version_negotiation [None req-3fba3c3b-9af0-489d-9a64-f2f8ff1c98db admin admin] Determining version of request: GET / Accept: application/json {{(pid=77554) process_request /opt/stack/glance/glance/api/middleware/version_negotiation.py:44}}
Jul 17 14:10:26 devstack devstack@g-api.service[77554]: DEBUG glance.api.middleware.version_negotiation [None req-3fba3c3b-9af0-489d-9a64-f2f8ff1c98db admin admin] Using url versioning {{(pid=77554) process_request /opt/stack/glance/glance/api/middleware/version_negotiation.py:57}}
Jul 17 14:10:26 devstack devstack@g-api.service[77554]: DEBUG glance.api.middleware.version_negotiation [None req-3fba3c3b-9af0-489d-9a64-f2f8ff1c98db admin admin] Unknown version. Returning version choices. {{(pid=77554) process_request /opt/stack/glance/glance/api/middleware/version_negotiation.py:64}}
Jul 17 14:10:26 devstack devstack@g-api.service[77554]: [pid: 77554|app: 0|req: 7/12] 127.0.0.1 () {36 vars in 488 bytes} [Fri Jul 17 14:10:26 2026] GET / => generated 1571 bytes in 4 msecs (HTTP/1.1 300) 3 headers in 106 bytes (1 switches on core 0)
Jul 17 14:13:41 devstack devstack@g-api.service[77553]: DEBUG glance.api.middleware.version_negotiation [None req-e499f707-0579-4912-99a7-53920c4fded6 admin admin] Determining version of request: GET / Accept: application/json {{(pid=77553) process_request /opt/stack/glance/glance/api/middleware/version_negotiation.py:44}}
Jul 17 14:13:41 devstack devstack@g-api.service[77553]: DEBUG glance.api.middleware.version_negotiation [None req-e499f707-0579-4912-99a7-53920c4fded6 admin admin] Using url versioning {{(pid=77553) process_request /opt/stack/glance/glance/api/middleware/version_negotiation.py:57}}
Jul 17 14:13:41 devstack devstack@g-api.service[77553]: DEBUG glance.api.middleware.version_negotiation [None req-e499f707-0579-4912-99a7-53920c4fded6 admin admin] Unknown version. Returning version choices. {{(pid=77553) process_request /opt/stack/glance/glance/api/middleware/version_negotiation.py:64}}
Jul 17 14:13:41 devstack devstack@g-api.service[77553]: [pid: 77553|app: 0|req: 6/13] 127.0.0.1 () {34 vars in 505 bytes} [Fri Jul 17 14:13:41 2026] GET / => generated 1571 bytes in 8 msecs (HTTP/1.1 300) 3 headers in 106 bytes (1 switches on core 0)
Jul 17 14:13:41 devstack devstack@g-api.service[77554]: DEBUG glance.api.middleware.version_negotiation [None req-3fba3c3b-9af0-489d-9a64-f2f8ff1c98db admin admin] Determining version of request: GET /v2/images/fe33b284-d390-4ad6-9a67-4047a22fe63a Accept: */* {{(pid=77554) process_request /opt/stack/glance/glance/api/middleware/version_negotiation.py:44}}
Jul 17 14:13:41 devstack devstack@g-api.service[77554]: DEBUG glance.api.middleware.version_negotiation [None req-3fba3c3b-9af0-489d-9a64-f2f8ff1c98db admin admin] Using url versioning {{(pid=77554) process_request /opt/stack/glance/glance/api/middleware/version_negotiation.py:57}}
Jul 17 14:13:41 devstack devstack@g-api.service[77554]: DEBUG glance.api.middleware.version_negotiation [None req-3fba3c3b-9af0-489d-9a64-f2f8ff1c98db admin admin] Matched version: v2 {{(pid=77554) process_request /opt/stack/glance/glance/api/middleware/version_negotiation.py:69}}
Jul 17 14:13:41 devstack devstack@g-api.service[77554]: DEBUG glance.api.middleware.version_negotiation [None req-3fba3c3b-9af0-489d-9a64-f2f8ff1c98db admin admin] new path /v2/images/fe33b284-d390-4ad6-9a67-4047a22fe63a {{(pid=77554) process_request /opt/stack/glance/glance/api/middleware/version_negotiation.py:70}}
Jul 17 14:13:41 devstack devstack@g-api.service[77554]: [pid: 77554|app: 0|req: 8/14] 127.0.0.1 () {42 vars in 1061 bytes} [Fri Jul 17 14:13:41 2026] GET /v2/images/fe33b284-d390-4ad6-9a67-4047a22fe63a => generated 976 bytes in 343 msecs (HTTP/1.1 200) 4 headers in 157 bytes (1 switches on core 0)
Jul 17 14:13:41 devstack devstack@g-api.service[77553]: DEBUG glance.api.middleware.version_negotiation [None req-e499f707-0579-4912-99a7-53920c4fded6 admin admin] Determining version of request: GET /v2/schemas/image Accept: */* {{(pid=77553) process_request /opt/stack/glance/glance/api/middleware/version_negotiation.py:44}}
Jul 17 14:13:41 devstack devstack@g-api.service[77553]: DEBUG glance.api.middleware.version_negotiation [None req-e499f707-0579-4912-99a7-53920c4fded6 admin admin] Using url versioning {{(pid=77553) process_request /opt/stack/glance/glance/api/middleware/version_negotiation.py:57}}
Jul 17 14:13:41 devstack devstack@g-api.service[77553]: DEBUG glance.api.middleware.version_negotiation [None req-e499f707-0579-4912-99a7-53920c4fded6 admin admin] Matched version: v2 {{(pid=77553) process_request /opt/stack/glance/glance/api/middleware/version_negotiation.py:69}}
Jul 17 14:13:41 devstack devstack@g-api.service[77553]: DEBUG glance.api.middleware.version_negotiation [None req-e499f707-0579-4912-99a7-53920c4fded6 admin admin] new path /v2/schemas/image {{(pid=77553) process_request /opt/stack/glance/glance/api/middleware/version_negotiation.py:70}}
Jul 17 14:13:41 devstack devstack@g-api.service[77553]: [pid: 77553|app: 0|req: 7/15] 127.0.0.1 () {42 vars in 1001 bytes} [Fri Jul 17 14:13:41 2026] GET /v2/schemas/image => generated 6083 bytes in 12 msecs (HTTP/1.1 200) 4 headers in 158 bytes (1 switches on core 0)
Jul 17 14:13:51 devstack devstack@g-api.service[77554]: DEBUG dbcounter [-] [77554] Writing DB stats glance:SELECT=2 {{(pid=77554) stat_writer /opt/stack/data/venv/lib/python3.12/site-packages/dbcounter.py:115}}
Jul 17 14:14:05 devstack devstack@g-api.service[77554]: DEBUG glance.api.middleware.version_negotiation [None req-73b402ab-da6e-4944-bff3-7026ef842b0f tempest-DeleteServersTestJSON-2067983118 tempest-DeleteServersTestJSON-2067983118-project-member] Determining version of request: GET /v2/images/fe33b284-d390-4ad6-9a67-4047a22fe63a Accept: */* {{(pid=77554) process_request /opt/stack/glance/glance/api/middleware/version_negotiation.py:44}}
Jul 17 14:14:05 devstack devstack@g-api.service[77554]: DEBUG glance.api.middleware.version_negotiation [None req-73b402ab-da6e-4944-bff3-7026ef842b0f tempest-DeleteServersTestJSON-2067983118 tempest-DeleteServersTestJSON-2067983118-project-member] Using url versioning {{(pid=77554) process_request /opt/stack/glance/glance/api/middleware/version_negotiation.py:57}}
Jul 17 14:14:05 devstack devstack@g-api.service[77554]: DEBUG glance.api.middleware.version_negotiation [None req-73b402ab-da6e-4944-bff3-7026ef842b0f tempest-DeleteServersTestJSON-2067983118 tempest-DeleteServersTestJSON-2067983118-project-member] Matched version: v2 {{(pid=77554) process_request /opt/stack/glance/glance/api/middleware/version_negotiation.py:69}}
Jul 17 14:14:05 devstack devstack@g-api.service[77554]: DEBUG glance.api.middleware.version_negotiation [None req-73b402ab-da6e-4944-bff3-7026ef842b0f tempest-DeleteServersTestJSON-2067983118 tempest-DeleteServersTestJSON-2067983118-project-member] new path /v2/images/fe33b284-d390-4ad6-9a67-4047a22fe63a {{(pid=77554) process_request /opt/stack/glance/glance/api/middleware/version_negotiation.py:70}}
Jul 17 14:14:05 devstack devstack@g-api.service[77554]: [pid: 77554|app: 0|req: 9/16] 127.0.0.1 () {42 vars in 1061 bytes} [Fri Jul 17 14:14:05 2026] GET /v2/images/fe33b284-d390-4ad6-9a67-4047a22fe63a => generated 976 bytes in 216 msecs (HTTP/1.1 200) 4 headers in 157 bytes (1 switches on core 0)
Jul 17 14:14:05 devstack devstack@g-api.service[77553]: DEBUG glance.api.middleware.version_negotiation [None req-73b402ab-da6e-4944-bff3-7026ef842b0f tempest-DeleteServersTestJSON-2067983118 tempest-DeleteServersTestJSON-2067983118-project-member] Determining version of request: GET /v2/images/fe33b284-d390-4ad6-9a67-4047a22fe63a/file Accept: */* {{(pid=77553) process_request /opt/stack/glance/glance/api/middleware/version_negotiation.py:44}}
Jul 17 14:14:05 devstack devstack@g-api.service[77553]: DEBUG glance.api.middleware.version_negotiation [None req-73b402ab-da6e-4944-bff3-7026ef842b0f tempest-DeleteServersTestJSON-2067983118 tempest-DeleteServersTestJSON-2067983118-project-member] Using url versioning {{(pid=77553) process_request /opt/stack/glance/glance/api/middleware/version_negotiation.py:57}}
Jul 17 14:14:05 devstack devstack@g-api.service[77553]: DEBUG glance.api.middleware.version_negotiation [None req-73b402ab-da6e-4944-bff3-7026ef842b0f tempest-DeleteServersTestJSON-2067983118 tempest-DeleteServersTestJSON-2067983118-project-member] Matched version: v2 {{(pid=77553) process_request /opt/stack/glance/glance/api/middleware/version_negotiation.py:69}}
Jul 17 14:14:05 devstack devstack@g-api.service[77553]: DEBUG glance.api.middleware.version_negotiation [None req-73b402ab-da6e-4944-bff3-7026ef842b0f tempest-DeleteServersTestJSON-2067983118 tempest-DeleteServersTestJSON-2067983118-project-member] new path /v2/images/fe33b284-d390-4ad6-9a67-4047a22fe63a/file {{(pid=77553) process_request /opt/stack/glance/glance/api/middleware/version_negotiation.py:70}}
Jul 17 14:14:05 devstack devstack@g-api.service[77553]: DEBUG glance_store._drivers.filesystem [None req-73b402ab-da6e-4944-bff3-7026ef842b0f tempest-DeleteServersTestJSON-2067983118 tempest-DeleteServersTestJSON-2067983118-project-member] Found image at /opt/stack/data/glance/images/fe33b284-d390-4ad6-9a67-4047a22fe63a. Returning in ChunkedFile. {{(pid=77553) get /opt/stack/data/venv/lib/python3.12/site-packages/glance_store/_drivers/filesystem.py:724}}
Jul 17 14:14:05 devstack devstack@g-api.service[77553]: DEBUG glance.image_cache [None req-73b402ab-da6e-4944-bff3-7026ef842b0f tempest-DeleteServersTestJSON-2067983118 tempest-DeleteServersTestJSON-2067983118-project-member] Tee'ing image 'fe33b284-d390-4ad6-9a67-4047a22fe63a' into cache {{(pid=77553) get_caching_iter /opt/stack/glance/glance/image_cache/__init__.py:356}}
Jul 17 14:14:06 devstack devstack@g-api.service[77553]: DEBUG glance.image_cache.drivers.centralized_db [None req-73b402ab-da6e-4944-bff3-7026ef842b0f tempest-DeleteServersTestJSON-2067983118 tempest-DeleteServersTestJSON-2067983118-project-member] Fetch finished, moving '/opt/stack/data/glance/cache/incomplete/fe33b284-d390-4ad6-9a67-4047a22fe63a' to '/opt/stack/data/glance/cache/fe33b284-d390-4ad6-9a67-4047a22fe63a' {{(pid=77553) commit /opt/stack/glance/glance/image_cache/drivers/centralized_db.py:243}}
Jul 17 14:14:06 devstack devstack@g-api.service[77553]: DEBUG glance.image_cache.drivers.centralized_db [None req-73b402ab-da6e-4944-bff3-7026ef842b0f tempest-DeleteServersTestJSON-2067983118 tempest-DeleteServersTestJSON-2067983118-project-member] Image cached successfully. {{(pid=77553) commit /opt/stack/glance/glance/image_cache/drivers/centralized_db.py:258}}
Jul 17 14:14:06 devstack devstack@g-api.service[77553]: [pid: 77553|app: 0|req: 8/17] 127.0.0.1 () {42 vars in 1071 bytes} [Fri Jul 17 14:14:05 2026] GET /v2/images/fe33b284-d390-4ad6-9a67-4047a22fe63a/file => generated 21692416 bytes in 583 msecs (HTTP/1.1 200) 4 headers in 191 bytes (335 switches on core 0)
Jul 17 14:14:06 devstack devstack@g-api.service[77554]: DEBUG glance.api.middleware.version_negotiation [None req-73b402ab-da6e-4944-bff3-7026ef842b0f tempest-DeleteServersTestJSON-2067983118 tempest-DeleteServersTestJSON-2067983118-project-member] Determining version of request: GET /v2/images/fe33b284-d390-4ad6-9a67-4047a22fe63a Accept: */* {{(pid=77554) process_request /opt/stack/glance/glance/api/middleware/version_negotiation.py:44}}
Jul 17 14:14:06 devstack devstack@g-api.service[77554]: DEBUG glance.api.middleware.version_negotiation [None req-73b402ab-da6e-4944-bff3-7026ef842b0f tempest-DeleteServersTestJSON-2067983118 tempest-DeleteServersTestJSON-2067983118-project-member] Using url versioning {{(pid=77554) process_request /opt/stack/glance/glance/api/middleware/version_negotiation.py:57}}
Jul 17 14:14:06 devstack devstack@g-api.service[77554]: DEBUG glance.api.middleware.version_negotiation [None req-73b402ab-da6e-4944-bff3-7026ef842b0f tempest-DeleteServersTestJSON-2067983118 tempest-DeleteServersTestJSON-2067983118-project-member] Matched version: v2 {{(pid=77554) process_request /opt/stack/glance/glance/api/middleware/version_negotiation.py:69}}
Jul 17 14:14:06 devstack devstack@g-api.service[77554]: DEBUG glance.api.middleware.version_negotiation [None req-73b402ab-da6e-4944-bff3-7026ef842b0f tempest-DeleteServersTestJSON-2067983118 tempest-DeleteServersTestJSON-2067983118-project-member] new path /v2/images/fe33b284-d390-4ad6-9a67-4047a22fe63a {{(pid=77554) process_request /opt/stack/glance/glance/api/middleware/version_negotiation.py:70}}
Jul 17 14:14:06 devstack devstack@g-api.service[77554]: [pid: 77554|app: 0|req: 10/18] 127.0.0.1 () {42 vars in 1061 bytes} [Fri Jul 17 14:14:06 2026] GET /v2/images/fe33b284-d390-4ad6-9a67-4047a22fe63a => generated 976 bytes in 34 msecs (HTTP/1.1 200) 4 headers in 157 bytes (1 switches on core 0)
Jul 17 14:14:06 devstack devstack@g-api.service[77553]: DEBUG glance.api.middleware.version_negotiation [None req-73b402ab-da6e-4944-bff3-7026ef842b0f tempest-DeleteServersTestJSON-2067983118 tempest-DeleteServersTestJSON-2067983118-project-member] Determining version of request: GET /v2/schemas/image Accept: */* {{(pid=77553) process_request /opt/stack/glance/glance/api/middleware/version_negotiation.py:44}}
Jul 17 14:14:06 devstack devstack@g-api.service[77553]: DEBUG glance.api.middleware.version_negotiation [None req-73b402ab-da6e-4944-bff3-7026ef842b0f tempest-DeleteServersTestJSON-2067983118 tempest-DeleteServersTestJSON-2067983118-project-member] Using url versioning {{(pid=77553) process_request /opt/stack/glance/glance/api/middleware/version_negotiation.py:57}}
Jul 17 14:14:06 devstack devstack@g-api.service[77553]: DEBUG glance.api.middleware.version_negotiation [None req-73b402ab-da6e-4944-bff3-7026ef842b0f tempest-DeleteServersTestJSON-2067983118 tempest-DeleteServersTestJSON-2067983118-project-member] Matched version: v2 {{(pid=77553) process_request /opt/stack/glance/glance/api/middleware/version_negotiation.py:69}}
Jul 17 14:14:06 devstack devstack@g-api.service[77553]: DEBUG glance.api.middleware.version_negotiation [None req-73b402ab-da6e-4944-bff3-7026ef842b0f tempest-DeleteServersTestJSON-2067983118 tempest-DeleteServersTestJSON-2067983118-project-member] new path /v2/schemas/image {{(pid=77553) process_request /opt/stack/glance/glance/api/middleware/version_negotiation.py:70}}
Jul 17 14:14:06 devstack devstack@g-api.service[77553]: [pid: 77553|app: 0|req: 9/19] 127.0.0.1 () {42 vars in 1001 bytes} [Fri Jul 17 14:14:06 2026] GET /v2/schemas/image => generated 6083 bytes in 11 msecs (HTTP/1.1 200) 4 headers in 158 bytes (1 switches on core 0)
Jul 17 14:14:13 devstack devstack@g-api.service[77554]: DEBUG glance.api.middleware.version_negotiation [None req-73b402ab-da6e-4944-bff3-7026ef842b0f tempest-DeleteServersTestJSON-2067983118 tempest-DeleteServersTestJSON-2067983118-project-member] Determining version of request: GET /v2/images/fe33b284-d390-4ad6-9a67-4047a22fe63a Accept: */* {{(pid=77554) process_request /opt/stack/glance/glance/api/middleware/version_negotiation.py:44}}
Jul 17 14:14:13 devstack devstack@g-api.service[77554]: DEBUG glance.api.middleware.version_negotiation [None req-73b402ab-da6e-4944-bff3-7026ef842b0f tempest-DeleteServersTestJSON-2067983118 tempest-DeleteServersTestJSON-2067983118-project-member] Using url versioning {{(pid=77554) process_request /opt/stack/glance/glance/api/middleware/version_negotiation.py:57}}
Jul 17 14:14:13 devstack devstack@g-api.service[77554]: DEBUG glance.api.middleware.version_negotiation [None req-73b402ab-da6e-4944-bff3-7026ef842b0f tempest-DeleteServersTestJSON-2067983118 tempest-DeleteServersTestJSON-2067983118-project-member] Matched version: v2 {{(pid=77554) process_request /opt/stack/glance/glance/api/middleware/version_negotiation.py:69}}
Jul 17 14:14:13 devstack devstack@g-api.service[77554]: DEBUG glance.api.middleware.version_negotiation [None req-73b402ab-da6e-4944-bff3-7026ef842b0f tempest-DeleteServersTestJSON-2067983118 tempest-DeleteServersTestJSON-2067983118-project-member] new path /v2/images/fe33b284-d390-4ad6-9a67-4047a22fe63a {{(pid=77554) process_request /opt/stack/glance/glance/api/middleware/version_negotiation.py:70}}
Jul 17 14:14:13 devstack devstack@g-api.service[77554]: [pid: 77554|app: 0|req: 11/20] 127.0.0.1 () {42 vars in 1061 bytes} [Fri Jul 17 14:14:13 2026] GET /v2/images/fe33b284-d390-4ad6-9a67-4047a22fe63a => generated 976 bytes in 23 msecs (HTTP/1.1 200) 4 headers in 157 bytes (1 switches on core 0)
Jul 17 14:14:13 devstack devstack@g-api.service[77553]: DEBUG glance.api.middleware.version_negotiation [None req-73b402ab-da6e-4944-bff3-7026ef842b0f tempest-DeleteServersTestJSON-2067983118 tempest-DeleteServersTestJSON-2067983118-project-member] Determining version of request: GET /v2/schemas/image Accept: */* {{(pid=77553) process_request /opt/stack/glance/glance/api/middleware/version_negotiation.py:44}}
Jul 17 14:14:13 devstack devstack@g-api.service[77553]: DEBUG glance.api.middleware.version_negotiation [None req-73b402ab-da6e-4944-bff3-7026ef842b0f tempest-DeleteServersTestJSON-2067983118 tempest-DeleteServersTestJSON-2067983118-project-member] Using url versioning {{(pid=77553) process_request /opt/stack/glance/glance/api/middleware/version_negotiation.py:57}}
Jul 17 14:14:13 devstack devstack@g-api.service[77553]: DEBUG glance.api.middleware.version_negotiation [None req-73b402ab-da6e-4944-bff3-7026ef842b0f tempest-DeleteServersTestJSON-2067983118 tempest-DeleteServersTestJSON-2067983118-project-member] Matched version: v2 {{(pid=77553) process_request /opt/stack/glance/glance/api/middleware/version_negotiation.py:69}}
Jul 17 14:14:13 devstack devstack@g-api.service[77553]: DEBUG glance.api.middleware.version_negotiation [None req-73b402ab-da6e-4944-bff3-7026ef842b0f tempest-DeleteServersTestJSON-2067983118 tempest-DeleteServersTestJSON-2067983118-project-member] new path /v2/schemas/image {{(pid=77553) process_request /opt/stack/glance/glance/api/middleware/version_negotiation.py:70}}
Jul 17 14:14:13 devstack devstack@g-api.service[77553]: [pid: 77553|app: 0|req: 10/21] 127.0.0.1 () {42 vars in 1001 bytes} [Fri Jul 17 14:14:13 2026] GET /v2/schemas/image => generated 6083 bytes in 11 msecs (HTTP/1.1 200) 4 headers in 158 bytes (1 switches on core 0)
Jul 17 14:14:16 devstack devstack@g-api.service[77553]: DEBUG dbcounter [-] [77553] Writing DB stats glance:SELECT=5,glance:INSERT=1 {{(pid=77553) stat_writer /opt/stack/data/venv/lib/python3.12/site-packages/dbcounter.py:115}}
Jul 17 14:14:20 devstack devstack@g-api.service[77554]: DEBUG glance.api.middleware.version_negotiation [None req-a833dbba-feda-465b-8411-b3d54a768a27 tempest-VolumesAdminNegativeTest-1804023496 tempest-VolumesAdminNegativeTest-1804023496-project-member] Determining version of request: GET /v2/images/fe33b284-d390-4ad6-9a67-4047a22fe63a Accept: */* {{(pid=77554) process_request /opt/stack/glance/glance/api/middleware/version_negotiation.py:44}}
Jul 17 14:14:20 devstack devstack@g-api.service[77554]: DEBUG glance.api.middleware.version_negotiation [None req-a833dbba-feda-465b-8411-b3d54a768a27 tempest-VolumesAdminNegativeTest-1804023496 tempest-VolumesAdminNegativeTest-1804023496-project-member] Using url versioning {{(pid=77554) process_request /opt/stack/glance/glance/api/middleware/version_negotiation.py:57}}
Jul 17 14:14:20 devstack devstack@g-api.service[77554]: DEBUG glance.api.middleware.version_negotiation [None req-a833dbba-feda-465b-8411-b3d54a768a27 tempest-VolumesAdminNegativeTest-1804023496 tempest-VolumesAdminNegativeTest-1804023496-project-member] Matched version: v2 {{(pid=77554) process_request /opt/stack/glance/glance/api/middleware/version_negotiation.py:69}}
Jul 17 14:14:20 devstack devstack@g-api.service[77554]: DEBUG glance.api.middleware.version_negotiation [None req-a833dbba-feda-465b-8411-b3d54a768a27 tempest-VolumesAdminNegativeTest-1804023496 tempest-VolumesAdminNegativeTest-1804023496-project-member] new path /v2/images/fe33b284-d390-4ad6-9a67-4047a22fe63a {{(pid=77554) process_request /opt/stack/glance/glance/api/middleware/version_negotiation.py:70}}
Jul 17 14:14:20 devstack devstack@g-api.service[77554]: [pid: 77554|app: 0|req: 12/22] 127.0.0.1 () {42 vars in 1061 bytes} [Fri Jul 17 14:14:20 2026] GET /v2/images/fe33b284-d390-4ad6-9a67-4047a22fe63a => generated 976 bytes in 28 msecs (HTTP/1.1 200) 4 headers in 157 bytes (1 switches on core 0)
Jul 17 14:14:20 devstack devstack@g-api.service[77553]: DEBUG glance.api.middleware.version_negotiation [None req-a833dbba-feda-465b-8411-b3d54a768a27 tempest-VolumesAdminNegativeTest-1804023496 tempest-VolumesAdminNegativeTest-1804023496-project-member] Determining version of request: GET /v2/schemas/image Accept: */* {{(pid=77553) process_request /opt/stack/glance/glance/api/middleware/version_negotiation.py:44}}
Jul 17 14:14:20 devstack devstack@g-api.service[77553]: DEBUG glance.api.middleware.version_negotiation [None req-a833dbba-feda-465b-8411-b3d54a768a27 tempest-VolumesAdminNegativeTest-1804023496 tempest-VolumesAdminNegativeTest-1804023496-project-member] Using url versioning {{(pid=77553) process_request /opt/stack/glance/glance/api/middleware/version_negotiation.py:57}}
Jul 17 14:14:20 devstack devstack@g-api.service[77553]: DEBUG glance.api.middleware.version_negotiation [None req-a833dbba-feda-465b-8411-b3d54a768a27 tempest-VolumesAdminNegativeTest-1804023496 tempest-VolumesAdminNegativeTest-1804023496-project-member] Matched version: v2 {{(pid=77553) process_request /opt/stack/glance/glance/api/middleware/version_negotiation.py:69}}
Jul 17 14:14:20 devstack devstack@g-api.service[77553]: DEBUG glance.api.middleware.version_negotiation [None req-a833dbba-feda-465b-8411-b3d54a768a27 tempest-VolumesAdminNegativeTest-1804023496 tempest-VolumesAdminNegativeTest-1804023496-project-member] new path /v2/schemas/image {{(pid=77553) process_request /opt/stack/glance/glance/api/middleware/version_negotiation.py:70}}
Jul 17 14:14:21 devstack devstack@g-api.service[77553]: [pid: 77553|app: 0|req: 11/23] 127.0.0.1 () {42 vars in 1001 bytes} [Fri Jul 17 14:14:20 2026] GET /v2/schemas/image => generated 6083 bytes in 10 msecs (HTTP/1.1 200) 4 headers in 158 bytes (1 switches on core 0)
Jul 17 14:14:30 devstack devstack@g-api.service[77554]: DEBUG dbcounter [-] [77554] Writing DB stats glance:SELECT=8 {{(pid=77554) stat_writer /opt/stack/data/venv/lib/python3.12/site-packages/dbcounter.py:115}}
Jul 17 14:15:09 devstack devstack@g-api.service[77554]: DEBUG glance.api.middleware.version_negotiation [None req-c6af9d4c-15f2-4696-9acc-200e1443636a tempest-TaggedAttachmentsTest-129751205 tempest-TaggedAttachmentsTest-129751205-project-member] Determining version of request: GET / Accept: application/json {{(pid=77554) process_request /opt/stack/glance/glance/api/middleware/version_negotiation.py:44}}
Jul 17 14:15:09 devstack devstack@g-api.service[77554]: DEBUG glance.api.middleware.version_negotiation [None req-c6af9d4c-15f2-4696-9acc-200e1443636a tempest-TaggedAttachmentsTest-129751205 tempest-TaggedAttachmentsTest-129751205-project-member] Using url versioning {{(pid=77554) process_request /opt/stack/glance/glance/api/middleware/version_negotiation.py:57}}
Jul 17 14:15:09 devstack devstack@g-api.service[77554]: DEBUG glance.api.middleware.version_negotiation [None req-c6af9d4c-15f2-4696-9acc-200e1443636a tempest-TaggedAttachmentsTest-129751205 tempest-TaggedAttachmentsTest-129751205-project-member] Unknown version. Returning version choices. {{(pid=77554) process_request /opt/stack/glance/glance/api/middleware/version_negotiation.py:64}}
Jul 17 14:15:09 devstack devstack@g-api.service[77554]: [pid: 77554|app: 0|req: 13/24] 127.0.0.1 () {34 vars in 505 bytes} [Fri Jul 17 14:15:09 2026] GET / => generated 1571 bytes in 3 msecs (HTTP/1.1 300) 3 headers in 106 bytes (1 switches on core 0)
Jul 17 14:15:09 devstack devstack@g-api.service[77553]: DEBUG glance.api.middleware.version_negotiation [None req-c6af9d4c-15f2-4696-9acc-200e1443636a tempest-TaggedAttachmentsTest-129751205 tempest-TaggedAttachmentsTest-129751205-project-member] Determining version of request: GET /v2/images/fe33b284-d390-4ad6-9a67-4047a22fe63a Accept: */* {{(pid=77553) process_request /opt/stack/glance/glance/api/middleware/version_negotiation.py:44}}
Jul 17 14:15:09 devstack devstack@g-api.service[77553]: DEBUG glance.api.middleware.version_negotiation [None req-c6af9d4c-15f2-4696-9acc-200e1443636a tempest-TaggedAttachmentsTest-129751205 tempest-TaggedAttachmentsTest-129751205-project-member] Using url versioning {{(pid=77553) process_request /opt/stack/glance/glance/api/middleware/version_negotiation.py:57}}
