Jun 12 04:41:36 devstack devstack@c-api.service[92062]: DEBUG cinder.api.middleware.request_id [None req-461343b6-c885-43cf-95ed-2960b53c12e0 None None] RequestId filter calling following filter/app {{(pid=92062) _context_setter /opt/stack/cinder/cinder/api/middleware/request_id.py:62}}
Jun 12 04:41:36 devstack devstack@c-api.service[92062]: INFO cinder.api.openstack.wsgi [None req-461343b6-c885-43cf-95ed-2960b53c12e0 tempest-GroupTypeSpecsTest-221687168 tempest-GroupTypeSpecsTest-221687168-project-admin] GET http://192.168.122.136/volume/v3/group_types/03683a01-f3b5-4cb5-a8f6-ac092112be5c/group_specs/key3
Jun 12 04:41:36 devstack devstack@c-api.service[92062]: DEBUG cinder.api.openstack.wsgi [None req-461343b6-c885-43cf-95ed-2960b53c12e0 tempest-GroupTypeSpecsTest-221687168 tempest-GroupTypeSpecsTest-221687168-project-admin] Empty body provided in request {{(pid=92062) get_body /opt/stack/cinder/cinder/api/openstack/wsgi.py:725}}
Jun 12 04:41:36 devstack devstack@c-api.service[92062]: DEBUG cinder.api.openstack.wsgi [None req-461343b6-c885-43cf-95ed-2960b53c12e0 tempest-GroupTypeSpecsTest-221687168 tempest-GroupTypeSpecsTest-221687168-project-admin] Calling method 'version_select' {{(pid=92062) _process_stack /opt/stack/cinder/cinder/api/openstack/wsgi.py:878}}
Jun 12 04:41:36 devstack devstack@c-api.service[92062]: INFO cinder.api.openstack.wsgi [None req-461343b6-c885-43cf-95ed-2960b53c12e0 tempest-GroupTypeSpecsTest-221687168 tempest-GroupTypeSpecsTest-221687168-project-admin] http://192.168.122.136/volume/v3/group_types/03683a01-f3b5-4cb5-a8f6-ac092112be5c/group_specs/key3 returned with HTTP 200
Jun 12 04:41:36 devstack devstack@c-api.service[92062]: [pid: 92062|app: 0|req: 57/114] 192.168.122.136 () {60 vars in 1336 bytes} [Fri Jun 12 04:41:36 2026] GET /volume/v3/group_types/03683a01-f3b5-4cb5-a8f6-ac092112be5c/group_specs/key3 => generated 18 bytes in 20 msecs (HTTP/1.1 200) 7 headers in 285 bytes (1 switches on core 0)
Jun 12 04:41:36 devstack devstack@c-api.service[92061]: DEBUG cinder.api.middleware.request_id [None req-10212db9-ab96-4658-8d93-4a24c7e906f1 None None] RequestId filter calling following filter/app {{(pid=92061) _context_setter /opt/stack/cinder/cinder/api/middleware/request_id.py:62}}
Jun 12 04:41:36 devstack devstack@c-api.service[92061]: INFO cinder.api.openstack.wsgi [None req-10212db9-ab96-4658-8d93-4a24c7e906f1 tempest-GroupTypeSpecsTest-221687168 tempest-GroupTypeSpecsTest-221687168-project-admin] PUT http://192.168.122.136/volume/v3/group_types/03683a01-f3b5-4cb5-a8f6-ac092112be5c/group_specs/key3
Jun 12 04:41:36 devstack devstack@c-api.service[92061]: DEBUG cinder.api.openstack.wsgi [None req-10212db9-ab96-4658-8d93-4a24c7e906f1 tempest-GroupTypeSpecsTest-221687168 tempest-GroupTypeSpecsTest-221687168-project-admin] Action: 'update', calling method: version_select, body: {"key3": "value3-updated"} {{(pid=92061) _process_stack /opt/stack/cinder/cinder/api/openstack/wsgi.py:876}}
Jun 12 04:41:36 devstack devstack@c-api.service[92061]: INFO cinder.api.openstack.wsgi [None req-10212db9-ab96-4658-8d93-4a24c7e906f1 tempest-GroupTypeSpecsTest-221687168 tempest-GroupTypeSpecsTest-221687168-project-admin] http://192.168.122.136/volume/v3/group_types/03683a01-f3b5-4cb5-a8f6-ac092112be5c/group_specs/key3 returned with HTTP 200
Jun 12 04:41:36 devstack devstack@c-api.service[92061]: [pid: 92061|app: 0|req: 58/115] 192.168.122.136 () {62 vars in 1356 bytes} [Fri Jun 12 04:41:36 2026] PUT /volume/v3/group_types/03683a01-f3b5-4cb5-a8f6-ac092112be5c/group_specs/key3 => generated 26 bytes in 38 msecs (HTTP/1.1 200) 7 headers in 285 bytes (1 switches on core 0)
Jun 12 04:41:36 devstack devstack@c-api.service[92062]: DEBUG cinder.api.middleware.request_id [None req-b2aa2a8a-b377-4b5a-8dc8-9004bba3563d None None] RequestId filter calling following filter/app {{(pid=92062) _context_setter /opt/stack/cinder/cinder/api/middleware/request_id.py:62}}
Jun 12 04:41:36 devstack devstack@c-api.service[92062]: INFO cinder.api.openstack.wsgi [None req-b2aa2a8a-b377-4b5a-8dc8-9004bba3563d tempest-GroupTypeSpecsTest-221687168 tempest-GroupTypeSpecsTest-221687168-project-admin] GET http://192.168.122.136/volume/v3/group_types/03683a01-f3b5-4cb5-a8f6-ac092112be5c/group_specs
Jun 12 04:41:36 devstack devstack@c-api.service[92062]: DEBUG cinder.api.openstack.wsgi [None req-b2aa2a8a-b377-4b5a-8dc8-9004bba3563d tempest-GroupTypeSpecsTest-221687168 tempest-GroupTypeSpecsTest-221687168-project-admin] Empty body provided in request {{(pid=92062) get_body /opt/stack/cinder/cinder/api/openstack/wsgi.py:725}}
Jun 12 04:41:36 devstack devstack@c-api.service[92062]: DEBUG cinder.api.openstack.wsgi [None req-b2aa2a8a-b377-4b5a-8dc8-9004bba3563d tempest-GroupTypeSpecsTest-221687168 tempest-GroupTypeSpecsTest-221687168-project-admin] Calling method 'version_select' {{(pid=92062) _process_stack /opt/stack/cinder/cinder/api/openstack/wsgi.py:878}}
Jun 12 04:41:36 devstack devstack@c-api.service[92062]: INFO cinder.api.openstack.wsgi [None req-b2aa2a8a-b377-4b5a-8dc8-9004bba3563d tempest-GroupTypeSpecsTest-221687168 tempest-GroupTypeSpecsTest-221687168-project-admin] http://192.168.122.136/volume/v3/group_types/03683a01-f3b5-4cb5-a8f6-ac092112be5c/group_specs returned with HTTP 200
Jun 12 04:41:36 devstack devstack@c-api.service[92062]: [pid: 92062|app: 0|req: 58/116] 192.168.122.136 () {60 vars in 1321 bytes} [Fri Jun 12 04:41:36 2026] GET /volume/v3/group_types/03683a01-f3b5-4cb5-a8f6-ac092112be5c/group_specs => generated 87 bytes in 23 msecs (HTTP/1.1 200) 7 headers in 285 bytes (1 switches on core 0)
Jun 12 04:41:36 devstack devstack@c-api.service[92061]: DEBUG cinder.api.middleware.request_id [None req-164c53b5-e733-4cd8-966a-0d9ca4ddf8ae None None] RequestId filter calling following filter/app {{(pid=92061) _context_setter /opt/stack/cinder/cinder/api/middleware/request_id.py:62}}
Jun 12 04:41:36 devstack devstack@c-api.service[92061]: INFO cinder.api.openstack.wsgi [None req-164c53b5-e733-4cd8-966a-0d9ca4ddf8ae tempest-GroupTypeSpecsTest-221687168 tempest-GroupTypeSpecsTest-221687168-project-admin] DELETE http://192.168.122.136/volume/v3/group_types/03683a01-f3b5-4cb5-a8f6-ac092112be5c/group_specs/key1
Jun 12 04:41:36 devstack devstack@c-api.service[92061]: DEBUG cinder.api.openstack.wsgi [None req-164c53b5-e733-4cd8-966a-0d9ca4ddf8ae tempest-GroupTypeSpecsTest-221687168 tempest-GroupTypeSpecsTest-221687168-project-admin] Empty body provided in request {{(pid=92061) get_body /opt/stack/cinder/cinder/api/openstack/wsgi.py:725}}
Jun 12 04:41:36 devstack devstack@c-api.service[92061]: DEBUG cinder.api.openstack.wsgi [None req-164c53b5-e733-4cd8-966a-0d9ca4ddf8ae tempest-GroupTypeSpecsTest-221687168 tempest-GroupTypeSpecsTest-221687168-project-admin] Calling method 'version_select' {{(pid=92061) _process_stack /opt/stack/cinder/cinder/api/openstack/wsgi.py:878}}
Jun 12 04:41:36 devstack devstack@c-api.service[92061]: INFO cinder.api.openstack.wsgi [None req-164c53b5-e733-4cd8-966a-0d9ca4ddf8ae tempest-GroupTypeSpecsTest-221687168 tempest-GroupTypeSpecsTest-221687168-project-admin] http://192.168.122.136/volume/v3/group_types/03683a01-f3b5-4cb5-a8f6-ac092112be5c/group_specs/key1 returned with HTTP 202
Jun 12 04:41:36 devstack devstack@c-api.service[92061]: [pid: 92061|app: 0|req: 59/117] 192.168.122.136 () {60 vars in 1339 bytes} [Fri Jun 12 04:41:36 2026] DELETE /volume/v3/group_types/03683a01-f3b5-4cb5-a8f6-ac092112be5c/group_specs/key1 => generated 0 bytes in 48 msecs (HTTP/1.1 202) 6 headers in 234 bytes (1 switches on core 0)
Jun 12 04:41:36 devstack devstack@c-api.service[92062]: DEBUG cinder.api.middleware.request_id [None req-572edc26-dc67-4926-bddd-89bd9afdb2e3 None None] RequestId filter calling following filter/app {{(pid=92062) _context_setter /opt/stack/cinder/cinder/api/middleware/request_id.py:62}}
Jun 12 04:41:36 devstack devstack@c-api.service[92062]: INFO cinder.api.openstack.wsgi [None req-572edc26-dc67-4926-bddd-89bd9afdb2e3 tempest-GroupTypeSpecsTest-221687168 tempest-GroupTypeSpecsTest-221687168-project-admin] GET http://192.168.122.136/volume/v3/group_types/03683a01-f3b5-4cb5-a8f6-ac092112be5c/group_specs/key1
Jun 12 04:41:36 devstack devstack@c-api.service[92062]: DEBUG cinder.api.openstack.wsgi [None req-572edc26-dc67-4926-bddd-89bd9afdb2e3 tempest-GroupTypeSpecsTest-221687168 tempest-GroupTypeSpecsTest-221687168-project-admin] Empty body provided in request {{(pid=92062) get_body /opt/stack/cinder/cinder/api/openstack/wsgi.py:725}}
Jun 12 04:41:36 devstack devstack@c-api.service[92062]: DEBUG cinder.api.openstack.wsgi [None req-572edc26-dc67-4926-bddd-89bd9afdb2e3 tempest-GroupTypeSpecsTest-221687168 tempest-GroupTypeSpecsTest-221687168-project-admin] Calling method 'version_select' {{(pid=92062) _process_stack /opt/stack/cinder/cinder/api/openstack/wsgi.py:878}}
Jun 12 04:41:36 devstack devstack@c-api.service[92062]: INFO cinder.api.openstack.wsgi [None req-572edc26-dc67-4926-bddd-89bd9afdb2e3 tempest-GroupTypeSpecsTest-221687168 tempest-GroupTypeSpecsTest-221687168-project-admin] HTTP exception thrown: Group Type 03683a01-f3b5-4cb5-a8f6-ac092112be5c has no extra spec with key key1.
Jun 12 04:41:36 devstack devstack@c-api.service[92062]: INFO cinder.api.openstack.wsgi [None req-572edc26-dc67-4926-bddd-89bd9afdb2e3 tempest-GroupTypeSpecsTest-221687168 tempest-GroupTypeSpecsTest-221687168-project-admin] http://192.168.122.136/volume/v3/group_types/03683a01-f3b5-4cb5-a8f6-ac092112be5c/group_specs/key1 returned with HTTP 404
Jun 12 04:41:36 devstack devstack@c-api.service[92062]: [pid: 92062|app: 0|req: 59/118] 192.168.122.136 () {60 vars in 1336 bytes} [Fri Jun 12 04:41:36 2026] GET /volume/v3/group_types/03683a01-f3b5-4cb5-a8f6-ac092112be5c/group_specs/key1 => generated 126 bytes in 28 msecs (HTTP/1.1 404) 7 headers in 293 bytes (1 switches on core 0)
Jun 12 04:41:36 devstack devstack@c-api.service[92061]: DEBUG cinder.api.middleware.request_id [None req-bb574df5-59dc-4c75-996e-c3a62b6e8ddc None None] RequestId filter calling following filter/app {{(pid=92061) _context_setter /opt/stack/cinder/cinder/api/middleware/request_id.py:62}}
Jun 12 04:41:36 devstack devstack@c-api.service[92061]: INFO cinder.api.openstack.wsgi [None req-bb574df5-59dc-4c75-996e-c3a62b6e8ddc tempest-GroupTypeSpecsTest-221687168 tempest-GroupTypeSpecsTest-221687168-project-admin] DELETE http://192.168.122.136/volume/v3/group_types/03683a01-f3b5-4cb5-a8f6-ac092112be5c/group_specs/key2
Jun 12 04:41:36 devstack devstack@c-api.service[92061]: DEBUG cinder.api.openstack.wsgi [None req-bb574df5-59dc-4c75-996e-c3a62b6e8ddc tempest-GroupTypeSpecsTest-221687168 tempest-GroupTypeSpecsTest-221687168-project-admin] Empty body provided in request {{(pid=92061) get_body /opt/stack/cinder/cinder/api/openstack/wsgi.py:725}}
Jun 12 04:41:36 devstack devstack@c-api.service[92061]: DEBUG cinder.api.openstack.wsgi [None req-bb574df5-59dc-4c75-996e-c3a62b6e8ddc tempest-GroupTypeSpecsTest-221687168 tempest-GroupTypeSpecsTest-221687168-project-admin] Calling method 'version_select' {{(pid=92061) _process_stack /opt/stack/cinder/cinder/api/openstack/wsgi.py:878}}
Jun 12 04:41:36 devstack devstack@c-api.service[92061]: INFO cinder.api.openstack.wsgi [None req-bb574df5-59dc-4c75-996e-c3a62b6e8ddc tempest-GroupTypeSpecsTest-221687168 tempest-GroupTypeSpecsTest-221687168-project-admin] http://192.168.122.136/volume/v3/group_types/03683a01-f3b5-4cb5-a8f6-ac092112be5c/group_specs/key2 returned with HTTP 202
Jun 12 04:41:36 devstack devstack@c-api.service[92061]: [pid: 92061|app: 0|req: 60/119] 192.168.122.136 () {60 vars in 1339 bytes} [Fri Jun 12 04:41:36 2026] DELETE /volume/v3/group_types/03683a01-f3b5-4cb5-a8f6-ac092112be5c/group_specs/key2 => generated 0 bytes in 46 msecs (HTTP/1.1 202) 6 headers in 234 bytes (1 switches on core 0)
Jun 12 04:41:36 devstack devstack@c-api.service[92062]: DEBUG cinder.api.middleware.request_id [None req-76bd0dd4-dfe7-4a14-884f-1d5a50401711 None None] RequestId filter calling following filter/app {{(pid=92062) _context_setter /opt/stack/cinder/cinder/api/middleware/request_id.py:62}}
Jun 12 04:41:36 devstack devstack@c-api.service[92062]: INFO cinder.api.openstack.wsgi [None req-76bd0dd4-dfe7-4a14-884f-1d5a50401711 tempest-GroupTypeSpecsTest-221687168 tempest-GroupTypeSpecsTest-221687168-project-admin] GET http://192.168.122.136/volume/v3/group_types/03683a01-f3b5-4cb5-a8f6-ac092112be5c/group_specs/key2
Jun 12 04:41:36 devstack devstack@c-api.service[92062]: DEBUG cinder.api.openstack.wsgi [None req-76bd0dd4-dfe7-4a14-884f-1d5a50401711 tempest-GroupTypeSpecsTest-221687168 tempest-GroupTypeSpecsTest-221687168-project-admin] Empty body provided in request {{(pid=92062) get_body /opt/stack/cinder/cinder/api/openstack/wsgi.py:725}}
Jun 12 04:41:36 devstack devstack@c-api.service[92062]: DEBUG cinder.api.openstack.wsgi [None req-76bd0dd4-dfe7-4a14-884f-1d5a50401711 tempest-GroupTypeSpecsTest-221687168 tempest-GroupTypeSpecsTest-221687168-project-admin] Calling method 'version_select' {{(pid=92062) _process_stack /opt/stack/cinder/cinder/api/openstack/wsgi.py:878}}
Jun 12 04:41:36 devstack devstack@c-api.service[92062]: INFO cinder.api.openstack.wsgi [None req-76bd0dd4-dfe7-4a14-884f-1d5a50401711 tempest-GroupTypeSpecsTest-221687168 tempest-GroupTypeSpecsTest-221687168-project-admin] HTTP exception thrown: Group Type 03683a01-f3b5-4cb5-a8f6-ac092112be5c has no extra spec with key key2.
Jun 12 04:41:36 devstack devstack@c-api.service[92062]: INFO cinder.api.openstack.wsgi [None req-76bd0dd4-dfe7-4a14-884f-1d5a50401711 tempest-GroupTypeSpecsTest-221687168 tempest-GroupTypeSpecsTest-221687168-project-admin] http://192.168.122.136/volume/v3/group_types/03683a01-f3b5-4cb5-a8f6-ac092112be5c/group_specs/key2 returned with HTTP 404
Jun 12 04:41:36 devstack devstack@c-api.service[92062]: [pid: 92062|app: 0|req: 60/120] 192.168.122.136 () {60 vars in 1336 bytes} [Fri Jun 12 04:41:36 2026] GET /volume/v3/group_types/03683a01-f3b5-4cb5-a8f6-ac092112be5c/group_specs/key2 => generated 126 bytes in 34 msecs (HTTP/1.1 404) 7 headers in 293 bytes (1 switches on core 0)
Jun 12 04:41:36 devstack devstack@c-api.service[92061]: DEBUG cinder.api.middleware.request_id [None req-4042a683-d7d5-4b30-a281-71d0e7e074ab None None] RequestId filter calling following filter/app {{(pid=92061) _context_setter /opt/stack/cinder/cinder/api/middleware/request_id.py:62}}
Jun 12 04:41:36 devstack devstack@c-api.service[92061]: INFO cinder.api.openstack.wsgi [None req-4042a683-d7d5-4b30-a281-71d0e7e074ab tempest-GroupTypeSpecsTest-221687168 tempest-GroupTypeSpecsTest-221687168-project-admin] DELETE http://192.168.122.136/volume/v3/group_types/03683a01-f3b5-4cb5-a8f6-ac092112be5c/group_specs/key3
Jun 12 04:41:36 devstack devstack@c-api.service[92061]: DEBUG cinder.api.openstack.wsgi [None req-4042a683-d7d5-4b30-a281-71d0e7e074ab tempest-GroupTypeSpecsTest-221687168 tempest-GroupTypeSpecsTest-221687168-project-admin] Empty body provided in request {{(pid=92061) get_body /opt/stack/cinder/cinder/api/openstack/wsgi.py:725}}
Jun 12 04:41:36 devstack devstack@c-api.service[92061]: DEBUG cinder.api.openstack.wsgi [None req-4042a683-d7d5-4b30-a281-71d0e7e074ab tempest-GroupTypeSpecsTest-221687168 tempest-GroupTypeSpecsTest-221687168-project-admin] Calling method 'version_select' {{(pid=92061) _process_stack /opt/stack/cinder/cinder/api/openstack/wsgi.py:878}}
Jun 12 04:41:36 devstack devstack@c-api.service[92061]: INFO cinder.api.openstack.wsgi [None req-4042a683-d7d5-4b30-a281-71d0e7e074ab tempest-GroupTypeSpecsTest-221687168 tempest-GroupTypeSpecsTest-221687168-project-admin] http://192.168.122.136/volume/v3/group_types/03683a01-f3b5-4cb5-a8f6-ac092112be5c/group_specs/key3 returned with HTTP 202
Jun 12 04:41:36 devstack devstack@c-api.service[92061]: [pid: 92061|app: 0|req: 61/121] 192.168.122.136 () {60 vars in 1339 bytes} [Fri Jun 12 04:41:36 2026] DELETE /volume/v3/group_types/03683a01-f3b5-4cb5-a8f6-ac092112be5c/group_specs/key3 => generated 0 bytes in 38 msecs (HTTP/1.1 202) 6 headers in 234 bytes (1 switches on core 0)
Jun 12 04:41:36 devstack devstack@c-api.service[92062]: DEBUG cinder.api.middleware.request_id [None req-c04b2a37-b278-44d3-b768-983bc51dbb9c None None] RequestId filter calling following filter/app {{(pid=92062) _context_setter /opt/stack/cinder/cinder/api/middleware/request_id.py:62}}
Jun 12 04:41:36 devstack devstack@c-api.service[92062]: INFO cinder.api.openstack.wsgi [None req-c04b2a37-b278-44d3-b768-983bc51dbb9c tempest-GroupTypeSpecsTest-221687168 tempest-GroupTypeSpecsTest-221687168-project-admin] GET http://192.168.122.136/volume/v3/group_types/03683a01-f3b5-4cb5-a8f6-ac092112be5c/group_specs/key3
Jun 12 04:41:36 devstack devstack@c-api.service[92062]: DEBUG cinder.api.openstack.wsgi [None req-c04b2a37-b278-44d3-b768-983bc51dbb9c tempest-GroupTypeSpecsTest-221687168 tempest-GroupTypeSpecsTest-221687168-project-admin] Empty body provided in request {{(pid=92062) get_body /opt/stack/cinder/cinder/api/openstack/wsgi.py:725}}
Jun 12 04:41:36 devstack devstack@c-api.service[92062]: DEBUG cinder.api.openstack.wsgi [None req-c04b2a37-b278-44d3-b768-983bc51dbb9c tempest-GroupTypeSpecsTest-221687168 tempest-GroupTypeSpecsTest-221687168-project-admin] Calling method 'version_select' {{(pid=92062) _process_stack /opt/stack/cinder/cinder/api/openstack/wsgi.py:878}}
Jun 12 04:41:36 devstack devstack@c-api.service[92062]: INFO cinder.api.openstack.wsgi [None req-c04b2a37-b278-44d3-b768-983bc51dbb9c tempest-GroupTypeSpecsTest-221687168 tempest-GroupTypeSpecsTest-221687168-project-admin] HTTP exception thrown: Group Type 03683a01-f3b5-4cb5-a8f6-ac092112be5c has no extra spec with key key3.
Jun 12 04:41:36 devstack devstack@c-api.service[92062]: INFO cinder.api.openstack.wsgi [None req-c04b2a37-b278-44d3-b768-983bc51dbb9c tempest-GroupTypeSpecsTest-221687168 tempest-GroupTypeSpecsTest-221687168-project-admin] http://192.168.122.136/volume/v3/group_types/03683a01-f3b5-4cb5-a8f6-ac092112be5c/group_specs/key3 returned with HTTP 404
Jun 12 04:41:36 devstack devstack@c-api.service[92062]: [pid: 92062|app: 0|req: 61/122] 192.168.122.136 () {60 vars in 1336 bytes} [Fri Jun 12 04:41:36 2026] GET /volume/v3/group_types/03683a01-f3b5-4cb5-a8f6-ac092112be5c/group_specs/key3 => generated 126 bytes in 30 msecs (HTTP/1.1 404) 7 headers in 293 bytes (1 switches on core 0)
Jun 12 04:41:36 devstack devstack@c-api.service[92061]: DEBUG cinder.api.middleware.request_id [None req-89ba2cd4-4c4f-4320-a092-ef213df3162a None None] RequestId filter calling following filter/app {{(pid=92061) _context_setter /opt/stack/cinder/cinder/api/middleware/request_id.py:62}}
Jun 12 04:41:36 devstack devstack@c-api.service[92061]: INFO cinder.api.openstack.wsgi [None req-89ba2cd4-4c4f-4320-a092-ef213df3162a tempest-GroupTypeSpecsTest-221687168 tempest-GroupTypeSpecsTest-221687168-project-admin] DELETE http://192.168.122.136/volume/v3/group_types/03683a01-f3b5-4cb5-a8f6-ac092112be5c
Jun 12 04:41:36 devstack devstack@c-api.service[92061]: DEBUG cinder.api.openstack.wsgi [None req-89ba2cd4-4c4f-4320-a092-ef213df3162a tempest-GroupTypeSpecsTest-221687168 tempest-GroupTypeSpecsTest-221687168-project-admin] Empty body provided in request {{(pid=92061) get_body /opt/stack/cinder/cinder/api/openstack/wsgi.py:725}}
Jun 12 04:41:36 devstack devstack@c-api.service[92061]: DEBUG cinder.api.openstack.wsgi [None req-89ba2cd4-4c4f-4320-a092-ef213df3162a tempest-GroupTypeSpecsTest-221687168 tempest-GroupTypeSpecsTest-221687168-project-admin] Calling method 'version_select' {{(pid=92061) _process_stack /opt/stack/cinder/cinder/api/openstack/wsgi.py:878}}
Jun 12 04:41:36 devstack devstack@c-api.service[92061]: INFO cinder.api.openstack.wsgi [None req-89ba2cd4-4c4f-4320-a092-ef213df3162a tempest-GroupTypeSpecsTest-221687168 tempest-GroupTypeSpecsTest-221687168-project-admin] http://192.168.122.136/volume/v3/group_types/03683a01-f3b5-4cb5-a8f6-ac092112be5c returned with HTTP 202
Jun 12 04:41:36 devstack devstack@c-api.service[92061]: [pid: 92061|app: 0|req: 62/123] 192.168.122.136 () {60 vars in 1288 bytes} [Fri Jun 12 04:41:36 2026] DELETE /volume/v3/group_types/03683a01-f3b5-4cb5-a8f6-ac092112be5c => generated 0 bytes in 33 msecs (HTTP/1.1 202) 6 headers in 234 bytes (1 switches on core 0)
Jun 12 04:41:41 devstack devstack@c-api.service[92062]: DEBUG cinder.api.middleware.request_id [None req-e4c3721a-9933-4306-a17b-b7e471e6f9f9 None None] RequestId filter calling following filter/app {{(pid=92062) _context_setter /opt/stack/cinder/cinder/api/middleware/request_id.py:62}}
Jun 12 04:41:42 devstack devstack@c-api.service[92061]: DEBUG cinder.api.middleware.request_id [None req-10aaa353-e9cc-466f-b7a4-5a6071178198 None None] RequestId filter calling following filter/app {{(pid=92061) _context_setter /opt/stack/cinder/cinder/api/middleware/request_id.py:62}}
Jun 12 04:41:42 devstack devstack@c-api.service[92061]: INFO cinder.api.openstack.wsgi [None req-10aaa353-e9cc-466f-b7a4-5a6071178198 tempest-ServerActionsTestOtherA-1280537436 tempest-ServerActionsTestOtherA-1280537436-project-member] POST http://192.168.122.136/volume/v3/volumes
Jun 12 04:41:42 devstack devstack@c-api.service[92061]: DEBUG cinder.api.openstack.wsgi [None req-10aaa353-e9cc-466f-b7a4-5a6071178198 tempest-ServerActionsTestOtherA-1280537436 tempest-ServerActionsTestOtherA-1280537436-project-member] Action: 'create', calling method: create, body: {"volume": {"size": 1, "display_name": "tempest-ServerActionsTestOtherA-volume-168249157"}} {{(pid=92061) _process_stack /opt/stack/cinder/cinder/api/openstack/wsgi.py:876}}
Jun 12 04:41:42 devstack devstack@c-api.service[92061]: DEBUG cinder.api.v3.volumes [None req-10aaa353-e9cc-466f-b7a4-5a6071178198 tempest-ServerActionsTestOtherA-1280537436 tempest-ServerActionsTestOtherA-1280537436-project-member] Create volume request body: {'volume': {'size': 1, 'display_name': 'tempest-ServerActionsTestOtherA-volume-168249157'}} {{(pid=92061) create /opt/stack/cinder/cinder/api/v3/volumes.py:368}}
Jun 12 04:41:42 devstack devstack@c-api.service[92061]: INFO cinder.api.v3.volumes [None req-10aaa353-e9cc-466f-b7a4-5a6071178198 tempest-ServerActionsTestOtherA-1280537436 tempest-ServerActionsTestOtherA-1280537436-project-member] Create volume of 1 GB
Jun 12 04:41:42 devstack devstack@c-api.service[92062]: INFO cinder.api.openstack.wsgi [None req-e4c3721a-9933-4306-a17b-b7e471e6f9f9 tempest-GroupsV320Test-1807424764 tempest-GroupsV320Test-1807424764-project-admin] POST http://192.168.122.136/volume/v3/types
Jun 12 04:41:42 devstack devstack@c-api.service[92061]: DEBUG cinder.volume.api [None req-10aaa353-e9cc-466f-b7a4-5a6071178198 tempest-ServerActionsTestOtherA-1280537436 tempest-ServerActionsTestOtherA-1280537436-project-member] Availability zone cache updated, next update will occur around 2026-06-12 03:41:42.120836. {{(pid=92061) list_availability_zones /opt/stack/cinder/cinder/volume/api.py:154}}
Jun 12 04:41:42 devstack devstack@c-api.service[92062]: DEBUG cinder.api.openstack.wsgi [None req-e4c3721a-9933-4306-a17b-b7e471e6f9f9 tempest-GroupsV320Test-1807424764 tempest-GroupsV320Test-1807424764-project-admin] Action: 'create', calling method: _create, body: {"volume_type": {"name": "tempest-GroupsV320Test-volume-type-428685998"}} {{(pid=92062) _process_stack /opt/stack/cinder/cinder/api/openstack/wsgi.py:876}}
Jun 12 04:41:42 devstack devstack@c-api.service[92061]: INFO cinder.volume.api [None req-10aaa353-e9cc-466f-b7a4-5a6071178198 tempest-ServerActionsTestOtherA-1280537436 tempest-ServerActionsTestOtherA-1280537436-project-member] Availability Zones retrieved successfully.
Jun 12 04:41:42 devstack devstack@c-api.service[92062]: INFO cinder.api.openstack.wsgi [None req-e4c3721a-9933-4306-a17b-b7e471e6f9f9 tempest-GroupsV320Test-1807424764 tempest-GroupsV320Test-1807424764-project-admin] http://192.168.122.136/volume/v3/types returned with HTTP 200
Jun 12 04:41:42 devstack devstack@c-api.service[92062]: [pid: 92062|app: 0|req: 62/124] 192.168.122.136 () {60 vars in 1136 bytes} [Fri Jun 12 04:41:41 2026] POST /volume/v3/types => generated 219 bytes in 236 msecs (HTTP/1.1 200) 7 headers in 285 bytes (1 switches on core 0)
Jun 12 04:41:42 devstack devstack@c-api.service[92062]: DEBUG cinder.api.middleware.request_id [None req-f0a9aa05-a12d-4ad3-b204-724556e3f4dd None None] RequestId filter calling following filter/app {{(pid=92062) _context_setter /opt/stack/cinder/cinder/api/middleware/request_id.py:62}}
Jun 12 04:41:42 devstack devstack@c-api.service[92062]: INFO cinder.api.openstack.wsgi [None req-f0a9aa05-a12d-4ad3-b204-724556e3f4dd tempest-GroupsV320Test-1807424764 tempest-GroupsV320Test-1807424764-project-admin] POST http://192.168.122.136/volume/v3/group_types
Jun 12 04:41:42 devstack devstack@c-api.service[92062]: DEBUG cinder.api.openstack.wsgi [None req-f0a9aa05-a12d-4ad3-b204-724556e3f4dd tempest-GroupsV320Test-1807424764 tempest-GroupsV320Test-1807424764-project-admin] Action: 'create', calling method: version_select, body: {"group_type": {"name": "tempest-GroupsV320Test-group-type-333230232"}} {{(pid=92062) _process_stack /opt/stack/cinder/cinder/api/openstack/wsgi.py:876}}
Jun 12 04:41:42 devstack devstack@c-api.service[92061]: DEBUG cinder.volume.api [None req-10aaa353-e9cc-466f-b7a4-5a6071178198 tempest-ServerActionsTestOtherA-1280537436 tempest-ServerActionsTestOtherA-1280537436-project-member] Flow 'volume_create_api' (5173b682-81b0-4dbd-bacf-059f7d0ac626) transitioned into state 'RUNNING' from state 'PENDING' {{(pid=92061) _flow_receiver /opt/stack/data/venv/lib/python3.12/site-packages/taskflow/listeners/logging.py:145}}
Jun 12 04:41:42 devstack devstack@c-api.service[92061]: DEBUG cinder.volume.api [None req-10aaa353-e9cc-466f-b7a4-5a6071178198 tempest-ServerActionsTestOtherA-1280537436 tempest-ServerActionsTestOtherA-1280537436-project-member] Task 'cinder.volume.flows.api.create_volume.ExtractVolumeRequestTask;volume:create' (b4e19cbc-5c25-4394-9ab0-03619a44b7c1) transitioned into state 'RUNNING' from state 'PENDING' {{(pid=92061) _task_receiver /opt/stack/data/venv/lib/python3.12/site-packages/taskflow/listeners/logging.py:194}}
Jun 12 04:41:42 devstack devstack@c-api.service[92061]: DEBUG cinder.volume.flows.api.create_volume [None req-10aaa353-e9cc-466f-b7a4-5a6071178198 tempest-ServerActionsTestOtherA-1280537436 tempest-ServerActionsTestOtherA-1280537436-project-member] Validating volume size '1' using validate_int {{(pid=92061) _extract_size /opt/stack/cinder/cinder/volume/flows/api/create_volume.py:226}}
Jun 12 04:41:42 devstack devstack@c-api.service[92062]: INFO cinder.api.openstack.wsgi [None req-f0a9aa05-a12d-4ad3-b204-724556e3f4dd tempest-GroupsV320Test-1807424764 tempest-GroupsV320Test-1807424764-project-admin] http://192.168.122.136/volume/v3/group_types returned with HTTP 202
Jun 12 04:41:42 devstack devstack@c-api.service[92062]: [pid: 92062|app: 0|req: 63/125] 192.168.122.136 () {62 vars in 1195 bytes} [Fri Jun 12 04:41:42 2026] POST /volume/v3/group_types => generated 176 bytes in 50 msecs (HTTP/1.1 202) 7 headers in 292 bytes (1 switches on core 0)
Jun 12 04:41:42 devstack devstack@c-api.service[92062]: DEBUG cinder.api.middleware.request_id [None req-6e5e7e07-6a39-48a0-ad32-5b61c21fb9bf None None] RequestId filter calling following filter/app {{(pid=92062) _context_setter /opt/stack/cinder/cinder/api/middleware/request_id.py:62}}
Jun 12 04:41:42 devstack devstack@c-api.service[92061]: DEBUG cinder.volume.api [None req-10aaa353-e9cc-466f-b7a4-5a6071178198 tempest-ServerActionsTestOtherA-1280537436 tempest-ServerActionsTestOtherA-1280537436-project-member] Task 'cinder.volume.flows.api.create_volume.ExtractVolumeRequestTask;volume:create' (b4e19cbc-5c25-4394-9ab0-03619a44b7c1) transitioned into state 'SUCCESS' from state 'RUNNING' with result '{'size': 1, 'snapshot_id': None, 'source_volid': None, 'volume_type': VolumeType(created_at=2026-06-12T02:37:52Z,deleted=False,deleted_at=None,description=None,extra_specs={},id=d7683221-fcb3-4ce0-8eb4-0c3132878423,is_public=True,name='QuobyteHD',projects=[],qos_specs=,qos_specs_id=None,updated_at=None), 'volume_type_id': 'd7683221-fcb3-4ce0-8eb4-0c3132878423', 'encryption_key_id': None, 'qos_specs': None, 'consistencygroup_id': None, 'cgsnapshot_id': None, 'group_id': None, 'replication_status': 'disabled', 'refresh_az': False, 'backup_id': None, 'multiattach': False, 'availability_zones': ['nova']}' {{(pid=92061) _task_receiver /opt/stack/data/venv/lib/python3.12/site-packages/taskflow/listeners/logging.py:182}}
Jun 12 04:41:42 devstack devstack@c-api.service[92061]: DEBUG cinder.volume.api [None req-10aaa353-e9cc-466f-b7a4-5a6071178198 tempest-ServerActionsTestOtherA-1280537436 tempest-ServerActionsTestOtherA-1280537436-project-member] Task 'cinder.volume.flows.api.create_volume.QuotaReserveTask;volume:create' (4a0e083d-de64-4332-9705-c377d9be6df0) transitioned into state 'RUNNING' from state 'PENDING' {{(pid=92061) _task_receiver /opt/stack/data/venv/lib/python3.12/site-packages/taskflow/listeners/logging.py:194}}
Jun 12 04:41:42 devstack devstack@c-api.service[92061]: WARNING cinder.quota [None req-10aaa353-e9cc-466f-b7a4-5a6071178198 tempest-ServerActionsTestOtherA-1280537436 tempest-ServerActionsTestOtherA-1280537436-project-member] Deprecated: Default quota for resource: volumes_QuobyteHD is set by the default quota flag: quota_volumes_QuobyteHD, it is now deprecated. Please use the default quota class for default quota.
Jun 12 04:41:42 devstack devstack@c-api.service[92061]: WARNING cinder.quota [None req-10aaa353-e9cc-466f-b7a4-5a6071178198 tempest-ServerActionsTestOtherA-1280537436 tempest-ServerActionsTestOtherA-1280537436-project-member] Deprecated: Default quota for resource: gigabytes_QuobyteHD is set by the default quota flag: quota_gigabytes_QuobyteHD, it is now deprecated. Please use the default quota class for default quota.
Jun 12 04:41:42 devstack devstack@c-api.service[92062]: INFO cinder.api.openstack.wsgi [None req-6e5e7e07-6a39-48a0-ad32-5b61c21fb9bf tempest-GroupsV320Test-1137540417 tempest-GroupsV320Test-1137540417-project-member] POST http://192.168.122.136/volume/v3/groups
Jun 12 04:41:42 devstack devstack@c-api.service[92062]: DEBUG cinder.api.openstack.wsgi [None req-6e5e7e07-6a39-48a0-ad32-5b61c21fb9bf tempest-GroupsV320Test-1137540417 tempest-GroupsV320Test-1137540417-project-member] Action: 'create', calling method: version_select, body: {"group": {"group_type": "575a8fda-03a0-491c-be8f-ee16aa305376", "volume_types": ["ff117a4c-afb7-4950-8fda-2dd7b90b4f66"], "name": "tempest-GroupsV320Test-Group-205110815"}} {{(pid=92062) _process_stack /opt/stack/cinder/cinder/api/openstack/wsgi.py:876}}
Jun 12 04:41:42 devstack devstack@c-api.service[92062]: DEBUG cinder.api.v3.groups [None req-6e5e7e07-6a39-48a0-ad32-5b61c21fb9bf tempest-GroupsV320Test-1137540417 tempest-GroupsV320Test-1137540417-project-member] Creating new group {'group': {'group_type': '575a8fda-03a0-491c-be8f-ee16aa305376', 'volume_types': ['ff117a4c-afb7-4950-8fda-2dd7b90b4f66'], 'name': 'tempest-GroupsV320Test-Group-205110815'}} {{(pid=92062) create /opt/stack/cinder/cinder/api/v3/groups.py:190}}
Jun 12 04:41:42 devstack devstack@c-api.service[92062]: INFO cinder.api.v3.groups [None req-6e5e7e07-6a39-48a0-ad32-5b61c21fb9bf tempest-GroupsV320Test-1137540417 tempest-GroupsV320Test-1137540417-project-member] Creating group tempest-GroupsV320Test-Group-205110815.
Jun 12 04:41:42 devstack devstack@c-api.service[92062]: INFO cinder.volume.api [None req-6e5e7e07-6a39-48a0-ad32-5b61c21fb9bf tempest-GroupsV320Test-1137540417 tempest-GroupsV320Test-1137540417-project-member] Availability Zones retrieved successfully.
Jun 12 04:41:42 devstack devstack@c-api.service[92062]: DEBUG oslo_db.api [None req-6e5e7e07-6a39-48a0-ad32-5b61c21fb9bf tempest-GroupsV320Test-1137540417 tempest-GroupsV320Test-1137540417-project-member] DB error: (pymysql.err.OperationalError) (1213, 'Deadlock found when trying to get lock; try restarting transaction')
Jun 12 04:41:42 devstack devstack@c-api.service[92062]: [SQL: INSERT INTO quota_usages (project_id, resource, in_use, reserved, until_refresh, race_preventer, deleted_at, deleted, created_at, updated_at) VALUES (%(project_id)s, %(resource)s, %(in_use)s, %(reserved)s, %(until_refresh)s, %(race_preventer)s, %(deleted_at)s, %(deleted)s, %(created_at)s, %(updated_at)s)]
Jun 12 04:41:42 devstack devstack@c-api.service[92062]: [parameters: {'project_id': '11d1534ee7db4c87b5446a5eec7496a4', 'resource': 'groups', 'in_use': 0, 'reserved': 0, 'until_refresh': None, 'race_preventer': 1, 'deleted_at': None, 'deleted': 0, 'created_at': datetime.datetime(2026, 6, 12, 2, 41, 42, 511706), 'updated_at': None}]
Jun 12 04:41:42 devstack devstack@c-api.service[92062]: (Background on this error at: https://sqlalche.me/e/20/e3q8) {{(pid=92062) _is_exception_expected /opt/stack/data/venv/lib/python3.12/site-packages/oslo_db/api.py:184}}
Jun 12 04:41:42 devstack devstack@c-api.service[92062]: DEBUG oslo_db.api [None req-6e5e7e07-6a39-48a0-ad32-5b61c21fb9bf tempest-GroupsV320Test-1137540417 tempest-GroupsV320Test-1137540417-project-member] Performing DB retry for function cinder.db.sqlalchemy.api.quota_reserve {{(pid=92062) wrapper /opt/stack/data/venv/lib/python3.12/site-packages/oslo_db/api.py:155}}
Jun 12 04:41:42 devstack devstack@c-api.service[92061]: DEBUG cinder.quota [None req-10aaa353-e9cc-466f-b7a4-5a6071178198 tempest-ServerActionsTestOtherA-1280537436 tempest-ServerActionsTestOtherA-1280537436-project-member] Created reservations ['20f489b7-3812-4d37-93f4-5ded4206efaa', 'ce27f603-5e45-45b2-be8a-d849c9702802', 'f4ad929d-a9bd-437c-a5ff-86e3482005c7', '0337e5e2-e0e1-4319-8bd1-b7057c6c48b8'] {{(pid=92061) reserve /opt/stack/cinder/cinder/quota.py:752}}
Jun 12 04:41:42 devstack devstack@c-api.service[92061]: DEBUG cinder.volume.api [None req-10aaa353-e9cc-466f-b7a4-5a6071178198 tempest-ServerActionsTestOtherA-1280537436 tempest-ServerActionsTestOtherA-1280537436-project-member] Task 'cinder.volume.flows.api.create_volume.QuotaReserveTask;volume:create' (4a0e083d-de64-4332-9705-c377d9be6df0) transitioned into state 'SUCCESS' from state 'RUNNING' with result '{'reservations': ['20f489b7-3812-4d37-93f4-5ded4206efaa', 'ce27f603-5e45-45b2-be8a-d849c9702802', 'f4ad929d-a9bd-437c-a5ff-86e3482005c7', '0337e5e2-e0e1-4319-8bd1-b7057c6c48b8']}' {{(pid=92061) _task_receiver /opt/stack/data/venv/lib/python3.12/site-packages/taskflow/listeners/logging.py:182}}
Jun 12 04:41:42 devstack devstack@c-api.service[92061]: DEBUG cinder.volume.api [None req-10aaa353-e9cc-466f-b7a4-5a6071178198 tempest-ServerActionsTestOtherA-1280537436 tempest-ServerActionsTestOtherA-1280537436-project-member] Task 'cinder.volume.flows.api.create_volume.EntryCreateTask;volume:create' (2fe6aaa3-4512-467b-968b-9a5722ef3124) transitioned into state 'RUNNING' from state 'PENDING' {{(pid=92061) _task_receiver /opt/stack/data/venv/lib/python3.12/site-packages/taskflow/listeners/logging.py:194}}
Jun 12 04:41:42 devstack devstack@c-api.service[92061]: DEBUG cinder.volume.api [None req-10aaa353-e9cc-466f-b7a4-5a6071178198 tempest-ServerActionsTestOtherA-1280537436 tempest-ServerActionsTestOtherA-1280537436-project-member] Task 'cinder.volume.flows.api.create_volume.EntryCreateTask;volume:create' (2fe6aaa3-4512-467b-968b-9a5722ef3124) transitioned into state 'SUCCESS' from state 'RUNNING' with result '{'volume_id': 'c8721a28-d22f-4cfa-91f1-8c09ae4ce405', 'volume_properties': VolumeProperties(attach_status='detached',availability_zone='nova',cgsnapshot_id=None,consistencygroup_id=None,display_description=None,display_name='tempest-ServerActionsTestOtherA-volume-168249157',encryption_key_id=None,group_id=None,group_type_id=,metadata={},multiattach=False,project_id='4f2ac9cdaa6a4a87b6c700c1b64da97d',qos_specs=None,replication_status=,reservations=['20f489b7-3812-4d37-93f4-5ded4206efaa','ce27f603-5e45-45b2-be8a-d849c9702802','f4ad929d-a9bd-437c-a5ff-86e3482005c7','0337e5e2-e0e1-4319-8bd1-b7057c6c48b8'],size=1,snapshot_id=None,source_replicaid=,source_volid=None,status='creating',user_id='832ac04bd138439e88601a8d89ad6e45',volume_type_id=d7683221-fcb3-4ce0-8eb4-0c3132878423), 'volume': Volume(_name_id=None,admin_metadata=,attach_status='detached',availability_zone='nova',bootable=False,cluster=,cluster_name=None,consistencygroup=,consistencygroup_id=None,created_at=2026-06-12T02:41:42Z,deleted=False,deleted_at=None,display_description=None,display_name='tempest-ServerActionsTestOtherA-volume-168249157',ec2_id=None,encryption_key_id=None,glance_metadata=,group=,group_id=None,host=None,id=c8721a28-d22f-4cfa-91f1-8c09ae4ce405,launched_at=None,metadata={},migration_status=None,multiattach=False,previous_status=None,project_id='4f2ac9cdaa6a4a87b6c700c1b64da97d',provider_auth=None,provider_geometry=None,provider_id=None,provider_location=None,replication_driver_data=None,replication_extended_status=None,replication_status=None,scheduled_at=None,service_uuid=None,shared_targets=True,size=1,snapshot_id=None,snapshots=,source_volid=None,status='creating',terminated_at=None,updated_at=None,use_quota=True,user_id='832ac04bd138439e88601a8d89ad6e45',volume_attachment=VolumeAttachmentList,volume_type=VolumeType(d7683221-fcb3-4ce0-8eb4-0c3132878423),volume_type_id=d7683221-fcb3-4ce0-8eb4-0c3132878423)}' {{(pid=92061) _task_receiver /opt/stack/data/venv/lib/python3.12/site-packages/taskflow/listeners/logging.py:182}}
Jun 12 04:41:42 devstack devstack@c-api.service[92061]: DEBUG cinder.volume.api [None req-10aaa353-e9cc-466f-b7a4-5a6071178198 tempest-ServerActionsTestOtherA-1280537436 tempest-ServerActionsTestOtherA-1280537436-project-member] Task 'cinder.volume.flows.api.create_volume.QuotaCommitTask;volume:create' (384567a8-add4-4d9d-8b88-c8d9529ff22a) transitioned into state 'RUNNING' from state 'PENDING' {{(pid=92061) _task_receiver /opt/stack/data/venv/lib/python3.12/site-packages/taskflow/listeners/logging.py:194}}
Jun 12 04:41:42 devstack devstack@c-api.service[92061]: DEBUG cinder.volume.api [None req-10aaa353-e9cc-466f-b7a4-5a6071178198 tempest-ServerActionsTestOtherA-1280537436 tempest-ServerActionsTestOtherA-1280537436-project-member] Task 'cinder.volume.flows.api.create_volume.QuotaCommitTask;volume:create' (384567a8-add4-4d9d-8b88-c8d9529ff22a) transitioned into state 'SUCCESS' from state 'RUNNING' with result '{'volume_properties': VolumeProperties(attach_status='detached',availability_zone='nova',cgsnapshot_id=None,consistencygroup_id=None,display_description=None,display_name='tempest-ServerActionsTestOtherA-volume-168249157',encryption_key_id=None,group_id=None,group_type_id=,metadata={},multiattach=False,project_id='4f2ac9cdaa6a4a87b6c700c1b64da97d',qos_specs=None,replication_status=,reservations=['20f489b7-3812-4d37-93f4-5ded4206efaa','ce27f603-5e45-45b2-be8a-d849c9702802','f4ad929d-a9bd-437c-a5ff-86e3482005c7','0337e5e2-e0e1-4319-8bd1-b7057c6c48b8'],size=1,snapshot_id=None,source_replicaid=,source_volid=None,status='creating',user_id='832ac04bd138439e88601a8d89ad6e45',volume_type_id=d7683221-fcb3-4ce0-8eb4-0c3132878423)}' {{(pid=92061) _task_receiver /opt/stack/data/venv/lib/python3.12/site-packages/taskflow/listeners/logging.py:182}}
Jun 12 04:41:42 devstack devstack@c-api.service[92061]: DEBUG cinder.volume.api [None req-10aaa353-e9cc-466f-b7a4-5a6071178198 tempest-ServerActionsTestOtherA-1280537436 tempest-ServerActionsTestOtherA-1280537436-project-member] Task 'cinder.volume.flows.api.create_volume.VolumeCastTask;volume:create' (22d29e2e-5380-4d47-83ed-168de99e95c5) transitioned into state 'RUNNING' from state 'PENDING' {{(pid=92061) _task_receiver /opt/stack/data/venv/lib/python3.12/site-packages/taskflow/listeners/logging.py:194}}
Jun 12 04:41:42 devstack devstack@c-api.service[92061]: DEBUG cinder.volume.api [None req-10aaa353-e9cc-466f-b7a4-5a6071178198 tempest-ServerActionsTestOtherA-1280537436 tempest-ServerActionsTestOtherA-1280537436-project-member] Task 'cinder.volume.flows.api.create_volume.VolumeCastTask;volume:create' (22d29e2e-5380-4d47-83ed-168de99e95c5) transitioned into state 'SUCCESS' from state 'RUNNING' with result 'None' {{(pid=92061) _task_receiver /opt/stack/data/venv/lib/python3.12/site-packages/taskflow/listeners/logging.py:182}}
Jun 12 04:41:42 devstack devstack@c-api.service[92061]: DEBUG cinder.volume.api [None req-10aaa353-e9cc-466f-b7a4-5a6071178198 tempest-ServerActionsTestOtherA-1280537436 tempest-ServerActionsTestOtherA-1280537436-project-member] Flow 'volume_create_api' (5173b682-81b0-4dbd-bacf-059f7d0ac626) transitioned into state 'SUCCESS' from state 'RUNNING' {{(pid=92061) _flow_receiver /opt/stack/data/venv/lib/python3.12/site-packages/taskflow/listeners/logging.py:145}}
Jun 12 04:41:42 devstack devstack@c-api.service[92061]: INFO cinder.volume.api [None req-10aaa353-e9cc-466f-b7a4-5a6071178198 tempest-ServerActionsTestOtherA-1280537436 tempest-ServerActionsTestOtherA-1280537436-project-member] Create volume request issued successfully.
Jun 12 04:41:42 devstack devstack@c-api.service[92061]: INFO cinder.api.openstack.wsgi [None req-10aaa353-e9cc-466f-b7a4-5a6071178198 tempest-ServerActionsTestOtherA-1280537436 tempest-ServerActionsTestOtherA-1280537436-project-member] http://192.168.122.136/volume/v3/volumes returned with HTTP 202
Jun 12 04:41:42 devstack devstack@c-api.service[92061]: [pid: 92061|app: 0|req: 63/126] 192.168.122.136 () {60 vars in 1142 bytes} [Fri Jun 12 04:41:42 2026] POST /volume/v3/volumes => generated 762 bytes in 735 msecs (HTTP/1.1 202) 7 headers in 291 bytes (1 switches on core 0)
Jun 12 04:41:43 devstack devstack@c-api.service[92062]: DEBUG cinder.quota [None req-6e5e7e07-6a39-48a0-ad32-5b61c21fb9bf tempest-GroupsV320Test-1137540417 tempest-GroupsV320Test-1137540417-project-member] Created reservations ['86ce4374-6d4a-4388-9c2a-23c45e5ed950'] {{(pid=92062) reserve /opt/stack/cinder/cinder/quota.py:752}}
Jun 12 04:41:43 devstack devstack@c-api.service[92062]: INFO cinder.api.openstack.wsgi [None req-6e5e7e07-6a39-48a0-ad32-5b61c21fb9bf tempest-GroupsV320Test-1137540417 tempest-GroupsV320Test-1137540417-project-member] http://192.168.122.136/volume/v3/groups returned with HTTP 202
Jun 12 04:41:43 devstack devstack@c-api.service[92062]: [pid: 92062|app: 0|req: 64/127] 192.168.122.136 () {62 vars in 1181 bytes} [Fri Jun 12 04:41:42 2026] POST /volume/v3/groups => generated 107 bytes in 1408 msecs (HTTP/1.1 202) 7 headers in 292 bytes (2 switches on core 0)
Jun 12 04:41:43 devstack devstack@c-api.service[92061]: DEBUG cinder.api.middleware.request_id [None req-fbab6e88-0815-4b21-9e95-e1b38042606e None None] RequestId filter calling following filter/app {{(pid=92061) _context_setter /opt/stack/cinder/cinder/api/middleware/request_id.py:62}}
Jun 12 04:41:43 devstack devstack@c-api.service[92061]: INFO cinder.api.openstack.wsgi [None req-fbab6e88-0815-4b21-9e95-e1b38042606e tempest-GroupsV320Test-1137540417 tempest-GroupsV320Test-1137540417-project-member] GET http://192.168.122.136/volume/v3/groups/3dc3015e-a94b-4847-80b6-f57289b1e364
Jun 12 04:41:43 devstack devstack@c-api.service[92061]: DEBUG cinder.api.openstack.wsgi [None req-fbab6e88-0815-4b21-9e95-e1b38042606e tempest-GroupsV320Test-1137540417 tempest-GroupsV320Test-1137540417-project-member] Empty body provided in request {{(pid=92061) get_body /opt/stack/cinder/cinder/api/openstack/wsgi.py:725}}
Jun 12 04:41:43 devstack devstack@c-api.service[92061]: DEBUG cinder.api.openstack.wsgi [None req-fbab6e88-0815-4b21-9e95-e1b38042606e tempest-GroupsV320Test-1137540417 tempest-GroupsV320Test-1137540417-project-member] Calling method 'version_select' {{(pid=92061) _process_stack /opt/stack/cinder/cinder/api/openstack/wsgi.py:878}}
Jun 12 04:41:43 devstack devstack@c-api.service[92061]: DEBUG cinder.api.v3.groups [None req-fbab6e88-0815-4b21-9e95-e1b38042606e tempest-GroupsV320Test-1137540417 tempest-GroupsV320Test-1137540417-project-member] show called for member 3dc3015e-a94b-4847-80b6-f57289b1e364 {{(pid=92061) show /opt/stack/cinder/cinder/api/v3/groups.py:58}}
Jun 12 04:41:43 devstack devstack@c-api.service[92061]: /opt/stack/data/venv/lib/python3.12/site-packages/oslo_context/context.py:101: DeprecationWarning: Policy enforcement is depending on the value of is_admin. This key is deprecated. Please update your policy file to use the standard policy values.
Jun 12 04:41:43 devstack devstack@c-api.service[92061]: warnings.warn(
Jun 12 04:41:43 devstack devstack@c-api.service[92061]: INFO cinder.api.openstack.wsgi [None req-fbab6e88-0815-4b21-9e95-e1b38042606e tempest-GroupsV320Test-1137540417 tempest-GroupsV320Test-1137540417-project-member] http://192.168.122.136/volume/v3/groups/3dc3015e-a94b-4847-80b6-f57289b1e364 returned with HTTP 200
Jun 12 04:41:43 devstack devstack@c-api.service[92061]: [pid: 92061|app: 0|req: 64/128] 192.168.122.136 () {60 vars in 1270 bytes} [Fri Jun 12 04:41:43 2026] GET /volume/v3/groups/3dc3015e-a94b-4847-80b6-f57289b1e364 => generated 387 bytes in 82 msecs (HTTP/1.1 200) 7 headers in 286 bytes (1 switches on core 0)
Jun 12 04:41:44 devstack devstack@c-api.service[92062]: DEBUG cinder.api.middleware.request_id [None req-1cab0d02-430a-4695-9662-b9960244a8c2 None None] RequestId filter calling following filter/app {{(pid=92062) _context_setter /opt/stack/cinder/cinder/api/middleware/request_id.py:62}}
Jun 12 04:41:44 devstack devstack@c-api.service[92062]: INFO cinder.api.openstack.wsgi [None req-1cab0d02-430a-4695-9662-b9960244a8c2 tempest-GroupsV320Test-1137540417 tempest-GroupsV320Test-1137540417-project-member] GET http://192.168.122.136/volume/v3/groups/3dc3015e-a94b-4847-80b6-f57289b1e364
Jun 12 04:41:44 devstack devstack@c-api.service[92062]: DEBUG cinder.api.openstack.wsgi [None req-1cab0d02-430a-4695-9662-b9960244a8c2 tempest-GroupsV320Test-1137540417 tempest-GroupsV320Test-1137540417-project-member] Empty body provided in request {{(pid=92062) get_body /opt/stack/cinder/cinder/api/openstack/wsgi.py:725}}
Jun 12 04:41:44 devstack devstack@c-api.service[92062]: DEBUG cinder.api.openstack.wsgi [None req-1cab0d02-430a-4695-9662-b9960244a8c2 tempest-GroupsV320Test-1137540417 tempest-GroupsV320Test-1137540417-project-member] Calling method 'version_select' {{(pid=92062) _process_stack /opt/stack/cinder/cinder/api/openstack/wsgi.py:878}}
Jun 12 04:41:44 devstack devstack@c-api.service[92062]: DEBUG cinder.api.v3.groups [None req-1cab0d02-430a-4695-9662-b9960244a8c2 tempest-GroupsV320Test-1137540417 tempest-GroupsV320Test-1137540417-project-member] show called for member 3dc3015e-a94b-4847-80b6-f57289b1e364 {{(pid=92062) show /opt/stack/cinder/cinder/api/v3/groups.py:58}}
Jun 12 04:41:44 devstack devstack@c-api.service[92062]: /opt/stack/data/venv/lib/python3.12/site-packages/oslo_context/context.py:101: DeprecationWarning: Policy enforcement is depending on the value of is_admin. This key is deprecated. Please update your policy file to use the standard policy values.
Jun 12 04:41:44 devstack devstack@c-api.service[92062]: warnings.warn(
Jun 12 04:41:44 devstack devstack@c-api.service[92062]: INFO cinder.api.openstack.wsgi [None req-1cab0d02-430a-4695-9662-b9960244a8c2 tempest-GroupsV320Test-1137540417 tempest-GroupsV320Test-1137540417-project-member] http://192.168.122.136/volume/v3/groups/3dc3015e-a94b-4847-80b6-f57289b1e364 returned with HTTP 200
Jun 12 04:41:44 devstack devstack@c-api.service[92062]: [pid: 92062|app: 0|req: 65/129] 192.168.122.136 () {60 vars in 1270 bytes} [Fri Jun 12 04:41:44 2026] GET /volume/v3/groups/3dc3015e-a94b-4847-80b6-f57289b1e364 => generated 388 bytes in 79 msecs (HTTP/1.1 200) 7 headers in 286 bytes (2 switches on core 0)
Jun 12 04:41:44 devstack devstack@c-api.service[92061]: DEBUG cinder.api.middleware.request_id [None req-536ed0aa-5c67-4315-972e-b60a543903f9 None None] RequestId filter calling following filter/app {{(pid=92061) _context_setter /opt/stack/cinder/cinder/api/middleware/request_id.py:62}}
Jun 12 04:41:44 devstack devstack@c-api.service[92061]: INFO cinder.api.openstack.wsgi [None req-536ed0aa-5c67-4315-972e-b60a543903f9 tempest-GroupsV320Test-1807424764 tempest-GroupsV320Test-1807424764-project-admin] POST http://192.168.122.136/volume/v3/groups/3dc3015e-a94b-4847-80b6-f57289b1e364/action
Jun 12 04:41:44 devstack devstack@c-api.service[92061]: DEBUG cinder.api.openstack.wsgi [None req-536ed0aa-5c67-4315-972e-b60a543903f9 tempest-GroupsV320Test-1807424764 tempest-GroupsV320Test-1807424764-project-admin] Action body: b'{"reset_status": {"status": "creating"}}' {{(pid=92061) get_method /opt/stack/cinder/cinder/api/openstack/wsgi.py:993}}
Jun 12 04:41:44 devstack devstack@c-api.service[92061]: DEBUG cinder.api.openstack.wsgi [None req-536ed0aa-5c67-4315-972e-b60a543903f9 tempest-GroupsV320Test-1807424764 tempest-GroupsV320Test-1807424764-project-admin] Action: 'action', calling method: version_select, body: {"reset_status": {"status": "creating"}} {{(pid=92061) _process_stack /opt/stack/cinder/cinder/api/openstack/wsgi.py:876}}
Jun 12 04:41:44 devstack devstack@c-api.service[92061]: DEBUG cinder.api.v3.groups [None req-536ed0aa-5c67-4315-972e-b60a543903f9 tempest-GroupsV320Test-1807424764 tempest-GroupsV320Test-1807424764-project-admin] Updating group '3dc3015e-a94b-4847-80b6-f57289b1e364' with 'creating' {{(pid=92061) _reset_status /opt/stack/cinder/cinder/api/v3/groups.py:82}}
Jun 12 04:41:44 devstack devstack@c-api.service[92061]: /opt/stack/data/venv/lib/python3.12/site-packages/oslo_context/context.py:101: DeprecationWarning: Policy enforcement is depending on the value of is_admin. This key is deprecated. Please update your policy file to use the standard policy values.
Jun 12 04:41:44 devstack devstack@c-api.service[92061]: warnings.warn(
