Aug 17 16:49:22 devstack devstack@c-api.service[94052]: [pid: 94052|app: 0|req: 197/402] 192.168.122.128 () {58 vars in 1259 bytes} [Mon Aug 17 16:49:22 2026] GET /volume/v3/os-quota-sets/881bc89a446641b8b3df65896eec8899?usage=True => generated 1064 bytes in 98 msecs (HTTP/1.1 200) 7 headers in 286 bytes (1 switches on core 0)
Aug 17 16:49:22 devstack devstack@c-api.service[94053]: [pid: 94053|app: 0|req: 206/403] 192.168.122.128 () {58 vars in 1235 bytes} [Mon Aug 17 16:49:22 2026] DELETE /volume/v3/volumes/b6927888-c8bb-4ee7-839d-3bab668581e9 => generated 0 bytes in 137 msecs (HTTP/1.1 202) 6 headers in 233 bytes (1 switches on core 0)
Aug 17 16:49:22 devstack devstack@c-api.service[94052]: DEBUG cinder.api.middleware.request_id [None req-3170d09c-0513-466c-a030-9e35cccd1dba None None] RequestId filter calling following filter/app {{(pid=94052) _context_setter /opt/stack/cinder/cinder/api/middleware/request_id.py:62}}
Aug 17 16:49:23 devstack devstack@c-api.service[94052]: INFO cinder.api.openstack.wsgi [None req-3170d09c-0513-466c-a030-9e35cccd1dba tempest-VolumeQuotasNegativeTestJSON-1372289973 tempest-VolumeQuotasNegativeTestJSON-1372289973-project-member] GET http://192.168.122.128/volume/v3/volumes/b6927888-c8bb-4ee7-839d-3bab668581e9
Aug 17 16:49:23 devstack devstack@c-api.service[94052]: DEBUG cinder.api.openstack.wsgi [None req-3170d09c-0513-466c-a030-9e35cccd1dba tempest-VolumeQuotasNegativeTestJSON-1372289973 tempest-VolumeQuotasNegativeTestJSON-1372289973-project-member] Empty body provided in request {{(pid=94052) get_body /opt/stack/cinder/cinder/api/openstack/wsgi.py:725}}
Aug 17 16:49:23 devstack devstack@c-api.service[94052]: DEBUG cinder.api.openstack.wsgi [None req-3170d09c-0513-466c-a030-9e35cccd1dba tempest-VolumeQuotasNegativeTestJSON-1372289973 tempest-VolumeQuotasNegativeTestJSON-1372289973-project-member] Calling method 'show' {{(pid=94052) _process_stack /opt/stack/cinder/cinder/api/openstack/wsgi.py:878}}
Aug 17 16:49:23 devstack devstack@c-api.service[94053]: DEBUG cinder.api.middleware.request_id [None req-1ea55b1b-94ec-4a18-b6dc-e8d96cc638a0 None None] RequestId filter calling following filter/app {{(pid=94053) _context_setter /opt/stack/cinder/cinder/api/middleware/request_id.py:62}}
Aug 17 16:49:23 devstack devstack@c-api.service[94053]: INFO cinder.api.openstack.wsgi [None req-1ea55b1b-94ec-4a18-b6dc-e8d96cc638a0 tempest-VolumeQuotasAdminTestJSON-715963104 tempest-VolumeQuotasAdminTestJSON-715963104-project-member] DELETE http://192.168.122.128/volume/v3/volumes/8b040441-f134-46a1-a072-df48b0afde4c
Aug 17 16:49:23 devstack devstack@c-api.service[94053]: DEBUG cinder.api.openstack.wsgi [None req-1ea55b1b-94ec-4a18-b6dc-e8d96cc638a0 tempest-VolumeQuotasAdminTestJSON-715963104 tempest-VolumeQuotasAdminTestJSON-715963104-project-member] Empty body provided in request {{(pid=94053) get_body /opt/stack/cinder/cinder/api/openstack/wsgi.py:725}}
Aug 17 16:49:23 devstack devstack@c-api.service[94053]: DEBUG cinder.api.openstack.wsgi [None req-1ea55b1b-94ec-4a18-b6dc-e8d96cc638a0 tempest-VolumeQuotasAdminTestJSON-715963104 tempest-VolumeQuotasAdminTestJSON-715963104-project-member] Calling method 'delete' {{(pid=94053) _process_stack /opt/stack/cinder/cinder/api/openstack/wsgi.py:878}}
Aug 17 16:49:23 devstack devstack@c-api.service[94053]: INFO cinder.api.v3.volumes [None req-1ea55b1b-94ec-4a18-b6dc-e8d96cc638a0 tempest-VolumeQuotasAdminTestJSON-715963104 tempest-VolumeQuotasAdminTestJSON-715963104-project-member] Delete volume with id: 8b040441-f134-46a1-a072-df48b0afde4c
Aug 17 16:49:23 devstack devstack@c-api.service[94052]: /opt/stack/data/venv/lib/python3.12/site-packages/oslo_context/context.py:102: DeprecationWarning: Policy enforcement is depending on the value of is_admin. This key is deprecated. Please update your policy file to use the standard policy values.
Aug 17 16:49:23 devstack devstack@c-api.service[94052]: warnings.warn(
Aug 17 16:49:23 devstack devstack@c-api.service[94053]: /opt/stack/data/venv/lib/python3.12/site-packages/oslo_context/context.py:102: DeprecationWarning: Policy enforcement is depending on the value of is_admin. This key is deprecated. Please update your policy file to use the standard policy values.
Aug 17 16:49:23 devstack devstack@c-api.service[94053]: warnings.warn(
Aug 17 16:49:23 devstack devstack@c-api.service[94053]: INFO cinder.volume.api [None req-1ea55b1b-94ec-4a18-b6dc-e8d96cc638a0 tempest-VolumeQuotasAdminTestJSON-715963104 tempest-VolumeQuotasAdminTestJSON-715963104-project-member] Volume info retrieved successfully.
Aug 17 16:49:23 devstack devstack@c-api.service[94052]: INFO cinder.volume.api [None req-3170d09c-0513-466c-a030-9e35cccd1dba tempest-VolumeQuotasNegativeTestJSON-1372289973 tempest-VolumeQuotasNegativeTestJSON-1372289973-project-member] Volume info retrieved successfully.
Aug 17 16:49:23 devstack devstack@c-api.service[94052]: INFO cinder.api.openstack.wsgi [None req-3170d09c-0513-466c-a030-9e35cccd1dba tempest-VolumeQuotasNegativeTestJSON-1372289973 tempest-VolumeQuotasNegativeTestJSON-1372289973-project-member] http://192.168.122.128/volume/v3/volumes/b6927888-c8bb-4ee7-839d-3bab668581e9 returned with HTTP 200
Aug 17 16:49:23 devstack devstack@c-api.service[94052]: [pid: 94052|app: 0|req: 198/404] 192.168.122.128 () {58 vars in 1232 bytes} [Mon Aug 17 16:49:22 2026] GET /volume/v3/volumes/b6927888-c8bb-4ee7-839d-3bab668581e9 => generated 860 bytes in 80 msecs (HTTP/1.1 200) 7 headers in 285 bytes (1 switches on core 0)
Aug 17 16:49:23 devstack devstack@c-api.service[94053]: INFO cinder.volume.api [None req-1ea55b1b-94ec-4a18-b6dc-e8d96cc638a0 tempest-VolumeQuotasAdminTestJSON-715963104 tempest-VolumeQuotasAdminTestJSON-715963104-project-member] Delete volume request issued successfully.
Aug 17 16:49:23 devstack devstack@c-api.service[94053]: INFO cinder.api.openstack.wsgi [None req-1ea55b1b-94ec-4a18-b6dc-e8d96cc638a0 tempest-VolumeQuotasAdminTestJSON-715963104 tempest-VolumeQuotasAdminTestJSON-715963104-project-member] http://192.168.122.128/volume/v3/volumes/8b040441-f134-46a1-a072-df48b0afde4c returned with HTTP 202
Aug 17 16:49:23 devstack devstack@c-api.service[94053]: [pid: 94053|app: 0|req: 207/405] 192.168.122.128 () {58 vars in 1235 bytes} [Mon Aug 17 16:49:23 2026] DELETE /volume/v3/volumes/8b040441-f134-46a1-a072-df48b0afde4c => generated 0 bytes in 120 msecs (HTTP/1.1 202) 6 headers in 233 bytes (1 switches on core 0)
Aug 17 16:49:23 devstack devstack@c-api.service[94052]: DEBUG cinder.api.middleware.request_id [None req-cfafd359-f4eb-420b-9002-9a3893a23858 None None] RequestId filter calling following filter/app {{(pid=94052) _context_setter /opt/stack/cinder/cinder/api/middleware/request_id.py:62}}
Aug 17 16:49:23 devstack devstack@c-api.service[94052]: INFO cinder.api.openstack.wsgi [None req-cfafd359-f4eb-420b-9002-9a3893a23858 tempest-VolumeQuotasAdminTestJSON-715963104 tempest-VolumeQuotasAdminTestJSON-715963104-project-member] GET http://192.168.122.128/volume/v3/volumes/8b040441-f134-46a1-a072-df48b0afde4c
Aug 17 16:49:23 devstack devstack@c-api.service[94052]: DEBUG cinder.api.openstack.wsgi [None req-cfafd359-f4eb-420b-9002-9a3893a23858 tempest-VolumeQuotasAdminTestJSON-715963104 tempest-VolumeQuotasAdminTestJSON-715963104-project-member] Empty body provided in request {{(pid=94052) get_body /opt/stack/cinder/cinder/api/openstack/wsgi.py:725}}
Aug 17 16:49:23 devstack devstack@c-api.service[94052]: DEBUG cinder.api.openstack.wsgi [None req-cfafd359-f4eb-420b-9002-9a3893a23858 tempest-VolumeQuotasAdminTestJSON-715963104 tempest-VolumeQuotasAdminTestJSON-715963104-project-member] Calling method 'show' {{(pid=94052) _process_stack /opt/stack/cinder/cinder/api/openstack/wsgi.py:878}}
Aug 17 16:49:23 devstack devstack@c-api.service[94053]: DEBUG cinder.api.middleware.request_id [None req-4d9890ed-3198-48c1-89ff-fc811195c22d None None] RequestId filter calling following filter/app {{(pid=94053) _context_setter /opt/stack/cinder/cinder/api/middleware/request_id.py:62}}
Aug 17 16:49:23 devstack devstack@c-api.service[94052]: /opt/stack/data/venv/lib/python3.12/site-packages/oslo_context/context.py:102: DeprecationWarning: Policy enforcement is depending on the value of is_admin. This key is deprecated. Please update your policy file to use the standard policy values.
Aug 17 16:49:23 devstack devstack@c-api.service[94052]: warnings.warn(
Aug 17 16:49:23 devstack devstack@c-api.service[94053]: INFO cinder.api.openstack.wsgi [None req-4d9890ed-3198-48c1-89ff-fc811195c22d tempest-AttachVolumeNegativeTest-1102215556 tempest-AttachVolumeNegativeTest-1102215556-project-member] GET http://192.168.122.128/volume/v3/volumes/6af88edd-2978-4824-bf7b-85596eee5269
Aug 17 16:49:23 devstack devstack@c-api.service[94053]: DEBUG cinder.api.openstack.wsgi [None req-4d9890ed-3198-48c1-89ff-fc811195c22d tempest-AttachVolumeNegativeTest-1102215556 tempest-AttachVolumeNegativeTest-1102215556-project-member] Empty body provided in request {{(pid=94053) get_body /opt/stack/cinder/cinder/api/openstack/wsgi.py:725}}
Aug 17 16:49:23 devstack devstack@c-api.service[94053]: DEBUG cinder.api.openstack.wsgi [None req-4d9890ed-3198-48c1-89ff-fc811195c22d tempest-AttachVolumeNegativeTest-1102215556 tempest-AttachVolumeNegativeTest-1102215556-project-member] Calling method 'show' {{(pid=94053) _process_stack /opt/stack/cinder/cinder/api/openstack/wsgi.py:878}}
Aug 17 16:49:23 devstack devstack@c-api.service[94052]: INFO cinder.volume.api [None req-cfafd359-f4eb-420b-9002-9a3893a23858 tempest-VolumeQuotasAdminTestJSON-715963104 tempest-VolumeQuotasAdminTestJSON-715963104-project-member] Volume info retrieved successfully.
Aug 17 16:49:23 devstack devstack@c-api.service[94053]: /opt/stack/data/venv/lib/python3.12/site-packages/oslo_context/context.py:102: DeprecationWarning: Policy enforcement is depending on the value of is_admin. This key is deprecated. Please update your policy file to use the standard policy values.
Aug 17 16:49:23 devstack devstack@c-api.service[94053]: warnings.warn(
Aug 17 16:49:23 devstack devstack@c-api.service[94052]: INFO cinder.api.openstack.wsgi [None req-cfafd359-f4eb-420b-9002-9a3893a23858 tempest-VolumeQuotasAdminTestJSON-715963104 tempest-VolumeQuotasAdminTestJSON-715963104-project-member] http://192.168.122.128/volume/v3/volumes/8b040441-f134-46a1-a072-df48b0afde4c returned with HTTP 200
Aug 17 16:49:23 devstack devstack@c-api.service[94052]: [pid: 94052|app: 0|req: 199/406] 192.168.122.128 () {58 vars in 1232 bytes} [Mon Aug 17 16:49:23 2026] GET /volume/v3/volumes/8b040441-f134-46a1-a072-df48b0afde4c => generated 856 bytes in 87 msecs (HTTP/1.1 200) 7 headers in 285 bytes (1 switches on core 0)
Aug 17 16:49:23 devstack devstack@c-api.service[94052]: DEBUG cinder.api.middleware.request_id [req-9b6c15c2-8d5d-4afa-897c-c8bbe4b21a32 req-6264221e-353d-4655-b1ca-8f797b440ced None None] RequestId filter calling following filter/app {{(pid=94052) _context_setter /opt/stack/cinder/cinder/api/middleware/request_id.py:62}}
Aug 17 16:49:23 devstack devstack@c-api.service[94052]: INFO cinder.api.openstack.wsgi [req-9b6c15c2-8d5d-4afa-897c-c8bbe4b21a32 req-6264221e-353d-4655-b1ca-8f797b440ced tempest-ServerActionsTestOtherA-1793968643 tempest-ServerActionsTestOtherA-1793968643-project-member] POST http://192.168.122.128/volume/v3/attachments/8e24603b-2b97-45dc-9ae7-45b4f249a199/action
Aug 17 16:49:23 devstack devstack@c-api.service[94053]: INFO cinder.volume.api [None req-4d9890ed-3198-48c1-89ff-fc811195c22d tempest-AttachVolumeNegativeTest-1102215556 tempest-AttachVolumeNegativeTest-1102215556-project-member] Volume info retrieved successfully.
Aug 17 16:49:23 devstack devstack@c-api.service[94052]: DEBUG cinder.api.openstack.wsgi [req-9b6c15c2-8d5d-4afa-897c-c8bbe4b21a32 req-6264221e-353d-4655-b1ca-8f797b440ced tempest-ServerActionsTestOtherA-1793968643 tempest-ServerActionsTestOtherA-1793968643-project-member] Action body: b'{"os-complete": null}' {{(pid=94052) get_method /opt/stack/cinder/cinder/api/openstack/wsgi.py:993}}
Aug 17 16:49:23 devstack devstack@c-api.service[94052]: DEBUG cinder.api.openstack.wsgi [req-9b6c15c2-8d5d-4afa-897c-c8bbe4b21a32 req-6264221e-353d-4655-b1ca-8f797b440ced tempest-ServerActionsTestOtherA-1793968643 tempest-ServerActionsTestOtherA-1793968643-project-member] Action: 'action', calling method: complete, body: {"os-complete": null} {{(pid=94052) _process_stack /opt/stack/cinder/cinder/api/openstack/wsgi.py:876}}
Aug 17 16:49:23 devstack devstack@c-api.service[94053]: INFO cinder.api.openstack.wsgi [None req-4d9890ed-3198-48c1-89ff-fc811195c22d tempest-AttachVolumeNegativeTest-1102215556 tempest-AttachVolumeNegativeTest-1102215556-project-member] http://192.168.122.128/volume/v3/volumes/6af88edd-2978-4824-bf7b-85596eee5269 returned with HTTP 200
Aug 17 16:49:23 devstack devstack@c-api.service[94053]: [pid: 94053|app: 0|req: 208/407] 192.168.122.128 () {58 vars in 1232 bytes} [Mon Aug 17 16:49:23 2026] GET /volume/v3/volumes/6af88edd-2978-4824-bf7b-85596eee5269 => generated 856 bytes in 96 msecs (HTTP/1.1 200) 7 headers in 285 bytes (1 switches on core 0)
Aug 17 16:49:23 devstack devstack@c-api.service[94052]: /opt/stack/data/venv/lib/python3.12/site-packages/oslo_context/context.py:102: DeprecationWarning: Policy enforcement is depending on the value of is_admin. This key is deprecated. Please update your policy file to use the standard policy values.
Aug 17 16:49:23 devstack devstack@c-api.service[94052]: warnings.warn(
Aug 17 16:49:23 devstack devstack@c-api.service[94052]: INFO cinder.api.openstack.wsgi [req-9b6c15c2-8d5d-4afa-897c-c8bbe4b21a32 req-6264221e-353d-4655-b1ca-8f797b440ced tempest-ServerActionsTestOtherA-1793968643 tempest-ServerActionsTestOtherA-1793968643-project-member] http://192.168.122.128/volume/v3/attachments/8e24603b-2b97-45dc-9ae7-45b4f249a199/action returned with HTTP 204
Aug 17 16:49:23 devstack devstack@c-api.service[94052]: [pid: 94052|app: 0|req: 200/408] 192.168.122.128 () {66 vars in 1614 bytes} [Mon Aug 17 16:49:23 2026] POST /volume/v3/attachments/8e24603b-2b97-45dc-9ae7-45b4f249a199/action => generated 0 bytes in 101 msecs (HTTP/1.1 204) 7 headers in 292 bytes (1 switches on core 0)
Aug 17 16:49:24 devstack devstack@c-api.service[94053]: DEBUG cinder.api.middleware.request_id [None req-df2e1195-14ff-443b-804f-f2618b86cc03 None None] RequestId filter calling following filter/app {{(pid=94053) _context_setter /opt/stack/cinder/cinder/api/middleware/request_id.py:62}}
Aug 17 16:49:24 devstack devstack@c-api.service[94053]: INFO cinder.api.openstack.wsgi [None req-df2e1195-14ff-443b-804f-f2618b86cc03 tempest-VolumeQuotasNegativeTestJSON-1372289973 tempest-VolumeQuotasNegativeTestJSON-1372289973-project-member] GET http://192.168.122.128/volume/v3/volumes/b6927888-c8bb-4ee7-839d-3bab668581e9
Aug 17 16:49:24 devstack devstack@c-api.service[94053]: DEBUG cinder.api.openstack.wsgi [None req-df2e1195-14ff-443b-804f-f2618b86cc03 tempest-VolumeQuotasNegativeTestJSON-1372289973 tempest-VolumeQuotasNegativeTestJSON-1372289973-project-member] Empty body provided in request {{(pid=94053) get_body /opt/stack/cinder/cinder/api/openstack/wsgi.py:725}}
Aug 17 16:49:24 devstack devstack@c-api.service[94053]: DEBUG cinder.api.openstack.wsgi [None req-df2e1195-14ff-443b-804f-f2618b86cc03 tempest-VolumeQuotasNegativeTestJSON-1372289973 tempest-VolumeQuotasNegativeTestJSON-1372289973-project-member] Calling method 'show' {{(pid=94053) _process_stack /opt/stack/cinder/cinder/api/openstack/wsgi.py:878}}
Aug 17 16:49:24 devstack devstack@c-api.service[94053]: /opt/stack/data/venv/lib/python3.12/site-packages/oslo_context/context.py:102: DeprecationWarning: Policy enforcement is depending on the value of is_admin. This key is deprecated. Please update your policy file to use the standard policy values.
Aug 17 16:49:24 devstack devstack@c-api.service[94053]: warnings.warn(
Aug 17 16:49:24 devstack devstack@c-api.service[94053]: INFO cinder.volume.api [None req-df2e1195-14ff-443b-804f-f2618b86cc03 tempest-VolumeQuotasNegativeTestJSON-1372289973 tempest-VolumeQuotasNegativeTestJSON-1372289973-project-member] Volume info retrieved successfully.
Aug 17 16:49:24 devstack devstack@c-api.service[94052]: DEBUG cinder.api.middleware.request_id [None req-c7234c05-e7b1-4ca3-a7bd-6d67f698ebbc None None] RequestId filter calling following filter/app {{(pid=94052) _context_setter /opt/stack/cinder/cinder/api/middleware/request_id.py:62}}
Aug 17 16:49:24 devstack devstack@c-api.service[94052]: INFO cinder.api.openstack.wsgi [None req-c7234c05-e7b1-4ca3-a7bd-6d67f698ebbc tempest-VolumeQuotasAdminTestJSON-715963104 tempest-VolumeQuotasAdminTestJSON-715963104-project-member] GET http://192.168.122.128/volume/v3/volumes/8b040441-f134-46a1-a072-df48b0afde4c
Aug 17 16:49:24 devstack devstack@c-api.service[94052]: DEBUG cinder.api.openstack.wsgi [None req-c7234c05-e7b1-4ca3-a7bd-6d67f698ebbc tempest-VolumeQuotasAdminTestJSON-715963104 tempest-VolumeQuotasAdminTestJSON-715963104-project-member] Empty body provided in request {{(pid=94052) get_body /opt/stack/cinder/cinder/api/openstack/wsgi.py:725}}
Aug 17 16:49:24 devstack devstack@c-api.service[94052]: DEBUG cinder.api.openstack.wsgi [None req-c7234c05-e7b1-4ca3-a7bd-6d67f698ebbc tempest-VolumeQuotasAdminTestJSON-715963104 tempest-VolumeQuotasAdminTestJSON-715963104-project-member] Calling method 'show' {{(pid=94052) _process_stack /opt/stack/cinder/cinder/api/openstack/wsgi.py:878}}
Aug 17 16:49:24 devstack devstack@c-api.service[94053]: INFO cinder.api.openstack.wsgi [None req-df2e1195-14ff-443b-804f-f2618b86cc03 tempest-VolumeQuotasNegativeTestJSON-1372289973 tempest-VolumeQuotasNegativeTestJSON-1372289973-project-member] http://192.168.122.128/volume/v3/volumes/b6927888-c8bb-4ee7-839d-3bab668581e9 returned with HTTP 200
Aug 17 16:49:24 devstack devstack@c-api.service[94053]: [pid: 94053|app: 0|req: 209/409] 192.168.122.128 () {58 vars in 1232 bytes} [Mon Aug 17 16:49:24 2026] GET /volume/v3/volumes/b6927888-c8bb-4ee7-839d-3bab668581e9 => generated 860 bytes in 162 msecs (HTTP/1.1 200) 7 headers in 285 bytes (1 switches on core 0)
Aug 17 16:49:24 devstack devstack@c-api.service[94052]: /opt/stack/data/venv/lib/python3.12/site-packages/oslo_context/context.py:102: DeprecationWarning: Policy enforcement is depending on the value of is_admin. This key is deprecated. Please update your policy file to use the standard policy values.
Aug 17 16:49:24 devstack devstack@c-api.service[94052]: warnings.warn(
Aug 17 16:49:24 devstack devstack@c-api.service[94052]: INFO cinder.volume.api [None req-c7234c05-e7b1-4ca3-a7bd-6d67f698ebbc tempest-VolumeQuotasAdminTestJSON-715963104 tempest-VolumeQuotasAdminTestJSON-715963104-project-member] Volume info retrieved successfully.
Aug 17 16:49:24 devstack devstack@c-api.service[94052]: INFO cinder.api.openstack.wsgi [None req-c7234c05-e7b1-4ca3-a7bd-6d67f698ebbc tempest-VolumeQuotasAdminTestJSON-715963104 tempest-VolumeQuotasAdminTestJSON-715963104-project-member] http://192.168.122.128/volume/v3/volumes/8b040441-f134-46a1-a072-df48b0afde4c returned with HTTP 200
Aug 17 16:49:24 devstack devstack@c-api.service[94052]: [pid: 94052|app: 0|req: 201/410] 192.168.122.128 () {58 vars in 1232 bytes} [Mon Aug 17 16:49:24 2026] GET /volume/v3/volumes/8b040441-f134-46a1-a072-df48b0afde4c => generated 856 bytes in 68 msecs (HTTP/1.1 200) 7 headers in 285 bytes (1 switches on core 0)
Aug 17 16:49:25 devstack devstack@c-api.service[94053]: DEBUG cinder.api.middleware.request_id [None req-ca3d7a2f-9035-4252-a456-edfd811d48ac None None] RequestId filter calling following filter/app {{(pid=94053) _context_setter /opt/stack/cinder/cinder/api/middleware/request_id.py:62}}
Aug 17 16:49:25 devstack devstack@c-api.service[94053]: INFO cinder.api.openstack.wsgi [None req-ca3d7a2f-9035-4252-a456-edfd811d48ac tempest-VolumeQuotasNegativeTestJSON-1372289973 tempest-VolumeQuotasNegativeTestJSON-1372289973-project-member] GET http://192.168.122.128/volume/v3/volumes/b6927888-c8bb-4ee7-839d-3bab668581e9
Aug 17 16:49:25 devstack devstack@c-api.service[94053]: DEBUG cinder.api.openstack.wsgi [None req-ca3d7a2f-9035-4252-a456-edfd811d48ac tempest-VolumeQuotasNegativeTestJSON-1372289973 tempest-VolumeQuotasNegativeTestJSON-1372289973-project-member] Empty body provided in request {{(pid=94053) get_body /opt/stack/cinder/cinder/api/openstack/wsgi.py:725}}
Aug 17 16:49:25 devstack devstack@c-api.service[94053]: DEBUG cinder.api.openstack.wsgi [None req-ca3d7a2f-9035-4252-a456-edfd811d48ac tempest-VolumeQuotasNegativeTestJSON-1372289973 tempest-VolumeQuotasNegativeTestJSON-1372289973-project-member] Calling method 'show' {{(pid=94053) _process_stack /opt/stack/cinder/cinder/api/openstack/wsgi.py:878}}
Aug 17 16:49:25 devstack devstack@c-api.service[94053]: INFO cinder.api.openstack.wsgi [None req-ca3d7a2f-9035-4252-a456-edfd811d48ac tempest-VolumeQuotasNegativeTestJSON-1372289973 tempest-VolumeQuotasNegativeTestJSON-1372289973-project-member] http://192.168.122.128/volume/v3/volumes/b6927888-c8bb-4ee7-839d-3bab668581e9 returned with HTTP 404
Aug 17 16:49:25 devstack devstack@c-api.service[94053]: [pid: 94053|app: 0|req: 210/411] 192.168.122.128 () {58 vars in 1232 bytes} [Mon Aug 17 16:49:25 2026] GET /volume/v3/volumes/b6927888-c8bb-4ee7-839d-3bab668581e9 => generated 109 bytes in 38 msecs (HTTP/1.1 404) 7 headers in 292 bytes (1 switches on core 0)
Aug 17 16:49:25 devstack devstack@c-api.service[94052]: DEBUG cinder.api.middleware.request_id [None req-41b8901c-b4f7-47d4-90b5-7953f391e7a0 None None] RequestId filter calling following filter/app {{(pid=94052) _context_setter /opt/stack/cinder/cinder/api/middleware/request_id.py:62}}
Aug 17 16:49:25 devstack devstack@c-api.service[94053]: DEBUG cinder.api.middleware.request_id [None req-517140a4-2e23-4a76-b510-c5da4a541cb3 None None] RequestId filter calling following filter/app {{(pid=94053) _context_setter /opt/stack/cinder/cinder/api/middleware/request_id.py:62}}
Aug 17 16:49:25 devstack devstack@c-api.service[94053]: INFO cinder.api.openstack.wsgi [None req-517140a4-2e23-4a76-b510-c5da4a541cb3 tempest-VolumeQuotasAdminTestJSON-715963104 tempest-VolumeQuotasAdminTestJSON-715963104-project-member] GET http://192.168.122.128/volume/v3/volumes/8b040441-f134-46a1-a072-df48b0afde4c
Aug 17 16:49:25 devstack devstack@c-api.service[94053]: DEBUG cinder.api.openstack.wsgi [None req-517140a4-2e23-4a76-b510-c5da4a541cb3 tempest-VolumeQuotasAdminTestJSON-715963104 tempest-VolumeQuotasAdminTestJSON-715963104-project-member] Empty body provided in request {{(pid=94053) get_body /opt/stack/cinder/cinder/api/openstack/wsgi.py:725}}
Aug 17 16:49:25 devstack devstack@c-api.service[94053]: DEBUG cinder.api.openstack.wsgi [None req-517140a4-2e23-4a76-b510-c5da4a541cb3 tempest-VolumeQuotasAdminTestJSON-715963104 tempest-VolumeQuotasAdminTestJSON-715963104-project-member] Calling method 'show' {{(pid=94053) _process_stack /opt/stack/cinder/cinder/api/openstack/wsgi.py:878}}
Aug 17 16:49:25 devstack devstack@c-api.service[94052]: INFO cinder.api.openstack.wsgi [None req-41b8901c-b4f7-47d4-90b5-7953f391e7a0 tempest-VolumeQuotasNegativeTestJSON-159164311 tempest-VolumeQuotasNegativeTestJSON-159164311-project-admin] PUT http://192.168.122.128/volume/v3/os-quota-sets/53ae842251fd41a1a1d6b1cfba59b57b
Aug 17 16:49:25 devstack devstack@c-api.service[94052]: DEBUG cinder.api.openstack.wsgi [None req-41b8901c-b4f7-47d4-90b5-7953f391e7a0 tempest-VolumeQuotasNegativeTestJSON-159164311 tempest-VolumeQuotasNegativeTestJSON-159164311-project-admin] Action: 'update', calling method: update, body: {"quota_set": {"volumes": 10, "per_volume_gigabytes": -1, "snapshots": 10, "gigabytes": 1000, "backups": 10, "backup_gigabytes": 1000}} {{(pid=94052) _process_stack /opt/stack/cinder/cinder/api/openstack/wsgi.py:876}}
Aug 17 16:49:25 devstack devstack@c-api.service[94053]: INFO cinder.api.openstack.wsgi [None req-517140a4-2e23-4a76-b510-c5da4a541cb3 tempest-VolumeQuotasAdminTestJSON-715963104 tempest-VolumeQuotasAdminTestJSON-715963104-project-member] http://192.168.122.128/volume/v3/volumes/8b040441-f134-46a1-a072-df48b0afde4c returned with HTTP 404
Aug 17 16:49:25 devstack devstack@c-api.service[94053]: [pid: 94053|app: 0|req: 211/412] 192.168.122.128 () {58 vars in 1232 bytes} [Mon Aug 17 16:49:25 2026] GET /volume/v3/volumes/8b040441-f134-46a1-a072-df48b0afde4c => generated 109 bytes in 38 msecs (HTTP/1.1 404) 7 headers in 292 bytes (1 switches on core 0)
Aug 17 16:49:25 devstack devstack@c-api.service[94053]: DEBUG cinder.api.middleware.request_id [None req-d286f164-bda5-4275-b14e-c6a136a9da85 None None] RequestId filter calling following filter/app {{(pid=94053) _context_setter /opt/stack/cinder/cinder/api/middleware/request_id.py:62}}
Aug 17 16:49:25 devstack devstack@c-api.service[94053]: INFO cinder.api.openstack.wsgi [None req-d286f164-bda5-4275-b14e-c6a136a9da85 tempest-VolumeQuotasAdminTestJSON-715963104 tempest-VolumeQuotasAdminTestJSON-715963104-project-member] GET http://192.168.122.128/volume/v3/volumes/8b040441-f134-46a1-a072-df48b0afde4c
Aug 17 16:49:25 devstack devstack@c-api.service[94053]: DEBUG cinder.api.openstack.wsgi [None req-d286f164-bda5-4275-b14e-c6a136a9da85 tempest-VolumeQuotasAdminTestJSON-715963104 tempest-VolumeQuotasAdminTestJSON-715963104-project-member] Empty body provided in request {{(pid=94053) get_body /opt/stack/cinder/cinder/api/openstack/wsgi.py:725}}
Aug 17 16:49:25 devstack devstack@c-api.service[94053]: DEBUG cinder.api.openstack.wsgi [None req-d286f164-bda5-4275-b14e-c6a136a9da85 tempest-VolumeQuotasAdminTestJSON-715963104 tempest-VolumeQuotasAdminTestJSON-715963104-project-member] Calling method 'show' {{(pid=94053) _process_stack /opt/stack/cinder/cinder/api/openstack/wsgi.py:878}}
Aug 17 16:49:25 devstack devstack@c-api.service[94053]: INFO cinder.api.openstack.wsgi [None req-d286f164-bda5-4275-b14e-c6a136a9da85 tempest-VolumeQuotasAdminTestJSON-715963104 tempest-VolumeQuotasAdminTestJSON-715963104-project-member] http://192.168.122.128/volume/v3/volumes/8b040441-f134-46a1-a072-df48b0afde4c returned with HTTP 404
Aug 17 16:49:25 devstack devstack@c-api.service[94053]: [pid: 94053|app: 0|req: 212/413] 192.168.122.128 () {58 vars in 1232 bytes} [Mon Aug 17 16:49:25 2026] GET /volume/v3/volumes/8b040441-f134-46a1-a072-df48b0afde4c => generated 109 bytes in 44 msecs (HTTP/1.1 404) 7 headers in 292 bytes (1 switches on core 0)
Aug 17 16:49:25 devstack devstack@c-api.service[94053]: DEBUG cinder.api.middleware.request_id [None req-da75a59a-4e83-499d-ab9c-f09f48b6d0a8 None None] RequestId filter calling following filter/app {{(pid=94053) _context_setter /opt/stack/cinder/cinder/api/middleware/request_id.py:62}}
Aug 17 16:49:25 devstack devstack@c-api.service[94053]: INFO cinder.api.openstack.wsgi [None req-da75a59a-4e83-499d-ab9c-f09f48b6d0a8 tempest-VolumeQuotasAdminTestJSON-715963104 tempest-VolumeQuotasAdminTestJSON-715963104-project-member] DELETE http://192.168.122.128/volume/v3/volumes/8b040441-f134-46a1-a072-df48b0afde4c
Aug 17 16:49:25 devstack devstack@c-api.service[94053]: DEBUG cinder.api.openstack.wsgi [None req-da75a59a-4e83-499d-ab9c-f09f48b6d0a8 tempest-VolumeQuotasAdminTestJSON-715963104 tempest-VolumeQuotasAdminTestJSON-715963104-project-member] Empty body provided in request {{(pid=94053) get_body /opt/stack/cinder/cinder/api/openstack/wsgi.py:725}}
Aug 17 16:49:25 devstack devstack@c-api.service[94053]: DEBUG cinder.api.openstack.wsgi [None req-da75a59a-4e83-499d-ab9c-f09f48b6d0a8 tempest-VolumeQuotasAdminTestJSON-715963104 tempest-VolumeQuotasAdminTestJSON-715963104-project-member] Calling method 'delete' {{(pid=94053) _process_stack /opt/stack/cinder/cinder/api/openstack/wsgi.py:878}}
Aug 17 16:49:25 devstack devstack@c-api.service[94053]: INFO cinder.api.v3.volumes [None req-da75a59a-4e83-499d-ab9c-f09f48b6d0a8 tempest-VolumeQuotasAdminTestJSON-715963104 tempest-VolumeQuotasAdminTestJSON-715963104-project-member] Delete volume with id: 8b040441-f134-46a1-a072-df48b0afde4c
Aug 17 16:49:25 devstack devstack@c-api.service[94053]: INFO cinder.api.openstack.wsgi [None req-da75a59a-4e83-499d-ab9c-f09f48b6d0a8 tempest-VolumeQuotasAdminTestJSON-715963104 tempest-VolumeQuotasAdminTestJSON-715963104-project-member] http://192.168.122.128/volume/v3/volumes/8b040441-f134-46a1-a072-df48b0afde4c returned with HTTP 404
Aug 17 16:49:25 devstack devstack@c-api.service[94053]: [pid: 94053|app: 0|req: 213/414] 192.168.122.128 () {58 vars in 1235 bytes} [Mon Aug 17 16:49:25 2026] DELETE /volume/v3/volumes/8b040441-f134-46a1-a072-df48b0afde4c => generated 109 bytes in 62 msecs (HTTP/1.1 404) 7 headers in 292 bytes (1 switches on core 0)
Aug 17 16:49:25 devstack devstack@c-api.service[94053]: DEBUG cinder.api.middleware.request_id [None req-9ca481a1-0343-4371-8804-b3210f0f37de None None] RequestId filter calling following filter/app {{(pid=94053) _context_setter /opt/stack/cinder/cinder/api/middleware/request_id.py:62}}
Aug 17 16:49:25 devstack devstack@c-api.service[94053]: INFO cinder.api.openstack.wsgi [None req-9ca481a1-0343-4371-8804-b3210f0f37de tempest-VolumeQuotasAdminTestJSON-715963104 tempest-VolumeQuotasAdminTestJSON-715963104-project-member] POST http://192.168.122.128/volume/v3/volumes
Aug 17 16:49:25 devstack devstack@c-api.service[94053]: DEBUG cinder.api.openstack.wsgi [None req-9ca481a1-0343-4371-8804-b3210f0f37de tempest-VolumeQuotasAdminTestJSON-715963104 tempest-VolumeQuotasAdminTestJSON-715963104-project-member] Action: 'create', calling method: create, body: {"volume": {"size": 1, "name": "tempest-VolumeQuotasAdminTestJSON-Volume-2091595342"}} {{(pid=94053) _process_stack /opt/stack/cinder/cinder/api/openstack/wsgi.py:876}}
Aug 17 16:49:25 devstack devstack@c-api.service[94053]: DEBUG cinder.api.v3.volumes [None req-9ca481a1-0343-4371-8804-b3210f0f37de tempest-VolumeQuotasAdminTestJSON-715963104 tempest-VolumeQuotasAdminTestJSON-715963104-project-member] Create volume request body: {'volume': {'size': 1, 'name': 'tempest-VolumeQuotasAdminTestJSON-Volume-2091595342'}} {{(pid=94053) create /opt/stack/cinder/cinder/api/v3/volumes.py:368}}
Aug 17 16:49:25 devstack devstack@c-api.service[94053]: INFO cinder.api.v3.volumes [None req-9ca481a1-0343-4371-8804-b3210f0f37de tempest-VolumeQuotasAdminTestJSON-715963104 tempest-VolumeQuotasAdminTestJSON-715963104-project-member] Create volume of 1 GB
Aug 17 16:49:25 devstack devstack@c-api.service[94053]: INFO cinder.volume.api [None req-9ca481a1-0343-4371-8804-b3210f0f37de tempest-VolumeQuotasAdminTestJSON-715963104 tempest-VolumeQuotasAdminTestJSON-715963104-project-member] Availability Zones retrieved successfully.
Aug 17 16:49:25 devstack devstack@c-api.service[94053]: DEBUG cinder.volume.api [None req-9ca481a1-0343-4371-8804-b3210f0f37de tempest-VolumeQuotasAdminTestJSON-715963104 tempest-VolumeQuotasAdminTestJSON-715963104-project-member] Flow 'volume_create_api' (0b2d433a-73e2-4aa4-9f70-3430420bdea2) transitioned into state 'RUNNING' from state 'PENDING' {{(pid=94053) _flow_receiver /opt/stack/data/venv/lib/python3.12/site-packages/taskflow/listeners/logging.py:160}}
Aug 17 16:49:25 devstack devstack@c-api.service[94053]: DEBUG cinder.volume.api [None req-9ca481a1-0343-4371-8804-b3210f0f37de tempest-VolumeQuotasAdminTestJSON-715963104 tempest-VolumeQuotasAdminTestJSON-715963104-project-member] Task 'cinder.volume.flows.api.create_volume.ExtractVolumeRequestTask;volume:create' (06970a5a-fbe5-4925-8836-05277d43b764) transitioned into state 'RUNNING' from state 'PENDING' {{(pid=94053) _task_receiver /opt/stack/data/venv/lib/python3.12/site-packages/taskflow/listeners/logging.py:242}}
Aug 17 16:49:25 devstack devstack@c-api.service[94053]: DEBUG cinder.volume.flows.api.create_volume [None req-9ca481a1-0343-4371-8804-b3210f0f37de tempest-VolumeQuotasAdminTestJSON-715963104 tempest-VolumeQuotasAdminTestJSON-715963104-project-member] Validating volume size '1' using validate_int {{(pid=94053) _extract_size /opt/stack/cinder/cinder/volume/flows/api/create_volume.py:226}}
Aug 17 16:49:25 devstack devstack@c-api.service[94053]: DEBUG cinder.volume.api [None req-9ca481a1-0343-4371-8804-b3210f0f37de tempest-VolumeQuotasAdminTestJSON-715963104 tempest-VolumeQuotasAdminTestJSON-715963104-project-member] Task 'cinder.volume.flows.api.create_volume.ExtractVolumeRequestTask;volume:create' (06970a5a-fbe5-4925-8836-05277d43b764) transitioned into state 'SUCCESS' from state 'RUNNING' with result '{'size': 1, 'snapshot_id': None, 'source_volid': None, 'volume_type': VolumeType(created_at=2026-08-17T14:42:15Z,deleted=False,deleted_at=None,description=None,extra_specs={},id=a8c5ad33-cfa1-44f9-8697-10240c313d6f,is_public=True,name='QuobyteHD',projects=[],qos_specs=,qos_specs_id=None,updated_at=None), 'volume_type_id': 'a8c5ad33-cfa1-44f9-8697-10240c313d6f', 'encryption_key_id': None, 'qos_specs': None, 'consistencygroup_id': None, 'cgsnapshot_id': None, 'group_id': None, 'replication_status': 'disabled', 'refresh_az': False, 'backup_id': None, 'multiattach': False, 'availability_zones': ['nova']}' {{(pid=94053) _task_receiver /opt/stack/data/venv/lib/python3.12/site-packages/taskflow/listeners/logging.py:218}}
Aug 17 16:49:25 devstack devstack@c-api.service[94053]: DEBUG cinder.volume.api [None req-9ca481a1-0343-4371-8804-b3210f0f37de tempest-VolumeQuotasAdminTestJSON-715963104 tempest-VolumeQuotasAdminTestJSON-715963104-project-member] Task 'cinder.volume.flows.api.create_volume.QuotaReserveTask;volume:create' (dcfa73da-7c70-4c7c-8420-78584a4bf863) transitioned into state 'RUNNING' from state 'PENDING' {{(pid=94053) _task_receiver /opt/stack/data/venv/lib/python3.12/site-packages/taskflow/listeners/logging.py:242}}
Aug 17 16:49:25 devstack devstack@c-api.service[94052]: INFO cinder.api.openstack.wsgi [None req-41b8901c-b4f7-47d4-90b5-7953f391e7a0 tempest-VolumeQuotasNegativeTestJSON-159164311 tempest-VolumeQuotasNegativeTestJSON-159164311-project-admin] http://192.168.122.128/volume/v3/os-quota-sets/53ae842251fd41a1a1d6b1cfba59b57b returned with HTTP 200
Aug 17 16:49:25 devstack devstack@c-api.service[94052]: [pid: 94052|app: 0|req: 202/415] 192.168.122.128 () {60 vars in 1259 bytes} [Mon Aug 17 16:49:25 2026] PUT /volume/v3/os-quota-sets/53ae842251fd41a1a1d6b1cfba59b57b => generated 398 bytes in 358 msecs (HTTP/1.1 200) 7 headers in 285 bytes (1 switches on core 0)
Aug 17 16:49:25 devstack devstack@c-api.service[94053]: DEBUG cinder.quota [None req-9ca481a1-0343-4371-8804-b3210f0f37de tempest-VolumeQuotasAdminTestJSON-715963104 tempest-VolumeQuotasAdminTestJSON-715963104-project-member] Created reservations ['0ab9311f-8b64-4882-8659-ad09f26c1bfe', '37ca7e3f-451b-4d1e-a916-f250c9f6b3cc', '9862bf17-832b-422c-be18-bf074795874e', 'f4fc4790-d931-4b4f-bed4-db082aa09d19'] {{(pid=94053) reserve /opt/stack/cinder/cinder/quota.py:752}}
Aug 17 16:49:25 devstack devstack@c-api.service[94053]: DEBUG cinder.volume.api [None req-9ca481a1-0343-4371-8804-b3210f0f37de tempest-VolumeQuotasAdminTestJSON-715963104 tempest-VolumeQuotasAdminTestJSON-715963104-project-member] Task 'cinder.volume.flows.api.create_volume.QuotaReserveTask;volume:create' (dcfa73da-7c70-4c7c-8420-78584a4bf863) transitioned into state 'SUCCESS' from state 'RUNNING' with result '{'reservations': ['0ab9311f-8b64-4882-8659-ad09f26c1bfe', '37ca7e3f-451b-4d1e-a916-f250c9f6b3cc', '9862bf17-832b-422c-be18-bf074795874e', 'f4fc4790-d931-4b4f-bed4-db082aa09d19']}' {{(pid=94053) _task_receiver /opt/stack/data/venv/lib/python3.12/site-packages/taskflow/listeners/logging.py:218}}
Aug 17 16:49:25 devstack devstack@c-api.service[94053]: DEBUG cinder.volume.api [None req-9ca481a1-0343-4371-8804-b3210f0f37de tempest-VolumeQuotasAdminTestJSON-715963104 tempest-VolumeQuotasAdminTestJSON-715963104-project-member] Task 'cinder.volume.flows.api.create_volume.EntryCreateTask;volume:create' (83daddfd-b2a1-489d-99b2-99150966977e) transitioned into state 'RUNNING' from state 'PENDING' {{(pid=94053) _task_receiver /opt/stack/data/venv/lib/python3.12/site-packages/taskflow/listeners/logging.py:242}}
Aug 17 16:49:25 devstack devstack@c-api.service[94053]: DEBUG cinder.volume.api [None req-9ca481a1-0343-4371-8804-b3210f0f37de tempest-VolumeQuotasAdminTestJSON-715963104 tempest-VolumeQuotasAdminTestJSON-715963104-project-member] Task 'cinder.volume.flows.api.create_volume.EntryCreateTask;volume:create' (83daddfd-b2a1-489d-99b2-99150966977e) transitioned into state 'SUCCESS' from state 'RUNNING' with result '{'volume_id': 'd65a7f50-e893-494a-80ec-2e6c79185e67', 'volume_properties': VolumeProperties(attach_status='detached',availability_zone='nova',cgsnapshot_id=None,consistencygroup_id=None,display_description=None,display_name='tempest-VolumeQuotasAdminTestJSON-Volume-2091595342',encryption_key_id=None,group_id=None,group_type_id=,metadata={},multiattach=False,project_id='881bc89a446641b8b3df65896eec8899',qos_specs=None,replication_status=,reservations=['0ab9311f-8b64-4882-8659-ad09f26c1bfe','37ca7e3f-451b-4d1e-a916-f250c9f6b3cc','9862bf17-832b-422c-be18-bf074795874e','f4fc4790-d931-4b4f-bed4-db082aa09d19'],size=1,snapshot_id=None,source_replicaid=,source_volid=None,status='creating',user_id='434873340afa4f71a9b1f789d5d17de8',volume_type_id=a8c5ad33-cfa1-44f9-8697-10240c313d6f), 'volume': Volume(_name_id=None,admin_metadata=,attach_status='detached',availability_zone='nova',bootable=False,cluster=,cluster_name=None,consistencygroup=,consistencygroup_id=None,created_at=2026-08-17T14:49:25Z,deleted=False,deleted_at=None,display_description=None,display_name='tempest-VolumeQuotasAdminTestJSON-Volume-2091595342',ec2_id=None,encryption_key_id=None,glance_metadata=,group=,group_id=None,host=None,id=d65a7f50-e893-494a-80ec-2e6c79185e67,launched_at=None,metadata={},migration_status=None,multiattach=False,previous_status=None,project_id='881bc89a446641b8b3df65896eec8899',provider_auth=None,provider_geometry=None,provider_id=None,provider_location=None,replication_driver_data=None,replication_extended_status=None,replication_status=None,scheduled_at=None,service_uuid=None,shared_targets=True,size=1,snapshot_id=None,snapshots=,source_volid=None,status='creating',terminated_at=None,updated_at=None,use_quota=True,user_id='434873340afa4f71a9b1f789d5d17de8',volume_attachment=VolumeAttachmentList,volume_type=VolumeType(a8c5ad33-cfa1-44f9-8697-10240c313d6f),volume_type_id=a8c5ad33-cfa1-44f9-8697-10240c313d6f)}' {{(pid=94053) _task_receiver /opt/stack/data/venv/lib/python3.12/site-packages/taskflow/listeners/logging.py:218}}
Aug 17 16:49:25 devstack devstack@c-api.service[94053]: DEBUG cinder.volume.api [None req-9ca481a1-0343-4371-8804-b3210f0f37de tempest-VolumeQuotasAdminTestJSON-715963104 tempest-VolumeQuotasAdminTestJSON-715963104-project-member] Task 'cinder.volume.flows.api.create_volume.QuotaCommitTask;volume:create' (9c5754a8-0999-4455-99dc-cce915b7c698) transitioned into state 'RUNNING' from state 'PENDING' {{(pid=94053) _task_receiver /opt/stack/data/venv/lib/python3.12/site-packages/taskflow/listeners/logging.py:242}}
Aug 17 16:49:25 devstack devstack@c-api.service[94053]: DEBUG cinder.volume.api [None req-9ca481a1-0343-4371-8804-b3210f0f37de tempest-VolumeQuotasAdminTestJSON-715963104 tempest-VolumeQuotasAdminTestJSON-715963104-project-member] Task 'cinder.volume.flows.api.create_volume.QuotaCommitTask;volume:create' (9c5754a8-0999-4455-99dc-cce915b7c698) transitioned into state 'SUCCESS' from state 'RUNNING' with result '{'volume_properties': VolumeProperties(attach_status='detached',availability_zone='nova',cgsnapshot_id=None,consistencygroup_id=None,display_description=None,display_name='tempest-VolumeQuotasAdminTestJSON-Volume-2091595342',encryption_key_id=None,group_id=None,group_type_id=,metadata={},multiattach=False,project_id='881bc89a446641b8b3df65896eec8899',qos_specs=None,replication_status=,reservations=['0ab9311f-8b64-4882-8659-ad09f26c1bfe','37ca7e3f-451b-4d1e-a916-f250c9f6b3cc','9862bf17-832b-422c-be18-bf074795874e','f4fc4790-d931-4b4f-bed4-db082aa09d19'],size=1,snapshot_id=None,source_replicaid=,source_volid=None,status='creating',user_id='434873340afa4f71a9b1f789d5d17de8',volume_type_id=a8c5ad33-cfa1-44f9-8697-10240c313d6f)}' {{(pid=94053) _task_receiver /opt/stack/data/venv/lib/python3.12/site-packages/taskflow/listeners/logging.py:218}}
Aug 17 16:49:25 devstack devstack@c-api.service[94053]: DEBUG cinder.volume.api [None req-9ca481a1-0343-4371-8804-b3210f0f37de tempest-VolumeQuotasAdminTestJSON-715963104 tempest-VolumeQuotasAdminTestJSON-715963104-project-member] Task 'cinder.volume.flows.api.create_volume.VolumeCastTask;volume:create' (33bdc960-aac1-4b9d-b130-cab3e3bbbb02) transitioned into state 'RUNNING' from state 'PENDING' {{(pid=94053) _task_receiver /opt/stack/data/venv/lib/python3.12/site-packages/taskflow/listeners/logging.py:242}}
Aug 17 16:49:25 devstack devstack@c-api.service[94053]: DEBUG cinder.volume.api [None req-9ca481a1-0343-4371-8804-b3210f0f37de tempest-VolumeQuotasAdminTestJSON-715963104 tempest-VolumeQuotasAdminTestJSON-715963104-project-member] Task 'cinder.volume.flows.api.create_volume.VolumeCastTask;volume:create' (33bdc960-aac1-4b9d-b130-cab3e3bbbb02) transitioned into state 'SUCCESS' from state 'RUNNING' with result 'None' {{(pid=94053) _task_receiver /opt/stack/data/venv/lib/python3.12/site-packages/taskflow/listeners/logging.py:218}}
Aug 17 16:49:25 devstack devstack@c-api.service[94053]: DEBUG cinder.volume.api [None req-9ca481a1-0343-4371-8804-b3210f0f37de tempest-VolumeQuotasAdminTestJSON-715963104 tempest-VolumeQuotasAdminTestJSON-715963104-project-member] Flow 'volume_create_api' (0b2d433a-73e2-4aa4-9f70-3430420bdea2) transitioned into state 'SUCCESS' from state 'RUNNING' {{(pid=94053) _flow_receiver /opt/stack/data/venv/lib/python3.12/site-packages/taskflow/listeners/logging.py:160}}
Aug 17 16:49:25 devstack devstack@c-api.service[94053]: INFO cinder.volume.api [None req-9ca481a1-0343-4371-8804-b3210f0f37de tempest-VolumeQuotasAdminTestJSON-715963104 tempest-VolumeQuotasAdminTestJSON-715963104-project-member] Create volume request issued successfully.
Aug 17 16:49:25 devstack devstack@c-api.service[94053]: INFO cinder.api.openstack.wsgi [None req-9ca481a1-0343-4371-8804-b3210f0f37de tempest-VolumeQuotasAdminTestJSON-715963104 tempest-VolumeQuotasAdminTestJSON-715963104-project-member] http://192.168.122.128/volume/v3/volumes returned with HTTP 202
Aug 17 16:49:25 devstack devstack@c-api.service[94053]: [pid: 94053|app: 0|req: 214/416] 192.168.122.128 () {60 vars in 1142 bytes} [Mon Aug 17 16:49:25 2026] POST /volume/v3/volumes => generated 765 bytes in 423 msecs (HTTP/1.1 202) 7 headers in 291 bytes (1 switches on core 0)
Aug 17 16:49:25 devstack devstack@c-api.service[94052]: DEBUG cinder.api.middleware.request_id [None req-27c0fd3b-9f60-49de-8bbb-a545746ec5be None None] RequestId filter calling following filter/app {{(pid=94052) _context_setter /opt/stack/cinder/cinder/api/middleware/request_id.py:62}}
Aug 17 16:49:25 devstack devstack@c-api.service[94052]: INFO cinder.api.openstack.wsgi [None req-27c0fd3b-9f60-49de-8bbb-a545746ec5be tempest-VolumeQuotasAdminTestJSON-715963104 tempest-VolumeQuotasAdminTestJSON-715963104-project-member] GET http://192.168.122.128/volume/v3/volumes/d65a7f50-e893-494a-80ec-2e6c79185e67
Aug 17 16:49:25 devstack devstack@c-api.service[94052]: DEBUG cinder.api.openstack.wsgi [None req-27c0fd3b-9f60-49de-8bbb-a545746ec5be tempest-VolumeQuotasAdminTestJSON-715963104 tempest-VolumeQuotasAdminTestJSON-715963104-project-member] Empty body provided in request {{(pid=94052) get_body /opt/stack/cinder/cinder/api/openstack/wsgi.py:725}}
Aug 17 16:49:25 devstack devstack@c-api.service[94052]: DEBUG cinder.api.openstack.wsgi [None req-27c0fd3b-9f60-49de-8bbb-a545746ec5be tempest-VolumeQuotasAdminTestJSON-715963104 tempest-VolumeQuotasAdminTestJSON-715963104-project-member] Calling method 'show' {{(pid=94052) _process_stack /opt/stack/cinder/cinder/api/openstack/wsgi.py:878}}
Aug 17 16:49:25 devstack devstack@c-api.service[94052]: /opt/stack/data/venv/lib/python3.12/site-packages/oslo_context/context.py:102: DeprecationWarning: Policy enforcement is depending on the value of is_admin. This key is deprecated. Please update your policy file to use the standard policy values.
Aug 17 16:49:25 devstack devstack@c-api.service[94052]: warnings.warn(
Aug 17 16:49:26 devstack devstack@c-api.service[94052]: INFO cinder.volume.api [None req-27c0fd3b-9f60-49de-8bbb-a545746ec5be tempest-VolumeQuotasAdminTestJSON-715963104 tempest-VolumeQuotasAdminTestJSON-715963104-project-member] Volume info retrieved successfully.
Aug 17 16:49:26 devstack devstack@c-api.service[94052]: INFO cinder.api.openstack.wsgi [None req-27c0fd3b-9f60-49de-8bbb-a545746ec5be tempest-VolumeQuotasAdminTestJSON-715963104 tempest-VolumeQuotasAdminTestJSON-715963104-project-member] http://192.168.122.128/volume/v3/volumes/d65a7f50-e893-494a-80ec-2e6c79185e67 returned with HTTP 200
Aug 17 16:49:26 devstack devstack@c-api.service[94052]: [pid: 94052|app: 0|req: 203/417] 192.168.122.128 () {58 vars in 1232 bytes} [Mon Aug 17 16:49:25 2026] GET /volume/v3/volumes/d65a7f50-e893-494a-80ec-2e6c79185e67 => generated 833 bytes in 73 msecs (HTTP/1.1 200) 7 headers in 285 bytes (1 switches on core 0)
Aug 17 16:49:27 devstack devstack@c-api.service[94053]: DEBUG cinder.api.middleware.request_id [None req-5eb369dd-4fdf-402a-8f4d-89d8fbca1ef7 None None] RequestId filter calling following filter/app {{(pid=94053) _context_setter /opt/stack/cinder/cinder/api/middleware/request_id.py:62}}
Aug 17 16:49:27 devstack devstack@c-api.service[94053]: INFO cinder.api.openstack.wsgi [None req-5eb369dd-4fdf-402a-8f4d-89d8fbca1ef7 tempest-VolumeQuotasAdminTestJSON-715963104 tempest-VolumeQuotasAdminTestJSON-715963104-project-member] GET http://192.168.122.128/volume/v3/volumes/d65a7f50-e893-494a-80ec-2e6c79185e67
Aug 17 16:49:27 devstack devstack@c-api.service[94053]: DEBUG cinder.api.openstack.wsgi [None req-5eb369dd-4fdf-402a-8f4d-89d8fbca1ef7 tempest-VolumeQuotasAdminTestJSON-715963104 tempest-VolumeQuotasAdminTestJSON-715963104-project-member] Empty body provided in request {{(pid=94053) get_body /opt/stack/cinder/cinder/api/openstack/wsgi.py:725}}
Aug 17 16:49:27 devstack devstack@c-api.service[94053]: DEBUG cinder.api.openstack.wsgi [None req-5eb369dd-4fdf-402a-8f4d-89d8fbca1ef7 tempest-VolumeQuotasAdminTestJSON-715963104 tempest-VolumeQuotasAdminTestJSON-715963104-project-member] Calling method 'show' {{(pid=94053) _process_stack /opt/stack/cinder/cinder/api/openstack/wsgi.py:878}}
Aug 17 16:49:27 devstack devstack@c-api.service[94053]: /opt/stack/data/venv/lib/python3.12/site-packages/oslo_context/context.py:102: DeprecationWarning: Policy enforcement is depending on the value of is_admin. This key is deprecated. Please update your policy file to use the standard policy values.
Aug 17 16:49:27 devstack devstack@c-api.service[94053]: warnings.warn(
Aug 17 16:49:27 devstack devstack@c-api.service[94053]: INFO cinder.volume.api [None req-5eb369dd-4fdf-402a-8f4d-89d8fbca1ef7 tempest-VolumeQuotasAdminTestJSON-715963104 tempest-VolumeQuotasAdminTestJSON-715963104-project-member] Volume info retrieved successfully.
Aug 17 16:49:27 devstack devstack@c-api.service[94053]: INFO cinder.api.openstack.wsgi [None req-5eb369dd-4fdf-402a-8f4d-89d8fbca1ef7 tempest-VolumeQuotasAdminTestJSON-715963104 tempest-VolumeQuotasAdminTestJSON-715963104-project-member] http://192.168.122.128/volume/v3/volumes/d65a7f50-e893-494a-80ec-2e6c79185e67 returned with HTTP 200
Aug 17 16:49:27 devstack devstack@c-api.service[94053]: [pid: 94053|app: 0|req: 215/418] 192.168.122.128 () {58 vars in 1232 bytes} [Mon Aug 17 16:49:27 2026] GET /volume/v3/volumes/d65a7f50-e893-494a-80ec-2e6c79185e67 => generated 857 bytes in 59 msecs (HTTP/1.1 200) 7 headers in 285 bytes (2 switches on core 0)
Aug 17 16:49:28 devstack devstack@c-api.service[94052]: DEBUG cinder.api.middleware.request_id [None req-0a95714a-6f0b-4ece-9015-1107c38316c8 None None] RequestId filter calling following filter/app {{(pid=94052) _context_setter /opt/stack/cinder/cinder/api/middleware/request_id.py:62}}
Aug 17 16:49:28 devstack devstack@c-api.service[94052]: INFO cinder.api.openstack.wsgi [None req-0a95714a-6f0b-4ece-9015-1107c38316c8 tempest-VolumeQuotasAdminTestJSON-715963104 tempest-VolumeQuotasAdminTestJSON-715963104-project-member] GET http://192.168.122.128/volume/v3/volumes/d65a7f50-e893-494a-80ec-2e6c79185e67
Aug 17 16:49:28 devstack devstack@c-api.service[94052]: DEBUG cinder.api.openstack.wsgi [None req-0a95714a-6f0b-4ece-9015-1107c38316c8 tempest-VolumeQuotasAdminTestJSON-715963104 tempest-VolumeQuotasAdminTestJSON-715963104-project-member] Empty body provided in request {{(pid=94052) get_body /opt/stack/cinder/cinder/api/openstack/wsgi.py:725}}
Aug 17 16:49:28 devstack devstack@c-api.service[94052]: DEBUG cinder.api.openstack.wsgi [None req-0a95714a-6f0b-4ece-9015-1107c38316c8 tempest-VolumeQuotasAdminTestJSON-715963104 tempest-VolumeQuotasAdminTestJSON-715963104-project-member] Calling method 'show' {{(pid=94052) _process_stack /opt/stack/cinder/cinder/api/openstack/wsgi.py:878}}
Aug 17 16:49:28 devstack devstack@c-api.service[94052]: /opt/stack/data/venv/lib/python3.12/site-packages/oslo_context/context.py:102: DeprecationWarning: Policy enforcement is depending on the value of is_admin. This key is deprecated. Please update your policy file to use the standard policy values.
Aug 17 16:49:28 devstack devstack@c-api.service[94052]: warnings.warn(
Aug 17 16:49:28 devstack devstack@c-api.service[94052]: INFO cinder.volume.api [None req-0a95714a-6f0b-4ece-9015-1107c38316c8 tempest-VolumeQuotasAdminTestJSON-715963104 tempest-VolumeQuotasAdminTestJSON-715963104-project-member] Volume info retrieved successfully.
