Aug 31 15:45:27 devstack cinder-volume[86212]: DEBUG oslo_concurrency.processutils [None req-b38a5c35-d6e2-4b2f-9f94-218655496fe5 tempest-VolumesDeleteCascade-527292760 None] CMD "sudo cinder-rootwrap /etc/cinder/rootwrap.conf chmod ugo+rw /opt/stack/data/cinder/mnt/1e817c658236f1a08970858410a3a46b/volume-c5c97502-8288-4d6e-a10a-213089a8cc73.info" returned: 0 in 0.236s {{(pid=86212) execute /opt/stack/data/venv/lib/python3.12/site-packages/oslo_concurrency/processutils.py:468}}
Aug 31 15:45:27 devstack cinder-volume[86212]: DEBUG oslo_concurrency.lockutils [None req-b38a5c35-d6e2-4b2f-9f94-218655496fe5 tempest-VolumesDeleteCascade-527292760 None] Lock "quobyte" "released" by "cinder.volume.drivers.quobyte.QuobyteDriver.create_snapshot" :: held 2.929s {{(pid=86212) inner /opt/stack/data/venv/lib/python3.12/site-packages/oslo_concurrency/lockutils.py:544}}
Aug 31 15:45:27 devstack cinder-volume[86212]: DEBUG oslo_concurrency.lockutils [req-8f35788d-5c77-4cda-9968-1a2a72e00f2a req-3f7aaedb-be19-462d-9e9e-2a9dd7f26184 tempest-TaggedAttachmentsTest-1961219214 None] Lock "quobyte" acquired by "cinder.volume.drivers.quobyte.QuobyteDriver.initialize_connection" :: waited 0.303s {{(pid=86212) inner /opt/stack/data/venv/lib/python3.12/site-packages/oslo_concurrency/lockutils.py:525}}
Aug 31 15:45:27 devstack cinder-volume[86212]: DEBUG oslo_concurrency.lockutils [req-8f35788d-5c77-4cda-9968-1a2a72e00f2a req-3f7aaedb-be19-462d-9e9e-2a9dd7f26184 tempest-TaggedAttachmentsTest-1961219214 None] Lock "quobyte" "released" by "cinder.volume.drivers.quobyte.QuobyteDriver.initialize_connection" :: held 0.015s {{(pid=86212) inner /opt/stack/data/venv/lib/python3.12/site-packages/oslo_concurrency/lockutils.py:544}}
Aug 31 15:45:27 devstack cinder-volume[86212]: INFO cinder.volume.manager [None req-b38a5c35-d6e2-4b2f-9f94-218655496fe5 tempest-VolumesDeleteCascade-527292760 None] Create snapshot completed successfully
Aug 31 15:45:27 devstack cinder-volume[86212]: DEBUG cinder.volume.manager [req-8f35788d-5c77-4cda-9968-1a2a72e00f2a req-3f7aaedb-be19-462d-9e9e-2a9dd7f26184 tempest-TaggedAttachmentsTest-1961219214 None] Connection info returned from driver {'export': 'osci02.corp.quobyte.com/cinder-vol-7e127e00-1116-4146-b11b-1fa9377667f6', 'name': 'volume-0652159d-7660-4db7-9415-6dc266434863', 'options': None, 'format': 'qcow2', 'qos_specs': None, 'access_mode': 'rw', 'encrypted': False, 'cacheable': False, 'driver_volume_type': 'quobyte', 'mount_point_base': '/opt/stack/data/cinder/mnt', 'attachment_id': '8ba304aa-e9c3-487d-ad1f-e6ace2eabd81', 'enforce_multipath': True} {{(pid=86212) _connection_create /opt/stack/cinder/cinder/volume/manager.py:4924}}
Aug 31 15:45:27 devstack cinder-volume[86212]: INFO cinder.volume.manager [req-8f35788d-5c77-4cda-9968-1a2a72e00f2a req-3f7aaedb-be19-462d-9e9e-2a9dd7f26184 tempest-TaggedAttachmentsTest-1961219214 None] attachment_update completed successfully.
Aug 31 15:45:28 devstack cinder-volume[86212]: DEBUG oslo_concurrency.lockutils [None req-647bfad5-e61a-4bb7-8ed6-308868d2fc4a tempest-VolumesDeleteCascade-527292760 None] Acquiring lock "quobyte" by "cinder.volume.drivers.quobyte.QuobyteDriver.create_snapshot" {{(pid=86212) inner /opt/stack/data/venv/lib/python3.12/site-packages/oslo_concurrency/lockutils.py:512}}
Aug 31 15:45:28 devstack cinder-volume[86212]: DEBUG oslo_concurrency.lockutils [None req-647bfad5-e61a-4bb7-8ed6-308868d2fc4a tempest-VolumesDeleteCascade-527292760 None] Lock "quobyte" acquired by "cinder.volume.drivers.quobyte.QuobyteDriver.create_snapshot" :: waited 0.001s {{(pid=86212) inner /opt/stack/data/venv/lib/python3.12/site-packages/oslo_concurrency/lockutils.py:525}}
Aug 31 15:45:28 devstack cinder-volume[86212]: DEBUG cinder.volume.drivers.remotefs [None req-647bfad5-e61a-4bb7-8ed6-308868d2fc4a tempest-VolumesDeleteCascade-527292760 None] Creating offline snapshot be5a50af-3fb2-41ae-b06b-222a75e13677 of volume c5c97502-8288-4d6e-a10a-213089a8cc73 {{(pid=86212) _create_snapshot /opt/stack/cinder/cinder/volume/drivers/remotefs.py:1816}}
Aug 31 15:45:28 devstack cinder-volume[86212]: DEBUG oslo.privsep.daemon [-] privsep: reply[ba0029c5-a431-4ba0-8a94-d523deed1500]: (4, 'qcow2') {{(pid=87431) _call_back /opt/stack/data/venv/lib/python3.12/site-packages/oslo_privsep/daemon.py:580}}
Aug 31 15:45:28 devstack cinder-volume[86212]: DEBUG oslo_concurrency.processutils [None req-647bfad5-e61a-4bb7-8ed6-308868d2fc4a tempest-VolumesDeleteCascade-527292760 None] Running cmd (subprocess): /opt/stack/data/venv/bin/python3.12 -m oslo_concurrency.prlimit --as=1073741824 --cpu=60 -- sudo cinder-rootwrap /etc/cinder/rootwrap.conf env LC_ALL=C qemu-img info -f qcow2 --output=json --force-share /opt/stack/data/cinder/mnt/1e817c658236f1a08970858410a3a46b/volume-c5c97502-8288-4d6e-a10a-213089a8cc73.8878c4fd-28e7-444c-9679-3d79a96b4eef {{(pid=86212) execute /opt/stack/data/venv/lib/python3.12/site-packages/oslo_concurrency/processutils.py:440}}
Aug 31 15:45:28 devstack sudo[89462]: quobyte : PWD=/ ; USER=root ; COMMAND=/opt/stack/data/venv/bin/cinder-rootwrap /etc/cinder/rootwrap.conf env LC_ALL=C qemu-img info -f qcow2 --output=json --force-share /opt/stack/data/cinder/mnt/1e817c658236f1a08970858410a3a46b/volume-c5c97502-8288-4d6e-a10a-213089a8cc73.8878c4fd-28e7-444c-9679-3d79a96b4eef
Aug 31 15:45:28 devstack sudo[89462]: pam_unix(sudo:session): session opened for user root(uid=0) by (uid=1000)
Aug 31 15:45:28 devstack sudo[89462]: pam_unix(sudo:session): session closed for user root
Aug 31 15:45:28 devstack cinder-volume[86212]: DEBUG oslo_concurrency.processutils [None req-647bfad5-e61a-4bb7-8ed6-308868d2fc4a tempest-VolumesDeleteCascade-527292760 None] CMD "/opt/stack/data/venv/bin/python3.12 -m oslo_concurrency.prlimit --as=1073741824 --cpu=60 -- sudo cinder-rootwrap /etc/cinder/rootwrap.conf env LC_ALL=C qemu-img info -f qcow2 --output=json --force-share /opt/stack/data/cinder/mnt/1e817c658236f1a08970858410a3a46b/volume-c5c97502-8288-4d6e-a10a-213089a8cc73.8878c4fd-28e7-444c-9679-3d79a96b4eef" returned: 0 in 0.430s {{(pid=86212) execute /opt/stack/data/venv/lib/python3.12/site-packages/oslo_concurrency/processutils.py:468}}
Aug 31 15:45:28 devstack cinder-volume[86212]: DEBUG cinder.volume.drivers.remotefs [None req-647bfad5-e61a-4bb7-8ed6-308868d2fc4a tempest-VolumesDeleteCascade-527292760 None] Fetching qemu-img info with special backing_file_template: (/opt/stack/data/cinder/mnt/[0-9a-f]+/)?(volume-c5c97502-8288-4d6e-a10a-213089a8cc73(.(tmp-snap-)?[0-9a-f-]+)?|volume_from_snapshot_cache/(tmp-snap-)?[0-9a-f-]+(.(child-|parent-)[0-9a-f-]+)?)$ {{(pid=86212) _qemu_img_info_base /opt/stack/cinder/cinder/volume/drivers/remotefs.py:896}}
Aug 31 15:45:28 devstack cinder-volume[86212]: DEBUG oslo_concurrency.processutils [None req-647bfad5-e61a-4bb7-8ed6-308868d2fc4a tempest-VolumesDeleteCascade-527292760 None] Running cmd (subprocess): sudo cinder-rootwrap /etc/cinder/rootwrap.conf qemu-img create -f qcow2 -o backing_file=/opt/stack/data/cinder/mnt/1e817c658236f1a08970858410a3a46b/volume-c5c97502-8288-4d6e-a10a-213089a8cc73.8878c4fd-28e7-444c-9679-3d79a96b4eef,backing_fmt=qcow2 /opt/stack/data/cinder/mnt/1e817c658236f1a08970858410a3a46b/volume-c5c97502-8288-4d6e-a10a-213089a8cc73.be5a50af-3fb2-41ae-b06b-222a75e13677 1G {{(pid=86212) execute /opt/stack/data/venv/lib/python3.12/site-packages/oslo_concurrency/processutils.py:440}}
Aug 31 15:45:28 devstack sudo[89470]: quobyte : PWD=/ ; USER=root ; COMMAND=/opt/stack/data/venv/bin/cinder-rootwrap /etc/cinder/rootwrap.conf qemu-img create -f qcow2 -o backing_file=/opt/stack/data/cinder/mnt/1e817c658236f1a08970858410a3a46b/volume-c5c97502-8288-4d6e-a10a-213089a8cc73.8878c4fd-28e7-444c-9679-3d79a96b4eef,backing_fmt=qcow2 /opt/stack/data/cinder/mnt/1e817c658236f1a08970858410a3a46b/volume-c5c97502-8288-4d6e-a10a-213089a8cc73.be5a50af-3fb2-41ae-b06b-222a75e13677 1G
Aug 31 15:45:28 devstack sudo[89470]: pam_unix(sudo:session): session opened for user root(uid=0) by (uid=1000)
Aug 31 15:45:29 devstack sudo[89470]: pam_unix(sudo:session): session closed for user root
Aug 31 15:45:29 devstack cinder-volume[86212]: DEBUG oslo_concurrency.processutils [None req-647bfad5-e61a-4bb7-8ed6-308868d2fc4a tempest-VolumesDeleteCascade-527292760 None] CMD "sudo cinder-rootwrap /etc/cinder/rootwrap.conf qemu-img create -f qcow2 -o backing_file=/opt/stack/data/cinder/mnt/1e817c658236f1a08970858410a3a46b/volume-c5c97502-8288-4d6e-a10a-213089a8cc73.8878c4fd-28e7-444c-9679-3d79a96b4eef,backing_fmt=qcow2 /opt/stack/data/cinder/mnt/1e817c658236f1a08970858410a3a46b/volume-c5c97502-8288-4d6e-a10a-213089a8cc73.be5a50af-3fb2-41ae-b06b-222a75e13677 1G" returned: 0 in 0.416s {{(pid=86212) execute /opt/stack/data/venv/lib/python3.12/site-packages/oslo_concurrency/processutils.py:468}}
Aug 31 15:45:29 devstack cinder-volume[86212]: DEBUG oslo_concurrency.processutils [None req-647bfad5-e61a-4bb7-8ed6-308868d2fc4a tempest-VolumesDeleteCascade-527292760 None] Running cmd (subprocess): sudo cinder-rootwrap /etc/cinder/rootwrap.conf qemu-img rebase -u -b volume-c5c97502-8288-4d6e-a10a-213089a8cc73.8878c4fd-28e7-444c-9679-3d79a96b4eef -F qcow2 /opt/stack/data/cinder/mnt/1e817c658236f1a08970858410a3a46b/volume-c5c97502-8288-4d6e-a10a-213089a8cc73.be5a50af-3fb2-41ae-b06b-222a75e13677 {{(pid=86212) execute /opt/stack/data/venv/lib/python3.12/site-packages/oslo_concurrency/processutils.py:440}}
Aug 31 15:45:29 devstack sudo[89477]: quobyte : PWD=/ ; USER=root ; COMMAND=/opt/stack/data/venv/bin/cinder-rootwrap /etc/cinder/rootwrap.conf qemu-img rebase -u -b volume-c5c97502-8288-4d6e-a10a-213089a8cc73.8878c4fd-28e7-444c-9679-3d79a96b4eef -F qcow2 /opt/stack/data/cinder/mnt/1e817c658236f1a08970858410a3a46b/volume-c5c97502-8288-4d6e-a10a-213089a8cc73.be5a50af-3fb2-41ae-b06b-222a75e13677
Aug 31 15:45:29 devstack sudo[89477]: pam_unix(sudo:session): session opened for user root(uid=0) by (uid=1000)
Aug 31 15:45:29 devstack sudo[89477]: pam_unix(sudo:session): session closed for user root
Aug 31 15:45:29 devstack cinder-volume[86212]: DEBUG oslo_concurrency.processutils [None req-647bfad5-e61a-4bb7-8ed6-308868d2fc4a tempest-VolumesDeleteCascade-527292760 None] CMD "sudo cinder-rootwrap /etc/cinder/rootwrap.conf qemu-img rebase -u -b volume-c5c97502-8288-4d6e-a10a-213089a8cc73.8878c4fd-28e7-444c-9679-3d79a96b4eef -F qcow2 /opt/stack/data/cinder/mnt/1e817c658236f1a08970858410a3a46b/volume-c5c97502-8288-4d6e-a10a-213089a8cc73.be5a50af-3fb2-41ae-b06b-222a75e13677" returned: 0 in 0.314s {{(pid=86212) execute /opt/stack/data/venv/lib/python3.12/site-packages/oslo_concurrency/processutils.py:468}}
Aug 31 15:45:29 devstack cinder-volume[86212]: WARNING cinder.volume.drivers.remotefs [None req-647bfad5-e61a-4bb7-8ed6-308868d2fc4a tempest-VolumesDeleteCascade-527292760 None] /opt/stack/data/cinder/mnt/1e817c658236f1a08970858410a3a46b/volume-c5c97502-8288-4d6e-a10a-213089a8cc73.be5a50af-3fb2-41ae-b06b-222a75e13677 is being set with open permissions: ugo+rw
Aug 31 15:45:29 devstack cinder-volume[86212]: DEBUG oslo_concurrency.processutils [None req-647bfad5-e61a-4bb7-8ed6-308868d2fc4a tempest-VolumesDeleteCascade-527292760 None] Running cmd (subprocess): sudo cinder-rootwrap /etc/cinder/rootwrap.conf chmod ugo+rw /opt/stack/data/cinder/mnt/1e817c658236f1a08970858410a3a46b/volume-c5c97502-8288-4d6e-a10a-213089a8cc73.be5a50af-3fb2-41ae-b06b-222a75e13677 {{(pid=86212) execute /opt/stack/data/venv/lib/python3.12/site-packages/oslo_concurrency/processutils.py:440}}
Aug 31 15:45:29 devstack sudo[89483]: quobyte : PWD=/ ; USER=root ; COMMAND=/opt/stack/data/venv/bin/cinder-rootwrap /etc/cinder/rootwrap.conf chmod ugo+rw /opt/stack/data/cinder/mnt/1e817c658236f1a08970858410a3a46b/volume-c5c97502-8288-4d6e-a10a-213089a8cc73.be5a50af-3fb2-41ae-b06b-222a75e13677
Aug 31 15:45:29 devstack sudo[89483]: pam_unix(sudo:session): session opened for user root(uid=0) by (uid=1000)
Aug 31 15:45:29 devstack sudo[89483]: pam_unix(sudo:session): session closed for user root
Aug 31 15:45:29 devstack cinder-volume[86212]: DEBUG oslo_concurrency.processutils [None req-647bfad5-e61a-4bb7-8ed6-308868d2fc4a tempest-VolumesDeleteCascade-527292760 None] CMD "sudo cinder-rootwrap /etc/cinder/rootwrap.conf chmod ugo+rw /opt/stack/data/cinder/mnt/1e817c658236f1a08970858410a3a46b/volume-c5c97502-8288-4d6e-a10a-213089a8cc73.be5a50af-3fb2-41ae-b06b-222a75e13677" returned: 0 in 0.266s {{(pid=86212) execute /opt/stack/data/venv/lib/python3.12/site-packages/oslo_concurrency/processutils.py:468}}
Aug 31 15:45:29 devstack cinder-volume[86212]: DEBUG oslo_concurrency.lockutils [None req-647bfad5-e61a-4bb7-8ed6-308868d2fc4a tempest-VolumesDeleteCascade-527292760 None] Lock "quobyte" "released" by "cinder.volume.drivers.quobyte.QuobyteDriver.create_snapshot" :: held 1.559s {{(pid=86212) inner /opt/stack/data/venv/lib/python3.12/site-packages/oslo_concurrency/lockutils.py:544}}
Aug 31 15:45:29 devstack cinder-volume[86212]: INFO cinder.volume.manager [None req-647bfad5-e61a-4bb7-8ed6-308868d2fc4a tempest-VolumesDeleteCascade-527292760 None] Create snapshot completed successfully
Aug 31 15:45:30 devstack cinder-volume[86212]: DEBUG cinder.coordination [None req-572754ff-25f8-4f04-a9a7-982ddbd6aff2 tempest-VolumesDeleteCascade-527292760 None] Acquiring lock "cinder-c5c97502-8288-4d6e-a10a-213089a8cc73-delete_volume" by "delete_volume" {{(pid=86212) __acquire /opt/stack/cinder/cinder/coordination.py:138}}
Aug 31 15:45:30 devstack cinder-volume[86212]: DEBUG cinder.coordination [None req-572754ff-25f8-4f04-a9a7-982ddbd6aff2 tempest-VolumesDeleteCascade-527292760 None] Lock "cinder-c5c97502-8288-4d6e-a10a-213089a8cc73-delete_volume" acquired by "delete_volume" :: waited 0.026s {{(pid=86212) __acquire /opt/stack/cinder/cinder/coordination.py:141}}
Aug 31 15:45:30 devstack cinder-volume[86212]: DEBUG cinder.volume.manager [None req-572754ff-25f8-4f04-a9a7-982ddbd6aff2 tempest-VolumesDeleteCascade-527292760 None] Performing cascade delete. {{(pid=86212) delete_volume /opt/stack/cinder/cinder/volume/manager.py:995}}
Aug 31 15:45:30 devstack cinder-volume[86212]: DEBUG cinder.coordination [None req-572754ff-25f8-4f04-a9a7-982ddbd6aff2 tempest-VolumesDeleteCascade-527292760 None] Acquiring lock "cinder-8878c4fd-28e7-444c-9679-3d79a96b4eef-delete_snapshot" by "delete_snapshot" {{(pid=86212) __acquire /opt/stack/cinder/cinder/coordination.py:138}}
Aug 31 15:45:30 devstack cinder-volume[86212]: DEBUG cinder.coordination [None req-572754ff-25f8-4f04-a9a7-982ddbd6aff2 tempest-VolumesDeleteCascade-527292760 None] Lock "cinder-8878c4fd-28e7-444c-9679-3d79a96b4eef-delete_snapshot" acquired by "delete_snapshot" :: waited 0.016s {{(pid=86212) __acquire /opt/stack/cinder/cinder/coordination.py:141}}
Aug 31 15:45:30 devstack cinder-volume[86212]: DEBUG cinder.coordination [None req-572754ff-25f8-4f04-a9a7-982ddbd6aff2 tempest-VolumesDeleteCascade-527292760 None] Acquiring lock "cinder-quobyte-c5c97502-8288-4d6e-a10a-213089a8cc73" by "delete_snapshot" {{(pid=86212) __acquire /opt/stack/cinder/cinder/coordination.py:138}}
Aug 31 15:45:30 devstack cinder-volume[86212]: DEBUG cinder.coordination [None req-572754ff-25f8-4f04-a9a7-982ddbd6aff2 tempest-VolumesDeleteCascade-527292760 None] Lock "cinder-quobyte-c5c97502-8288-4d6e-a10a-213089a8cc73" acquired by "delete_snapshot" :: waited 0.022s {{(pid=86212) __acquire /opt/stack/cinder/cinder/coordination.py:141}}
Aug 31 15:45:30 devstack cinder-volume[86212]: DEBUG cinder.coordination [None req-572754ff-25f8-4f04-a9a7-982ddbd6aff2 tempest-VolumesDeleteCascade-527292760 None] Acquiring lock "cinder-quobyte-8878c4fd-28e7-444c-9679-3d79a96b4eef" by "_delete_snapshot" {{(pid=86212) __acquire /opt/stack/cinder/cinder/coordination.py:138}}
Aug 31 15:45:30 devstack cinder-volume[86212]: DEBUG cinder.coordination [None req-572754ff-25f8-4f04-a9a7-982ddbd6aff2 tempest-VolumesDeleteCascade-527292760 None] Lock "cinder-quobyte-8878c4fd-28e7-444c-9679-3d79a96b4eef" acquired by "_delete_snapshot" :: waited 0.017s {{(pid=86212) __acquire /opt/stack/cinder/cinder/coordination.py:141}}
Aug 31 15:45:30 devstack cinder-volume[86212]: DEBUG cinder.volume.drivers.remotefs [None req-572754ff-25f8-4f04-a9a7-982ddbd6aff2 tempest-VolumesDeleteCascade-527292760 None] Deleting offline snapshot 8878c4fd-28e7-444c-9679-3d79a96b4eef of volume c5c97502-8288-4d6e-a10a-213089a8cc73 {{(pid=86212) _delete_snapshot /opt/stack/cinder/cinder/volume/drivers/remotefs.py:1288}}
Aug 31 15:45:30 devstack cinder-volume[86212]: DEBUG cinder.volume.drivers.remotefs [None req-572754ff-25f8-4f04-a9a7-982ddbd6aff2 tempest-VolumesDeleteCascade-527292760 None] snapshot_file for this snap is: volume-c5c97502-8288-4d6e-a10a-213089a8cc73.8878c4fd-28e7-444c-9679-3d79a96b4eef {{(pid=86212) _delete_snapshot /opt/stack/cinder/cinder/volume/drivers/remotefs.py:1317}}
Aug 31 15:45:30 devstack cinder-volume[86212]: DEBUG oslo.privsep.daemon [-] privsep: reply[6c00cb98-66bc-456f-9b8a-156377e29202]: (4, 'qcow2') {{(pid=87431) _call_back /opt/stack/data/venv/lib/python3.12/site-packages/oslo_privsep/daemon.py:580}}
Aug 31 15:45:30 devstack cinder-volume[86212]: DEBUG oslo_concurrency.processutils [None req-572754ff-25f8-4f04-a9a7-982ddbd6aff2 tempest-VolumesDeleteCascade-527292760 None] Running cmd (subprocess): /opt/stack/data/venv/bin/python3.12 -m oslo_concurrency.prlimit --as=1073741824 --cpu=60 -- sudo cinder-rootwrap /etc/cinder/rootwrap.conf env LC_ALL=C qemu-img info -f qcow2 --output=json --force-share /opt/stack/data/cinder/mnt/1e817c658236f1a08970858410a3a46b/volume-c5c97502-8288-4d6e-a10a-213089a8cc73.8878c4fd-28e7-444c-9679-3d79a96b4eef {{(pid=86212) execute /opt/stack/data/venv/lib/python3.12/site-packages/oslo_concurrency/processutils.py:440}}
Aug 31 15:45:30 devstack sudo[89492]: quobyte : PWD=/ ; USER=root ; COMMAND=/opt/stack/data/venv/bin/cinder-rootwrap /etc/cinder/rootwrap.conf env LC_ALL=C qemu-img info -f qcow2 --output=json --force-share /opt/stack/data/cinder/mnt/1e817c658236f1a08970858410a3a46b/volume-c5c97502-8288-4d6e-a10a-213089a8cc73.8878c4fd-28e7-444c-9679-3d79a96b4eef
Aug 31 15:45:30 devstack sudo[89492]: pam_unix(sudo:session): session opened for user root(uid=0) by (uid=1000)
Aug 31 15:45:30 devstack cinder-volume[86212]: INFO cinder.volume.manager [req-c734a429-7564-4dd4-b4ef-3e1e38ae30f9 req-0e4ac967-5e0e-4520-82ed-30d5aa0dcec6 tempest-TaggedAttachmentsTest-1961219214 None] Terminate volume connection completed successfully.
Aug 31 15:45:30 devstack cinder-volume[86212]: DEBUG cinder.volume.manager [req-c734a429-7564-4dd4-b4ef-3e1e38ae30f9 req-0e4ac967-5e0e-4520-82ed-30d5aa0dcec6 tempest-TaggedAttachmentsTest-1961219214 None] Deleting attachment 8ba304aa-e9c3-487d-ad1f-e6ace2eabd81. {{(pid=86212) attachment_delete /opt/stack/cinder/cinder/volume/manager.py:5055}}
Aug 31 15:45:31 devstack sudo[89492]: pam_unix(sudo:session): session closed for user root
Aug 31 15:45:31 devstack cinder-volume[86212]: DEBUG oslo_concurrency.processutils [None req-572754ff-25f8-4f04-a9a7-982ddbd6aff2 tempest-VolumesDeleteCascade-527292760 None] CMD "/opt/stack/data/venv/bin/python3.12 -m oslo_concurrency.prlimit --as=1073741824 --cpu=60 -- sudo cinder-rootwrap /etc/cinder/rootwrap.conf env LC_ALL=C qemu-img info -f qcow2 --output=json --force-share /opt/stack/data/cinder/mnt/1e817c658236f1a08970858410a3a46b/volume-c5c97502-8288-4d6e-a10a-213089a8cc73.8878c4fd-28e7-444c-9679-3d79a96b4eef" returned: 0 in 0.493s {{(pid=86212) execute /opt/stack/data/venv/lib/python3.12/site-packages/oslo_concurrency/processutils.py:468}}
Aug 31 15:45:31 devstack cinder-volume[86212]: DEBUG cinder.volume.drivers.remotefs [None req-572754ff-25f8-4f04-a9a7-982ddbd6aff2 tempest-VolumesDeleteCascade-527292760 None] Fetching qemu-img info with special backing_file_template: (/opt/stack/data/cinder/mnt/[0-9a-f]+/)?(volume-c5c97502-8288-4d6e-a10a-213089a8cc73(.(tmp-snap-)?[0-9a-f-]+)?|volume_from_snapshot_cache/(tmp-snap-)?[0-9a-f-]+(.(child-|parent-)[0-9a-f-]+)?)$ {{(pid=86212) _qemu_img_info_base /opt/stack/cinder/cinder/volume/drivers/remotefs.py:896}}
Aug 31 15:45:31 devstack cinder-volume[86212]: DEBUG oslo.privsep.daemon [-] privsep: reply[d7b15ddd-f9fd-4017-ac73-9d497f97282d]: (4, 'qcow2') {{(pid=87431) _call_back /opt/stack/data/venv/lib/python3.12/site-packages/oslo_privsep/daemon.py:580}}
Aug 31 15:45:31 devstack cinder-volume[86212]: DEBUG oslo_concurrency.processutils [None req-572754ff-25f8-4f04-a9a7-982ddbd6aff2 tempest-VolumesDeleteCascade-527292760 None] Running cmd (subprocess): /opt/stack/data/venv/bin/python3.12 -m oslo_concurrency.prlimit --as=1073741824 --cpu=60 -- sudo cinder-rootwrap /etc/cinder/rootwrap.conf env LC_ALL=C qemu-img info -f qcow2 --output=json --force-share /opt/stack/data/cinder/mnt/1e817c658236f1a08970858410a3a46b/volume-c5c97502-8288-4d6e-a10a-213089a8cc73 {{(pid=86212) execute /opt/stack/data/venv/lib/python3.12/site-packages/oslo_concurrency/processutils.py:440}}
Aug 31 15:45:31 devstack sudo[89522]: quobyte : PWD=/ ; USER=root ; COMMAND=/opt/stack/data/venv/bin/cinder-rootwrap /etc/cinder/rootwrap.conf env LC_ALL=C qemu-img info -f qcow2 --output=json --force-share /opt/stack/data/cinder/mnt/1e817c658236f1a08970858410a3a46b/volume-c5c97502-8288-4d6e-a10a-213089a8cc73
Aug 31 15:45:31 devstack sudo[89522]: pam_unix(sudo:session): session opened for user root(uid=0) by (uid=1000)
Aug 31 15:45:31 devstack cinder-volume[86212]: DEBUG oslo_concurrency.processutils [None req-572754ff-25f8-4f04-a9a7-982ddbd6aff2 tempest-VolumesDeleteCascade-527292760 None] CMD "/opt/stack/data/venv/bin/python3.12 -m oslo_concurrency.prlimit --as=1073741824 --cpu=60 -- sudo cinder-rootwrap /etc/cinder/rootwrap.conf env LC_ALL=C qemu-img info -f qcow2 --output=json --force-share /opt/stack/data/cinder/mnt/1e817c658236f1a08970858410a3a46b/volume-c5c97502-8288-4d6e-a10a-213089a8cc73" returned: 0 in 0.614s {{(pid=86212) execute /opt/stack/data/venv/lib/python3.12/site-packages/oslo_concurrency/processutils.py:468}}
Aug 31 15:45:31 devstack sudo[89522]: pam_unix(sudo:session): session closed for user root
Aug 31 15:45:31 devstack cinder-volume[86212]: DEBUG oslo.privsep.daemon [-] privsep: reply[ab00de8c-e701-4fa0-8569-5e7ac0b2ce61]: (4, 'qcow2') {{(pid=87431) _call_back /opt/stack/data/venv/lib/python3.12/site-packages/oslo_privsep/daemon.py:580}}
Aug 31 15:45:31 devstack cinder-volume[86212]: DEBUG oslo_concurrency.processutils [None req-572754ff-25f8-4f04-a9a7-982ddbd6aff2 tempest-VolumesDeleteCascade-527292760 None] Running cmd (subprocess): /opt/stack/data/venv/bin/python3.12 -m oslo_concurrency.prlimit --as=1073741824 --cpu=60 -- sudo cinder-rootwrap /etc/cinder/rootwrap.conf env LC_ALL=C qemu-img info -f qcow2 --output=json --force-share /opt/stack/data/cinder/mnt/1e817c658236f1a08970858410a3a46b/volume-c5c97502-8288-4d6e-a10a-213089a8cc73.be5a50af-3fb2-41ae-b06b-222a75e13677 {{(pid=86212) execute /opt/stack/data/venv/lib/python3.12/site-packages/oslo_concurrency/processutils.py:440}}
Aug 31 15:45:32 devstack sudo[89528]: quobyte : PWD=/ ; USER=root ; COMMAND=/opt/stack/data/venv/bin/cinder-rootwrap /etc/cinder/rootwrap.conf env LC_ALL=C qemu-img info -f qcow2 --output=json --force-share /opt/stack/data/cinder/mnt/1e817c658236f1a08970858410a3a46b/volume-c5c97502-8288-4d6e-a10a-213089a8cc73.be5a50af-3fb2-41ae-b06b-222a75e13677
Aug 31 15:45:32 devstack sudo[89528]: pam_unix(sudo:session): session opened for user root(uid=0) by (uid=1000)
Aug 31 15:45:32 devstack sudo[89528]: pam_unix(sudo:session): session closed for user root
Aug 31 15:45:32 devstack cinder-volume[86212]: DEBUG oslo_concurrency.processutils [None req-572754ff-25f8-4f04-a9a7-982ddbd6aff2 tempest-VolumesDeleteCascade-527292760 None] CMD "/opt/stack/data/venv/bin/python3.12 -m oslo_concurrency.prlimit --as=1073741824 --cpu=60 -- sudo cinder-rootwrap /etc/cinder/rootwrap.conf env LC_ALL=C qemu-img info -f qcow2 --output=json --force-share /opt/stack/data/cinder/mnt/1e817c658236f1a08970858410a3a46b/volume-c5c97502-8288-4d6e-a10a-213089a8cc73.be5a50af-3fb2-41ae-b06b-222a75e13677" returned: 0 in 0.732s {{(pid=86212) execute /opt/stack/data/venv/lib/python3.12/site-packages/oslo_concurrency/processutils.py:468}}
Aug 31 15:45:32 devstack cinder-volume[86212]: DEBUG cinder.volume.drivers.remotefs [None req-572754ff-25f8-4f04-a9a7-982ddbd6aff2 tempest-VolumesDeleteCascade-527292760 None] Fetching qemu-img info with special backing_file_template: (/opt/stack/data/cinder/mnt/[0-9a-f]+/)?(volume-c5c97502-8288-4d6e-a10a-213089a8cc73(.(tmp-snap-)?[0-9a-f-]+)?|volume_from_snapshot_cache/(tmp-snap-)?[0-9a-f-]+(.(child-|parent-)[0-9a-f-]+)?)$ {{(pid=86212) _qemu_img_info_base /opt/stack/cinder/cinder/volume/drivers/remotefs.py:896}}
Aug 31 15:45:32 devstack cinder-volume[86212]: DEBUG oslo.privsep.daemon [-] privsep: reply[093e2f23-263c-46b0-9633-16c9ae39f8c8]: (4, 'qcow2') {{(pid=87431) _call_back /opt/stack/data/venv/lib/python3.12/site-packages/oslo_privsep/daemon.py:580}}
Aug 31 15:45:32 devstack cinder-volume[86212]: DEBUG oslo_concurrency.processutils [None req-572754ff-25f8-4f04-a9a7-982ddbd6aff2 tempest-VolumesDeleteCascade-527292760 None] Running cmd (subprocess): /opt/stack/data/venv/bin/python3.12 -m oslo_concurrency.prlimit --as=1073741824 --cpu=60 -- sudo cinder-rootwrap /etc/cinder/rootwrap.conf env LC_ALL=C qemu-img info -f qcow2 --output=json --force-share /opt/stack/data/cinder/mnt/1e817c658236f1a08970858410a3a46b/volume-c5c97502-8288-4d6e-a10a-213089a8cc73.8878c4fd-28e7-444c-9679-3d79a96b4eef {{(pid=86212) execute /opt/stack/data/venv/lib/python3.12/site-packages/oslo_concurrency/processutils.py:440}}
Aug 31 15:45:32 devstack sudo[89549]: quobyte : PWD=/ ; USER=root ; COMMAND=/opt/stack/data/venv/bin/cinder-rootwrap /etc/cinder/rootwrap.conf env LC_ALL=C qemu-img info -f qcow2 --output=json --force-share /opt/stack/data/cinder/mnt/1e817c658236f1a08970858410a3a46b/volume-c5c97502-8288-4d6e-a10a-213089a8cc73.8878c4fd-28e7-444c-9679-3d79a96b4eef
Aug 31 15:45:32 devstack sudo[89549]: pam_unix(sudo:session): session opened for user root(uid=0) by (uid=1000)
Aug 31 15:45:33 devstack sudo[89549]: pam_unix(sudo:session): session closed for user root
Aug 31 15:45:33 devstack cinder-volume[86212]: DEBUG oslo_concurrency.processutils [None req-572754ff-25f8-4f04-a9a7-982ddbd6aff2 tempest-VolumesDeleteCascade-527292760 None] CMD "/opt/stack/data/venv/bin/python3.12 -m oslo_concurrency.prlimit --as=1073741824 --cpu=60 -- sudo cinder-rootwrap /etc/cinder/rootwrap.conf env LC_ALL=C qemu-img info -f qcow2 --output=json --force-share /opt/stack/data/cinder/mnt/1e817c658236f1a08970858410a3a46b/volume-c5c97502-8288-4d6e-a10a-213089a8cc73.8878c4fd-28e7-444c-9679-3d79a96b4eef" returned: 0 in 0.564s {{(pid=86212) execute /opt/stack/data/venv/lib/python3.12/site-packages/oslo_concurrency/processutils.py:468}}
Aug 31 15:45:33 devstack cinder-volume[86212]: DEBUG cinder.volume.drivers.remotefs [None req-572754ff-25f8-4f04-a9a7-982ddbd6aff2 tempest-VolumesDeleteCascade-527292760 None] Fetching qemu-img info with special backing_file_template: (/opt/stack/data/cinder/mnt/[0-9a-f]+/)?(volume-c5c97502-8288-4d6e-a10a-213089a8cc73(.(tmp-snap-)?[0-9a-f-]+)?|volume_from_snapshot_cache/(tmp-snap-)?[0-9a-f-]+(.(child-|parent-)[0-9a-f-]+)?)$ {{(pid=86212) _qemu_img_info_base /opt/stack/cinder/cinder/volume/drivers/remotefs.py:896}}
Aug 31 15:45:33 devstack cinder-volume[86212]: DEBUG oslo.privsep.daemon [-] privsep: reply[21d6ce6f-1420-423e-ae13-49f7d1a29b6b]: (4, 'qcow2') {{(pid=87431) _call_back /opt/stack/data/venv/lib/python3.12/site-packages/oslo_privsep/daemon.py:580}}
Aug 31 15:45:33 devstack cinder-volume[86212]: DEBUG oslo_concurrency.processutils [None req-572754ff-25f8-4f04-a9a7-982ddbd6aff2 tempest-VolumesDeleteCascade-527292760 None] Running cmd (subprocess): /opt/stack/data/venv/bin/python3.12 -m oslo_concurrency.prlimit --as=1073741824 --cpu=60 -- sudo cinder-rootwrap /etc/cinder/rootwrap.conf env LC_ALL=C qemu-img info -f qcow2 --output=json --force-share /opt/stack/data/cinder/mnt/1e817c658236f1a08970858410a3a46b/volume-c5c97502-8288-4d6e-a10a-213089a8cc73 {{(pid=86212) execute /opt/stack/data/venv/lib/python3.12/site-packages/oslo_concurrency/processutils.py:440}}
Aug 31 15:45:33 devstack sudo[89558]: quobyte : PWD=/ ; USER=root ; COMMAND=/opt/stack/data/venv/bin/cinder-rootwrap /etc/cinder/rootwrap.conf env LC_ALL=C qemu-img info -f qcow2 --output=json --force-share /opt/stack/data/cinder/mnt/1e817c658236f1a08970858410a3a46b/volume-c5c97502-8288-4d6e-a10a-213089a8cc73
Aug 31 15:45:33 devstack sudo[89558]: pam_unix(sudo:session): session opened for user root(uid=0) by (uid=1000)
Aug 31 15:45:33 devstack sudo[89558]: pam_unix(sudo:session): session closed for user root
Aug 31 15:45:33 devstack cinder-volume[86212]: DEBUG oslo_concurrency.processutils [None req-572754ff-25f8-4f04-a9a7-982ddbd6aff2 tempest-VolumesDeleteCascade-527292760 None] CMD "/opt/stack/data/venv/bin/python3.12 -m oslo_concurrency.prlimit --as=1073741824 --cpu=60 -- sudo cinder-rootwrap /etc/cinder/rootwrap.conf env LC_ALL=C qemu-img info -f qcow2 --output=json --force-share /opt/stack/data/cinder/mnt/1e817c658236f1a08970858410a3a46b/volume-c5c97502-8288-4d6e-a10a-213089a8cc73" returned: 0 in 0.674s {{(pid=86212) execute /opt/stack/data/venv/lib/python3.12/site-packages/oslo_concurrency/processutils.py:468}}
Aug 31 15:45:33 devstack cinder-volume[86212]: DEBUG oslo_concurrency.processutils [None req-572754ff-25f8-4f04-a9a7-982ddbd6aff2 tempest-VolumesDeleteCascade-527292760 None] Running cmd (subprocess): sudo cinder-rootwrap /etc/cinder/rootwrap.conf qemu-img commit -d /opt/stack/data/cinder/mnt/1e817c658236f1a08970858410a3a46b/volume-c5c97502-8288-4d6e-a10a-213089a8cc73.8878c4fd-28e7-444c-9679-3d79a96b4eef {{(pid=86212) execute /opt/stack/data/venv/lib/python3.12/site-packages/oslo_concurrency/processutils.py:440}}
Aug 31 15:45:34 devstack sudo[89563]: quobyte : PWD=/ ; USER=root ; COMMAND=/opt/stack/data/venv/bin/cinder-rootwrap /etc/cinder/rootwrap.conf qemu-img commit -d /opt/stack/data/cinder/mnt/1e817c658236f1a08970858410a3a46b/volume-c5c97502-8288-4d6e-a10a-213089a8cc73.8878c4fd-28e7-444c-9679-3d79a96b4eef
Aug 31 15:45:34 devstack sudo[89563]: pam_unix(sudo:session): session opened for user root(uid=0) by (uid=1000)
Aug 31 15:45:34 devstack sudo[89563]: pam_unix(sudo:session): session closed for user root
Aug 31 15:45:34 devstack cinder-volume[86212]: DEBUG oslo_concurrency.processutils [None req-572754ff-25f8-4f04-a9a7-982ddbd6aff2 tempest-VolumesDeleteCascade-527292760 None] CMD "sudo cinder-rootwrap /etc/cinder/rootwrap.conf qemu-img commit -d /opt/stack/data/cinder/mnt/1e817c658236f1a08970858410a3a46b/volume-c5c97502-8288-4d6e-a10a-213089a8cc73.8878c4fd-28e7-444c-9679-3d79a96b4eef" returned: 0 in 0.957s {{(pid=86212) execute /opt/stack/data/venv/lib/python3.12/site-packages/oslo_concurrency/processutils.py:468}}
Aug 31 15:45:34 devstack cinder-volume[86212]: DEBUG oslo_concurrency.processutils [None req-572754ff-25f8-4f04-a9a7-982ddbd6aff2 tempest-VolumesDeleteCascade-527292760 None] Running cmd (subprocess): sudo cinder-rootwrap /etc/cinder/rootwrap.conf rm -f /opt/stack/data/cinder/mnt/1e817c658236f1a08970858410a3a46b/volume-c5c97502-8288-4d6e-a10a-213089a8cc73.8878c4fd-28e7-444c-9679-3d79a96b4eef {{(pid=86212) execute /opt/stack/data/venv/lib/python3.12/site-packages/oslo_concurrency/processutils.py:440}}
Aug 31 15:45:34 devstack sudo[89576]: quobyte : PWD=/ ; USER=root ; COMMAND=/opt/stack/data/venv/bin/cinder-rootwrap /etc/cinder/rootwrap.conf rm -f /opt/stack/data/cinder/mnt/1e817c658236f1a08970858410a3a46b/volume-c5c97502-8288-4d6e-a10a-213089a8cc73.8878c4fd-28e7-444c-9679-3d79a96b4eef
Aug 31 15:45:34 devstack sudo[89576]: pam_unix(sudo:session): session opened for user root(uid=0) by (uid=1000)
Aug 31 15:45:35 devstack sudo[89576]: pam_unix(sudo:session): session closed for user root
Aug 31 15:45:35 devstack cinder-volume[86212]: DEBUG oslo_concurrency.processutils [None req-572754ff-25f8-4f04-a9a7-982ddbd6aff2 tempest-VolumesDeleteCascade-527292760 None] CMD "sudo cinder-rootwrap /etc/cinder/rootwrap.conf rm -f /opt/stack/data/cinder/mnt/1e817c658236f1a08970858410a3a46b/volume-c5c97502-8288-4d6e-a10a-213089a8cc73.8878c4fd-28e7-444c-9679-3d79a96b4eef" returned: 0 in 0.540s {{(pid=86212) execute /opt/stack/data/venv/lib/python3.12/site-packages/oslo_concurrency/processutils.py:468}}
Aug 31 15:45:35 devstack cinder-volume[86212]: DEBUG oslo_concurrency.processutils [None req-572754ff-25f8-4f04-a9a7-982ddbd6aff2 tempest-VolumesDeleteCascade-527292760 None] Running cmd (subprocess): sudo cinder-rootwrap /etc/cinder/rootwrap.conf qemu-img rebase -u -b volume-c5c97502-8288-4d6e-a10a-213089a8cc73 /opt/stack/data/cinder/mnt/1e817c658236f1a08970858410a3a46b/volume-c5c97502-8288-4d6e-a10a-213089a8cc73.be5a50af-3fb2-41ae-b06b-222a75e13677 -F qcow2 {{(pid=86212) execute /opt/stack/data/venv/lib/python3.12/site-packages/oslo_concurrency/processutils.py:440}}
Aug 31 15:45:35 devstack sudo[89587]: quobyte : PWD=/ ; USER=root ; COMMAND=/opt/stack/data/venv/bin/cinder-rootwrap /etc/cinder/rootwrap.conf qemu-img rebase -u -b volume-c5c97502-8288-4d6e-a10a-213089a8cc73 /opt/stack/data/cinder/mnt/1e817c658236f1a08970858410a3a46b/volume-c5c97502-8288-4d6e-a10a-213089a8cc73.be5a50af-3fb2-41ae-b06b-222a75e13677 -F qcow2
Aug 31 15:45:35 devstack sudo[89587]: pam_unix(sudo:session): session opened for user root(uid=0) by (uid=1000)
Aug 31 15:45:35 devstack cinder-volume[86212]: DEBUG oslo_concurrency.lockutils [req-1d209339-bae5-4d69-8955-073c466ae17a req-86906b4f-d40f-4e91-8f46-4078678f310a tempest-ServerActionsTestOtherA-919106657 None] Acquiring lock "quobyte" by "cinder.volume.drivers.quobyte.QuobyteDriver.initialize_connection" {{(pid=86212) inner /opt/stack/data/venv/lib/python3.12/site-packages/oslo_concurrency/lockutils.py:512}}
Aug 31 15:45:35 devstack cinder-volume[86212]: DEBUG oslo_concurrency.lockutils [req-1d209339-bae5-4d69-8955-073c466ae17a req-86906b4f-d40f-4e91-8f46-4078678f310a tempest-ServerActionsTestOtherA-919106657 None] Lock "quobyte" acquired by "cinder.volume.drivers.quobyte.QuobyteDriver.initialize_connection" :: waited 0.001s {{(pid=86212) inner /opt/stack/data/venv/lib/python3.12/site-packages/oslo_concurrency/lockutils.py:525}}
Aug 31 15:45:35 devstack cinder-volume[86212]: DEBUG oslo_concurrency.lockutils [req-1d209339-bae5-4d69-8955-073c466ae17a req-86906b4f-d40f-4e91-8f46-4078678f310a tempest-ServerActionsTestOtherA-919106657 None] Lock "quobyte" "released" by "cinder.volume.drivers.quobyte.QuobyteDriver.initialize_connection" :: held 0.026s {{(pid=86212) inner /opt/stack/data/venv/lib/python3.12/site-packages/oslo_concurrency/lockutils.py:544}}
Aug 31 15:45:35 devstack cinder-volume[86212]: DEBUG cinder.volume.manager [req-1d209339-bae5-4d69-8955-073c466ae17a req-86906b4f-d40f-4e91-8f46-4078678f310a tempest-ServerActionsTestOtherA-919106657 None] Connection info returned from driver {'export': 'osci02.corp.quobyte.com/cinder-vol-7e127e00-1116-4146-b11b-1fa9377667f6', 'name': 'volume-a56c2c7f-f9fc-4b6e-a506-8f993f8551c6', 'options': None, 'format': 'qcow2', 'qos_specs': None, 'access_mode': 'rw', 'encrypted': False, 'cacheable': False, 'driver_volume_type': 'quobyte', 'mount_point_base': '/opt/stack/data/cinder/mnt', 'attachment_id': '88409a2b-f191-4a7f-af3c-3e597248da16', 'enforce_multipath': True} {{(pid=86212) _connection_create /opt/stack/cinder/cinder/volume/manager.py:4924}}
Aug 31 15:45:35 devstack cinder-volume[86212]: INFO cinder.volume.manager [req-1d209339-bae5-4d69-8955-073c466ae17a req-86906b4f-d40f-4e91-8f46-4078678f310a tempest-ServerActionsTestOtherA-919106657 None] attachment_update completed successfully.
Aug 31 15:45:36 devstack sudo[89587]: pam_unix(sudo:session): session closed for user root
Aug 31 15:45:36 devstack cinder-volume[86212]: DEBUG oslo_concurrency.processutils [None req-572754ff-25f8-4f04-a9a7-982ddbd6aff2 tempest-VolumesDeleteCascade-527292760 None] CMD "sudo cinder-rootwrap /etc/cinder/rootwrap.conf qemu-img rebase -u -b volume-c5c97502-8288-4d6e-a10a-213089a8cc73 /opt/stack/data/cinder/mnt/1e817c658236f1a08970858410a3a46b/volume-c5c97502-8288-4d6e-a10a-213089a8cc73.be5a50af-3fb2-41ae-b06b-222a75e13677 -F qcow2" returned: 0 in 0.563s {{(pid=86212) execute /opt/stack/data/venv/lib/python3.12/site-packages/oslo_concurrency/processutils.py:468}}
Aug 31 15:45:36 devstack cinder-volume[86212]: DEBUG cinder.coordination [None req-572754ff-25f8-4f04-a9a7-982ddbd6aff2 tempest-VolumesDeleteCascade-527292760 None] Lock "cinder-quobyte-8878c4fd-28e7-444c-9679-3d79a96b4eef" released by "_delete_snapshot" :: held 5.344s {{(pid=86212) __release /opt/stack/cinder/cinder/coordination.py:152}}
Aug 31 15:45:36 devstack cinder-volume[86212]: DEBUG cinder.coordination [None req-572754ff-25f8-4f04-a9a7-982ddbd6aff2 tempest-VolumesDeleteCascade-527292760 None] Lock "cinder-quobyte-c5c97502-8288-4d6e-a10a-213089a8cc73" released by "delete_snapshot" :: held 5.373s {{(pid=86212) __release /opt/stack/cinder/cinder/coordination.py:152}}
Aug 31 15:45:36 devstack cinder-volume[86212]: DEBUG cinder.quota [None req-572754ff-25f8-4f04-a9a7-982ddbd6aff2 tempest-VolumesDeleteCascade-527292760 None] Created reservations ['5894a453-21c1-4426-b92f-5a1dbe322eb3', 'bf9fe322-538b-46be-9cb0-d2b01ee63c2f', '519b901e-b20f-48c0-a68c-781c74d2726c', 'e23f29f6-7ddf-474b-a984-ba9ecb72657c'] {{(pid=86212) reserve /opt/stack/cinder/cinder/quota.py:752}}
Aug 31 15:45:36 devstack cinder-volume[86212]: INFO cinder.volume.manager [None req-572754ff-25f8-4f04-a9a7-982ddbd6aff2 tempest-VolumesDeleteCascade-527292760 None] Delete snapshot completed successfully.
Aug 31 15:45:36 devstack cinder-volume[86212]: DEBUG cinder.coordination [None req-572754ff-25f8-4f04-a9a7-982ddbd6aff2 tempest-VolumesDeleteCascade-527292760 None] Lock "cinder-8878c4fd-28e7-444c-9679-3d79a96b4eef-delete_snapshot" released by "delete_snapshot" :: held 5.590s {{(pid=86212) __release /opt/stack/cinder/cinder/coordination.py:152}}
Aug 31 15:45:36 devstack cinder-volume[86212]: DEBUG cinder.coordination [None req-572754ff-25f8-4f04-a9a7-982ddbd6aff2 tempest-VolumesDeleteCascade-527292760 None] Acquiring lock "cinder-be5a50af-3fb2-41ae-b06b-222a75e13677-delete_snapshot" by "delete_snapshot" {{(pid=86212) __acquire /opt/stack/cinder/cinder/coordination.py:138}}
Aug 31 15:45:36 devstack cinder-volume[86212]: DEBUG cinder.coordination [None req-572754ff-25f8-4f04-a9a7-982ddbd6aff2 tempest-VolumesDeleteCascade-527292760 None] Lock "cinder-be5a50af-3fb2-41ae-b06b-222a75e13677-delete_snapshot" acquired by "delete_snapshot" :: waited 0.036s {{(pid=86212) __acquire /opt/stack/cinder/cinder/coordination.py:141}}
Aug 31 15:45:36 devstack cinder-volume[86212]: DEBUG cinder.coordination [None req-572754ff-25f8-4f04-a9a7-982ddbd6aff2 tempest-VolumesDeleteCascade-527292760 None] Acquiring lock "cinder-quobyte-c5c97502-8288-4d6e-a10a-213089a8cc73" by "delete_snapshot" {{(pid=86212) __acquire /opt/stack/cinder/cinder/coordination.py:138}}
Aug 31 15:45:36 devstack cinder-volume[86212]: DEBUG cinder.coordination [None req-572754ff-25f8-4f04-a9a7-982ddbd6aff2 tempest-VolumesDeleteCascade-527292760 None] Lock "cinder-quobyte-c5c97502-8288-4d6e-a10a-213089a8cc73" acquired by "delete_snapshot" :: waited 0.047s {{(pid=86212) __acquire /opt/stack/cinder/cinder/coordination.py:141}}
Aug 31 15:45:36 devstack cinder-volume[86212]: DEBUG cinder.coordination [None req-572754ff-25f8-4f04-a9a7-982ddbd6aff2 tempest-VolumesDeleteCascade-527292760 None] Acquiring lock "cinder-quobyte-be5a50af-3fb2-41ae-b06b-222a75e13677" by "_delete_snapshot" {{(pid=86212) __acquire /opt/stack/cinder/cinder/coordination.py:138}}
Aug 31 15:45:36 devstack cinder-volume[86212]: DEBUG cinder.coordination [None req-572754ff-25f8-4f04-a9a7-982ddbd6aff2 tempest-VolumesDeleteCascade-527292760 None] Lock "cinder-quobyte-be5a50af-3fb2-41ae-b06b-222a75e13677" acquired by "_delete_snapshot" :: waited 0.035s {{(pid=86212) __acquire /opt/stack/cinder/cinder/coordination.py:141}}
Aug 31 15:45:36 devstack cinder-volume[86212]: DEBUG cinder.volume.drivers.remotefs [None req-572754ff-25f8-4f04-a9a7-982ddbd6aff2 tempest-VolumesDeleteCascade-527292760 None] Deleting offline snapshot be5a50af-3fb2-41ae-b06b-222a75e13677 of volume c5c97502-8288-4d6e-a10a-213089a8cc73 {{(pid=86212) _delete_snapshot /opt/stack/cinder/cinder/volume/drivers/remotefs.py:1288}}
Aug 31 15:45:36 devstack cinder-volume[86212]: DEBUG cinder.volume.drivers.remotefs [None req-572754ff-25f8-4f04-a9a7-982ddbd6aff2 tempest-VolumesDeleteCascade-527292760 None] snapshot_file for this snap is: volume-c5c97502-8288-4d6e-a10a-213089a8cc73.be5a50af-3fb2-41ae-b06b-222a75e13677 {{(pid=86212) _delete_snapshot /opt/stack/cinder/cinder/volume/drivers/remotefs.py:1317}}
Aug 31 15:45:36 devstack cinder-volume[86212]: DEBUG oslo.privsep.daemon [-] privsep: reply[4d38d4cb-2729-4661-a012-6f316d561ad8]: (4, 'qcow2') {{(pid=87431) _call_back /opt/stack/data/venv/lib/python3.12/site-packages/oslo_privsep/daemon.py:580}}
Aug 31 15:45:36 devstack cinder-volume[86212]: DEBUG oslo_concurrency.processutils [None req-572754ff-25f8-4f04-a9a7-982ddbd6aff2 tempest-VolumesDeleteCascade-527292760 None] Running cmd (subprocess): /opt/stack/data/venv/bin/python3.12 -m oslo_concurrency.prlimit --as=1073741824 --cpu=60 -- sudo cinder-rootwrap /etc/cinder/rootwrap.conf env LC_ALL=C qemu-img info -f qcow2 --output=json --force-share /opt/stack/data/cinder/mnt/1e817c658236f1a08970858410a3a46b/volume-c5c97502-8288-4d6e-a10a-213089a8cc73.be5a50af-3fb2-41ae-b06b-222a75e13677 {{(pid=86212) execute /opt/stack/data/venv/lib/python3.12/site-packages/oslo_concurrency/processutils.py:440}}
Aug 31 15:45:36 devstack sudo[89989]: quobyte : PWD=/ ; USER=root ; COMMAND=/opt/stack/data/venv/bin/cinder-rootwrap /etc/cinder/rootwrap.conf env LC_ALL=C qemu-img info -f qcow2 --output=json --force-share /opt/stack/data/cinder/mnt/1e817c658236f1a08970858410a3a46b/volume-c5c97502-8288-4d6e-a10a-213089a8cc73.be5a50af-3fb2-41ae-b06b-222a75e13677
Aug 31 15:45:36 devstack sudo[89989]: pam_unix(sudo:session): session opened for user root(uid=0) by (uid=1000)
Aug 31 15:45:36 devstack sudo[89989]: pam_unix(sudo:session): session closed for user root
Aug 31 15:45:36 devstack cinder-volume[86212]: DEBUG oslo_concurrency.processutils [None req-572754ff-25f8-4f04-a9a7-982ddbd6aff2 tempest-VolumesDeleteCascade-527292760 None] CMD "/opt/stack/data/venv/bin/python3.12 -m oslo_concurrency.prlimit --as=1073741824 --cpu=60 -- sudo cinder-rootwrap /etc/cinder/rootwrap.conf env LC_ALL=C qemu-img info -f qcow2 --output=json --force-share /opt/stack/data/cinder/mnt/1e817c658236f1a08970858410a3a46b/volume-c5c97502-8288-4d6e-a10a-213089a8cc73.be5a50af-3fb2-41ae-b06b-222a75e13677" returned: 0 in 0.444s {{(pid=86212) execute /opt/stack/data/venv/lib/python3.12/site-packages/oslo_concurrency/processutils.py:468}}
Aug 31 15:45:36 devstack cinder-volume[86212]: DEBUG cinder.volume.drivers.remotefs [None req-572754ff-25f8-4f04-a9a7-982ddbd6aff2 tempest-VolumesDeleteCascade-527292760 None] Fetching qemu-img info with special backing_file_template: (/opt/stack/data/cinder/mnt/[0-9a-f]+/)?(volume-c5c97502-8288-4d6e-a10a-213089a8cc73(.(tmp-snap-)?[0-9a-f-]+)?|volume_from_snapshot_cache/(tmp-snap-)?[0-9a-f-]+(.(child-|parent-)[0-9a-f-]+)?)$ {{(pid=86212) _qemu_img_info_base /opt/stack/cinder/cinder/volume/drivers/remotefs.py:896}}
Aug 31 15:45:36 devstack cinder-volume[86212]: DEBUG oslo.privsep.daemon [-] privsep: reply[2614dd7d-6176-4dc5-89c0-88110ab39793]: (4, 'qcow2') {{(pid=87431) _call_back /opt/stack/data/venv/lib/python3.12/site-packages/oslo_privsep/daemon.py:580}}
Aug 31 15:45:36 devstack cinder-volume[86212]: DEBUG oslo_concurrency.processutils [None req-572754ff-25f8-4f04-a9a7-982ddbd6aff2 tempest-VolumesDeleteCascade-527292760 None] Running cmd (subprocess): /opt/stack/data/venv/bin/python3.12 -m oslo_concurrency.prlimit --as=1073741824 --cpu=60 -- sudo cinder-rootwrap /etc/cinder/rootwrap.conf env LC_ALL=C qemu-img info -f qcow2 --output=json --force-share /opt/stack/data/cinder/mnt/1e817c658236f1a08970858410a3a46b/volume-c5c97502-8288-4d6e-a10a-213089a8cc73 {{(pid=86212) execute /opt/stack/data/venv/lib/python3.12/site-packages/oslo_concurrency/processutils.py:440}}
Aug 31 15:45:37 devstack sudo[89996]: quobyte : PWD=/ ; USER=root ; COMMAND=/opt/stack/data/venv/bin/cinder-rootwrap /etc/cinder/rootwrap.conf env LC_ALL=C qemu-img info -f qcow2 --output=json --force-share /opt/stack/data/cinder/mnt/1e817c658236f1a08970858410a3a46b/volume-c5c97502-8288-4d6e-a10a-213089a8cc73
Aug 31 15:45:37 devstack sudo[89996]: pam_unix(sudo:session): session opened for user root(uid=0) by (uid=1000)
Aug 31 15:45:37 devstack sudo[89996]: pam_unix(sudo:session): session closed for user root
Aug 31 15:45:37 devstack cinder-volume[86212]: DEBUG oslo_concurrency.processutils [None req-572754ff-25f8-4f04-a9a7-982ddbd6aff2 tempest-VolumesDeleteCascade-527292760 None] CMD "/opt/stack/data/venv/bin/python3.12 -m oslo_concurrency.prlimit --as=1073741824 --cpu=60 -- sudo cinder-rootwrap /etc/cinder/rootwrap.conf env LC_ALL=C qemu-img info -f qcow2 --output=json --force-share /opt/stack/data/cinder/mnt/1e817c658236f1a08970858410a3a46b/volume-c5c97502-8288-4d6e-a10a-213089a8cc73" returned: 0 in 0.708s {{(pid=86212) execute /opt/stack/data/venv/lib/python3.12/site-packages/oslo_concurrency/processutils.py:468}}
Aug 31 15:45:37 devstack cinder-volume[86212]: DEBUG oslo_concurrency.processutils [None req-572754ff-25f8-4f04-a9a7-982ddbd6aff2 tempest-VolumesDeleteCascade-527292760 None] Running cmd (subprocess): sudo cinder-rootwrap /etc/cinder/rootwrap.conf qemu-img commit -d /opt/stack/data/cinder/mnt/1e817c658236f1a08970858410a3a46b/volume-c5c97502-8288-4d6e-a10a-213089a8cc73.be5a50af-3fb2-41ae-b06b-222a75e13677 {{(pid=86212) execute /opt/stack/data/venv/lib/python3.12/site-packages/oslo_concurrency/processutils.py:440}}
Aug 31 15:45:37 devstack sudo[90021]: quobyte : PWD=/ ; USER=root ; COMMAND=/opt/stack/data/venv/bin/cinder-rootwrap /etc/cinder/rootwrap.conf qemu-img commit -d /opt/stack/data/cinder/mnt/1e817c658236f1a08970858410a3a46b/volume-c5c97502-8288-4d6e-a10a-213089a8cc73.be5a50af-3fb2-41ae-b06b-222a75e13677
Aug 31 15:45:37 devstack sudo[90021]: pam_unix(sudo:session): session opened for user root(uid=0) by (uid=1000)
Aug 31 15:45:38 devstack sudo[90021]: pam_unix(sudo:session): session closed for user root
Aug 31 15:45:38 devstack cinder-volume[86212]: DEBUG oslo_concurrency.processutils [None req-572754ff-25f8-4f04-a9a7-982ddbd6aff2 tempest-VolumesDeleteCascade-527292760 None] CMD "sudo cinder-rootwrap /etc/cinder/rootwrap.conf qemu-img commit -d /opt/stack/data/cinder/mnt/1e817c658236f1a08970858410a3a46b/volume-c5c97502-8288-4d6e-a10a-213089a8cc73.be5a50af-3fb2-41ae-b06b-222a75e13677" returned: 0 in 0.530s {{(pid=86212) execute /opt/stack/data/venv/lib/python3.12/site-packages/oslo_concurrency/processutils.py:468}}
Aug 31 15:45:38 devstack cinder-volume[86212]: DEBUG oslo_concurrency.processutils [None req-572754ff-25f8-4f04-a9a7-982ddbd6aff2 tempest-VolumesDeleteCascade-527292760 None] Running cmd (subprocess): sudo cinder-rootwrap /etc/cinder/rootwrap.conf rm -f /opt/stack/data/cinder/mnt/1e817c658236f1a08970858410a3a46b/volume-c5c97502-8288-4d6e-a10a-213089a8cc73.be5a50af-3fb2-41ae-b06b-222a75e13677 {{(pid=86212) execute /opt/stack/data/venv/lib/python3.12/site-packages/oslo_concurrency/processutils.py:440}}
Aug 31 15:45:38 devstack sudo[90028]: quobyte : PWD=/ ; USER=root ; COMMAND=/opt/stack/data/venv/bin/cinder-rootwrap /etc/cinder/rootwrap.conf rm -f /opt/stack/data/cinder/mnt/1e817c658236f1a08970858410a3a46b/volume-c5c97502-8288-4d6e-a10a-213089a8cc73.be5a50af-3fb2-41ae-b06b-222a75e13677
Aug 31 15:45:38 devstack sudo[90028]: pam_unix(sudo:session): session opened for user root(uid=0) by (uid=1000)
Aug 31 15:45:38 devstack sudo[90028]: pam_unix(sudo:session): session closed for user root
Aug 31 15:45:38 devstack cinder-volume[86212]: DEBUG oslo_concurrency.processutils [None req-572754ff-25f8-4f04-a9a7-982ddbd6aff2 tempest-VolumesDeleteCascade-527292760 None] CMD "sudo cinder-rootwrap /etc/cinder/rootwrap.conf rm -f /opt/stack/data/cinder/mnt/1e817c658236f1a08970858410a3a46b/volume-c5c97502-8288-4d6e-a10a-213089a8cc73.be5a50af-3fb2-41ae-b06b-222a75e13677" returned: 0 in 0.303s {{(pid=86212) execute /opt/stack/data/venv/lib/python3.12/site-packages/oslo_concurrency/processutils.py:468}}
Aug 31 15:45:38 devstack cinder-volume[86212]: DEBUG cinder.coordination [None req-572754ff-25f8-4f04-a9a7-982ddbd6aff2 tempest-VolumesDeleteCascade-527292760 None] Lock "cinder-quobyte-be5a50af-3fb2-41ae-b06b-222a75e13677" released by "_delete_snapshot" :: held 2.120s {{(pid=86212) __release /opt/stack/cinder/cinder/coordination.py:152}}
Aug 31 15:45:38 devstack cinder-volume[86212]: DEBUG cinder.coordination [None req-572754ff-25f8-4f04-a9a7-982ddbd6aff2 tempest-VolumesDeleteCascade-527292760 None] Lock "cinder-quobyte-c5c97502-8288-4d6e-a10a-213089a8cc73" released by "delete_snapshot" :: held 2.168s {{(pid=86212) __release /opt/stack/cinder/cinder/coordination.py:152}}
Aug 31 15:45:38 devstack cinder-volume[86212]: DEBUG cinder.quota [None req-572754ff-25f8-4f04-a9a7-982ddbd6aff2 tempest-VolumesDeleteCascade-527292760 None] Created reservations ['1feb81d3-d16b-4f6b-9ad1-9171ea306a9d', '42f8052b-0ba0-4aa8-a54d-6589ff2dfc0f', 'bda823cf-b552-4c95-ab89-060d987e71d3', 'c551f726-d91e-4651-948f-c8bdaf67126e'] {{(pid=86212) reserve /opt/stack/cinder/cinder/quota.py:752}}
Aug 31 15:45:38 devstack cinder-volume[86212]: INFO cinder.volume.manager [None req-572754ff-25f8-4f04-a9a7-982ddbd6aff2 tempest-VolumesDeleteCascade-527292760 None] Delete snapshot completed successfully.
