Aug 31 15:48:43 devstack cinder-volume[86212]: DEBUG cinder.volume.drivers.quobyte [None req-32f10623-ede2-4b60-8d68-3734f560551e tempest-GroupSnapshotsTest-1167331189 None] Quobyte Volume URL set to: {'osci02.corp.quobyte.com/cinder-vol-7e127e00-1116-4146-b11b-1fa9377667f6': None} {{(pid=86212) _load_shares_config /opt/stack/cinder/cinder/volume/drivers/quobyte.py:662}}
Aug 31 15:48:43 devstack cinder-volume[86212]: DEBUG cinder.volume.drivers.quobyte [None req-32f10623-ede2-4b60-8d68-3734f560551e tempest-GroupSnapshotsTest-1167331189 None] Available shares ['osci02.corp.quobyte.com/cinder-vol-7e127e00-1116-4146-b11b-1fa9377667f6'] {{(pid=86212) _ensure_shares_mounted /opt/stack/cinder/cinder/volume/drivers/quobyte.py:692}}
Aug 31 15:48:43 devstack cinder-volume[86212]: DEBUG oslo_concurrency.lockutils [None req-32f10623-ede2-4b60-8d68-3734f560551e tempest-GroupSnapshotsTest-1167331189 None] Lock "quobyte_ensure" "released" by "cinder.volume.drivers.quobyte.QuobyteDriver._ensure_shares_mounted" :: held 0.012s {{(pid=86212) inner /opt/stack/data/venv/lib/python3.12/site-packages/oslo_concurrency/lockutils.py:544}}
Aug 31 15:48:43 devstack cinder-volume[86212]: DEBUG cinder.volume.drivers.quobyte [None req-32f10623-ede2-4b60-8d68-3734f560551e tempest-GroupSnapshotsTest-1167331189 None] Selected osci02.corp.quobyte.com/cinder-vol-7e127e00-1116-4146-b11b-1fa9377667f6 as target Quobyte volume. {{(pid=86212) _find_share /opt/stack/cinder/cinder/volume/drivers/quobyte.py:713}}
Aug 31 15:48:43 devstack cinder-volume[86212]: INFO cinder.volume.drivers.remotefs [None req-32f10623-ede2-4b60-8d68-3734f560551e tempest-GroupSnapshotsTest-1167331189 None] casted to osci02.corp.quobyte.com/cinder-vol-7e127e00-1116-4146-b11b-1fa9377667f6
Aug 31 15:48:43 devstack cinder-volume[86212]: DEBUG oslo_concurrency.processutils [None req-32f10623-ede2-4b60-8d68-3734f560551e tempest-GroupSnapshotsTest-1167331189 None] Running cmd (subprocess): sudo cinder-rootwrap /etc/cinder/rootwrap.conf qemu-img create -f qcow2 -o preallocation=metadata /opt/stack/data/cinder/mnt/1e817c658236f1a08970858410a3a46b/volume-6fa19557-25b4-4738-b303-ab538899d575 1073741824 {{(pid=86212) execute /opt/stack/data/venv/lib/python3.12/site-packages/oslo_concurrency/processutils.py:440}}
Aug 31 15:48:43 devstack sudo[93109]: quobyte : PWD=/ ; USER=root ; COMMAND=/opt/stack/data/venv/bin/cinder-rootwrap /etc/cinder/rootwrap.conf qemu-img create -f qcow2 -o preallocation=metadata /opt/stack/data/cinder/mnt/1e817c658236f1a08970858410a3a46b/volume-6fa19557-25b4-4738-b303-ab538899d575 1073741824
Aug 31 15:48:43 devstack sudo[93109]: pam_unix(sudo:session): session opened for user root(uid=0) by (uid=1000)
Aug 31 15:48:44 devstack cinder-volume[86212]: DEBUG oslo_service.periodic_task [None req-0b4f62cb-e51a-4079-a8cb-a8b1c8d43a71 None None] Running periodic task VolumeManager.publish_service_capabilities {{(pid=86212) run_periodic_tasks /opt/stack/data/venv/lib/python3.12/site-packages/oslo_service/periodic_task.py:254}}
Aug 31 15:48:44 devstack cinder-volume[86212]: DEBUG oslo_concurrency.lockutils [None req-0b4f62cb-e51a-4079-a8cb-a8b1c8d43a71 None None] Acquiring lock "quobyte_ensure" by "cinder.volume.drivers.quobyte.QuobyteDriver._ensure_shares_mounted" {{(pid=86212) inner /opt/stack/data/venv/lib/python3.12/site-packages/oslo_concurrency/lockutils.py:512}}
Aug 31 15:48:44 devstack cinder-volume[86212]: DEBUG oslo_concurrency.lockutils [None req-0b4f62cb-e51a-4079-a8cb-a8b1c8d43a71 None None] Lock "quobyte_ensure" acquired by "cinder.volume.drivers.quobyte.QuobyteDriver._ensure_shares_mounted" :: waited 0.003s {{(pid=86212) inner /opt/stack/data/venv/lib/python3.12/site-packages/oslo_concurrency/lockutils.py:525}}
Aug 31 15:48:44 devstack cinder-volume[86212]: DEBUG cinder.volume.drivers.quobyte [None req-0b4f62cb-e51a-4079-a8cb-a8b1c8d43a71 None None] Quobyte Volume URL set to: {'osci02.corp.quobyte.com/cinder-vol-7e127e00-1116-4146-b11b-1fa9377667f6': None} {{(pid=86212) _load_shares_config /opt/stack/cinder/cinder/volume/drivers/quobyte.py:662}}
Aug 31 15:48:44 devstack cinder-volume[86212]: DEBUG cinder.volume.drivers.quobyte [None req-0b4f62cb-e51a-4079-a8cb-a8b1c8d43a71 None None] Available shares ['osci02.corp.quobyte.com/cinder-vol-7e127e00-1116-4146-b11b-1fa9377667f6'] {{(pid=86212) _ensure_shares_mounted /opt/stack/cinder/cinder/volume/drivers/quobyte.py:692}}
Aug 31 15:48:44 devstack cinder-volume[86212]: DEBUG oslo_concurrency.lockutils [None req-0b4f62cb-e51a-4079-a8cb-a8b1c8d43a71 None None] Lock "quobyte_ensure" "released" by "cinder.volume.drivers.quobyte.QuobyteDriver._ensure_shares_mounted" :: held 0.013s {{(pid=86212) inner /opt/stack/data/venv/lib/python3.12/site-packages/oslo_concurrency/lockutils.py:544}}
Aug 31 15:48:44 devstack cinder-volume[86212]: DEBUG oslo_concurrency.processutils [None req-0b4f62cb-e51a-4079-a8cb-a8b1c8d43a71 None None] Running cmd (subprocess): sudo cinder-rootwrap /etc/cinder/rootwrap.conf df --portability --block-size 1 /opt/stack/data/cinder/mnt/1e817c658236f1a08970858410a3a46b {{(pid=86212) execute /opt/stack/data/venv/lib/python3.12/site-packages/oslo_concurrency/processutils.py:440}}
Aug 31 15:48:44 devstack sudo[93114]: quobyte : PWD=/ ; USER=root ; COMMAND=/opt/stack/data/venv/bin/cinder-rootwrap /etc/cinder/rootwrap.conf df --portability --block-size 1 /opt/stack/data/cinder/mnt/1e817c658236f1a08970858410a3a46b
Aug 31 15:48:44 devstack sudo[93114]: pam_unix(sudo:session): session opened for user root(uid=0) by (uid=1000)
Aug 31 15:48:44 devstack sudo[93109]: pam_unix(sudo:session): session closed for user root
Aug 31 15:48:44 devstack cinder-volume[86212]: DEBUG oslo_concurrency.processutils [None req-32f10623-ede2-4b60-8d68-3734f560551e tempest-GroupSnapshotsTest-1167331189 None] CMD "sudo cinder-rootwrap /etc/cinder/rootwrap.conf qemu-img create -f qcow2 -o preallocation=metadata /opt/stack/data/cinder/mnt/1e817c658236f1a08970858410a3a46b/volume-6fa19557-25b4-4738-b303-ab538899d575 1073741824" returned: 0 in 0.812s {{(pid=86212) execute /opt/stack/data/venv/lib/python3.12/site-packages/oslo_concurrency/processutils.py:468}}
Aug 31 15:48:44 devstack cinder-volume[86212]: DEBUG oslo_concurrency.processutils [None req-32f10623-ede2-4b60-8d68-3734f560551e tempest-GroupSnapshotsTest-1167331189 None] Running cmd (subprocess): sudo cinder-rootwrap /etc/cinder/rootwrap.conf chmod ugo+rw /opt/stack/data/cinder/mnt/1e817c658236f1a08970858410a3a46b/volume-6fa19557-25b4-4738-b303-ab538899d575 {{(pid=86212) execute /opt/stack/data/venv/lib/python3.12/site-packages/oslo_concurrency/processutils.py:440}}
Aug 31 15:48:44 devstack sudo[93117]: quobyte : PWD=/ ; USER=root ; COMMAND=/opt/stack/data/venv/bin/cinder-rootwrap /etc/cinder/rootwrap.conf chmod ugo+rw /opt/stack/data/cinder/mnt/1e817c658236f1a08970858410a3a46b/volume-6fa19557-25b4-4738-b303-ab538899d575
Aug 31 15:48:44 devstack sudo[93117]: pam_unix(sudo:session): session opened for user root(uid=0) by (uid=1000)
Aug 31 15:48:44 devstack sudo[93114]: pam_unix(sudo:session): session closed for user root
Aug 31 15:48:44 devstack cinder-volume[86212]: DEBUG oslo_concurrency.processutils [None req-0b4f62cb-e51a-4079-a8cb-a8b1c8d43a71 None None] CMD "sudo cinder-rootwrap /etc/cinder/rootwrap.conf df --portability --block-size 1 /opt/stack/data/cinder/mnt/1e817c658236f1a08970858410a3a46b" returned: 0 in 0.560s {{(pid=86212) execute /opt/stack/data/venv/lib/python3.12/site-packages/oslo_concurrency/processutils.py:468}}
Aug 31 15:48:44 devstack cinder-volume[86212]: DEBUG cinder.manager [None req-0b4f62cb-e51a-4079-a8cb-a8b1c8d43a71 None None] Notifying Schedulers of capabilities ... {{(pid=86212) _publish_service_capabilities /opt/stack/cinder/cinder/manager.py:219}}
Aug 31 15:48:44 devstack cinder-volume[86212]: DEBUG oslo_service.periodic_task [None req-0b4f62cb-e51a-4079-a8cb-a8b1c8d43a71 None None] Running periodic task VolumeManager._thread_info {{(pid=86212) run_periodic_tasks /opt/stack/data/venv/lib/python3.12/site-packages/oslo_service/periodic_task.py:254}}
Aug 31 15:48:44 devstack cinder-volume[86212]: DEBUG cinder.volume.manager [None req-0b4f62cb-e51a-4079-a8cb-a8b1c8d43a71 None None] thread count: 28 {{(pid=86212) _thread_info /opt/stack/cinder/cinder/volume/manager.py:5472}}
Aug 31 15:48:44 devstack cinder-volume[86212]: DEBUG cinder.volume.manager [None req-0b4f62cb-e51a-4079-a8cb-a8b1c8d43a71 None None] thread info: [<_MainThread(MainThread, started 126043456110720)>, , , , , , , , , , , , , , , , , , , , , , , , , , , ] {{(pid=86212) _thread_info /opt/stack/cinder/cinder/volume/manager.py:5473}}
Aug 31 15:48:45 devstack sudo[93117]: pam_unix(sudo:session): session closed for user root
Aug 31 15:48:45 devstack cinder-volume[86212]: DEBUG oslo_concurrency.processutils [None req-32f10623-ede2-4b60-8d68-3734f560551e tempest-GroupSnapshotsTest-1167331189 None] CMD "sudo cinder-rootwrap /etc/cinder/rootwrap.conf chmod ugo+rw /opt/stack/data/cinder/mnt/1e817c658236f1a08970858410a3a46b/volume-6fa19557-25b4-4738-b303-ab538899d575" returned: 0 in 0.694s {{(pid=86212) execute /opt/stack/data/venv/lib/python3.12/site-packages/oslo_concurrency/processutils.py:468}}
Aug 31 15:48:45 devstack cinder-volume[86212]: DEBUG cinder.volume.drivers.quobyte [None req-32f10623-ede2-4b60-8d68-3734f560551e tempest-GroupSnapshotsTest-1167331189 None] <== create_volume: return (1603ms) {'provider_location': 'osci02.corp.quobyte.com/cinder-vol-7e127e00-1116-4146-b11b-1fa9377667f6'} {{(pid=86212) trace_logging_wrapper /opt/stack/cinder/cinder/volume/volume_utils.py:1522}}
Aug 31 15:48:45 devstack cinder-volume[86212]: DEBUG oslo_concurrency.lockutils [None req-32f10623-ede2-4b60-8d68-3734f560551e tempest-GroupSnapshotsTest-1167331189 None] Lock "quobyte" "released" by "cinder.volume.drivers.quobyte.QuobyteDriver.create_volume" :: held 1.605s {{(pid=86212) inner /opt/stack/data/venv/lib/python3.12/site-packages/oslo_concurrency/lockutils.py:544}}
Aug 31 15:48:45 devstack cinder-volume[86212]: DEBUG cinder.volume.manager [None req-32f10623-ede2-4b60-8d68-3734f560551e tempest-GroupSnapshotsTest-1167331189 None] Task 'cinder.volume.flows.manager.create_volume.CreateVolumeFromSpecTask;volume:create' (47afbd3c-8469-42bf-97f5-8ced4a70426a) transitioned into state 'SUCCESS' from state 'RUNNING' with result '{'status': 'creating', 'volume_name': 'volume-6fa19557-25b4-4738-b303-ab538899d575', 'volume_size': 1}' {{(pid=86212) _task_receiver /opt/stack/data/venv/lib/python3.12/site-packages/taskflow/listeners/logging.py:218}}
Aug 31 15:48:45 devstack cinder-volume[86212]: DEBUG cinder.volume.manager [None req-32f10623-ede2-4b60-8d68-3734f560551e tempest-GroupSnapshotsTest-1167331189 None] Task 'cinder.volume.flows.manager.create_volume.CreateVolumeOnFinishTask;volume:create, create.end' (159e0cc4-1a8f-4ac9-a616-ebadf31bb26e) transitioned into state 'RUNNING' from state 'PENDING' {{(pid=86212) _task_receiver /opt/stack/data/venv/lib/python3.12/site-packages/taskflow/listeners/logging.py:242}}
Aug 31 15:48:45 devstack cinder-volume[86212]: INFO cinder.volume.flows.manager.create_volume [None req-32f10623-ede2-4b60-8d68-3734f560551e tempest-GroupSnapshotsTest-1167331189 None] Volume volume-6fa19557-25b4-4738-b303-ab538899d575 (6fa19557-25b4-4738-b303-ab538899d575): created successfully
Aug 31 15:48:45 devstack cinder-volume[86212]: DEBUG cinder.volume.manager [None req-32f10623-ede2-4b60-8d68-3734f560551e tempest-GroupSnapshotsTest-1167331189 None] Task 'cinder.volume.flows.manager.create_volume.CreateVolumeOnFinishTask;volume:create, create.end' (159e0cc4-1a8f-4ac9-a616-ebadf31bb26e) transitioned into state 'SUCCESS' from state 'RUNNING' with result 'None' {{(pid=86212) _task_receiver /opt/stack/data/venv/lib/python3.12/site-packages/taskflow/listeners/logging.py:218}}
Aug 31 15:48:45 devstack cinder-volume[86212]: DEBUG cinder.volume.manager [None req-32f10623-ede2-4b60-8d68-3734f560551e tempest-GroupSnapshotsTest-1167331189 None] Flow 'volume_create_manager' (a74b6914-88a3-4f0d-ae2c-b184edbe575c) transitioned into state 'SUCCESS' from state 'RUNNING' {{(pid=86212) _flow_receiver /opt/stack/data/venv/lib/python3.12/site-packages/taskflow/listeners/logging.py:160}}
Aug 31 15:48:45 devstack cinder-volume[86212]: INFO cinder.volume.manager [None req-32f10623-ede2-4b60-8d68-3734f560551e tempest-GroupSnapshotsTest-1167331189 None] Created volume successfully.
Aug 31 15:48:46 devstack cinder-volume[86212]: INFO cinder.volume.manager [None req-4827da9c-cca5-41ef-bf42-e90070ccb29d tempest-GroupSnapshotsTest-1167331189 None] Update group completed successfully.
Aug 31 15:48:47 devstack cinder-volume[86212]: INFO cinder.volume.manager [None req-f78f3916-dd67-4596-9609-6e74ba6833b2 tempest-GroupSnapshotsTest-1167331189 None] Update group completed successfully.
Aug 31 15:48:49 devstack cinder-volume[86212]: INFO cinder.volume.manager [None req-f467cc8d-c158-4a3d-be27-88d8a4481a2c tempest-GroupSnapshotsTest-1167331189 None] Update group completed successfully.
Aug 31 15:48:50 devstack cinder-volume[86212]: INFO cinder.volume.manager [None req-767f8ca9-ec80-4ccc-80e7-8ac6fa41ebfa tempest-GroupSnapshotsTest-1167331189 None] Update group completed successfully.
Aug 31 15:48:52 devstack cinder-volume[86212]: INFO cinder.volume.manager [None req-0d17141c-16a5-4c20-867c-398dc365214d tempest-GroupSnapshotsTest-1167331189 None] GroupSnapshot e904b7ef-d343-482e-93e8-400ac06938fc: creating.
Aug 31 15:48:52 devstack cinder-volume[86212]: DEBUG cinder.volume.manager [None req-0d17141c-16a5-4c20-867c-398dc365214d tempest-GroupSnapshotsTest-1167331189 None] Group snapshot e904b7ef-d343-482e-93e8-400ac06938fc: creating. {{(pid=86212) create_group_snapshot /opt/stack/cinder/cinder/volume/manager.py:4175}}
Aug 31 15:48:52 devstack cinder-volume[86212]: DEBUG oslo_concurrency.lockutils [None req-0d17141c-16a5-4c20-867c-398dc365214d tempest-GroupSnapshotsTest-1167331189 None] Acquiring lock "quobyte" by "cinder.volume.drivers.quobyte.QuobyteDriver.create_snapshot" {{(pid=86212) inner /opt/stack/data/venv/lib/python3.12/site-packages/oslo_concurrency/lockutils.py:512}}
Aug 31 15:48:52 devstack cinder-volume[86212]: DEBUG oslo_concurrency.lockutils [None req-0d17141c-16a5-4c20-867c-398dc365214d tempest-GroupSnapshotsTest-1167331189 None] Lock "quobyte" acquired by "cinder.volume.drivers.quobyte.QuobyteDriver.create_snapshot" :: waited 0.001s {{(pid=86212) inner /opt/stack/data/venv/lib/python3.12/site-packages/oslo_concurrency/lockutils.py:525}}
Aug 31 15:48:52 devstack cinder-volume[86212]: DEBUG cinder.volume.drivers.remotefs [None req-0d17141c-16a5-4c20-867c-398dc365214d tempest-GroupSnapshotsTest-1167331189 None] Creating offline snapshot 4e1e65f6-4853-469c-933d-85061a946a1c of volume d357f455-239d-4600-b0be-6e582f45e47a {{(pid=86212) _create_snapshot /opt/stack/cinder/cinder/volume/drivers/remotefs.py:1816}}
Aug 31 15:48:52 devstack cinder-volume[86212]: DEBUG oslo.privsep.daemon [-] privsep: reply[93bfb52a-1bc6-4daf-9250-b6a120da4525]: (4, 'qcow2') {{(pid=87431) _call_back /opt/stack/data/venv/lib/python3.12/site-packages/oslo_privsep/daemon.py:580}}
Aug 31 15:48:52 devstack cinder-volume[86212]: DEBUG oslo_concurrency.processutils [None req-0d17141c-16a5-4c20-867c-398dc365214d tempest-GroupSnapshotsTest-1167331189 None] Running cmd (subprocess): /opt/stack/data/venv/bin/python3.12 -m oslo_concurrency.prlimit --as=1073741824 --cpu=60 -- sudo cinder-rootwrap /etc/cinder/rootwrap.conf env LC_ALL=C qemu-img info -f qcow2 --output=json --force-share /opt/stack/data/cinder/mnt/1e817c658236f1a08970858410a3a46b/volume-d357f455-239d-4600-b0be-6e582f45e47a {{(pid=86212) execute /opt/stack/data/venv/lib/python3.12/site-packages/oslo_concurrency/processutils.py:440}}
Aug 31 15:48:52 devstack sudo[93174]: quobyte : PWD=/ ; USER=root ; COMMAND=/opt/stack/data/venv/bin/cinder-rootwrap /etc/cinder/rootwrap.conf env LC_ALL=C qemu-img info -f qcow2 --output=json --force-share /opt/stack/data/cinder/mnt/1e817c658236f1a08970858410a3a46b/volume-d357f455-239d-4600-b0be-6e582f45e47a
Aug 31 15:48:52 devstack sudo[93174]: pam_unix(sudo:session): session opened for user root(uid=0) by (uid=1000)
Aug 31 15:48:52 devstack sudo[93174]: pam_unix(sudo:session): session closed for user root
Aug 31 15:48:52 devstack cinder-volume[86212]: DEBUG oslo_concurrency.processutils [None req-0d17141c-16a5-4c20-867c-398dc365214d tempest-GroupSnapshotsTest-1167331189 None] CMD "/opt/stack/data/venv/bin/python3.12 -m oslo_concurrency.prlimit --as=1073741824 --cpu=60 -- sudo cinder-rootwrap /etc/cinder/rootwrap.conf env LC_ALL=C qemu-img info -f qcow2 --output=json --force-share /opt/stack/data/cinder/mnt/1e817c658236f1a08970858410a3a46b/volume-d357f455-239d-4600-b0be-6e582f45e47a" returned: 0 in 0.536s {{(pid=86212) execute /opt/stack/data/venv/lib/python3.12/site-packages/oslo_concurrency/processutils.py:468}}
Aug 31 15:48:52 devstack cinder-volume[86212]: DEBUG oslo_concurrency.processutils [None req-0d17141c-16a5-4c20-867c-398dc365214d tempest-GroupSnapshotsTest-1167331189 None] Running cmd (subprocess): sudo cinder-rootwrap /etc/cinder/rootwrap.conf qemu-img create -f qcow2 -o backing_file=/opt/stack/data/cinder/mnt/1e817c658236f1a08970858410a3a46b/volume-d357f455-239d-4600-b0be-6e582f45e47a,backing_fmt=qcow2 /opt/stack/data/cinder/mnt/1e817c658236f1a08970858410a3a46b/volume-d357f455-239d-4600-b0be-6e582f45e47a.4e1e65f6-4853-469c-933d-85061a946a1c 1G {{(pid=86212) execute /opt/stack/data/venv/lib/python3.12/site-packages/oslo_concurrency/processutils.py:440}}
Aug 31 15:48:52 devstack sudo[93204]: quobyte : PWD=/ ; USER=root ; COMMAND=/opt/stack/data/venv/bin/cinder-rootwrap /etc/cinder/rootwrap.conf qemu-img create -f qcow2 -o backing_file=/opt/stack/data/cinder/mnt/1e817c658236f1a08970858410a3a46b/volume-d357f455-239d-4600-b0be-6e582f45e47a,backing_fmt=qcow2 /opt/stack/data/cinder/mnt/1e817c658236f1a08970858410a3a46b/volume-d357f455-239d-4600-b0be-6e582f45e47a.4e1e65f6-4853-469c-933d-85061a946a1c 1G
Aug 31 15:48:52 devstack sudo[93204]: pam_unix(sudo:session): session opened for user root(uid=0) by (uid=1000)
Aug 31 15:48:53 devstack sudo[93204]: pam_unix(sudo:session): session closed for user root
Aug 31 15:48:53 devstack cinder-volume[86212]: DEBUG oslo_concurrency.processutils [None req-0d17141c-16a5-4c20-867c-398dc365214d tempest-GroupSnapshotsTest-1167331189 None] CMD "sudo cinder-rootwrap /etc/cinder/rootwrap.conf qemu-img create -f qcow2 -o backing_file=/opt/stack/data/cinder/mnt/1e817c658236f1a08970858410a3a46b/volume-d357f455-239d-4600-b0be-6e582f45e47a,backing_fmt=qcow2 /opt/stack/data/cinder/mnt/1e817c658236f1a08970858410a3a46b/volume-d357f455-239d-4600-b0be-6e582f45e47a.4e1e65f6-4853-469c-933d-85061a946a1c 1G" returned: 0 in 0.465s {{(pid=86212) execute /opt/stack/data/venv/lib/python3.12/site-packages/oslo_concurrency/processutils.py:468}}
Aug 31 15:48:53 devstack cinder-volume[86212]: DEBUG oslo_concurrency.processutils [None req-0d17141c-16a5-4c20-867c-398dc365214d tempest-GroupSnapshotsTest-1167331189 None] Running cmd (subprocess): sudo cinder-rootwrap /etc/cinder/rootwrap.conf qemu-img rebase -u -b volume-d357f455-239d-4600-b0be-6e582f45e47a -F qcow2 /opt/stack/data/cinder/mnt/1e817c658236f1a08970858410a3a46b/volume-d357f455-239d-4600-b0be-6e582f45e47a.4e1e65f6-4853-469c-933d-85061a946a1c {{(pid=86212) execute /opt/stack/data/venv/lib/python3.12/site-packages/oslo_concurrency/processutils.py:440}}
Aug 31 15:48:53 devstack sudo[93212]: quobyte : PWD=/ ; USER=root ; COMMAND=/opt/stack/data/venv/bin/cinder-rootwrap /etc/cinder/rootwrap.conf qemu-img rebase -u -b volume-d357f455-239d-4600-b0be-6e582f45e47a -F qcow2 /opt/stack/data/cinder/mnt/1e817c658236f1a08970858410a3a46b/volume-d357f455-239d-4600-b0be-6e582f45e47a.4e1e65f6-4853-469c-933d-85061a946a1c
Aug 31 15:48:53 devstack sudo[93212]: pam_unix(sudo:session): session opened for user root(uid=0) by (uid=1000)
Aug 31 15:48:53 devstack sudo[93212]: pam_unix(sudo:session): session closed for user root
Aug 31 15:48:53 devstack cinder-volume[86212]: DEBUG oslo_concurrency.processutils [None req-0d17141c-16a5-4c20-867c-398dc365214d tempest-GroupSnapshotsTest-1167331189 None] CMD "sudo cinder-rootwrap /etc/cinder/rootwrap.conf qemu-img rebase -u -b volume-d357f455-239d-4600-b0be-6e582f45e47a -F qcow2 /opt/stack/data/cinder/mnt/1e817c658236f1a08970858410a3a46b/volume-d357f455-239d-4600-b0be-6e582f45e47a.4e1e65f6-4853-469c-933d-85061a946a1c" returned: 0 in 0.360s {{(pid=86212) execute /opt/stack/data/venv/lib/python3.12/site-packages/oslo_concurrency/processutils.py:468}}
Aug 31 15:48:53 devstack cinder-volume[86212]: WARNING cinder.volume.drivers.remotefs [None req-0d17141c-16a5-4c20-867c-398dc365214d tempest-GroupSnapshotsTest-1167331189 None] /opt/stack/data/cinder/mnt/1e817c658236f1a08970858410a3a46b/volume-d357f455-239d-4600-b0be-6e582f45e47a.4e1e65f6-4853-469c-933d-85061a946a1c is being set with open permissions: ugo+rw: NotImplementedError
Aug 31 15:48:53 devstack cinder-volume[86212]: DEBUG oslo_concurrency.processutils [None req-0d17141c-16a5-4c20-867c-398dc365214d tempest-GroupSnapshotsTest-1167331189 None] Running cmd (subprocess): sudo cinder-rootwrap /etc/cinder/rootwrap.conf chmod ugo+rw /opt/stack/data/cinder/mnt/1e817c658236f1a08970858410a3a46b/volume-d357f455-239d-4600-b0be-6e582f45e47a.4e1e65f6-4853-469c-933d-85061a946a1c {{(pid=86212) execute /opt/stack/data/venv/lib/python3.12/site-packages/oslo_concurrency/processutils.py:440}}
Aug 31 15:48:53 devstack sudo[93218]: quobyte : PWD=/ ; USER=root ; COMMAND=/opt/stack/data/venv/bin/cinder-rootwrap /etc/cinder/rootwrap.conf chmod ugo+rw /opt/stack/data/cinder/mnt/1e817c658236f1a08970858410a3a46b/volume-d357f455-239d-4600-b0be-6e582f45e47a.4e1e65f6-4853-469c-933d-85061a946a1c
Aug 31 15:48:53 devstack sudo[93218]: pam_unix(sudo:session): session opened for user root(uid=0) by (uid=1000)
Aug 31 15:48:53 devstack sudo[93218]: pam_unix(sudo:session): session closed for user root
Aug 31 15:48:53 devstack cinder-volume[86212]: DEBUG oslo_concurrency.processutils [None req-0d17141c-16a5-4c20-867c-398dc365214d tempest-GroupSnapshotsTest-1167331189 None] CMD "sudo cinder-rootwrap /etc/cinder/rootwrap.conf chmod ugo+rw /opt/stack/data/cinder/mnt/1e817c658236f1a08970858410a3a46b/volume-d357f455-239d-4600-b0be-6e582f45e47a.4e1e65f6-4853-469c-933d-85061a946a1c" returned: 0 in 0.279s {{(pid=86212) execute /opt/stack/data/venv/lib/python3.12/site-packages/oslo_concurrency/processutils.py:468}}
Aug 31 15:48:53 devstack cinder-volume[86212]: DEBUG oslo_concurrency.processutils [None req-0d17141c-16a5-4c20-867c-398dc365214d tempest-GroupSnapshotsTest-1167331189 None] Running cmd (subprocess): sudo cinder-rootwrap /etc/cinder/rootwrap.conf truncate -s0 /opt/stack/data/cinder/mnt/1e817c658236f1a08970858410a3a46b/volume-d357f455-239d-4600-b0be-6e582f45e47a.info {{(pid=86212) execute /opt/stack/data/venv/lib/python3.12/site-packages/oslo_concurrency/processutils.py:440}}
Aug 31 15:48:53 devstack sudo[93221]: quobyte : PWD=/ ; USER=root ; COMMAND=/opt/stack/data/venv/bin/cinder-rootwrap /etc/cinder/rootwrap.conf truncate -s0 /opt/stack/data/cinder/mnt/1e817c658236f1a08970858410a3a46b/volume-d357f455-239d-4600-b0be-6e582f45e47a.info
Aug 31 15:48:53 devstack sudo[93221]: pam_unix(sudo:session): session opened for user root(uid=0) by (uid=1000)
Aug 31 15:48:54 devstack sudo[93221]: pam_unix(sudo:session): session closed for user root
Aug 31 15:48:54 devstack cinder-volume[86212]: DEBUG oslo_concurrency.processutils [None req-0d17141c-16a5-4c20-867c-398dc365214d tempest-GroupSnapshotsTest-1167331189 None] CMD "sudo cinder-rootwrap /etc/cinder/rootwrap.conf truncate -s0 /opt/stack/data/cinder/mnt/1e817c658236f1a08970858410a3a46b/volume-d357f455-239d-4600-b0be-6e582f45e47a.info" returned: 0 in 0.315s {{(pid=86212) execute /opt/stack/data/venv/lib/python3.12/site-packages/oslo_concurrency/processutils.py:468}}
Aug 31 15:48:54 devstack cinder-volume[86212]: WARNING cinder.volume.drivers.remotefs [None req-0d17141c-16a5-4c20-867c-398dc365214d tempest-GroupSnapshotsTest-1167331189 None] /opt/stack/data/cinder/mnt/1e817c658236f1a08970858410a3a46b/volume-d357f455-239d-4600-b0be-6e582f45e47a.info is being set with open permissions: ugo+rw: NotImplementedError
Aug 31 15:48:54 devstack cinder-volume[86212]: DEBUG oslo_concurrency.processutils [None req-0d17141c-16a5-4c20-867c-398dc365214d tempest-GroupSnapshotsTest-1167331189 None] Running cmd (subprocess): sudo cinder-rootwrap /etc/cinder/rootwrap.conf chmod ugo+rw /opt/stack/data/cinder/mnt/1e817c658236f1a08970858410a3a46b/volume-d357f455-239d-4600-b0be-6e582f45e47a.info {{(pid=86212) execute /opt/stack/data/venv/lib/python3.12/site-packages/oslo_concurrency/processutils.py:440}}
Aug 31 15:48:54 devstack sudo[93225]: quobyte : PWD=/ ; USER=root ; COMMAND=/opt/stack/data/venv/bin/cinder-rootwrap /etc/cinder/rootwrap.conf chmod ugo+rw /opt/stack/data/cinder/mnt/1e817c658236f1a08970858410a3a46b/volume-d357f455-239d-4600-b0be-6e582f45e47a.info
Aug 31 15:48:54 devstack sudo[93225]: pam_unix(sudo:session): session opened for user root(uid=0) by (uid=1000)
Aug 31 15:48:54 devstack sudo[93225]: pam_unix(sudo:session): session closed for user root
Aug 31 15:48:54 devstack cinder-volume[86212]: DEBUG oslo_concurrency.processutils [None req-0d17141c-16a5-4c20-867c-398dc365214d tempest-GroupSnapshotsTest-1167331189 None] CMD "sudo cinder-rootwrap /etc/cinder/rootwrap.conf chmod ugo+rw /opt/stack/data/cinder/mnt/1e817c658236f1a08970858410a3a46b/volume-d357f455-239d-4600-b0be-6e582f45e47a.info" returned: 0 in 0.282s {{(pid=86212) execute /opt/stack/data/venv/lib/python3.12/site-packages/oslo_concurrency/processutils.py:468}}
Aug 31 15:48:54 devstack cinder-volume[86212]: DEBUG oslo_concurrency.lockutils [None req-0d17141c-16a5-4c20-867c-398dc365214d tempest-GroupSnapshotsTest-1167331189 None] Lock "quobyte" "released" by "cinder.volume.drivers.quobyte.QuobyteDriver.create_snapshot" :: held 2.367s {{(pid=86212) inner /opt/stack/data/venv/lib/python3.12/site-packages/oslo_concurrency/lockutils.py:544}}
Aug 31 15:48:54 devstack cinder-volume[86212]: DEBUG oslo_concurrency.lockutils [None req-0d17141c-16a5-4c20-867c-398dc365214d tempest-GroupSnapshotsTest-1167331189 None] Acquiring lock "quobyte" by "cinder.volume.drivers.quobyte.QuobyteDriver.create_snapshot" {{(pid=86212) inner /opt/stack/data/venv/lib/python3.12/site-packages/oslo_concurrency/lockutils.py:512}}
Aug 31 15:48:54 devstack cinder-volume[86212]: DEBUG oslo_concurrency.lockutils [None req-0d17141c-16a5-4c20-867c-398dc365214d tempest-GroupSnapshotsTest-1167331189 None] Lock "quobyte" acquired by "cinder.volume.drivers.quobyte.QuobyteDriver.create_snapshot" :: waited 0.000s {{(pid=86212) inner /opt/stack/data/venv/lib/python3.12/site-packages/oslo_concurrency/lockutils.py:525}}
Aug 31 15:48:54 devstack cinder-volume[86212]: DEBUG cinder.volume.drivers.remotefs [None req-0d17141c-16a5-4c20-867c-398dc365214d tempest-GroupSnapshotsTest-1167331189 None] Creating offline snapshot 72605070-4826-452c-b2a8-1059659d8d91 of volume 6fa19557-25b4-4738-b303-ab538899d575 {{(pid=86212) _create_snapshot /opt/stack/cinder/cinder/volume/drivers/remotefs.py:1816}}
Aug 31 15:48:54 devstack cinder-volume[86212]: DEBUG oslo.privsep.daemon [-] privsep: reply[bddad9e4-773b-4fe0-88d7-0f12882c87da]: (4, 'qcow2') {{(pid=87431) _call_back /opt/stack/data/venv/lib/python3.12/site-packages/oslo_privsep/daemon.py:580}}
Aug 31 15:48:54 devstack cinder-volume[86212]: DEBUG oslo_concurrency.processutils [None req-0d17141c-16a5-4c20-867c-398dc365214d tempest-GroupSnapshotsTest-1167331189 None] Running cmd (subprocess): /opt/stack/data/venv/bin/python3.12 -m oslo_concurrency.prlimit --as=1073741824 --cpu=60 -- sudo cinder-rootwrap /etc/cinder/rootwrap.conf env LC_ALL=C qemu-img info -f qcow2 --output=json --force-share /opt/stack/data/cinder/mnt/1e817c658236f1a08970858410a3a46b/volume-6fa19557-25b4-4738-b303-ab538899d575 {{(pid=86212) execute /opt/stack/data/venv/lib/python3.12/site-packages/oslo_concurrency/processutils.py:440}}
Aug 31 15:48:54 devstack sudo[93228]: quobyte : PWD=/ ; USER=root ; COMMAND=/opt/stack/data/venv/bin/cinder-rootwrap /etc/cinder/rootwrap.conf env LC_ALL=C qemu-img info -f qcow2 --output=json --force-share /opt/stack/data/cinder/mnt/1e817c658236f1a08970858410a3a46b/volume-6fa19557-25b4-4738-b303-ab538899d575
Aug 31 15:48:54 devstack sudo[93228]: pam_unix(sudo:session): session opened for user root(uid=0) by (uid=1000)
Aug 31 15:48:55 devstack sudo[93228]: pam_unix(sudo:session): session closed for user root
Aug 31 15:48:55 devstack cinder-volume[86212]: DEBUG oslo_concurrency.processutils [None req-0d17141c-16a5-4c20-867c-398dc365214d tempest-GroupSnapshotsTest-1167331189 None] CMD "/opt/stack/data/venv/bin/python3.12 -m oslo_concurrency.prlimit --as=1073741824 --cpu=60 -- sudo cinder-rootwrap /etc/cinder/rootwrap.conf env LC_ALL=C qemu-img info -f qcow2 --output=json --force-share /opt/stack/data/cinder/mnt/1e817c658236f1a08970858410a3a46b/volume-6fa19557-25b4-4738-b303-ab538899d575" returned: 0 in 1.062s {{(pid=86212) execute /opt/stack/data/venv/lib/python3.12/site-packages/oslo_concurrency/processutils.py:468}}
Aug 31 15:48:55 devstack cinder-volume[86212]: DEBUG oslo_concurrency.processutils [None req-0d17141c-16a5-4c20-867c-398dc365214d tempest-GroupSnapshotsTest-1167331189 None] Running cmd (subprocess): sudo cinder-rootwrap /etc/cinder/rootwrap.conf qemu-img create -f qcow2 -o backing_file=/opt/stack/data/cinder/mnt/1e817c658236f1a08970858410a3a46b/volume-6fa19557-25b4-4738-b303-ab538899d575,backing_fmt=qcow2 /opt/stack/data/cinder/mnt/1e817c658236f1a08970858410a3a46b/volume-6fa19557-25b4-4738-b303-ab538899d575.72605070-4826-452c-b2a8-1059659d8d91 1G {{(pid=86212) execute /opt/stack/data/venv/lib/python3.12/site-packages/oslo_concurrency/processutils.py:440}}
Aug 31 15:48:55 devstack sudo[93294]: quobyte : PWD=/ ; USER=root ; COMMAND=/opt/stack/data/venv/bin/cinder-rootwrap /etc/cinder/rootwrap.conf qemu-img create -f qcow2 -o backing_file=/opt/stack/data/cinder/mnt/1e817c658236f1a08970858410a3a46b/volume-6fa19557-25b4-4738-b303-ab538899d575,backing_fmt=qcow2 /opt/stack/data/cinder/mnt/1e817c658236f1a08970858410a3a46b/volume-6fa19557-25b4-4738-b303-ab538899d575.72605070-4826-452c-b2a8-1059659d8d91 1G
Aug 31 15:48:55 devstack sudo[93294]: pam_unix(sudo:session): session opened for user root(uid=0) by (uid=1000)
Aug 31 15:48:56 devstack sudo[93294]: pam_unix(sudo:session): session closed for user root
Aug 31 15:48:56 devstack cinder-volume[86212]: DEBUG oslo_concurrency.processutils [None req-0d17141c-16a5-4c20-867c-398dc365214d tempest-GroupSnapshotsTest-1167331189 None] CMD "sudo cinder-rootwrap /etc/cinder/rootwrap.conf qemu-img create -f qcow2 -o backing_file=/opt/stack/data/cinder/mnt/1e817c658236f1a08970858410a3a46b/volume-6fa19557-25b4-4738-b303-ab538899d575,backing_fmt=qcow2 /opt/stack/data/cinder/mnt/1e817c658236f1a08970858410a3a46b/volume-6fa19557-25b4-4738-b303-ab538899d575.72605070-4826-452c-b2a8-1059659d8d91 1G" returned: 0 in 0.867s {{(pid=86212) execute /opt/stack/data/venv/lib/python3.12/site-packages/oslo_concurrency/processutils.py:468}}
Aug 31 15:48:56 devstack cinder-volume[86212]: DEBUG oslo_concurrency.processutils [None req-0d17141c-16a5-4c20-867c-398dc365214d tempest-GroupSnapshotsTest-1167331189 None] Running cmd (subprocess): sudo cinder-rootwrap /etc/cinder/rootwrap.conf qemu-img rebase -u -b volume-6fa19557-25b4-4738-b303-ab538899d575 -F qcow2 /opt/stack/data/cinder/mnt/1e817c658236f1a08970858410a3a46b/volume-6fa19557-25b4-4738-b303-ab538899d575.72605070-4826-452c-b2a8-1059659d8d91 {{(pid=86212) execute /opt/stack/data/venv/lib/python3.12/site-packages/oslo_concurrency/processutils.py:440}}
Aug 31 15:48:56 devstack sudo[93308]: quobyte : PWD=/ ; USER=root ; COMMAND=/opt/stack/data/venv/bin/cinder-rootwrap /etc/cinder/rootwrap.conf qemu-img rebase -u -b volume-6fa19557-25b4-4738-b303-ab538899d575 -F qcow2 /opt/stack/data/cinder/mnt/1e817c658236f1a08970858410a3a46b/volume-6fa19557-25b4-4738-b303-ab538899d575.72605070-4826-452c-b2a8-1059659d8d91
Aug 31 15:48:56 devstack sudo[93308]: pam_unix(sudo:session): session opened for user root(uid=0) by (uid=1000)
Aug 31 15:48:57 devstack sudo[93308]: pam_unix(sudo:session): session closed for user root
Aug 31 15:48:57 devstack cinder-volume[86212]: DEBUG oslo_concurrency.processutils [None req-0d17141c-16a5-4c20-867c-398dc365214d tempest-GroupSnapshotsTest-1167331189 None] CMD "sudo cinder-rootwrap /etc/cinder/rootwrap.conf qemu-img rebase -u -b volume-6fa19557-25b4-4738-b303-ab538899d575 -F qcow2 /opt/stack/data/cinder/mnt/1e817c658236f1a08970858410a3a46b/volume-6fa19557-25b4-4738-b303-ab538899d575.72605070-4826-452c-b2a8-1059659d8d91" returned: 0 in 0.627s {{(pid=86212) execute /opt/stack/data/venv/lib/python3.12/site-packages/oslo_concurrency/processutils.py:468}}
Aug 31 15:48:57 devstack cinder-volume[86212]: WARNING cinder.volume.drivers.remotefs [None req-0d17141c-16a5-4c20-867c-398dc365214d tempest-GroupSnapshotsTest-1167331189 None] /opt/stack/data/cinder/mnt/1e817c658236f1a08970858410a3a46b/volume-6fa19557-25b4-4738-b303-ab538899d575.72605070-4826-452c-b2a8-1059659d8d91 is being set with open permissions: ugo+rw: NotImplementedError
Aug 31 15:48:57 devstack cinder-volume[86212]: DEBUG oslo_concurrency.processutils [None req-0d17141c-16a5-4c20-867c-398dc365214d tempest-GroupSnapshotsTest-1167331189 None] Running cmd (subprocess): sudo cinder-rootwrap /etc/cinder/rootwrap.conf chmod ugo+rw /opt/stack/data/cinder/mnt/1e817c658236f1a08970858410a3a46b/volume-6fa19557-25b4-4738-b303-ab538899d575.72605070-4826-452c-b2a8-1059659d8d91 {{(pid=86212) execute /opt/stack/data/venv/lib/python3.12/site-packages/oslo_concurrency/processutils.py:440}}
Aug 31 15:48:57 devstack sudo[93317]: quobyte : PWD=/ ; USER=root ; COMMAND=/opt/stack/data/venv/bin/cinder-rootwrap /etc/cinder/rootwrap.conf chmod ugo+rw /opt/stack/data/cinder/mnt/1e817c658236f1a08970858410a3a46b/volume-6fa19557-25b4-4738-b303-ab538899d575.72605070-4826-452c-b2a8-1059659d8d91
Aug 31 15:48:57 devstack sudo[93317]: pam_unix(sudo:session): session opened for user root(uid=0) by (uid=1000)
Aug 31 15:48:57 devstack sudo[93317]: pam_unix(sudo:session): session closed for user root
Aug 31 15:48:57 devstack cinder-volume[86212]: DEBUG oslo_concurrency.processutils [None req-0d17141c-16a5-4c20-867c-398dc365214d tempest-GroupSnapshotsTest-1167331189 None] CMD "sudo cinder-rootwrap /etc/cinder/rootwrap.conf chmod ugo+rw /opt/stack/data/cinder/mnt/1e817c658236f1a08970858410a3a46b/volume-6fa19557-25b4-4738-b303-ab538899d575.72605070-4826-452c-b2a8-1059659d8d91" returned: 0 in 0.474s {{(pid=86212) execute /opt/stack/data/venv/lib/python3.12/site-packages/oslo_concurrency/processutils.py:468}}
Aug 31 15:48:57 devstack cinder-volume[86212]: DEBUG oslo_concurrency.processutils [None req-0d17141c-16a5-4c20-867c-398dc365214d tempest-GroupSnapshotsTest-1167331189 None] Running cmd (subprocess): sudo cinder-rootwrap /etc/cinder/rootwrap.conf truncate -s0 /opt/stack/data/cinder/mnt/1e817c658236f1a08970858410a3a46b/volume-6fa19557-25b4-4738-b303-ab538899d575.info {{(pid=86212) execute /opt/stack/data/venv/lib/python3.12/site-packages/oslo_concurrency/processutils.py:440}}
Aug 31 15:48:57 devstack sudo[93321]: quobyte : PWD=/ ; USER=root ; COMMAND=/opt/stack/data/venv/bin/cinder-rootwrap /etc/cinder/rootwrap.conf truncate -s0 /opt/stack/data/cinder/mnt/1e817c658236f1a08970858410a3a46b/volume-6fa19557-25b4-4738-b303-ab538899d575.info
Aug 31 15:48:57 devstack sudo[93321]: pam_unix(sudo:session): session opened for user root(uid=0) by (uid=1000)
Aug 31 15:48:57 devstack sudo[93321]: pam_unix(sudo:session): session closed for user root
Aug 31 15:48:58 devstack cinder-volume[86212]: DEBUG oslo_concurrency.processutils [None req-0d17141c-16a5-4c20-867c-398dc365214d tempest-GroupSnapshotsTest-1167331189 None] CMD "sudo cinder-rootwrap /etc/cinder/rootwrap.conf truncate -s0 /opt/stack/data/cinder/mnt/1e817c658236f1a08970858410a3a46b/volume-6fa19557-25b4-4738-b303-ab538899d575.info" returned: 0 in 0.377s {{(pid=86212) execute /opt/stack/data/venv/lib/python3.12/site-packages/oslo_concurrency/processutils.py:468}}
Aug 31 15:48:58 devstack cinder-volume[86212]: WARNING cinder.volume.drivers.remotefs [None req-0d17141c-16a5-4c20-867c-398dc365214d tempest-GroupSnapshotsTest-1167331189 None] /opt/stack/data/cinder/mnt/1e817c658236f1a08970858410a3a46b/volume-6fa19557-25b4-4738-b303-ab538899d575.info is being set with open permissions: ugo+rw: NotImplementedError
Aug 31 15:48:58 devstack cinder-volume[86212]: DEBUG oslo_concurrency.processutils [None req-0d17141c-16a5-4c20-867c-398dc365214d tempest-GroupSnapshotsTest-1167331189 None] Running cmd (subprocess): sudo cinder-rootwrap /etc/cinder/rootwrap.conf chmod ugo+rw /opt/stack/data/cinder/mnt/1e817c658236f1a08970858410a3a46b/volume-6fa19557-25b4-4738-b303-ab538899d575.info {{(pid=86212) execute /opt/stack/data/venv/lib/python3.12/site-packages/oslo_concurrency/processutils.py:440}}
Aug 31 15:48:58 devstack sudo[93325]: quobyte : PWD=/ ; USER=root ; COMMAND=/opt/stack/data/venv/bin/cinder-rootwrap /etc/cinder/rootwrap.conf chmod ugo+rw /opt/stack/data/cinder/mnt/1e817c658236f1a08970858410a3a46b/volume-6fa19557-25b4-4738-b303-ab538899d575.info
Aug 31 15:48:58 devstack sudo[93325]: pam_unix(sudo:session): session opened for user root(uid=0) by (uid=1000)
Aug 31 15:48:58 devstack cinder-volume[86212]: DEBUG cinder.volume.flows.manager.create_volume [None req-7ae35185-6154-420c-8a3f-082389686d26 tempest-AttachVolumeNegativeTest-628198957 None] Volume reschedule parameters: True retry: {'num_attempts': 1, 'backends': ['devstack@QuobyteHD#QuobyteHD'], 'hosts': ['devstack@QuobyteHD#QuobyteHD']} {{(pid=86212) get_flow /opt/stack/cinder/cinder/volume/flows/manager/create_volume.py:1397}}
Aug 31 15:48:58 devstack cinder-volume[86212]: DEBUG cinder.volume.manager [None req-7ae35185-6154-420c-8a3f-082389686d26 tempest-AttachVolumeNegativeTest-628198957 None] Flow 'volume_create_manager' (c7d72bf7-3e8c-46af-9c6b-3311aa3e8eef) transitioned into state 'RUNNING' from state 'PENDING' {{(pid=86212) _flow_receiver /opt/stack/data/venv/lib/python3.12/site-packages/taskflow/listeners/logging.py:160}}
Aug 31 15:48:58 devstack cinder-volume[86212]: DEBUG cinder.volume.manager [None req-7ae35185-6154-420c-8a3f-082389686d26 tempest-AttachVolumeNegativeTest-628198957 None] Task 'cinder.volume.flows.manager.create_volume.ExtractVolumeRefTask;volume:create' (63e65ff9-ec61-467e-a0a1-314cfed5957d) transitioned into state 'RUNNING' from state 'PENDING' {{(pid=86212) _task_receiver /opt/stack/data/venv/lib/python3.12/site-packages/taskflow/listeners/logging.py:242}}
Aug 31 15:48:58 devstack cinder-volume[86212]: DEBUG cinder.volume.manager [None req-7ae35185-6154-420c-8a3f-082389686d26 tempest-AttachVolumeNegativeTest-628198957 None] Task 'cinder.volume.flows.manager.create_volume.ExtractVolumeRefTask;volume:create' (63e65ff9-ec61-467e-a0a1-314cfed5957d) transitioned into state 'SUCCESS' from state 'RUNNING' with result 'Volume(_name_id=None,admin_metadata=,attach_status='detached',availability_zone='nova',bootable=False,cluster=,cluster_name=None,consistencygroup=,consistencygroup_id=None,created_at=2026-08-31T13:48:58Z,deleted=False,deleted_at=None,display_description=None,display_name='tempest-AttachVolumeNegativeTest-volume-1452868252',ec2_id=None,encryption_key_id=None,glance_metadata=,group=,group_id=None,host='devstack@QuobyteHD#QuobyteHD',id=9ea876dd-bda9-4935-bcb2-bcdd313bf3f0,launched_at=None,metadata={},migration_status=None,multiattach=False,previous_status=None,project_id='eca042722ed9451fb7a66893fde79b4d',provider_auth=None,provider_geometry=None,provider_id=None,provider_location=None,replication_driver_data=None,replication_extended_status=None,replication_status=None,scheduled_at=2026-08-31T13:48:58Z,service_uuid=None,shared_targets=True,size=1,snapshot_id=None,snapshots=,source_volid=None,status='creating',terminated_at=None,updated_at=2026-08-31T13:48:58Z,use_quota=True,user_id='19fbcd5da57e48bf8e25354e1151d89b',volume_attachment=VolumeAttachmentList,volume_type=VolumeType(20ce9944-2bf3-4c4b-9f1b-4b56091a7045),volume_type_id=20ce9944-2bf3-4c4b-9f1b-4b56091a7045)' {{(pid=86212) _task_receiver /opt/stack/data/venv/lib/python3.12/site-packages/taskflow/listeners/logging.py:218}}
Aug 31 15:48:58 devstack cinder-volume[86212]: DEBUG cinder.volume.manager [None req-7ae35185-6154-420c-8a3f-082389686d26 tempest-AttachVolumeNegativeTest-628198957 None] Task 'cinder.volume.flows.manager.create_volume.OnFailureRescheduleTask;volume:create' (8aabff53-07c6-4e66-83db-2523f1724b74) transitioned into state 'RUNNING' from state 'PENDING' {{(pid=86212) _task_receiver /opt/stack/data/venv/lib/python3.12/site-packages/taskflow/listeners/logging.py:242}}
Aug 31 15:48:58 devstack cinder-volume[86212]: DEBUG cinder.volume.manager [None req-7ae35185-6154-420c-8a3f-082389686d26 tempest-AttachVolumeNegativeTest-628198957 None] Task 'cinder.volume.flows.manager.create_volume.OnFailureRescheduleTask;volume:create' (8aabff53-07c6-4e66-83db-2523f1724b74) transitioned into state 'SUCCESS' from state 'RUNNING' with result 'None' {{(pid=86212) _task_receiver /opt/stack/data/venv/lib/python3.12/site-packages/taskflow/listeners/logging.py:218}}
Aug 31 15:48:58 devstack cinder-volume[86212]: DEBUG cinder.volume.manager [None req-7ae35185-6154-420c-8a3f-082389686d26 tempest-AttachVolumeNegativeTest-628198957 None] Task 'cinder.volume.flows.manager.create_volume.ExtractVolumeSpecTask;volume:create' (532ecea9-c341-4e25-9baf-cb6dbc5e1820) transitioned into state 'RUNNING' from state 'PENDING' {{(pid=86212) _task_receiver /opt/stack/data/venv/lib/python3.12/site-packages/taskflow/listeners/logging.py:242}}
Aug 31 15:48:58 devstack cinder-volume[86212]: DEBUG cinder.volume.manager [None req-7ae35185-6154-420c-8a3f-082389686d26 tempest-AttachVolumeNegativeTest-628198957 None] Task 'cinder.volume.flows.manager.create_volume.ExtractVolumeSpecTask;volume:create' (532ecea9-c341-4e25-9baf-cb6dbc5e1820) transitioned into state 'SUCCESS' from state 'RUNNING' with result '{'status': 'creating', 'type': 'raw', 'volume_id': '9ea876dd-bda9-4935-bcb2-bcdd313bf3f0', 'volume_name': 'volume-9ea876dd-bda9-4935-bcb2-bcdd313bf3f0', 'volume_size': 1}' {{(pid=86212) _task_receiver /opt/stack/data/venv/lib/python3.12/site-packages/taskflow/listeners/logging.py:218}}
Aug 31 15:48:58 devstack cinder-volume[86212]: DEBUG cinder.volume.manager [None req-7ae35185-6154-420c-8a3f-082389686d26 tempest-AttachVolumeNegativeTest-628198957 None] Task 'cinder.volume.flows.manager.create_volume.NotifyVolumeActionTask;volume:create, create.start' (6d5f8a2f-c150-45e7-92db-2a80b07bf4a9) transitioned into state 'RUNNING' from state 'PENDING' {{(pid=86212) _task_receiver /opt/stack/data/venv/lib/python3.12/site-packages/taskflow/listeners/logging.py:242}}
Aug 31 15:48:58 devstack cinder-volume[86212]: DEBUG cinder.volume.manager [None req-7ae35185-6154-420c-8a3f-082389686d26 tempest-AttachVolumeNegativeTest-628198957 None] Task 'cinder.volume.flows.manager.create_volume.NotifyVolumeActionTask;volume:create, create.start' (6d5f8a2f-c150-45e7-92db-2a80b07bf4a9) transitioned into state 'SUCCESS' from state 'RUNNING' with result 'None' {{(pid=86212) _task_receiver /opt/stack/data/venv/lib/python3.12/site-packages/taskflow/listeners/logging.py:218}}
Aug 31 15:48:58 devstack cinder-volume[86212]: DEBUG cinder.volume.manager [None req-7ae35185-6154-420c-8a3f-082389686d26 tempest-AttachVolumeNegativeTest-628198957 None] Task 'cinder.volume.flows.manager.create_volume.CreateVolumeFromSpecTask;volume:create' (92630a66-a4c2-466d-b663-897539e39779) transitioned into state 'RUNNING' from state 'PENDING' {{(pid=86212) _task_receiver /opt/stack/data/venv/lib/python3.12/site-packages/taskflow/listeners/logging.py:242}}
Aug 31 15:48:58 devstack cinder-volume[86212]: INFO cinder.volume.flows.manager.create_volume [None req-7ae35185-6154-420c-8a3f-082389686d26 tempest-AttachVolumeNegativeTest-628198957 None] Volume 9ea876dd-bda9-4935-bcb2-bcdd313bf3f0: being created as raw with specification: {'status': 'creating', 'volume_name': 'volume-9ea876dd-bda9-4935-bcb2-bcdd313bf3f0', 'volume_size': 1}
Aug 31 15:48:58 devstack cinder-volume[86212]: DEBUG oslo_concurrency.lockutils [None req-7ae35185-6154-420c-8a3f-082389686d26 tempest-AttachVolumeNegativeTest-628198957 None] Acquiring lock "quobyte" by "cinder.volume.drivers.quobyte.QuobyteDriver.create_volume" {{(pid=86212) inner /opt/stack/data/venv/lib/python3.12/site-packages/oslo_concurrency/lockutils.py:512}}
Aug 31 15:48:58 devstack sudo[93325]: pam_unix(sudo:session): session closed for user root
Aug 31 15:48:58 devstack cinder-volume[86212]: DEBUG oslo_concurrency.processutils [None req-0d17141c-16a5-4c20-867c-398dc365214d tempest-GroupSnapshotsTest-1167331189 None] CMD "sudo cinder-rootwrap /etc/cinder/rootwrap.conf chmod ugo+rw /opt/stack/data/cinder/mnt/1e817c658236f1a08970858410a3a46b/volume-6fa19557-25b4-4738-b303-ab538899d575.info" returned: 0 in 0.608s {{(pid=86212) execute /opt/stack/data/venv/lib/python3.12/site-packages/oslo_concurrency/processutils.py:468}}
Aug 31 15:48:58 devstack cinder-volume[86212]: DEBUG oslo_concurrency.lockutils [None req-0d17141c-16a5-4c20-867c-398dc365214d tempest-GroupSnapshotsTest-1167331189 None] Lock "quobyte" "released" by "cinder.volume.drivers.quobyte.QuobyteDriver.create_snapshot" :: held 4.157s {{(pid=86212) inner /opt/stack/data/venv/lib/python3.12/site-packages/oslo_concurrency/lockutils.py:544}}
Aug 31 15:48:58 devstack cinder-volume[86212]: DEBUG oslo_concurrency.lockutils [None req-7ae35185-6154-420c-8a3f-082389686d26 tempest-AttachVolumeNegativeTest-628198957 None] Lock "quobyte" acquired by "cinder.volume.drivers.quobyte.QuobyteDriver.create_volume" :: waited 0.239s {{(pid=86212) inner /opt/stack/data/venv/lib/python3.12/site-packages/oslo_concurrency/lockutils.py:525}}
Aug 31 15:48:58 devstack cinder-volume[86212]: DEBUG cinder.volume.drivers.quobyte [None req-7ae35185-6154-420c-8a3f-082389686d26 tempest-AttachVolumeNegativeTest-628198957 None] ==> create_volume: call "{'self': , 'volume': Volume(_name_id=None,admin_metadata=,attach_status='detached',availability_zone='nova',bootable=False,cluster=,cluster_name=None,consistencygroup=,consistencygroup_id=None,created_at=2026-08-31T13:48:58Z,deleted=False,deleted_at=None,display_description=None,display_name='tempest-AttachVolumeNegativeTest-volume-1452868252',ec2_id=None,encryption_key_id=None,glance_metadata=,group=,group_id=None,host='devstack@QuobyteHD#QuobyteHD',id=9ea876dd-bda9-4935-bcb2-bcdd313bf3f0,launched_at=None,metadata={},migration_status=None,multiattach=False,previous_status=None,project_id='eca042722ed9451fb7a66893fde79b4d',provider_auth=None,provider_geometry=None,provider_id=None,provider_location=None,replication_driver_data=None,replication_extended_status=None,replication_status=None,scheduled_at=2026-08-31T13:48:58Z,service_uuid=None,shared_targets=True,size=1,snapshot_id=None,snapshots=,source_volid=None,status='creating',terminated_at=None,updated_at=2026-08-31T13:48:58Z,use_quota=True,user_id='19fbcd5da57e48bf8e25354e1151d89b',volume_attachment=VolumeAttachmentList,volume_type=VolumeType(20ce9944-2bf3-4c4b-9f1b-4b56091a7045),volume_type_id=20ce9944-2bf3-4c4b-9f1b-4b56091a7045)}" {{(pid=86212) trace_logging_wrapper /opt/stack/cinder/cinder/volume/volume_utils.py:1497}}
Aug 31 15:48:58 devstack cinder-volume[86212]: DEBUG cinder.volume.drivers.remotefs [None req-7ae35185-6154-420c-8a3f-082389686d26 tempest-AttachVolumeNegativeTest-628198957 None] Creating volume 9ea876dd-bda9-4935-bcb2-bcdd313bf3f0 {{(pid=86212) create_volume /opt/stack/cinder/cinder/volume/drivers/remotefs.py:292}}
Aug 31 15:48:58 devstack cinder-volume[86212]: DEBUG oslo_concurrency.lockutils [None req-7ae35185-6154-420c-8a3f-082389686d26 tempest-AttachVolumeNegativeTest-628198957 None] Acquiring lock "quobyte_ensure" by "cinder.volume.drivers.quobyte.QuobyteDriver._ensure_shares_mounted" {{(pid=86212) inner /opt/stack/data/venv/lib/python3.12/site-packages/oslo_concurrency/lockutils.py:512}}
Aug 31 15:48:58 devstack cinder-volume[86212]: DEBUG oslo_concurrency.lockutils [None req-7ae35185-6154-420c-8a3f-082389686d26 tempest-AttachVolumeNegativeTest-628198957 None] Lock "quobyte_ensure" acquired by "cinder.volume.drivers.quobyte.QuobyteDriver._ensure_shares_mounted" :: waited 0.001s {{(pid=86212) inner /opt/stack/data/venv/lib/python3.12/site-packages/oslo_concurrency/lockutils.py:525}}
Aug 31 15:48:58 devstack cinder-volume[86212]: DEBUG cinder.volume.drivers.quobyte [None req-7ae35185-6154-420c-8a3f-082389686d26 tempest-AttachVolumeNegativeTest-628198957 None] Quobyte Volume URL set to: {'osci02.corp.quobyte.com/cinder-vol-7e127e00-1116-4146-b11b-1fa9377667f6': None} {{(pid=86212) _load_shares_config /opt/stack/cinder/cinder/volume/drivers/quobyte.py:662}}
Aug 31 15:48:58 devstack cinder-volume[86212]: DEBUG cinder.volume.drivers.quobyte [None req-7ae35185-6154-420c-8a3f-082389686d26 tempest-AttachVolumeNegativeTest-628198957 None] Available shares ['osci02.corp.quobyte.com/cinder-vol-7e127e00-1116-4146-b11b-1fa9377667f6'] {{(pid=86212) _ensure_shares_mounted /opt/stack/cinder/cinder/volume/drivers/quobyte.py:692}}
Aug 31 15:48:58 devstack cinder-volume[86212]: DEBUG oslo_concurrency.lockutils [None req-7ae35185-6154-420c-8a3f-082389686d26 tempest-AttachVolumeNegativeTest-628198957 None] Lock "quobyte_ensure" "released" by "cinder.volume.drivers.quobyte.QuobyteDriver._ensure_shares_mounted" :: held 0.010s {{(pid=86212) inner /opt/stack/data/venv/lib/python3.12/site-packages/oslo_concurrency/lockutils.py:544}}
