Jan 30 21:13:11 devstack devstack@c-api.service[82990]: DEBUG cinder.volume.api [None req-2749e477-8380-458a-99ec-bbe659029de0 tempest-AttachVolumeTestJSON-1224583898 tempest-AttachVolumeTestJSON-1224583898-project-member] Task 'cinder.volume.flows.api.create_volume.ExtractVolumeRequestTask;volume:create' (97fee976-803b-4dbd-ae87-2cdf833c9b66) transitioned into state 'RUNNING' from state 'PENDING' {{(pid=82990) _task_receiver /opt/stack/data/venv/lib/python3.10/site-packages/taskflow/listeners/logging.py:194}}
Jan 30 21:13:11 devstack devstack@c-api.service[82990]: DEBUG cinder.volume.flows.api.create_volume [None req-2749e477-8380-458a-99ec-bbe659029de0 tempest-AttachVolumeTestJSON-1224583898 tempest-AttachVolumeTestJSON-1224583898-project-member] Validating volume size '1' using validate_int {{(pid=82990) _extract_size /opt/stack/cinder/cinder/volume/flows/api/create_volume.py:226}}
Jan 30 21:13:11 devstack devstack@c-api.service[82990]: DEBUG cinder.volume.api [None req-2749e477-8380-458a-99ec-bbe659029de0 tempest-AttachVolumeTestJSON-1224583898 tempest-AttachVolumeTestJSON-1224583898-project-member] Task 'cinder.volume.flows.api.create_volume.ExtractVolumeRequestTask;volume:create' (97fee976-803b-4dbd-ae87-2cdf833c9b66) transitioned into state 'SUCCESS' from state 'RUNNING' with result '{'size': 1, 'snapshot_id': None, 'source_volid': None, 'volume_type': VolumeType(created_at=2026-01-30T20:10:01Z,deleted=False,deleted_at=None,description=None,extra_specs={},id=238d0c48-afe9-4719-b092-7ec5416af68d,is_public=True,name='QuobyteHD',projects=[],qos_specs=,qos_specs_id=None,updated_at=None), 'volume_type_id': '238d0c48-afe9-4719-b092-7ec5416af68d', 'encryption_key_id': None, 'qos_specs': None, 'consistencygroup_id': None, 'cgsnapshot_id': None, 'group_id': None, 'replication_status': 'disabled', 'refresh_az': False, 'backup_id': None, 'multiattach': False, 'availability_zones': ['nova']}' {{(pid=82990) _task_receiver /opt/stack/data/venv/lib/python3.10/site-packages/taskflow/listeners/logging.py:182}}
Jan 30 21:13:11 devstack devstack@c-api.service[82990]: DEBUG cinder.volume.api [None req-2749e477-8380-458a-99ec-bbe659029de0 tempest-AttachVolumeTestJSON-1224583898 tempest-AttachVolumeTestJSON-1224583898-project-member] Task 'cinder.volume.flows.api.create_volume.QuotaReserveTask;volume:create' (aa184c19-0036-48f2-9936-d8e5c2f74b93) transitioned into state 'RUNNING' from state 'PENDING' {{(pid=82990) _task_receiver /opt/stack/data/venv/lib/python3.10/site-packages/taskflow/listeners/logging.py:194}}
Jan 30 21:13:11 devstack devstack@c-api.service[82990]: DEBUG cinder.quota [None req-2749e477-8380-458a-99ec-bbe659029de0 tempest-AttachVolumeTestJSON-1224583898 tempest-AttachVolumeTestJSON-1224583898-project-member] Created reservations ['d8787df5-9330-4eee-964e-ecee6b1c4d0f', '8db98d37-2b12-4896-bb44-8a3bd7039fe0', '729b58c7-a207-411a-a83f-156757f078df', '99e0f3bf-8bb8-4b27-bd3b-c35738117316'] {{(pid=82990) reserve /opt/stack/cinder/cinder/quota.py:752}}
Jan 30 21:13:11 devstack devstack@c-api.service[82990]: DEBUG cinder.volume.api [None req-2749e477-8380-458a-99ec-bbe659029de0 tempest-AttachVolumeTestJSON-1224583898 tempest-AttachVolumeTestJSON-1224583898-project-member] Task 'cinder.volume.flows.api.create_volume.QuotaReserveTask;volume:create' (aa184c19-0036-48f2-9936-d8e5c2f74b93) transitioned into state 'SUCCESS' from state 'RUNNING' with result '{'reservations': ['d8787df5-9330-4eee-964e-ecee6b1c4d0f', '8db98d37-2b12-4896-bb44-8a3bd7039fe0', '729b58c7-a207-411a-a83f-156757f078df', '99e0f3bf-8bb8-4b27-bd3b-c35738117316']}' {{(pid=82990) _task_receiver /opt/stack/data/venv/lib/python3.10/site-packages/taskflow/listeners/logging.py:182}}
Jan 30 21:13:11 devstack devstack@c-api.service[82990]: DEBUG cinder.volume.api [None req-2749e477-8380-458a-99ec-bbe659029de0 tempest-AttachVolumeTestJSON-1224583898 tempest-AttachVolumeTestJSON-1224583898-project-member] Task 'cinder.volume.flows.api.create_volume.EntryCreateTask;volume:create' (93b5a60d-1f4f-434b-beb4-79d60130113e) transitioned into state 'RUNNING' from state 'PENDING' {{(pid=82990) _task_receiver /opt/stack/data/venv/lib/python3.10/site-packages/taskflow/listeners/logging.py:194}}
Jan 30 21:13:11 devstack devstack@c-api.service[82990]: DEBUG cinder.volume.api [None req-2749e477-8380-458a-99ec-bbe659029de0 tempest-AttachVolumeTestJSON-1224583898 tempest-AttachVolumeTestJSON-1224583898-project-member] Task 'cinder.volume.flows.api.create_volume.EntryCreateTask;volume:create' (93b5a60d-1f4f-434b-beb4-79d60130113e) transitioned into state 'SUCCESS' from state 'RUNNING' with result '{'volume_id': '85f1f219-d30b-440c-baa0-a4b4f84a39fd', 'volume_properties': VolumeProperties(attach_status='detached',availability_zone='nova',cgsnapshot_id=None,consistencygroup_id=None,display_description=None,display_name='tempest-AttachVolumeTestJSON-volume-2094156971',encryption_key_id=None,group_id=None,group_type_id=,metadata={},multiattach=False,project_id='3f4069dd8f994535aeb78ff9dd8139eb',qos_specs=None,replication_status=,reservations=['d8787df5-9330-4eee-964e-ecee6b1c4d0f','8db98d37-2b12-4896-bb44-8a3bd7039fe0','729b58c7-a207-411a-a83f-156757f078df','99e0f3bf-8bb8-4b27-bd3b-c35738117316'],size=1,snapshot_id=None,source_replicaid=,source_volid=None,status='creating',user_id='2d5841201a0144fe8f1e896a15b10857',volume_type_id=238d0c48-afe9-4719-b092-7ec5416af68d), 'volume': Volume(_name_id=None,admin_metadata=,attach_status='detached',availability_zone='nova',bootable=False,cluster=,cluster_name=None,consistencygroup=,consistencygroup_id=None,created_at=2026-01-30T20:13:11Z,deleted=False,deleted_at=None,display_description=None,display_name='tempest-AttachVolumeTestJSON-volume-2094156971',ec2_id=None,encryption_key_id=None,glance_metadata=,group=,group_id=None,host=None,id=85f1f219-d30b-440c-baa0-a4b4f84a39fd,launched_at=None,metadata={},migration_status=None,multiattach=False,previous_status=None,project_id='3f4069dd8f994535aeb78ff9dd8139eb',provider_auth=None,provider_geometry=None,provider_id=None,provider_location=None,replication_driver_data=None,replication_extended_status=None,replication_status=None,scheduled_at=None,service_uuid=None,shared_targets=True,size=1,snapshot_id=None,snapshots=,source_volid=None,status='creating',terminated_at=None,updated_at=None,use_quota=True,user_id='2d5841201a0144fe8f1e896a15b10857',volume_attachment=VolumeAttachmentList,volume_type=VolumeType(238d0c48-afe9-4719-b092-7ec5416af68d),volume_type_id=238d0c48-afe9-4719-b092-7ec5416af68d)}' {{(pid=82990) _task_receiver /opt/stack/data/venv/lib/python3.10/site-packages/taskflow/listeners/logging.py:182}}
Jan 30 21:13:11 devstack devstack@c-api.service[82990]: DEBUG cinder.volume.api [None req-2749e477-8380-458a-99ec-bbe659029de0 tempest-AttachVolumeTestJSON-1224583898 tempest-AttachVolumeTestJSON-1224583898-project-member] Task 'cinder.volume.flows.api.create_volume.QuotaCommitTask;volume:create' (d8bb2b1c-dbf7-4136-bdd7-3d9b30257d81) transitioned into state 'RUNNING' from state 'PENDING' {{(pid=82990) _task_receiver /opt/stack/data/venv/lib/python3.10/site-packages/taskflow/listeners/logging.py:194}}
Jan 30 21:13:11 devstack devstack@c-api.service[82990]: DEBUG cinder.volume.api [None req-2749e477-8380-458a-99ec-bbe659029de0 tempest-AttachVolumeTestJSON-1224583898 tempest-AttachVolumeTestJSON-1224583898-project-member] Task 'cinder.volume.flows.api.create_volume.QuotaCommitTask;volume:create' (d8bb2b1c-dbf7-4136-bdd7-3d9b30257d81) transitioned into state 'SUCCESS' from state 'RUNNING' with result '{'volume_properties': VolumeProperties(attach_status='detached',availability_zone='nova',cgsnapshot_id=None,consistencygroup_id=None,display_description=None,display_name='tempest-AttachVolumeTestJSON-volume-2094156971',encryption_key_id=None,group_id=None,group_type_id=,metadata={},multiattach=False,project_id='3f4069dd8f994535aeb78ff9dd8139eb',qos_specs=None,replication_status=,reservations=['d8787df5-9330-4eee-964e-ecee6b1c4d0f','8db98d37-2b12-4896-bb44-8a3bd7039fe0','729b58c7-a207-411a-a83f-156757f078df','99e0f3bf-8bb8-4b27-bd3b-c35738117316'],size=1,snapshot_id=None,source_replicaid=,source_volid=None,status='creating',user_id='2d5841201a0144fe8f1e896a15b10857',volume_type_id=238d0c48-afe9-4719-b092-7ec5416af68d)}' {{(pid=82990) _task_receiver /opt/stack/data/venv/lib/python3.10/site-packages/taskflow/listeners/logging.py:182}}
Jan 30 21:13:11 devstack devstack@c-api.service[82990]: DEBUG cinder.volume.api [None req-2749e477-8380-458a-99ec-bbe659029de0 tempest-AttachVolumeTestJSON-1224583898 tempest-AttachVolumeTestJSON-1224583898-project-member] Task 'cinder.volume.flows.api.create_volume.VolumeCastTask;volume:create' (88780be5-156e-4526-82ab-e4425540ccd2) transitioned into state 'RUNNING' from state 'PENDING' {{(pid=82990) _task_receiver /opt/stack/data/venv/lib/python3.10/site-packages/taskflow/listeners/logging.py:194}}
Jan 30 21:13:11 devstack devstack@c-api.service[82990]: DEBUG cinder.volume.api [None req-2749e477-8380-458a-99ec-bbe659029de0 tempest-AttachVolumeTestJSON-1224583898 tempest-AttachVolumeTestJSON-1224583898-project-member] Task 'cinder.volume.flows.api.create_volume.VolumeCastTask;volume:create' (88780be5-156e-4526-82ab-e4425540ccd2) transitioned into state 'SUCCESS' from state 'RUNNING' with result 'None' {{(pid=82990) _task_receiver /opt/stack/data/venv/lib/python3.10/site-packages/taskflow/listeners/logging.py:182}}
Jan 30 21:13:11 devstack devstack@c-api.service[82990]: DEBUG cinder.volume.api [None req-2749e477-8380-458a-99ec-bbe659029de0 tempest-AttachVolumeTestJSON-1224583898 tempest-AttachVolumeTestJSON-1224583898-project-member] Flow 'volume_create_api' (a032cdcd-8cf4-4112-afa3-1f420dd3d4de) transitioned into state 'SUCCESS' from state 'RUNNING' {{(pid=82990) _flow_receiver /opt/stack/data/venv/lib/python3.10/site-packages/taskflow/listeners/logging.py:145}}
Jan 30 21:13:11 devstack devstack@c-api.service[82990]: INFO cinder.volume.api [None req-2749e477-8380-458a-99ec-bbe659029de0 tempest-AttachVolumeTestJSON-1224583898 tempest-AttachVolumeTestJSON-1224583898-project-member] Create volume request issued successfully.
Jan 30 21:13:11 devstack devstack@c-api.service[82990]: INFO cinder.api.openstack.wsgi [None req-2749e477-8380-458a-99ec-bbe659029de0 tempest-AttachVolumeTestJSON-1224583898 tempest-AttachVolumeTestJSON-1224583898-project-member] http://192.168.122.157/volume/v3/volumes returned with HTTP 202
Jan 30 21:13:11 devstack devstack@c-api.service[82990]: [pid: 82990|app: 0|req: 44/85] 192.168.122.157 () {64 vars in 1241 bytes} [Fri Jan 30 21:13:11 2026] POST /volume/v3/volumes => generated 760 bytes in 215 msecs (HTTP/1.1 202) 7 headers in 291 bytes (1 switches on core 0)
Jan 30 21:13:11 devstack devstack@c-api.service[82990]: DEBUG cinder.api.middleware.request_id [None req-0999458d-c782-4c15-958e-ce977b75feb0 None None] RequestId filter calling following filter/app {{(pid=82990) _context_setter /opt/stack/cinder/cinder/api/middleware/request_id.py:62}}
Jan 30 21:13:11 devstack devstack@c-api.service[82990]: INFO cinder.api.openstack.wsgi [None req-0999458d-c782-4c15-958e-ce977b75feb0 tempest-AttachVolumeTestJSON-1224583898 tempest-AttachVolumeTestJSON-1224583898-project-member] GET http://192.168.122.157/volume/v3/volumes/85f1f219-d30b-440c-baa0-a4b4f84a39fd
Jan 30 21:13:11 devstack devstack@c-api.service[82990]: DEBUG cinder.api.openstack.wsgi [None req-0999458d-c782-4c15-958e-ce977b75feb0 tempest-AttachVolumeTestJSON-1224583898 tempest-AttachVolumeTestJSON-1224583898-project-member] Empty body provided in request {{(pid=82990) get_body /opt/stack/cinder/cinder/api/openstack/wsgi.py:725}}
Jan 30 21:13:11 devstack devstack@c-api.service[82990]: DEBUG cinder.api.openstack.wsgi [None req-0999458d-c782-4c15-958e-ce977b75feb0 tempest-AttachVolumeTestJSON-1224583898 tempest-AttachVolumeTestJSON-1224583898-project-member] Calling method 'show' {{(pid=82990) _process_stack /opt/stack/cinder/cinder/api/openstack/wsgi.py:878}}
Jan 30 21:13:11 devstack devstack@c-api.service[82990]: /opt/stack/data/venv/lib/python3.10/site-packages/oslo_context/context.py:101: DeprecationWarning: Policy enforcement is depending on the value of is_admin. This key is deprecated. Please update your policy file to use the standard policy values.
Jan 30 21:13:11 devstack devstack@c-api.service[82990]: warnings.warn(
Jan 30 21:13:11 devstack devstack@c-api.service[82990]: INFO cinder.volume.api [None req-0999458d-c782-4c15-958e-ce977b75feb0 tempest-AttachVolumeTestJSON-1224583898 tempest-AttachVolumeTestJSON-1224583898-project-member] Volume info retrieved successfully.
Jan 30 21:13:11 devstack devstack@c-api.service[82990]: INFO cinder.api.openstack.wsgi [None req-0999458d-c782-4c15-958e-ce977b75feb0 tempest-AttachVolumeTestJSON-1224583898 tempest-AttachVolumeTestJSON-1224583898-project-member] http://192.168.122.157/volume/v3/volumes/85f1f219-d30b-440c-baa0-a4b4f84a39fd returned with HTTP 200
Jan 30 21:13:11 devstack devstack@c-api.service[82990]: [pid: 82990|app: 0|req: 45/86] 192.168.122.157 () {62 vars in 1331 bytes} [Fri Jan 30 21:13:11 2026] GET /volume/v3/volumes/85f1f219-d30b-440c-baa0-a4b4f84a39fd => generated 828 bytes in 36 msecs (HTTP/1.1 200) 7 headers in 285 bytes (2 switches on core 0)
Jan 30 21:13:12 devstack devstack@c-api.service[82990]: DEBUG cinder.api.middleware.request_id [None req-1e63cdac-2de1-45f7-b01b-b8895cfb369b None None] RequestId filter calling following filter/app {{(pid=82990) _context_setter /opt/stack/cinder/cinder/api/middleware/request_id.py:62}}
Jan 30 21:13:12 devstack devstack@c-api.service[82990]: INFO cinder.api.openstack.wsgi [None req-1e63cdac-2de1-45f7-b01b-b8895cfb369b tempest-AttachSCSIVolumeTestJSON-693834063 tempest-AttachSCSIVolumeTestJSON-693834063-project-member] GET http://192.168.122.157/volume/v3/volumes/be7b59b7-f692-4809-902c-1fb3119318e7
Jan 30 21:13:12 devstack devstack@c-api.service[82990]: DEBUG cinder.api.openstack.wsgi [None req-1e63cdac-2de1-45f7-b01b-b8895cfb369b tempest-AttachSCSIVolumeTestJSON-693834063 tempest-AttachSCSIVolumeTestJSON-693834063-project-member] Empty body provided in request {{(pid=82990) get_body /opt/stack/cinder/cinder/api/openstack/wsgi.py:725}}
Jan 30 21:13:12 devstack devstack@c-api.service[82990]: DEBUG cinder.api.openstack.wsgi [None req-1e63cdac-2de1-45f7-b01b-b8895cfb369b tempest-AttachSCSIVolumeTestJSON-693834063 tempest-AttachSCSIVolumeTestJSON-693834063-project-member] Calling method 'show' {{(pid=82990) _process_stack /opt/stack/cinder/cinder/api/openstack/wsgi.py:878}}
Jan 30 21:13:12 devstack devstack@c-api.service[82990]: /opt/stack/data/venv/lib/python3.10/site-packages/oslo_context/context.py:101: DeprecationWarning: Policy enforcement is depending on the value of is_admin. This key is deprecated. Please update your policy file to use the standard policy values.
Jan 30 21:13:12 devstack devstack@c-api.service[82990]: warnings.warn(
Jan 30 21:13:12 devstack devstack@c-api.service[82990]: INFO cinder.volume.api [None req-1e63cdac-2de1-45f7-b01b-b8895cfb369b tempest-AttachSCSIVolumeTestJSON-693834063 tempest-AttachSCSIVolumeTestJSON-693834063-project-member] Volume info retrieved successfully.
Jan 30 21:13:12 devstack devstack@c-api.service[82990]: INFO cinder.api.openstack.wsgi [None req-1e63cdac-2de1-45f7-b01b-b8895cfb369b tempest-AttachSCSIVolumeTestJSON-693834063 tempest-AttachSCSIVolumeTestJSON-693834063-project-member] http://192.168.122.157/volume/v3/volumes/be7b59b7-f692-4809-902c-1fb3119318e7 returned with HTTP 200
Jan 30 21:13:12 devstack devstack@c-api.service[82990]: [pid: 82990|app: 0|req: 46/87] 192.168.122.157 () {62 vars in 1331 bytes} [Fri Jan 30 21:13:12 2026] GET /volume/v3/volumes/be7b59b7-f692-4809-902c-1fb3119318e7 => generated 857 bytes in 58 msecs (HTTP/1.1 200) 7 headers in 285 bytes (1 switches on core 0)
Jan 30 21:13:12 devstack devstack@c-api.service[82990]: DEBUG cinder.api.middleware.request_id [None req-54489ee5-5698-4657-9450-4df3514f17aa None None] RequestId filter calling following filter/app {{(pid=82990) _context_setter /opt/stack/cinder/cinder/api/middleware/request_id.py:62}}
Jan 30 21:13:12 devstack devstack@c-api.service[82990]: INFO cinder.api.openstack.wsgi [None req-54489ee5-5698-4657-9450-4df3514f17aa tempest-VolumesAssistedSnapshotsTest-1175770449 tempest-VolumesAssistedSnapshotsTest-1175770449-project-admin] GET http://192.168.122.157/volume/v3/volumes/c57d9d0c-a443-4b19-8c9a-3dbb99ce4b8c
Jan 30 21:13:12 devstack devstack@c-api.service[82990]: DEBUG cinder.api.openstack.wsgi [None req-54489ee5-5698-4657-9450-4df3514f17aa tempest-VolumesAssistedSnapshotsTest-1175770449 tempest-VolumesAssistedSnapshotsTest-1175770449-project-admin] Empty body provided in request {{(pid=82990) get_body /opt/stack/cinder/cinder/api/openstack/wsgi.py:725}}
Jan 30 21:13:12 devstack devstack@c-api.service[82990]: DEBUG cinder.api.openstack.wsgi [None req-54489ee5-5698-4657-9450-4df3514f17aa tempest-VolumesAssistedSnapshotsTest-1175770449 tempest-VolumesAssistedSnapshotsTest-1175770449-project-admin] Calling method 'show' {{(pid=82990) _process_stack /opt/stack/cinder/cinder/api/openstack/wsgi.py:878}}
Jan 30 21:13:12 devstack devstack@c-api.service[82990]: /opt/stack/data/venv/lib/python3.10/site-packages/oslo_context/context.py:101: DeprecationWarning: Policy enforcement is depending on the value of is_admin. This key is deprecated. Please update your policy file to use the standard policy values.
Jan 30 21:13:12 devstack devstack@c-api.service[82990]: warnings.warn(
Jan 30 21:13:12 devstack devstack@c-api.service[82990]: INFO cinder.volume.api [None req-54489ee5-5698-4657-9450-4df3514f17aa tempest-VolumesAssistedSnapshotsTest-1175770449 tempest-VolumesAssistedSnapshotsTest-1175770449-project-admin] Volume info retrieved successfully.
Jan 30 21:13:12 devstack devstack@c-api.service[82990]: INFO cinder.api.openstack.wsgi [None req-54489ee5-5698-4657-9450-4df3514f17aa tempest-VolumesAssistedSnapshotsTest-1175770449 tempest-VolumesAssistedSnapshotsTest-1175770449-project-admin] http://192.168.122.157/volume/v3/volumes/c57d9d0c-a443-4b19-8c9a-3dbb99ce4b8c returned with HTTP 200
Jan 30 21:13:12 devstack devstack@c-api.service[82990]: [pid: 82990|app: 0|req: 47/88] 192.168.122.157 () {62 vars in 1331 bytes} [Fri Jan 30 21:13:12 2026] GET /volume/v3/volumes/c57d9d0c-a443-4b19-8c9a-3dbb99ce4b8c => generated 1023 bytes in 60 msecs (HTTP/1.1 200) 7 headers in 286 bytes (1 switches on core 0)
Jan 30 21:13:12 devstack devstack@c-api.service[82991]: DEBUG cinder.coordination [req-c640bd4a-c04d-4707-93b8-c5839638b1ee req-1cb7e6ca-49f3-4ba5-bea1-d40d8bffbe37 tempest-TaggedBootDevicesTest_v242-112265119 tempest-TaggedBootDevicesTest_v242-112265119-project-member] Lock "cinder-attachment_update-1641b05f-33ae-44ba-9e5f-df5649b99829-devstack" released by "attachment_update" :: held 1.035s {{(pid=82991) __release /opt/stack/cinder/cinder/coordination.py:157}}
Jan 30 21:13:12 devstack devstack@c-api.service[82991]: INFO cinder.api.openstack.wsgi [req-c640bd4a-c04d-4707-93b8-c5839638b1ee req-1cb7e6ca-49f3-4ba5-bea1-d40d8bffbe37 tempest-TaggedBootDevicesTest_v242-112265119 tempest-TaggedBootDevicesTest_v242-112265119-project-member] http://192.168.122.157/volume/v3/attachments/6a8378f0-a7ac-4e68-a8ef-e1a7d68777d7 returned with HTTP 200
Jan 30 21:13:12 devstack devstack@c-api.service[82991]: [pid: 82991|app: 0|req: 42/89] 192.168.122.157 () {70 vars in 1690 bytes} [Fri Jan 30 21:13:11 2026] PUT /volume/v3/attachments/6a8378f0-a7ac-4e68-a8ef-e1a7d68777d7 => generated 753 bytes in 1072 msecs (HTTP/1.1 200) 7 headers in 286 bytes (1 switches on core 0)
Jan 30 21:13:12 devstack devstack@c-api.service[82990]: DEBUG cinder.api.middleware.request_id [req-7cd36927-3328-4514-a2bb-d6901c0ddfd4 req-3cdce8f0-37a5-4033-b11a-f0815bc052d3 None None] RequestId filter calling following filter/app {{(pid=82990) _context_setter /opt/stack/cinder/cinder/api/middleware/request_id.py:62}}
Jan 30 21:13:12 devstack devstack@c-api.service[82990]: INFO cinder.api.openstack.wsgi [req-7cd36927-3328-4514-a2bb-d6901c0ddfd4 req-3cdce8f0-37a5-4033-b11a-f0815bc052d3 tempest-VolumesAssistedSnapshotsTest-1175770449 tempest-VolumesAssistedSnapshotsTest-1175770449-project-admin] POST http://192.168.122.157/volume/v3/attachments/852599fb-697f-48dd-8027-dd0871d1c14f/action
Jan 30 21:13:12 devstack devstack@c-api.service[82990]: DEBUG cinder.api.openstack.wsgi [req-7cd36927-3328-4514-a2bb-d6901c0ddfd4 req-3cdce8f0-37a5-4033-b11a-f0815bc052d3 tempest-VolumesAssistedSnapshotsTest-1175770449 tempest-VolumesAssistedSnapshotsTest-1175770449-project-admin] Action body: b'{"os-complete": null}' {{(pid=82990) get_method /opt/stack/cinder/cinder/api/openstack/wsgi.py:993}}
Jan 30 21:13:12 devstack devstack@c-api.service[82990]: DEBUG cinder.api.openstack.wsgi [req-7cd36927-3328-4514-a2bb-d6901c0ddfd4 req-3cdce8f0-37a5-4033-b11a-f0815bc052d3 tempest-VolumesAssistedSnapshotsTest-1175770449 tempest-VolumesAssistedSnapshotsTest-1175770449-project-admin] Action: 'action', calling method: version_select, body: {"os-complete": null} {{(pid=82990) _process_stack /opt/stack/cinder/cinder/api/openstack/wsgi.py:876}}
Jan 30 21:13:12 devstack devstack@c-api.service[82990]: /opt/stack/data/venv/lib/python3.10/site-packages/oslo_context/context.py:101: DeprecationWarning: Policy enforcement is depending on the value of is_admin. This key is deprecated. Please update your policy file to use the standard policy values.
Jan 30 21:13:12 devstack devstack@c-api.service[82990]: warnings.warn(
Jan 30 21:13:12 devstack devstack@c-api.service[82990]: INFO cinder.api.openstack.wsgi [req-7cd36927-3328-4514-a2bb-d6901c0ddfd4 req-3cdce8f0-37a5-4033-b11a-f0815bc052d3 tempest-VolumesAssistedSnapshotsTest-1175770449 tempest-VolumesAssistedSnapshotsTest-1175770449-project-admin] http://192.168.122.157/volume/v3/attachments/852599fb-697f-48dd-8027-dd0871d1c14f/action returned with HTTP 204
Jan 30 21:13:12 devstack devstack@c-api.service[82990]: [pid: 82990|app: 0|req: 48/90] 192.168.122.157 () {70 vars in 1711 bytes} [Fri Jan 30 21:13:12 2026] POST /volume/v3/attachments/852599fb-697f-48dd-8027-dd0871d1c14f/action => generated 0 bytes in 48 msecs (HTTP/1.1 204) 7 headers in 292 bytes (1 switches on core 0)
Jan 30 21:13:12 devstack devstack@c-api.service[82991]: DEBUG cinder.api.middleware.request_id [None req-8e3cefc0-5f47-4b9b-8c22-695b036c5920 None None] RequestId filter calling following filter/app {{(pid=82991) _context_setter /opt/stack/cinder/cinder/api/middleware/request_id.py:62}}
Jan 30 21:13:12 devstack devstack@c-api.service[82991]: INFO cinder.api.openstack.wsgi [None req-8e3cefc0-5f47-4b9b-8c22-695b036c5920 tempest-AttachVolumeTestJSON-1224583898 tempest-AttachVolumeTestJSON-1224583898-project-member] GET http://192.168.122.157/volume/v3/volumes/85f1f219-d30b-440c-baa0-a4b4f84a39fd
Jan 30 21:13:12 devstack devstack@c-api.service[82991]: DEBUG cinder.api.openstack.wsgi [None req-8e3cefc0-5f47-4b9b-8c22-695b036c5920 tempest-AttachVolumeTestJSON-1224583898 tempest-AttachVolumeTestJSON-1224583898-project-member] Empty body provided in request {{(pid=82991) get_body /opt/stack/cinder/cinder/api/openstack/wsgi.py:725}}
Jan 30 21:13:12 devstack devstack@c-api.service[82991]: DEBUG cinder.api.openstack.wsgi [None req-8e3cefc0-5f47-4b9b-8c22-695b036c5920 tempest-AttachVolumeTestJSON-1224583898 tempest-AttachVolumeTestJSON-1224583898-project-member] Calling method 'show' {{(pid=82991) _process_stack /opt/stack/cinder/cinder/api/openstack/wsgi.py:878}}
Jan 30 21:13:12 devstack devstack@c-api.service[82990]: DEBUG cinder.api.middleware.request_id [req-c640bd4a-c04d-4707-93b8-c5839638b1ee req-c53753a4-2a78-4a6b-9b51-0af1aeb25405 None None] RequestId filter calling following filter/app {{(pid=82990) _context_setter /opt/stack/cinder/cinder/api/middleware/request_id.py:62}}
Jan 30 21:13:12 devstack devstack@c-api.service[82990]: INFO cinder.api.openstack.wsgi [req-c640bd4a-c04d-4707-93b8-c5839638b1ee req-c53753a4-2a78-4a6b-9b51-0af1aeb25405 tempest-TaggedBootDevicesTest_v242-112265119 tempest-TaggedBootDevicesTest_v242-112265119-project-member] POST http://192.168.122.157/volume/v3/attachments/6a8378f0-a7ac-4e68-a8ef-e1a7d68777d7/action
Jan 30 21:13:12 devstack devstack@c-api.service[82990]: DEBUG cinder.api.openstack.wsgi [req-c640bd4a-c04d-4707-93b8-c5839638b1ee req-c53753a4-2a78-4a6b-9b51-0af1aeb25405 tempest-TaggedBootDevicesTest_v242-112265119 tempest-TaggedBootDevicesTest_v242-112265119-project-member] Action body: b'{"os-complete": null}' {{(pid=82990) get_method /opt/stack/cinder/cinder/api/openstack/wsgi.py:993}}
Jan 30 21:13:12 devstack devstack@c-api.service[82990]: DEBUG cinder.api.openstack.wsgi [req-c640bd4a-c04d-4707-93b8-c5839638b1ee req-c53753a4-2a78-4a6b-9b51-0af1aeb25405 tempest-TaggedBootDevicesTest_v242-112265119 tempest-TaggedBootDevicesTest_v242-112265119-project-member] Action: 'action', calling method: complete, body: {"os-complete": null} {{(pid=82990) _process_stack /opt/stack/cinder/cinder/api/openstack/wsgi.py:876}}
Jan 30 21:13:12 devstack devstack@c-api.service[82991]: /opt/stack/data/venv/lib/python3.10/site-packages/oslo_context/context.py:101: DeprecationWarning: Policy enforcement is depending on the value of is_admin. This key is deprecated. Please update your policy file to use the standard policy values.
Jan 30 21:13:12 devstack devstack@c-api.service[82991]: warnings.warn(
Jan 30 21:13:12 devstack devstack@c-api.service[82991]: INFO cinder.volume.api [None req-8e3cefc0-5f47-4b9b-8c22-695b036c5920 tempest-AttachVolumeTestJSON-1224583898 tempest-AttachVolumeTestJSON-1224583898-project-member] Volume info retrieved successfully.
Jan 30 21:13:12 devstack devstack@c-api.service[82991]: INFO cinder.api.openstack.wsgi [None req-8e3cefc0-5f47-4b9b-8c22-695b036c5920 tempest-AttachVolumeTestJSON-1224583898 tempest-AttachVolumeTestJSON-1224583898-project-member] http://192.168.122.157/volume/v3/volumes/85f1f219-d30b-440c-baa0-a4b4f84a39fd returned with HTTP 200
Jan 30 21:13:12 devstack devstack@c-api.service[82991]: [pid: 82991|app: 0|req: 43/91] 192.168.122.157 () {62 vars in 1331 bytes} [Fri Jan 30 21:13:12 2026] GET /volume/v3/volumes/85f1f219-d30b-440c-baa0-a4b4f84a39fd => generated 852 bytes in 50 msecs (HTTP/1.1 200) 7 headers in 285 bytes (1 switches on core 0)
Jan 30 21:13:12 devstack devstack@c-api.service[82990]: /opt/stack/data/venv/lib/python3.10/site-packages/oslo_context/context.py:101: DeprecationWarning: Policy enforcement is depending on the value of is_admin. This key is deprecated. Please update your policy file to use the standard policy values.
Jan 30 21:13:12 devstack devstack@c-api.service[82990]: warnings.warn(
Jan 30 21:13:13 devstack devstack@c-api.service[82990]: INFO cinder.api.openstack.wsgi [req-c640bd4a-c04d-4707-93b8-c5839638b1ee req-c53753a4-2a78-4a6b-9b51-0af1aeb25405 tempest-TaggedBootDevicesTest_v242-112265119 tempest-TaggedBootDevicesTest_v242-112265119-project-member] http://192.168.122.157/volume/v3/attachments/6a8378f0-a7ac-4e68-a8ef-e1a7d68777d7/action returned with HTTP 204
Jan 30 21:13:13 devstack devstack@c-api.service[82990]: [pid: 82990|app: 0|req: 49/92] 192.168.122.157 () {70 vars in 1711 bytes} [Fri Jan 30 21:13:12 2026] POST /volume/v3/attachments/6a8378f0-a7ac-4e68-a8ef-e1a7d68777d7/action => generated 0 bytes in 67 msecs (HTTP/1.1 204) 7 headers in 292 bytes (1 switches on core 0)
Jan 30 21:13:13 devstack devstack@c-api.service[82991]: DEBUG cinder.api.middleware.request_id [None req-6f6b214f-be72-4e56-94f3-615153fd1dc1 None None] RequestId filter calling following filter/app {{(pid=82991) _context_setter /opt/stack/cinder/cinder/api/middleware/request_id.py:62}}
Jan 30 21:13:13 devstack devstack@c-api.service[82991]: INFO cinder.api.openstack.wsgi [None req-6f6b214f-be72-4e56-94f3-615153fd1dc1 tempest-AttachSCSIVolumeTestJSON-693834063 tempest-AttachSCSIVolumeTestJSON-693834063-project-member] GET http://192.168.122.157/volume/v3/volumes/be7b59b7-f692-4809-902c-1fb3119318e7
Jan 30 21:13:13 devstack devstack@c-api.service[82991]: DEBUG cinder.api.openstack.wsgi [None req-6f6b214f-be72-4e56-94f3-615153fd1dc1 tempest-AttachSCSIVolumeTestJSON-693834063 tempest-AttachSCSIVolumeTestJSON-693834063-project-member] Empty body provided in request {{(pid=82991) get_body /opt/stack/cinder/cinder/api/openstack/wsgi.py:725}}
Jan 30 21:13:13 devstack devstack@c-api.service[82991]: DEBUG cinder.api.openstack.wsgi [None req-6f6b214f-be72-4e56-94f3-615153fd1dc1 tempest-AttachSCSIVolumeTestJSON-693834063 tempest-AttachSCSIVolumeTestJSON-693834063-project-member] Calling method 'show' {{(pid=82991) _process_stack /opt/stack/cinder/cinder/api/openstack/wsgi.py:878}}
Jan 30 21:13:13 devstack devstack@c-api.service[82991]: /opt/stack/data/venv/lib/python3.10/site-packages/oslo_context/context.py:101: DeprecationWarning: Policy enforcement is depending on the value of is_admin. This key is deprecated. Please update your policy file to use the standard policy values.
Jan 30 21:13:13 devstack devstack@c-api.service[82991]: warnings.warn(
Jan 30 21:13:13 devstack devstack@c-api.service[82991]: INFO cinder.volume.api [None req-6f6b214f-be72-4e56-94f3-615153fd1dc1 tempest-AttachSCSIVolumeTestJSON-693834063 tempest-AttachSCSIVolumeTestJSON-693834063-project-member] Volume info retrieved successfully.
Jan 30 21:13:13 devstack devstack@c-api.service[82991]: INFO cinder.api.openstack.wsgi [None req-6f6b214f-be72-4e56-94f3-615153fd1dc1 tempest-AttachSCSIVolumeTestJSON-693834063 tempest-AttachSCSIVolumeTestJSON-693834063-project-member] http://192.168.122.157/volume/v3/volumes/be7b59b7-f692-4809-902c-1fb3119318e7 returned with HTTP 200
Jan 30 21:13:13 devstack devstack@c-api.service[82991]: [pid: 82991|app: 0|req: 44/93] 192.168.122.157 () {62 vars in 1331 bytes} [Fri Jan 30 21:13:13 2026] GET /volume/v3/volumes/be7b59b7-f692-4809-902c-1fb3119318e7 => generated 857 bytes in 38 msecs (HTTP/1.1 200) 7 headers in 285 bytes (1 switches on core 0)
Jan 30 21:13:13 devstack devstack@c-api.service[82990]: DEBUG cinder.api.middleware.request_id [None req-2257c536-f140-402e-8293-c8f870d5549e None None] RequestId filter calling following filter/app {{(pid=82990) _context_setter /opt/stack/cinder/cinder/api/middleware/request_id.py:62}}
Jan 30 21:13:13 devstack devstack@c-api.service[82990]: INFO cinder.api.openstack.wsgi [None req-2257c536-f140-402e-8293-c8f870d5549e tempest-VolumesAssistedSnapshotsTest-1175770449 tempest-VolumesAssistedSnapshotsTest-1175770449-project-admin] GET http://192.168.122.157/volume/v3/volumes/c57d9d0c-a443-4b19-8c9a-3dbb99ce4b8c
Jan 30 21:13:13 devstack devstack@c-api.service[82990]: DEBUG cinder.api.openstack.wsgi [None req-2257c536-f140-402e-8293-c8f870d5549e tempest-VolumesAssistedSnapshotsTest-1175770449 tempest-VolumesAssistedSnapshotsTest-1175770449-project-admin] Empty body provided in request {{(pid=82990) get_body /opt/stack/cinder/cinder/api/openstack/wsgi.py:725}}
Jan 30 21:13:13 devstack devstack@c-api.service[82990]: DEBUG cinder.api.openstack.wsgi [None req-2257c536-f140-402e-8293-c8f870d5549e tempest-VolumesAssistedSnapshotsTest-1175770449 tempest-VolumesAssistedSnapshotsTest-1175770449-project-admin] Calling method 'show' {{(pid=82990) _process_stack /opt/stack/cinder/cinder/api/openstack/wsgi.py:878}}
Jan 30 21:13:13 devstack devstack@c-api.service[82990]: /opt/stack/data/venv/lib/python3.10/site-packages/oslo_context/context.py:101: DeprecationWarning: Policy enforcement is depending on the value of is_admin. This key is deprecated. Please update your policy file to use the standard policy values.
Jan 30 21:13:13 devstack devstack@c-api.service[82990]: warnings.warn(
Jan 30 21:13:13 devstack devstack@c-api.service[82990]: INFO cinder.volume.api [None req-2257c536-f140-402e-8293-c8f870d5549e tempest-VolumesAssistedSnapshotsTest-1175770449 tempest-VolumesAssistedSnapshotsTest-1175770449-project-admin] Volume info retrieved successfully.
Jan 30 21:13:13 devstack devstack@c-api.service[82990]: INFO cinder.api.openstack.wsgi [None req-2257c536-f140-402e-8293-c8f870d5549e tempest-VolumesAssistedSnapshotsTest-1175770449 tempest-VolumesAssistedSnapshotsTest-1175770449-project-admin] http://192.168.122.157/volume/v3/volumes/c57d9d0c-a443-4b19-8c9a-3dbb99ce4b8c returned with HTTP 200
Jan 30 21:13:13 devstack devstack@c-api.service[82990]: [pid: 82990|app: 0|req: 50/94] 192.168.122.157 () {62 vars in 1331 bytes} [Fri Jan 30 21:13:13 2026] GET /volume/v3/volumes/c57d9d0c-a443-4b19-8c9a-3dbb99ce4b8c => generated 1321 bytes in 35 msecs (HTTP/1.1 200) 7 headers in 286 bytes (1 switches on core 0)
Jan 30 21:13:13 devstack devstack@c-api.service[82991]: DEBUG cinder.api.middleware.request_id [None req-9e6463cc-bcd8-4bfa-bbf3-228a6ca144e4 None None] RequestId filter calling following filter/app {{(pid=82991) _context_setter /opt/stack/cinder/cinder/api/middleware/request_id.py:62}}
Jan 30 21:13:13 devstack devstack@c-api.service[82991]: INFO cinder.api.openstack.wsgi [None req-9e6463cc-bcd8-4bfa-bbf3-228a6ca144e4 tempest-VolumesAssistedSnapshotsTest-1175770449 tempest-VolumesAssistedSnapshotsTest-1175770449-project-admin] GET http://192.168.122.157/volume/v3/volumes/c57d9d0c-a443-4b19-8c9a-3dbb99ce4b8c
Jan 30 21:13:13 devstack devstack@c-api.service[82991]: DEBUG cinder.api.openstack.wsgi [None req-9e6463cc-bcd8-4bfa-bbf3-228a6ca144e4 tempest-VolumesAssistedSnapshotsTest-1175770449 tempest-VolumesAssistedSnapshotsTest-1175770449-project-admin] Empty body provided in request {{(pid=82991) get_body /opt/stack/cinder/cinder/api/openstack/wsgi.py:725}}
Jan 30 21:13:13 devstack devstack@c-api.service[82991]: DEBUG cinder.api.openstack.wsgi [None req-9e6463cc-bcd8-4bfa-bbf3-228a6ca144e4 tempest-VolumesAssistedSnapshotsTest-1175770449 tempest-VolumesAssistedSnapshotsTest-1175770449-project-admin] Calling method 'show' {{(pid=82991) _process_stack /opt/stack/cinder/cinder/api/openstack/wsgi.py:878}}
Jan 30 21:13:13 devstack devstack@c-api.service[82991]: /opt/stack/data/venv/lib/python3.10/site-packages/oslo_context/context.py:101: DeprecationWarning: Policy enforcement is depending on the value of is_admin. This key is deprecated. Please update your policy file to use the standard policy values.
Jan 30 21:13:13 devstack devstack@c-api.service[82991]: warnings.warn(
Jan 30 21:13:13 devstack devstack@c-api.service[82990]: DEBUG cinder.api.middleware.request_id [req-f86f1765-2331-41a3-b5c6-b2f64d5cf2ec req-d6e1181a-e6a6-4ab2-b2f5-066a0a2cf9d3 None None] RequestId filter calling following filter/app {{(pid=82990) _context_setter /opt/stack/cinder/cinder/api/middleware/request_id.py:62}}
Jan 30 21:13:13 devstack devstack@c-api.service[82991]: INFO cinder.volume.api [None req-9e6463cc-bcd8-4bfa-bbf3-228a6ca144e4 tempest-VolumesAssistedSnapshotsTest-1175770449 tempest-VolumesAssistedSnapshotsTest-1175770449-project-admin] Volume info retrieved successfully.
Jan 30 21:13:13 devstack devstack@c-api.service[82990]: INFO cinder.api.openstack.wsgi [req-f86f1765-2331-41a3-b5c6-b2f64d5cf2ec req-d6e1181a-e6a6-4ab2-b2f5-066a0a2cf9d3 tempest-AttachSCSIVolumeTestJSON-693834063 tempest-AttachSCSIVolumeTestJSON-693834063-project-member] POST http://192.168.122.157/volume/v3/attachments/50774150-d1ef-40ad-a686-a11fbea24534/action
Jan 30 21:13:13 devstack devstack@c-api.service[82990]: DEBUG cinder.api.openstack.wsgi [req-f86f1765-2331-41a3-b5c6-b2f64d5cf2ec req-d6e1181a-e6a6-4ab2-b2f5-066a0a2cf9d3 tempest-AttachSCSIVolumeTestJSON-693834063 tempest-AttachSCSIVolumeTestJSON-693834063-project-member] Action body: b'{"os-complete": null}' {{(pid=82990) get_method /opt/stack/cinder/cinder/api/openstack/wsgi.py:993}}
Jan 30 21:13:13 devstack devstack@c-api.service[82990]: DEBUG cinder.api.openstack.wsgi [req-f86f1765-2331-41a3-b5c6-b2f64d5cf2ec req-d6e1181a-e6a6-4ab2-b2f5-066a0a2cf9d3 tempest-AttachSCSIVolumeTestJSON-693834063 tempest-AttachSCSIVolumeTestJSON-693834063-project-member] Action: 'action', calling method: complete, body: {"os-complete": null} {{(pid=82990) _process_stack /opt/stack/cinder/cinder/api/openstack/wsgi.py:876}}
Jan 30 21:13:13 devstack devstack@c-api.service[82991]: INFO cinder.api.openstack.wsgi [None req-9e6463cc-bcd8-4bfa-bbf3-228a6ca144e4 tempest-VolumesAssistedSnapshotsTest-1175770449 tempest-VolumesAssistedSnapshotsTest-1175770449-project-admin] http://192.168.122.157/volume/v3/volumes/c57d9d0c-a443-4b19-8c9a-3dbb99ce4b8c returned with HTTP 200
Jan 30 21:13:13 devstack devstack@c-api.service[82991]: [pid: 82991|app: 0|req: 45/95] 192.168.122.157 () {62 vars in 1331 bytes} [Fri Jan 30 21:13:13 2026] GET /volume/v3/volumes/c57d9d0c-a443-4b19-8c9a-3dbb99ce4b8c => generated 1321 bytes in 59 msecs (HTTP/1.1 200) 7 headers in 286 bytes (1 switches on core 0)
Jan 30 21:13:13 devstack devstack@c-api.service[82990]: /opt/stack/data/venv/lib/python3.10/site-packages/oslo_context/context.py:101: DeprecationWarning: Policy enforcement is depending on the value of is_admin. This key is deprecated. Please update your policy file to use the standard policy values.
Jan 30 21:13:13 devstack devstack@c-api.service[82990]: warnings.warn(
Jan 30 21:13:13 devstack devstack@c-api.service[82990]: INFO cinder.api.openstack.wsgi [req-f86f1765-2331-41a3-b5c6-b2f64d5cf2ec req-d6e1181a-e6a6-4ab2-b2f5-066a0a2cf9d3 tempest-AttachSCSIVolumeTestJSON-693834063 tempest-AttachSCSIVolumeTestJSON-693834063-project-member] http://192.168.122.157/volume/v3/attachments/50774150-d1ef-40ad-a686-a11fbea24534/action returned with HTTP 204
Jan 30 21:13:13 devstack devstack@c-api.service[82990]: [pid: 82990|app: 0|req: 51/96] 192.168.122.157 () {70 vars in 1711 bytes} [Fri Jan 30 21:13:13 2026] POST /volume/v3/attachments/50774150-d1ef-40ad-a686-a11fbea24534/action => generated 0 bytes in 66 msecs (HTTP/1.1 204) 7 headers in 292 bytes (1 switches on core 0)
Jan 30 21:13:13 devstack devstack@c-api.service[82991]: DEBUG cinder.api.middleware.request_id [None req-f3a6c02f-8fb5-4572-867a-d6a89e5011dc None None] RequestId filter calling following filter/app {{(pid=82991) _context_setter /opt/stack/cinder/cinder/api/middleware/request_id.py:62}}
Jan 30 21:13:13 devstack devstack@c-api.service[82990]: DEBUG cinder.api.middleware.request_id [req-db83c79a-cb4e-4ac8-a88c-c330d50ebe8e req-bbeb2078-4272-4af6-8f8d-d6a6fff6752f None None] RequestId filter calling following filter/app {{(pid=82990) _context_setter /opt/stack/cinder/cinder/api/middleware/request_id.py:62}}
Jan 30 21:13:13 devstack devstack@c-api.service[82991]: INFO cinder.api.openstack.wsgi [None req-f3a6c02f-8fb5-4572-867a-d6a89e5011dc tempest-VolumesAssistedSnapshotsTest-1175770449 tempest-VolumesAssistedSnapshotsTest-1175770449-project-admin] GET http://192.168.122.157/volume/v3/volumes/c57d9d0c-a443-4b19-8c9a-3dbb99ce4b8c
Jan 30 21:13:13 devstack devstack@c-api.service[82990]: INFO cinder.api.openstack.wsgi [req-db83c79a-cb4e-4ac8-a88c-c330d50ebe8e req-bbeb2078-4272-4af6-8f8d-d6a6fff6752f tempest-VolumesAssistedSnapshotsTest-1660614246 tempest-VolumesAssistedSnapshotsTest-1660614246-project] POST http://192.168.122.157/volume/v3/snapshots/None/action
Jan 30 21:13:13 devstack devstack@c-api.service[82991]: DEBUG cinder.api.openstack.wsgi [None req-f3a6c02f-8fb5-4572-867a-d6a89e5011dc tempest-VolumesAssistedSnapshotsTest-1175770449 tempest-VolumesAssistedSnapshotsTest-1175770449-project-admin] Empty body provided in request {{(pid=82991) get_body /opt/stack/cinder/cinder/api/openstack/wsgi.py:725}}
Jan 30 21:13:13 devstack devstack@c-api.service[82990]: DEBUG cinder.api.openstack.wsgi [req-db83c79a-cb4e-4ac8-a88c-c330d50ebe8e req-bbeb2078-4272-4af6-8f8d-d6a6fff6752f tempest-VolumesAssistedSnapshotsTest-1660614246 tempest-VolumesAssistedSnapshotsTest-1660614246-project] Action body: b'{"os-update_snapshot_status": {"status": "error_deleting", "progress": "90%"}}' {{(pid=82990) get_method /opt/stack/cinder/cinder/api/openstack/wsgi.py:993}}
Jan 30 21:13:13 devstack devstack@c-api.service[82991]: DEBUG cinder.api.openstack.wsgi [None req-f3a6c02f-8fb5-4572-867a-d6a89e5011dc tempest-VolumesAssistedSnapshotsTest-1175770449 tempest-VolumesAssistedSnapshotsTest-1175770449-project-admin] Calling method 'show' {{(pid=82991) _process_stack /opt/stack/cinder/cinder/api/openstack/wsgi.py:878}}
Jan 30 21:13:13 devstack devstack@c-api.service[82990]: DEBUG cinder.api.openstack.wsgi [req-db83c79a-cb4e-4ac8-a88c-c330d50ebe8e req-bbeb2078-4272-4af6-8f8d-d6a6fff6752f tempest-VolumesAssistedSnapshotsTest-1660614246 tempest-VolumesAssistedSnapshotsTest-1660614246-project] Action: 'action', calling method: _update_snapshot_status, body: {"os-update_snapshot_status": {"status": "error_deleting", "progress": "90%"}} {{(pid=82990) _process_stack /opt/stack/cinder/cinder/api/openstack/wsgi.py:876}}
Jan 30 21:13:13 devstack devstack@c-api.service[82990]: DEBUG cinder.api.contrib.snapshot_actions [req-db83c79a-cb4e-4ac8-a88c-c330d50ebe8e req-bbeb2078-4272-4af6-8f8d-d6a6fff6752f tempest-VolumesAssistedSnapshotsTest-1660614246 tempest-VolumesAssistedSnapshotsTest-1660614246-project] body: {'os-update_snapshot_status': {'status': 'error_deleting', 'progress': '90%'}} {{(pid=82990) _update_snapshot_status /opt/stack/cinder/cinder/api/contrib/snapshot_actions.py:46}}
Jan 30 21:13:13 devstack devstack@c-api.service[82991]: /opt/stack/data/venv/lib/python3.10/site-packages/oslo_context/context.py:101: DeprecationWarning: Policy enforcement is depending on the value of is_admin. This key is deprecated. Please update your policy file to use the standard policy values.
Jan 30 21:13:13 devstack devstack@c-api.service[82991]: warnings.warn(
Jan 30 21:13:13 devstack devstack@c-api.service[82991]: INFO cinder.volume.api [None req-f3a6c02f-8fb5-4572-867a-d6a89e5011dc tempest-VolumesAssistedSnapshotsTest-1175770449 tempest-VolumesAssistedSnapshotsTest-1175770449-project-admin] Volume info retrieved successfully.
Jan 30 21:13:13 devstack devstack@c-api.service[82991]: INFO cinder.api.openstack.wsgi [None req-f3a6c02f-8fb5-4572-867a-d6a89e5011dc tempest-VolumesAssistedSnapshotsTest-1175770449 tempest-VolumesAssistedSnapshotsTest-1175770449-project-admin] http://192.168.122.157/volume/v3/volumes/c57d9d0c-a443-4b19-8c9a-3dbb99ce4b8c returned with HTTP 200
Jan 30 21:13:13 devstack devstack@c-api.service[82991]: [pid: 82991|app: 0|req: 46/97] 192.168.122.157 () {62 vars in 1331 bytes} [Fri Jan 30 21:13:13 2026] GET /volume/v3/volumes/c57d9d0c-a443-4b19-8c9a-3dbb99ce4b8c => generated 1321 bytes in 42 msecs (HTTP/1.1 200) 7 headers in 286 bytes (1 switches on core 0)
Jan 30 21:13:13 devstack devstack@c-api.service[82990]: INFO cinder.api.openstack.wsgi [req-db83c79a-cb4e-4ac8-a88c-c330d50ebe8e req-bbeb2078-4272-4af6-8f8d-d6a6fff6752f tempest-VolumesAssistedSnapshotsTest-1660614246 tempest-VolumesAssistedSnapshotsTest-1660614246-project] http://192.168.122.157/volume/v3/snapshots/None/action returned with HTTP 404
Jan 30 21:13:13 devstack devstack@c-api.service[82990]: [pid: 82990|app: 0|req: 52/98] 192.168.122.157 () {68 vars in 1568 bytes} [Fri Jan 30 21:13:13 2026] POST /volume/v3/snapshots/None/action => generated 79 bytes in 43 msecs (HTTP/1.1 404) 7 headers in 291 bytes (1 switches on core 0)
Jan 30 21:13:13 devstack devstack@c-api.service[82991]: DEBUG cinder.api.middleware.request_id [req-33d6d772-2934-4668-945f-24ba30a8533c req-bd8afad3-9510-4bde-b61f-ed07a93cee6e None None] RequestId filter calling following filter/app {{(pid=82991) _context_setter /opt/stack/cinder/cinder/api/middleware/request_id.py:62}}
Jan 30 21:13:13 devstack devstack@c-api.service[82991]: INFO cinder.api.openstack.wsgi [req-33d6d772-2934-4668-945f-24ba30a8533c req-bd8afad3-9510-4bde-b61f-ed07a93cee6e tempest-VolumesAssistedSnapshotsTest-1175770449 tempest-VolumesAssistedSnapshotsTest-1175770449-project-admin] GET http://192.168.122.157/volume/v3/volumes/c57d9d0c-a443-4b19-8c9a-3dbb99ce4b8c
Jan 30 21:13:13 devstack devstack@c-api.service[82991]: DEBUG cinder.api.openstack.wsgi [req-33d6d772-2934-4668-945f-24ba30a8533c req-bd8afad3-9510-4bde-b61f-ed07a93cee6e tempest-VolumesAssistedSnapshotsTest-1175770449 tempest-VolumesAssistedSnapshotsTest-1175770449-project-admin] Empty body provided in request {{(pid=82991) get_body /opt/stack/cinder/cinder/api/openstack/wsgi.py:725}}
Jan 30 21:13:13 devstack devstack@c-api.service[82991]: DEBUG cinder.api.openstack.wsgi [req-33d6d772-2934-4668-945f-24ba30a8533c req-bd8afad3-9510-4bde-b61f-ed07a93cee6e tempest-VolumesAssistedSnapshotsTest-1175770449 tempest-VolumesAssistedSnapshotsTest-1175770449-project-admin] Calling method 'show' {{(pid=82991) _process_stack /opt/stack/cinder/cinder/api/openstack/wsgi.py:878}}
Jan 30 21:13:13 devstack devstack@c-api.service[82991]: /opt/stack/data/venv/lib/python3.10/site-packages/oslo_context/context.py:101: DeprecationWarning: Policy enforcement is depending on the value of is_admin. This key is deprecated. Please update your policy file to use the standard policy values.
Jan 30 21:13:13 devstack devstack@c-api.service[82991]: warnings.warn(
Jan 30 21:13:13 devstack devstack@c-api.service[82991]: INFO cinder.volume.api [req-33d6d772-2934-4668-945f-24ba30a8533c req-bd8afad3-9510-4bde-b61f-ed07a93cee6e tempest-VolumesAssistedSnapshotsTest-1175770449 tempest-VolumesAssistedSnapshotsTest-1175770449-project-admin] Volume info retrieved successfully.
Jan 30 21:13:13 devstack devstack@c-api.service[82991]: INFO cinder.api.openstack.wsgi [req-33d6d772-2934-4668-945f-24ba30a8533c req-bd8afad3-9510-4bde-b61f-ed07a93cee6e tempest-VolumesAssistedSnapshotsTest-1175770449 tempest-VolumesAssistedSnapshotsTest-1175770449-project-admin] http://192.168.122.157/volume/v3/volumes/c57d9d0c-a443-4b19-8c9a-3dbb99ce4b8c returned with HTTP 200
Jan 30 21:13:13 devstack devstack@c-api.service[82991]: [pid: 82991|app: 0|req: 47/99] 192.168.122.157 () {64 vars in 1584 bytes} [Fri Jan 30 21:13:13 2026] GET /volume/v3/volumes/c57d9d0c-a443-4b19-8c9a-3dbb99ce4b8c => generated 1321 bytes in 41 msecs (HTTP/1.1 200) 7 headers in 286 bytes (1 switches on core 0)
Jan 30 21:13:13 devstack devstack@c-api.service[82990]: DEBUG cinder.api.middleware.request_id [req-33d6d772-2934-4668-945f-24ba30a8533c req-20d15b2c-be36-4d3e-ac4f-d389c9df4d21 None None] RequestId filter calling following filter/app {{(pid=82990) _context_setter /opt/stack/cinder/cinder/api/middleware/request_id.py:62}}
Jan 30 21:13:13 devstack devstack@c-api.service[82990]: INFO cinder.api.openstack.wsgi [req-33d6d772-2934-4668-945f-24ba30a8533c req-20d15b2c-be36-4d3e-ac4f-d389c9df4d21 tempest-VolumesAssistedSnapshotsTest-1175770449 tempest-VolumesAssistedSnapshotsTest-1175770449-project-admin] POST http://192.168.122.157/volume/v3/volumes/c57d9d0c-a443-4b19-8c9a-3dbb99ce4b8c/action
Jan 30 21:13:13 devstack devstack@c-api.service[82990]: DEBUG cinder.api.openstack.wsgi [req-33d6d772-2934-4668-945f-24ba30a8533c req-20d15b2c-be36-4d3e-ac4f-d389c9df4d21 tempest-VolumesAssistedSnapshotsTest-1175770449 tempest-VolumesAssistedSnapshotsTest-1175770449-project-admin] Action body: b'{"os-begin_detaching": null}' {{(pid=82990) get_method /opt/stack/cinder/cinder/api/openstack/wsgi.py:993}}
Jan 30 21:13:13 devstack devstack@c-api.service[82990]: DEBUG cinder.api.openstack.wsgi [req-33d6d772-2934-4668-945f-24ba30a8533c req-20d15b2c-be36-4d3e-ac4f-d389c9df4d21 tempest-VolumesAssistedSnapshotsTest-1175770449 tempest-VolumesAssistedSnapshotsTest-1175770449-project-admin] Action: 'action', calling method: _begin_detaching, body: {"os-begin_detaching": null} {{(pid=82990) _process_stack /opt/stack/cinder/cinder/api/openstack/wsgi.py:876}}
Jan 30 21:13:13 devstack devstack@c-api.service[82990]: /opt/stack/data/venv/lib/python3.10/site-packages/oslo_context/context.py:101: DeprecationWarning: Policy enforcement is depending on the value of is_admin. This key is deprecated. Please update your policy file to use the standard policy values.
Jan 30 21:13:13 devstack devstack@c-api.service[82990]: warnings.warn(
Jan 30 21:13:13 devstack devstack@c-api.service[82990]: INFO cinder.volume.api [req-33d6d772-2934-4668-945f-24ba30a8533c req-20d15b2c-be36-4d3e-ac4f-d389c9df4d21 tempest-VolumesAssistedSnapshotsTest-1175770449 tempest-VolumesAssistedSnapshotsTest-1175770449-project-admin] Volume info retrieved successfully.
Jan 30 21:13:13 devstack devstack@c-api.service[82990]: INFO cinder.volume.api [req-33d6d772-2934-4668-945f-24ba30a8533c req-20d15b2c-be36-4d3e-ac4f-d389c9df4d21 tempest-VolumesAssistedSnapshotsTest-1175770449 tempest-VolumesAssistedSnapshotsTest-1175770449-project-admin] Begin detaching volume completed successfully.
Jan 30 21:13:13 devstack devstack@c-api.service[82990]: INFO cinder.api.openstack.wsgi [req-33d6d772-2934-4668-945f-24ba30a8533c req-20d15b2c-be36-4d3e-ac4f-d389c9df4d21 tempest-VolumesAssistedSnapshotsTest-1175770449 tempest-VolumesAssistedSnapshotsTest-1175770449-project-admin] http://192.168.122.157/volume/v3/volumes/c57d9d0c-a443-4b19-8c9a-3dbb99ce4b8c/action returned with HTTP 202
Jan 30 21:13:13 devstack devstack@c-api.service[82990]: [pid: 82990|app: 0|req: 53/100] 192.168.122.157 () {68 vars in 1658 bytes} [Fri Jan 30 21:13:13 2026] POST /volume/v3/volumes/c57d9d0c-a443-4b19-8c9a-3dbb99ce4b8c/action => generated 0 bytes in 40 msecs (HTTP/1.1 202) 7 headers in 289 bytes (1 switches on core 0)
Jan 30 21:13:14 devstack devstack@c-api.service[82991]: DEBUG cinder.api.middleware.request_id [None req-0dff1205-069a-4651-9ef1-277769f324bc None None] RequestId filter calling following filter/app {{(pid=82991) _context_setter /opt/stack/cinder/cinder/api/middleware/request_id.py:62}}
Jan 30 21:13:14 devstack devstack@c-api.service[82991]: INFO cinder.api.openstack.wsgi [None req-0dff1205-069a-4651-9ef1-277769f324bc tempest-AttachVolumeTestJSON-1224583898 tempest-AttachVolumeTestJSON-1224583898-project-member] GET http://192.168.122.157/volume/v3/volumes/85f1f219-d30b-440c-baa0-a4b4f84a39fd
