Jan 30 21:07:46 devstack devstack@g-api.service[75839]: DEBUG glance.common.config [None req-412bec97-458e-44b0-9d4b-33f4ed98e10f None None] barbican_service_user.cafile = None {{(pid=75839) log_opt_values /opt/stack/data/venv/lib/python3.10/site-packages/oslo_config/cfg.py:2824}}
Jan 30 21:07:46 devstack devstack@g-api.service[75839]: DEBUG glance.common.config [None req-412bec97-458e-44b0-9d4b-33f4ed98e10f None None] barbican_service_user.certfile = None {{(pid=75839) log_opt_values /opt/stack/data/venv/lib/python3.10/site-packages/oslo_config/cfg.py:2824}}
Jan 30 21:07:46 devstack devstack@g-api.service[75839]: DEBUG glance.common.config [None req-412bec97-458e-44b0-9d4b-33f4ed98e10f None None] barbican_service_user.collect_timing = False {{(pid=75839) log_opt_values /opt/stack/data/venv/lib/python3.10/site-packages/oslo_config/cfg.py:2824}}
Jan 30 21:07:46 devstack devstack@g-api.service[75839]: DEBUG glance.common.config [None req-412bec97-458e-44b0-9d4b-33f4ed98e10f None None] barbican_service_user.insecure = False {{(pid=75839) log_opt_values /opt/stack/data/venv/lib/python3.10/site-packages/oslo_config/cfg.py:2824}}
Jan 30 21:07:46 devstack devstack@g-api.service[75839]: DEBUG glance.common.config [None req-412bec97-458e-44b0-9d4b-33f4ed98e10f None None] barbican_service_user.keyfile = None {{(pid=75839) log_opt_values /opt/stack/data/venv/lib/python3.10/site-packages/oslo_config/cfg.py:2824}}
Jan 30 21:07:46 devstack devstack@g-api.service[75839]: DEBUG glance.common.config [None req-412bec97-458e-44b0-9d4b-33f4ed98e10f None None] barbican_service_user.split_loggers = False {{(pid=75839) log_opt_values /opt/stack/data/venv/lib/python3.10/site-packages/oslo_config/cfg.py:2824}}
Jan 30 21:07:46 devstack devstack@g-api.service[75839]: DEBUG glance.common.config [None req-412bec97-458e-44b0-9d4b-33f4ed98e10f None None] barbican_service_user.timeout = None {{(pid=75839) log_opt_values /opt/stack/data/venv/lib/python3.10/site-packages/oslo_config/cfg.py:2824}}
Jan 30 21:07:46 devstack devstack@g-api.service[75839]: DEBUG glance.common.config [None req-412bec97-458e-44b0-9d4b-33f4ed98e10f None None] database.asyncio_connection = **** {{(pid=75839) log_opt_values /opt/stack/data/venv/lib/python3.10/site-packages/oslo_config/cfg.py:2824}}
Jan 30 21:07:46 devstack devstack@g-api.service[75839]: DEBUG glance.common.config [None req-412bec97-458e-44b0-9d4b-33f4ed98e10f None None] database.asyncio_slave_connection = **** {{(pid=75839) log_opt_values /opt/stack/data/venv/lib/python3.10/site-packages/oslo_config/cfg.py:2824}}
Jan 30 21:07:46 devstack devstack@g-api.service[75839]: DEBUG glance.common.config [None req-412bec97-458e-44b0-9d4b-33f4ed98e10f None None] database.backend = sqlalchemy {{(pid=75839) log_opt_values /opt/stack/data/venv/lib/python3.10/site-packages/oslo_config/cfg.py:2824}}
Jan 30 21:07:46 devstack devstack@g-api.service[75839]: DEBUG glance.common.config [None req-412bec97-458e-44b0-9d4b-33f4ed98e10f None None] database.connection = **** {{(pid=75839) log_opt_values /opt/stack/data/venv/lib/python3.10/site-packages/oslo_config/cfg.py:2824}}
Jan 30 21:07:46 devstack devstack@g-api.service[75839]: DEBUG glance.common.config [None req-412bec97-458e-44b0-9d4b-33f4ed98e10f None None] database.connection_debug = 0 {{(pid=75839) log_opt_values /opt/stack/data/venv/lib/python3.10/site-packages/oslo_config/cfg.py:2824}}
Jan 30 21:07:46 devstack devstack@g-api.service[75839]: DEBUG glance.common.config [None req-412bec97-458e-44b0-9d4b-33f4ed98e10f None None] database.connection_parameters = {{(pid=75839) log_opt_values /opt/stack/data/venv/lib/python3.10/site-packages/oslo_config/cfg.py:2824}}
Jan 30 21:07:46 devstack devstack@g-api.service[75839]: DEBUG glance.common.config [None req-412bec97-458e-44b0-9d4b-33f4ed98e10f None None] database.connection_recycle_time = 3600 {{(pid=75839) log_opt_values /opt/stack/data/venv/lib/python3.10/site-packages/oslo_config/cfg.py:2824}}
Jan 30 21:07:46 devstack devstack@g-api.service[75839]: DEBUG glance.common.config [None req-412bec97-458e-44b0-9d4b-33f4ed98e10f None None] database.connection_trace = False {{(pid=75839) log_opt_values /opt/stack/data/venv/lib/python3.10/site-packages/oslo_config/cfg.py:2824}}
Jan 30 21:07:46 devstack devstack@g-api.service[75839]: DEBUG glance.common.config [None req-412bec97-458e-44b0-9d4b-33f4ed98e10f None None] database.db_inc_retry_interval = True {{(pid=75839) log_opt_values /opt/stack/data/venv/lib/python3.10/site-packages/oslo_config/cfg.py:2824}}
Jan 30 21:07:46 devstack devstack@g-api.service[75839]: DEBUG glance.common.config [None req-412bec97-458e-44b0-9d4b-33f4ed98e10f None None] database.db_max_retries = 20 {{(pid=75839) log_opt_values /opt/stack/data/venv/lib/python3.10/site-packages/oslo_config/cfg.py:2824}}
Jan 30 21:07:46 devstack devstack@g-api.service[75839]: DEBUG glance.common.config [None req-412bec97-458e-44b0-9d4b-33f4ed98e10f None None] database.db_max_retry_interval = 10 {{(pid=75839) log_opt_values /opt/stack/data/venv/lib/python3.10/site-packages/oslo_config/cfg.py:2824}}
Jan 30 21:07:46 devstack devstack@g-api.service[75839]: DEBUG glance.common.config [None req-412bec97-458e-44b0-9d4b-33f4ed98e10f None None] database.db_retry_interval = 1 {{(pid=75839) log_opt_values /opt/stack/data/venv/lib/python3.10/site-packages/oslo_config/cfg.py:2824}}
Jan 30 21:07:46 devstack devstack@g-api.service[75839]: DEBUG glance.common.config [None req-412bec97-458e-44b0-9d4b-33f4ed98e10f None None] database.max_overflow = 50 {{(pid=75839) log_opt_values /opt/stack/data/venv/lib/python3.10/site-packages/oslo_config/cfg.py:2824}}
Jan 30 21:07:46 devstack devstack@g-api.service[75839]: DEBUG glance.common.config [None req-412bec97-458e-44b0-9d4b-33f4ed98e10f None None] database.max_pool_size = 5 {{(pid=75839) log_opt_values /opt/stack/data/venv/lib/python3.10/site-packages/oslo_config/cfg.py:2824}}
Jan 30 21:07:46 devstack devstack@g-api.service[75839]: DEBUG glance.common.config [None req-412bec97-458e-44b0-9d4b-33f4ed98e10f None None] database.max_retries = 10 {{(pid=75839) log_opt_values /opt/stack/data/venv/lib/python3.10/site-packages/oslo_config/cfg.py:2824}}
Jan 30 21:07:46 devstack devstack@g-api.service[75839]: DEBUG glance.common.config [None req-412bec97-458e-44b0-9d4b-33f4ed98e10f None None] database.mysql_sql_mode = TRADITIONAL {{(pid=75839) log_opt_values /opt/stack/data/venv/lib/python3.10/site-packages/oslo_config/cfg.py:2824}}
Jan 30 21:07:46 devstack devstack@g-api.service[75839]: DEBUG glance.common.config [None req-412bec97-458e-44b0-9d4b-33f4ed98e10f None None] database.mysql_wsrep_sync_wait = None {{(pid=75839) log_opt_values /opt/stack/data/venv/lib/python3.10/site-packages/oslo_config/cfg.py:2824}}
Jan 30 21:07:46 devstack devstack@g-api.service[75839]: DEBUG glance.common.config [None req-412bec97-458e-44b0-9d4b-33f4ed98e10f None None] database.pool_timeout = None {{(pid=75839) log_opt_values /opt/stack/data/venv/lib/python3.10/site-packages/oslo_config/cfg.py:2824}}
Jan 30 21:07:46 devstack devstack@g-api.service[75839]: DEBUG glance.common.config [None req-412bec97-458e-44b0-9d4b-33f4ed98e10f None None] database.retry_interval = 10 {{(pid=75839) log_opt_values /opt/stack/data/venv/lib/python3.10/site-packages/oslo_config/cfg.py:2824}}
Jan 30 21:07:46 devstack devstack@g-api.service[75839]: DEBUG glance.common.config [None req-412bec97-458e-44b0-9d4b-33f4ed98e10f None None] database.slave_connection = **** {{(pid=75839) log_opt_values /opt/stack/data/venv/lib/python3.10/site-packages/oslo_config/cfg.py:2824}}
Jan 30 21:07:46 devstack devstack@g-api.service[75839]: DEBUG glance.common.config [None req-412bec97-458e-44b0-9d4b-33f4ed98e10f None None] database.sqlite_synchronous = True {{(pid=75839) log_opt_values /opt/stack/data/venv/lib/python3.10/site-packages/oslo_config/cfg.py:2824}}
Jan 30 21:07:46 devstack devstack@g-api.service[75839]: DEBUG glance.common.config [None req-412bec97-458e-44b0-9d4b-33f4ed98e10f None None] database.synchronous_reader = True {{(pid=75839) log_opt_values /opt/stack/data/venv/lib/python3.10/site-packages/oslo_config/cfg.py:2824}}
Jan 30 21:07:46 devstack devstack@g-api.service[75839]: DEBUG glance.common.config [None req-412bec97-458e-44b0-9d4b-33f4ed98e10f None None] database.use_db_reconnect = False {{(pid=75839) log_opt_values /opt/stack/data/venv/lib/python3.10/site-packages/oslo_config/cfg.py:2824}}
Jan 30 21:07:46 devstack devstack@g-api.service[75839]: DEBUG glance.common.config [None req-412bec97-458e-44b0-9d4b-33f4ed98e10f None None] healthcheck.allowed_source_ranges = [] {{(pid=75839) log_opt_values /opt/stack/data/venv/lib/python3.10/site-packages/oslo_config/cfg.py:2824}}
Jan 30 21:07:46 devstack devstack@g-api.service[75839]: DEBUG glance.common.config [None req-412bec97-458e-44b0-9d4b-33f4ed98e10f None None] healthcheck.backends = ['disable_by_file'] {{(pid=75839) log_opt_values /opt/stack/data/venv/lib/python3.10/site-packages/oslo_config/cfg.py:2824}}
Jan 30 21:07:46 devstack devstack@g-api.service[75839]: DEBUG glance.common.config [None req-412bec97-458e-44b0-9d4b-33f4ed98e10f None None] healthcheck.detailed = False {{(pid=75839) log_opt_values /opt/stack/data/venv/lib/python3.10/site-packages/oslo_config/cfg.py:2824}}
Jan 30 21:07:46 devstack devstack@g-api.service[75839]: DEBUG glance.common.config [None req-412bec97-458e-44b0-9d4b-33f4ed98e10f None None] healthcheck.disable_by_file_path = None {{(pid=75839) log_opt_values /opt/stack/data/venv/lib/python3.10/site-packages/oslo_config/cfg.py:2824}}
Jan 30 21:07:46 devstack devstack@g-api.service[75839]: DEBUG glance.common.config [None req-412bec97-458e-44b0-9d4b-33f4ed98e10f None None] healthcheck.ignore_proxied_requests = False {{(pid=75839) log_opt_values /opt/stack/data/venv/lib/python3.10/site-packages/oslo_config/cfg.py:2824}}
Jan 30 21:07:46 devstack devstack@g-api.service[75839]: DEBUG glance.common.config [None req-412bec97-458e-44b0-9d4b-33f4ed98e10f None None] ******************************************************************************** {{(pid=75839) log_opt_values /opt/stack/data/venv/lib/python3.10/site-packages/oslo_config/cfg.py:2828}}
Jan 30 21:07:46 devstack devstack@g-api.service[75839]: WSGI app 0 (mountpoint='') ready in 3 seconds on interpreter 0x562e25ee76a0 pid: 75839 (default app)
Jan 30 21:07:49 devstack devstack@g-api.service[75840]: DEBUG glance.api.middleware.version_negotiation [None req-b7a7fea4-f1ce-42b7-b2f3-c16c0bd0afce None None] Determining version of request: GET / Accept: application/json {{(pid=75840) process_request /opt/stack/glance/glance/api/middleware/version_negotiation.py:44}}
Jan 30 21:07:49 devstack devstack@g-api.service[75840]: DEBUG glance.api.middleware.version_negotiation [None req-b7a7fea4-f1ce-42b7-b2f3-c16c0bd0afce None None] Using url versioning {{(pid=75840) process_request /opt/stack/glance/glance/api/middleware/version_negotiation.py:57}}
Jan 30 21:07:49 devstack devstack@g-api.service[75840]: DEBUG glance.api.middleware.version_negotiation [None req-b7a7fea4-f1ce-42b7-b2f3-c16c0bd0afce None None] Unknown version. Returning version choices. {{(pid=75840) process_request /opt/stack/glance/glance/api/middleware/version_negotiation.py:64}}
Jan 30 21:07:49 devstack devstack@g-api.service[75840]: [pid: 75840|app: 0|req: 2/2] 127.0.0.1 () {34 vars in 519 bytes} [Fri Jan 30 21:07:49 2026] GET / => generated 1459 bytes in 2 msecs (HTTP/1.1 300) 3 headers in 106 bytes (1 switches on core 0)
Jan 30 21:07:49 devstack devstack@g-api.service[75839]: DEBUG glance.api.middleware.version_negotiation [None req-412bec97-458e-44b0-9d4b-33f4ed98e10f None None] Determining version of request: POST /v2/images Accept: */* {{(pid=75839) process_request /opt/stack/glance/glance/api/middleware/version_negotiation.py:44}}
Jan 30 21:07:49 devstack devstack@g-api.service[75839]: DEBUG glance.api.middleware.version_negotiation [None req-412bec97-458e-44b0-9d4b-33f4ed98e10f None None] Using url versioning {{(pid=75839) process_request /opt/stack/glance/glance/api/middleware/version_negotiation.py:57}}
Jan 30 21:07:49 devstack devstack@g-api.service[75839]: DEBUG glance.api.middleware.version_negotiation [None req-412bec97-458e-44b0-9d4b-33f4ed98e10f None None] Matched version: v2 {{(pid=75839) process_request /opt/stack/glance/glance/api/middleware/version_negotiation.py:69}}
Jan 30 21:07:49 devstack devstack@g-api.service[75839]: DEBUG glance.api.middleware.version_negotiation [None req-412bec97-458e-44b0-9d4b-33f4ed98e10f None None] new path /v2/images {{(pid=75839) process_request /opt/stack/glance/glance/api/middleware/version_negotiation.py:70}}
Jan 30 21:07:50 devstack devstack@g-api.service[75839]: [pid: 75839|app: 0|req: 1/3] 127.0.0.1 () {40 vars in 782 bytes} [Fri Jan 30 21:07:49 2026] POST /v2/images => generated 807 bytes in 874 msecs (HTTP/1.1 201) 6 headers in 314 bytes (1 switches on core 0)
Jan 30 21:07:50 devstack devstack@g-api.service[75840]: DEBUG glance.api.middleware.version_negotiation [None req-b7a7fea4-f1ce-42b7-b2f3-c16c0bd0afce None None] Determining version of request: PUT /v2/images/5f3ebd26-7c76-4c67-9219-c9860668adf1/file Accept: {{(pid=75840) process_request /opt/stack/glance/glance/api/middleware/version_negotiation.py:44}}
Jan 30 21:07:50 devstack devstack@g-api.service[75840]: DEBUG glance.api.middleware.version_negotiation [None req-b7a7fea4-f1ce-42b7-b2f3-c16c0bd0afce None None] Using url versioning {{(pid=75840) process_request /opt/stack/glance/glance/api/middleware/version_negotiation.py:57}}
Jan 30 21:07:50 devstack devstack@g-api.service[75840]: DEBUG glance.api.middleware.version_negotiation [None req-b7a7fea4-f1ce-42b7-b2f3-c16c0bd0afce None None] Matched version: v2 {{(pid=75840) process_request /opt/stack/glance/glance/api/middleware/version_negotiation.py:69}}
Jan 30 21:07:50 devstack devstack@g-api.service[75840]: DEBUG glance.api.middleware.version_negotiation [None req-b7a7fea4-f1ce-42b7-b2f3-c16c0bd0afce None None] new path /v2/images/5f3ebd26-7c76-4c67-9219-c9860668adf1/file {{(pid=75840) process_request /opt/stack/glance/glance/api/middleware/version_negotiation.py:70}}
Jan 30 21:07:51 devstack devstack@g-api.service[75840]: INFO glance.api.v2.image_data [None req-21ca60db-c9f0-48ca-89e4-d9646ef3085e admin admin] Unable to create trust: no such option collect_timing in group [keystone_authtoken] Use the existing user token.
Jan 30 21:07:51 devstack devstack@g-api.service[75840]: DEBUG glance.location [None req-21ca60db-c9f0-48ca-89e4-d9646ef3085e admin admin] Enabling in-flight format inspection for qcow2 {{(pid=75840) set_data /opt/stack/glance/glance/location.py:616}}
Jan 30 21:07:51 devstack devstack@g-api.service[75840]: DEBUG oslo_utils.imageutils.format_inspector [None req-21ca60db-c9f0-48ca-89e4-d9646ef3085e admin admin] Format inspector for vmdk does not match, excluding from consideration (Signature KDMV not found: b'QFI\xfb') {{(pid=75840) _process_chunk /opt/stack/data/venv/lib/python3.10/site-packages/oslo_utils/imageutils/format_inspector.py:1537}}
Jan 30 21:07:51 devstack devstack@g-api.service[75840]: DEBUG oslo_utils.imageutils.format_inspector [None req-21ca60db-c9f0-48ca-89e4-d9646ef3085e admin admin] Format inspector for vhdx does not match, excluding from consideration (Region signature not found at 30000) {{(pid=75840) _process_chunk /opt/stack/data/venv/lib/python3.10/site-packages/oslo_utils/imageutils/format_inspector.py:1537}}
Jan 30 21:07:51 devstack devstack@g-api.service[75840]: DEBUG glance_store._drivers.filesystem [None req-21ca60db-c9f0-48ca-89e4-d9646ef3085e admin admin] Wrote 21692416 bytes to /opt/stack/data/glance/images/5f3ebd26-7c76-4c67-9219-c9860668adf1 with checksum 87617e24a5e30cb3b87fda8c0764838f and multihash 9a9bce0083a00939ec17c11febbfc767aa211aaa54f51e75c5a8b271a9b5637c77205a518b7a2007cb391d23cceb01e0e4e8d64832317151bc85b734b92a7be0 {{(pid=75840) add /opt/stack/data/venv/lib/python3.10/site-packages/glance_store/_drivers/filesystem.py:794}}
Jan 30 21:07:51 devstack devstack@g-api.service[75840]: INFO glance.location [None req-21ca60db-c9f0-48ca-89e4-d9646ef3085e admin admin] Image format matched and virtual size computed: 117440512
Jan 30 21:07:51 devstack devstack@g-api.service[75840]: DEBUG glance_store.backend [None req-21ca60db-c9f0-48ca-89e4-d9646ef3085e admin admin] Skipping store.set_acls... not implemented. {{(pid=75840) set_acls /opt/stack/data/venv/lib/python3.10/site-packages/glance_store/backend.py:507}}
Jan 30 21:07:51 devstack devstack@g-api.service[75840]: [pid: 75840|app: 0|req: 3/4] 127.0.0.1 () {40 vars in 875 bytes} [Fri Jan 30 21:07:50 2026] PUT /v2/images/5f3ebd26-7c76-4c67-9219-c9860668adf1/file => generated 0 bytes in 1288 msecs (HTTP/1.1 204) 4 headers in 171 bytes (1 switches on core 0)
Jan 30 21:07:51 devstack devstack@g-api.service[75839]: DEBUG glance.api.middleware.version_negotiation [None req-bc9d29b1-05e9-452b-9080-f7c5c4964e92 admin admin] Determining version of request: GET /v2/images/5f3ebd26-7c76-4c67-9219-c9860668adf1 Accept: */* {{(pid=75839) process_request /opt/stack/glance/glance/api/middleware/version_negotiation.py:44}}
Jan 30 21:07:51 devstack devstack@g-api.service[75839]: DEBUG glance.api.middleware.version_negotiation [None req-bc9d29b1-05e9-452b-9080-f7c5c4964e92 admin admin] Using url versioning {{(pid=75839) process_request /opt/stack/glance/glance/api/middleware/version_negotiation.py:57}}
Jan 30 21:07:51 devstack devstack@g-api.service[75839]: DEBUG glance.api.middleware.version_negotiation [None req-bc9d29b1-05e9-452b-9080-f7c5c4964e92 admin admin] Matched version: v2 {{(pid=75839) process_request /opt/stack/glance/glance/api/middleware/version_negotiation.py:69}}
Jan 30 21:07:51 devstack devstack@g-api.service[75839]: DEBUG glance.api.middleware.version_negotiation [None req-bc9d29b1-05e9-452b-9080-f7c5c4964e92 admin admin] new path /v2/images/5f3ebd26-7c76-4c67-9219-c9860668adf1 {{(pid=75839) process_request /opt/stack/glance/glance/api/middleware/version_negotiation.py:70}}
Jan 30 21:07:51 devstack devstack@g-api.service[75839]: [pid: 75839|app: 0|req: 2/5] 127.0.0.1 () {36 vars in 802 bytes} [Fri Jan 30 21:07:51 2026] GET /v2/images/5f3ebd26-7c76-4c67-9219-c9860668adf1 => generated 976 bytes in 20 msecs (HTTP/1.1 200) 4 headers in 157 bytes (1 switches on core 0)
Jan 30 21:08:01 devstack devstack@g-api.service[75840]: DEBUG dbcounter [-] [75840] Writing DB stats glance:INSERT=5,glance:SELECT=16,glance:UPDATE=2 {{(pid=75840) stat_writer /opt/stack/data/venv/lib/python3.10/site-packages/dbcounter.py:115}}
Jan 30 21:08:01 devstack devstack@g-api.service[75839]: DEBUG dbcounter [-] [75839] Writing DB stats glance:INSERT=9,glance:SELECT=6 {{(pid=75839) stat_writer /opt/stack/data/venv/lib/python3.10/site-packages/dbcounter.py:115}}
Jan 30 21:08:29 devstack devstack@g-api.service[75840]: DEBUG glance.api.middleware.version_negotiation [None req-21ca60db-c9f0-48ca-89e4-d9646ef3085e admin admin] Determining version of request: GET / Accept: application/json {{(pid=75840) process_request /opt/stack/glance/glance/api/middleware/version_negotiation.py:44}}
Jan 30 21:08:29 devstack devstack@g-api.service[75840]: DEBUG glance.api.middleware.version_negotiation [None req-21ca60db-c9f0-48ca-89e4-d9646ef3085e admin admin] Using url versioning {{(pid=75840) process_request /opt/stack/glance/glance/api/middleware/version_negotiation.py:57}}
Jan 30 21:08:29 devstack devstack@g-api.service[75840]: DEBUG glance.api.middleware.version_negotiation [None req-21ca60db-c9f0-48ca-89e4-d9646ef3085e admin admin] Unknown version. Returning version choices. {{(pid=75840) process_request /opt/stack/glance/glance/api/middleware/version_negotiation.py:64}}
Jan 30 21:08:29 devstack devstack@g-api.service[75840]: [pid: 75840|app: 0|req: 4/6] 127.0.0.1 () {34 vars in 515 bytes} [Fri Jan 30 21:08:29 2026] GET / => generated 1459 bytes in 2 msecs (HTTP/1.1 300) 3 headers in 106 bytes (1 switches on core 0)
Jan 30 21:08:29 devstack devstack@g-api.service[75839]: DEBUG glance.api.middleware.version_negotiation [None req-225dcacf-e969-4608-85b7-fbae3b1666ba admin admin] Determining version of request: GET /v2/images Accept: application/json {{(pid=75839) process_request /opt/stack/glance/glance/api/middleware/version_negotiation.py:44}}
Jan 30 21:08:29 devstack devstack@g-api.service[75839]: DEBUG glance.api.middleware.version_negotiation [None req-225dcacf-e969-4608-85b7-fbae3b1666ba admin admin] Using url versioning {{(pid=75839) process_request /opt/stack/glance/glance/api/middleware/version_negotiation.py:57}}
Jan 30 21:08:29 devstack devstack@g-api.service[75839]: DEBUG glance.api.middleware.version_negotiation [None req-225dcacf-e969-4608-85b7-fbae3b1666ba admin admin] Matched version: v2 {{(pid=75839) process_request /opt/stack/glance/glance/api/middleware/version_negotiation.py:69}}
Jan 30 21:08:29 devstack devstack@g-api.service[75839]: DEBUG glance.api.middleware.version_negotiation [None req-225dcacf-e969-4608-85b7-fbae3b1666ba admin admin] new path /v2/images {{(pid=75839) process_request /opt/stack/glance/glance/api/middleware/version_negotiation.py:70}}
Jan 30 21:08:29 devstack devstack@g-api.service[75839]: [pid: 75839|app: 0|req: 3/7] 127.0.0.1 () {36 vars in 737 bytes} [Fri Jan 30 21:08:29 2026] GET /v2/images => generated 1045 bytes in 58 msecs (HTTP/1.1 200) 4 headers in 158 bytes (1 switches on core 0)
Jan 30 21:08:35 devstack devstack@g-api.service[75840]: DEBUG glance.api.middleware.version_negotiation [None req-21ca60db-c9f0-48ca-89e4-d9646ef3085e admin admin] Determining version of request: GET / Accept: application/json {{(pid=75840) process_request /opt/stack/glance/glance/api/middleware/version_negotiation.py:44}}
Jan 30 21:08:35 devstack devstack@g-api.service[75840]: DEBUG glance.api.middleware.version_negotiation [None req-21ca60db-c9f0-48ca-89e4-d9646ef3085e admin admin] Using url versioning {{(pid=75840) process_request /opt/stack/glance/glance/api/middleware/version_negotiation.py:57}}
Jan 30 21:08:35 devstack devstack@g-api.service[75840]: DEBUG glance.api.middleware.version_negotiation [None req-21ca60db-c9f0-48ca-89e4-d9646ef3085e admin admin] Unknown version. Returning version choices. {{(pid=75840) process_request /opt/stack/glance/glance/api/middleware/version_negotiation.py:64}}
Jan 30 21:08:35 devstack devstack@g-api.service[75840]: [pid: 75840|app: 0|req: 5/8] 127.0.0.1 () {34 vars in 515 bytes} [Fri Jan 30 21:08:35 2026] GET / => generated 1459 bytes in 3 msecs (HTTP/1.1 300) 3 headers in 106 bytes (1 switches on core 0)
Jan 30 21:08:35 devstack devstack@g-api.service[75839]: DEBUG glance.api.middleware.version_negotiation [None req-13b741e7-f8f6-4f9a-a2f2-721468452cc6 admin admin] Determining version of request: GET /v2/images/5f3ebd26-7c76-4c67-9219-c9860668adf1 Accept: */* {{(pid=75839) process_request /opt/stack/glance/glance/api/middleware/version_negotiation.py:44}}
Jan 30 21:08:35 devstack devstack@g-api.service[75839]: DEBUG glance.api.middleware.version_negotiation [None req-13b741e7-f8f6-4f9a-a2f2-721468452cc6 admin admin] Using url versioning {{(pid=75839) process_request /opt/stack/glance/glance/api/middleware/version_negotiation.py:57}}
Jan 30 21:08:35 devstack devstack@g-api.service[75839]: DEBUG glance.api.middleware.version_negotiation [None req-13b741e7-f8f6-4f9a-a2f2-721468452cc6 admin admin] Matched version: v2 {{(pid=75839) process_request /opt/stack/glance/glance/api/middleware/version_negotiation.py:69}}
Jan 30 21:08:35 devstack devstack@g-api.service[75839]: DEBUG glance.api.middleware.version_negotiation [None req-13b741e7-f8f6-4f9a-a2f2-721468452cc6 admin admin] new path /v2/images/5f3ebd26-7c76-4c67-9219-c9860668adf1 {{(pid=75839) process_request /opt/stack/glance/glance/api/middleware/version_negotiation.py:70}}
Jan 30 21:08:35 devstack devstack@g-api.service[75839]: [pid: 75839|app: 0|req: 4/9] 127.0.0.1 () {36 vars in 798 bytes} [Fri Jan 30 21:08:35 2026] GET /v2/images/5f3ebd26-7c76-4c67-9219-c9860668adf1 => generated 976 bytes in 44 msecs (HTTP/1.1 200) 4 headers in 157 bytes (1 switches on core 0)
Jan 30 21:08:38 devstack devstack@g-api.service[75840]: DEBUG glance.api.middleware.version_negotiation [None req-21ca60db-c9f0-48ca-89e4-d9646ef3085e admin admin] Determining version of request: GET / Accept: application/json {{(pid=75840) process_request /opt/stack/glance/glance/api/middleware/version_negotiation.py:44}}
Jan 30 21:08:38 devstack devstack@g-api.service[75840]: DEBUG glance.api.middleware.version_negotiation [None req-21ca60db-c9f0-48ca-89e4-d9646ef3085e admin admin] Using url versioning {{(pid=75840) process_request /opt/stack/glance/glance/api/middleware/version_negotiation.py:57}}
Jan 30 21:08:38 devstack devstack@g-api.service[75840]: DEBUG glance.api.middleware.version_negotiation [None req-21ca60db-c9f0-48ca-89e4-d9646ef3085e admin admin] Unknown version. Returning version choices. {{(pid=75840) process_request /opt/stack/glance/glance/api/middleware/version_negotiation.py:64}}
Jan 30 21:08:38 devstack devstack@g-api.service[75840]: [pid: 75840|app: 0|req: 6/10] 127.0.0.1 () {34 vars in 515 bytes} [Fri Jan 30 21:08:38 2026] GET / => generated 1459 bytes in 2 msecs (HTTP/1.1 300) 3 headers in 106 bytes (1 switches on core 0)
Jan 30 21:08:38 devstack devstack@g-api.service[75839]: DEBUG glance.api.middleware.version_negotiation [None req-49599f68-2e3c-40e1-a443-25cae62e465b admin admin] Determining version of request: GET /v2/images/5f3ebd26-7c76-4c67-9219-c9860668adf1 Accept: */* {{(pid=75839) process_request /opt/stack/glance/glance/api/middleware/version_negotiation.py:44}}
Jan 30 21:08:38 devstack devstack@g-api.service[75839]: DEBUG glance.api.middleware.version_negotiation [None req-49599f68-2e3c-40e1-a443-25cae62e465b admin admin] Using url versioning {{(pid=75839) process_request /opt/stack/glance/glance/api/middleware/version_negotiation.py:57}}
Jan 30 21:08:38 devstack devstack@g-api.service[75839]: DEBUG glance.api.middleware.version_negotiation [None req-49599f68-2e3c-40e1-a443-25cae62e465b admin admin] Matched version: v2 {{(pid=75839) process_request /opt/stack/glance/glance/api/middleware/version_negotiation.py:69}}
Jan 30 21:08:38 devstack devstack@g-api.service[75839]: DEBUG glance.api.middleware.version_negotiation [None req-49599f68-2e3c-40e1-a443-25cae62e465b admin admin] new path /v2/images/5f3ebd26-7c76-4c67-9219-c9860668adf1 {{(pid=75839) process_request /opt/stack/glance/glance/api/middleware/version_negotiation.py:70}}
Jan 30 21:08:38 devstack devstack@g-api.service[75839]: [pid: 75839|app: 0|req: 5/11] 127.0.0.1 () {36 vars in 798 bytes} [Fri Jan 30 21:08:38 2026] GET /v2/images/5f3ebd26-7c76-4c67-9219-c9860668adf1 => generated 976 bytes in 40 msecs (HTTP/1.1 200) 4 headers in 157 bytes (1 switches on core 0)
Jan 30 21:08:48 devstack devstack@g-api.service[75839]: DEBUG dbcounter [-] [75839] Writing DB stats glance:SELECT=5 {{(pid=75839) stat_writer /opt/stack/data/venv/lib/python3.10/site-packages/dbcounter.py:115}}
Jan 30 21:09:56 devstack devstack@g-api.service[75840]: DEBUG glance.api.middleware.version_negotiation [None req-21ca60db-c9f0-48ca-89e4-d9646ef3085e admin admin] Determining version of request: GET / Accept: application/json {{(pid=75840) process_request /opt/stack/glance/glance/api/middleware/version_negotiation.py:44}}
Jan 30 21:09:56 devstack devstack@g-api.service[75840]: DEBUG glance.api.middleware.version_negotiation [None req-21ca60db-c9f0-48ca-89e4-d9646ef3085e admin admin] Using url versioning {{(pid=75840) process_request /opt/stack/glance/glance/api/middleware/version_negotiation.py:57}}
Jan 30 21:09:56 devstack devstack@g-api.service[75840]: DEBUG glance.api.middleware.version_negotiation [None req-21ca60db-c9f0-48ca-89e4-d9646ef3085e admin admin] Unknown version. Returning version choices. {{(pid=75840) process_request /opt/stack/glance/glance/api/middleware/version_negotiation.py:64}}
Jan 30 21:09:56 devstack devstack@g-api.service[75840]: [pid: 75840|app: 0|req: 7/12] 127.0.0.1 () {36 vars in 486 bytes} [Fri Jan 30 21:09:56 2026] GET / => generated 1459 bytes in 2 msecs (HTTP/1.1 300) 3 headers in 106 bytes (1 switches on core 0)
Jan 30 21:11:01 devstack devstack@g-api.service[75839]: DEBUG glance.api.middleware.version_negotiation [None req-a2311e17-aed2-402c-906c-369c160764b1 admin admin] Determining version of request: GET /v2/images/5f3ebd26-7c76-4c67-9219-c9860668adf1 Accept: application/json {{(pid=75839) process_request /opt/stack/glance/glance/api/middleware/version_negotiation.py:44}}
Jan 30 21:11:01 devstack devstack@g-api.service[75839]: DEBUG glance.api.middleware.version_negotiation [None req-a2311e17-aed2-402c-906c-369c160764b1 admin admin] Using url versioning {{(pid=75839) process_request /opt/stack/glance/glance/api/middleware/version_negotiation.py:57}}
Jan 30 21:11:01 devstack devstack@g-api.service[75839]: DEBUG glance.api.middleware.version_negotiation [None req-a2311e17-aed2-402c-906c-369c160764b1 admin admin] Matched version: v2 {{(pid=75839) process_request /opt/stack/glance/glance/api/middleware/version_negotiation.py:69}}
Jan 30 21:11:01 devstack devstack@g-api.service[75839]: DEBUG glance.api.middleware.version_negotiation [None req-a2311e17-aed2-402c-906c-369c160764b1 admin admin] new path /v2/images/5f3ebd26-7c76-4c67-9219-c9860668adf1 {{(pid=75839) process_request /opt/stack/glance/glance/api/middleware/version_negotiation.py:70}}
Jan 30 21:11:01 devstack devstack@g-api.service[75839]: [pid: 75839|app: 0|req: 6/13] 127.0.0.1 () {38 vars in 782 bytes} [Fri Jan 30 21:11:01 2026] GET /v2/images/5f3ebd26-7c76-4c67-9219-c9860668adf1 => generated 976 bytes in 180 msecs (HTTP/1.1 200) 4 headers in 157 bytes (1 switches on core 0)
Jan 30 21:11:01 devstack devstack@g-api.service[75840]: DEBUG glance.api.middleware.version_negotiation [None req-21ca60db-c9f0-48ca-89e4-d9646ef3085e admin admin] Determining version of request: GET /v2/images/5f3ebd26-7c76-4c67-9219-c9860668adf1/file Accept: application/json {{(pid=75840) process_request /opt/stack/glance/glance/api/middleware/version_negotiation.py:44}}
Jan 30 21:11:01 devstack devstack@g-api.service[75840]: DEBUG glance.api.middleware.version_negotiation [None req-21ca60db-c9f0-48ca-89e4-d9646ef3085e admin admin] Using url versioning {{(pid=75840) process_request /opt/stack/glance/glance/api/middleware/version_negotiation.py:57}}
Jan 30 21:11:01 devstack devstack@g-api.service[75840]: DEBUG glance.api.middleware.version_negotiation [None req-21ca60db-c9f0-48ca-89e4-d9646ef3085e admin admin] Matched version: v2 {{(pid=75840) process_request /opt/stack/glance/glance/api/middleware/version_negotiation.py:69}}
Jan 30 21:11:01 devstack devstack@g-api.service[75840]: DEBUG glance.api.middleware.version_negotiation [None req-21ca60db-c9f0-48ca-89e4-d9646ef3085e admin admin] new path /v2/images/5f3ebd26-7c76-4c67-9219-c9860668adf1/file {{(pid=75840) process_request /opt/stack/glance/glance/api/middleware/version_negotiation.py:70}}
Jan 30 21:11:01 devstack devstack@g-api.service[75840]: DEBUG glance_store._drivers.filesystem [None req-53bd3e8b-750f-4576-898d-2ccf6b594f58 tempest-AttachSCSIVolumeTestJSON-1890948359 tempest-AttachSCSIVolumeTestJSON-1890948359-project-admin] Found image at /opt/stack/data/glance/images/5f3ebd26-7c76-4c67-9219-c9860668adf1. Returning in ChunkedFile. {{(pid=75840) get /opt/stack/data/venv/lib/python3.10/site-packages/glance_store/_drivers/filesystem.py:618}}
Jan 30 21:11:02 devstack devstack@g-api.service[75840]: DEBUG glance.image_cache [None req-53bd3e8b-750f-4576-898d-2ccf6b594f58 tempest-AttachSCSIVolumeTestJSON-1890948359 tempest-AttachSCSIVolumeTestJSON-1890948359-project-admin] Tee'ing image '5f3ebd26-7c76-4c67-9219-c9860668adf1' into cache {{(pid=75840) get_caching_iter /opt/stack/glance/glance/image_cache/__init__.py:350}}
Jan 30 21:11:02 devstack devstack@g-api.service[75839]: DEBUG glance.api.middleware.version_negotiation [None req-fae49c5c-012d-4c7a-8667-6036277d70ed tempest-AttachSCSIVolumeTestJSON-693834063 tempest-AttachSCSIVolumeTestJSON-693834063-project-reader] Determining version of request: POST /v2/images Accept: application/json {{(pid=75839) process_request /opt/stack/glance/glance/api/middleware/version_negotiation.py:44}}
Jan 30 21:11:02 devstack devstack@g-api.service[75839]: DEBUG glance.api.middleware.version_negotiation [None req-fae49c5c-012d-4c7a-8667-6036277d70ed tempest-AttachSCSIVolumeTestJSON-693834063 tempest-AttachSCSIVolumeTestJSON-693834063-project-reader] Using url versioning {{(pid=75839) process_request /opt/stack/glance/glance/api/middleware/version_negotiation.py:57}}
Jan 30 21:11:02 devstack devstack@g-api.service[75839]: DEBUG glance.api.middleware.version_negotiation [None req-fae49c5c-012d-4c7a-8667-6036277d70ed tempest-AttachSCSIVolumeTestJSON-693834063 tempest-AttachSCSIVolumeTestJSON-693834063-project-reader] Matched version: v2 {{(pid=75839) process_request /opt/stack/glance/glance/api/middleware/version_negotiation.py:69}}
Jan 30 21:11:02 devstack devstack@g-api.service[75839]: DEBUG glance.api.middleware.version_negotiation [None req-fae49c5c-012d-4c7a-8667-6036277d70ed tempest-AttachSCSIVolumeTestJSON-693834063 tempest-AttachSCSIVolumeTestJSON-693834063-project-reader] new path /v2/images {{(pid=75839) process_request /opt/stack/glance/glance/api/middleware/version_negotiation.py:70}}
Jan 30 21:11:02 devstack devstack@g-api.service[75839]: [pid: 75839|app: 0|req: 7/14] 127.0.0.1 () {40 vars in 730 bytes} [Fri Jan 30 21:11:02 2026] POST /v2/images => generated 690 bytes in 592 msecs (HTTP/1.1 201) 6 headers in 314 bytes (1 switches on core 0)
Jan 30 21:11:02 devstack devstack@g-api.service[75839]: DEBUG glance.api.middleware.version_negotiation [None req-f8b68a69-d3fb-42d9-a2c2-7e22a27cd76d tempest-AttachSCSIVolumeTestJSON-1890948359 tempest-AttachSCSIVolumeTestJSON-1890948359-project-admin] Determining version of request: PUT /v2/images/57054e1b-f441-4d65-ac74-ed6a4c1e271d/file Accept: {{(pid=75839) process_request /opt/stack/glance/glance/api/middleware/version_negotiation.py:44}}
Jan 30 21:11:02 devstack devstack@g-api.service[75839]: DEBUG glance.api.middleware.version_negotiation [None req-f8b68a69-d3fb-42d9-a2c2-7e22a27cd76d tempest-AttachSCSIVolumeTestJSON-1890948359 tempest-AttachSCSIVolumeTestJSON-1890948359-project-admin] Using url versioning {{(pid=75839) process_request /opt/stack/glance/glance/api/middleware/version_negotiation.py:57}}
Jan 30 21:11:02 devstack devstack@g-api.service[75839]: DEBUG glance.api.middleware.version_negotiation [None req-f8b68a69-d3fb-42d9-a2c2-7e22a27cd76d tempest-AttachSCSIVolumeTestJSON-1890948359 tempest-AttachSCSIVolumeTestJSON-1890948359-project-admin] Matched version: v2 {{(pid=75839) process_request /opt/stack/glance/glance/api/middleware/version_negotiation.py:69}}
Jan 30 21:11:02 devstack devstack@g-api.service[75839]: DEBUG glance.api.middleware.version_negotiation [None req-f8b68a69-d3fb-42d9-a2c2-7e22a27cd76d tempest-AttachSCSIVolumeTestJSON-1890948359 tempest-AttachSCSIVolumeTestJSON-1890948359-project-admin] new path /v2/images/57054e1b-f441-4d65-ac74-ed6a4c1e271d/file {{(pid=75839) process_request /opt/stack/glance/glance/api/middleware/version_negotiation.py:70}}
Jan 30 21:11:02 devstack devstack@g-api.service[75840]: DEBUG glance.image_cache.drivers.centralized_db [None req-53bd3e8b-750f-4576-898d-2ccf6b594f58 tempest-AttachSCSIVolumeTestJSON-1890948359 tempest-AttachSCSIVolumeTestJSON-1890948359-project-admin] Fetch finished, moving '/opt/stack/data/glance/cache/incomplete/5f3ebd26-7c76-4c67-9219-c9860668adf1' to '/opt/stack/data/glance/cache/5f3ebd26-7c76-4c67-9219-c9860668adf1' {{(pid=75840) commit /opt/stack/glance/glance/image_cache/drivers/centralized_db.py:235}}
Jan 30 21:11:02 devstack devstack@g-api.service[75840]: DEBUG glance.image_cache.drivers.centralized_db [None req-53bd3e8b-750f-4576-898d-2ccf6b594f58 tempest-AttachSCSIVolumeTestJSON-1890948359 tempest-AttachSCSIVolumeTestJSON-1890948359-project-admin] Image cached successfully. {{(pid=75840) commit /opt/stack/glance/glance/image_cache/drivers/centralized_db.py:250}}
Jan 30 21:11:02 devstack devstack@g-api.service[75840]: [pid: 75840|app: 0|req: 8/15] 127.0.0.1 () {38 vars in 792 bytes} [Fri Jan 30 21:11:01 2026] GET /v2/images/5f3ebd26-7c76-4c67-9219-c9860668adf1/file => generated 21692416 bytes in 893 msecs (HTTP/1.1 200) 4 headers in 191 bytes (336 switches on core 0)
Jan 30 21:11:03 devstack devstack@g-api.service[75839]: INFO glance.api.v2.image_data [None req-c9ee5e3a-3091-4f27-ba9f-4fac55ca03dd tempest-AttachSCSIVolumeTestJSON-1890948359 tempest-AttachSCSIVolumeTestJSON-1890948359-project-admin] Unable to create trust: no such option collect_timing in group [keystone_authtoken] Use the existing user token.
Jan 30 21:11:03 devstack devstack@g-api.service[75839]: DEBUG glance.location [None req-c9ee5e3a-3091-4f27-ba9f-4fac55ca03dd tempest-AttachSCSIVolumeTestJSON-1890948359 tempest-AttachSCSIVolumeTestJSON-1890948359-project-admin] Enabling in-flight format inspection for qcow2 {{(pid=75839) set_data /opt/stack/glance/glance/location.py:616}}
Jan 30 21:11:03 devstack devstack@g-api.service[75839]: DEBUG oslo_utils.imageutils.format_inspector [None req-c9ee5e3a-3091-4f27-ba9f-4fac55ca03dd tempest-AttachSCSIVolumeTestJSON-1890948359 tempest-AttachSCSIVolumeTestJSON-1890948359-project-admin] Format inspector for vmdk does not match, excluding from consideration (Signature KDMV not found: b'QFI\xfb') {{(pid=75839) _process_chunk /opt/stack/data/venv/lib/python3.10/site-packages/oslo_utils/imageutils/format_inspector.py:1537}}
Jan 30 21:11:03 devstack devstack@g-api.service[75839]: DEBUG oslo_utils.imageutils.format_inspector [None req-c9ee5e3a-3091-4f27-ba9f-4fac55ca03dd tempest-AttachSCSIVolumeTestJSON-1890948359 tempest-AttachSCSIVolumeTestJSON-1890948359-project-admin] Format inspector for vhdx does not match, excluding from consideration (Region signature not found at 30000) {{(pid=75839) _process_chunk /opt/stack/data/venv/lib/python3.10/site-packages/oslo_utils/imageutils/format_inspector.py:1537}}
Jan 30 21:11:04 devstack devstack@g-api.service[75839]: DEBUG glance_store._drivers.filesystem [None req-c9ee5e3a-3091-4f27-ba9f-4fac55ca03dd tempest-AttachSCSIVolumeTestJSON-1890948359 tempest-AttachSCSIVolumeTestJSON-1890948359-project-admin] Wrote 21692416 bytes to /opt/stack/data/glance/images/57054e1b-f441-4d65-ac74-ed6a4c1e271d with checksum 87617e24a5e30cb3b87fda8c0764838f and multihash 9a9bce0083a00939ec17c11febbfc767aa211aaa54f51e75c5a8b271a9b5637c77205a518b7a2007cb391d23cceb01e0e4e8d64832317151bc85b734b92a7be0 {{(pid=75839) add /opt/stack/data/venv/lib/python3.10/site-packages/glance_store/_drivers/filesystem.py:794}}
Jan 30 21:11:04 devstack devstack@g-api.service[75839]: INFO glance.location [None req-c9ee5e3a-3091-4f27-ba9f-4fac55ca03dd tempest-AttachSCSIVolumeTestJSON-1890948359 tempest-AttachSCSIVolumeTestJSON-1890948359-project-admin] Image format matched and virtual size computed: 117440512
Jan 30 21:11:04 devstack devstack@g-api.service[75839]: DEBUG glance_store.backend [None req-c9ee5e3a-3091-4f27-ba9f-4fac55ca03dd tempest-AttachSCSIVolumeTestJSON-1890948359 tempest-AttachSCSIVolumeTestJSON-1890948359-project-admin] Skipping store.set_acls... not implemented. {{(pid=75839) set_acls /opt/stack/data/venv/lib/python3.10/site-packages/glance_store/backend.py:507}}
Jan 30 21:11:04 devstack devstack@g-api.service[75839]: [pid: 75839|app: 0|req: 8/16] 127.0.0.1 () {38 vars in 802 bytes} [Fri Jan 30 21:11:02 2026] PUT /v2/images/57054e1b-f441-4d65-ac74-ed6a4c1e271d/file => generated 0 bytes in 1582 msecs (HTTP/1.1 204) 4 headers in 171 bytes (1 switches on core 0)
Jan 30 21:11:12 devstack devstack@g-api.service[75840]: DEBUG dbcounter [-] [75840] Writing DB stats glance:SELECT=5,glance:INSERT=1 {{(pid=75840) stat_writer /opt/stack/data/venv/lib/python3.10/site-packages/dbcounter.py:115}}
Jan 30 21:11:14 devstack devstack@g-api.service[75839]: DEBUG dbcounter [-] [75839] Writing DB stats glance:SELECT=22,glance:INSERT=5,glance:UPDATE=2 {{(pid=75839) stat_writer /opt/stack/data/venv/lib/python3.10/site-packages/dbcounter.py:115}}
Jan 30 21:11:18 devstack devstack@g-api.service[75840]: DEBUG glance.api.middleware.version_negotiation [None req-53bd3e8b-750f-4576-898d-2ccf6b594f58 tempest-AttachSCSIVolumeTestJSON-1890948359 tempest-AttachSCSIVolumeTestJSON-1890948359-project-admin] Determining version of request: GET / Accept: application/json {{(pid=75840) process_request /opt/stack/glance/glance/api/middleware/version_negotiation.py:44}}
Jan 30 21:11:18 devstack devstack@g-api.service[75840]: DEBUG glance.api.middleware.version_negotiation [None req-53bd3e8b-750f-4576-898d-2ccf6b594f58 tempest-AttachSCSIVolumeTestJSON-1890948359 tempest-AttachSCSIVolumeTestJSON-1890948359-project-admin] Using url versioning {{(pid=75840) process_request /opt/stack/glance/glance/api/middleware/version_negotiation.py:57}}
Jan 30 21:11:18 devstack devstack@g-api.service[75840]: DEBUG glance.api.middleware.version_negotiation [None req-53bd3e8b-750f-4576-898d-2ccf6b594f58 tempest-AttachSCSIVolumeTestJSON-1890948359 tempest-AttachSCSIVolumeTestJSON-1890948359-project-admin] Unknown version. Returning version choices. {{(pid=75840) process_request /opt/stack/glance/glance/api/middleware/version_negotiation.py:64}}
Jan 30 21:11:18 devstack devstack@g-api.service[75840]: [pid: 75840|app: 0|req: 9/17] 127.0.0.1 () {34 vars in 502 bytes} [Fri Jan 30 21:11:18 2026] GET / => generated 1459 bytes in 3 msecs (HTTP/1.1 300) 3 headers in 106 bytes (1 switches on core 0)
Jan 30 21:11:18 devstack devstack@g-api.service[75839]: DEBUG glance.api.middleware.version_negotiation [None req-c9ee5e3a-3091-4f27-ba9f-4fac55ca03dd tempest-AttachSCSIVolumeTestJSON-1890948359 tempest-AttachSCSIVolumeTestJSON-1890948359-project-admin] Determining version of request: GET /v2/images/57054e1b-f441-4d65-ac74-ed6a4c1e271d Accept: */* {{(pid=75839) process_request /opt/stack/glance/glance/api/middleware/version_negotiation.py:44}}
Jan 30 21:11:18 devstack devstack@g-api.service[75839]: DEBUG glance.api.middleware.version_negotiation [None req-c9ee5e3a-3091-4f27-ba9f-4fac55ca03dd tempest-AttachSCSIVolumeTestJSON-1890948359 tempest-AttachSCSIVolumeTestJSON-1890948359-project-admin] Using url versioning {{(pid=75839) process_request /opt/stack/glance/glance/api/middleware/version_negotiation.py:57}}
Jan 30 21:11:18 devstack devstack@g-api.service[75839]: DEBUG glance.api.middleware.version_negotiation [None req-c9ee5e3a-3091-4f27-ba9f-4fac55ca03dd tempest-AttachSCSIVolumeTestJSON-1890948359 tempest-AttachSCSIVolumeTestJSON-1890948359-project-admin] Matched version: v2 {{(pid=75839) process_request /opt/stack/glance/glance/api/middleware/version_negotiation.py:69}}
Jan 30 21:11:18 devstack devstack@g-api.service[75839]: DEBUG glance.api.middleware.version_negotiation [None req-c9ee5e3a-3091-4f27-ba9f-4fac55ca03dd tempest-AttachSCSIVolumeTestJSON-1890948359 tempest-AttachSCSIVolumeTestJSON-1890948359-project-admin] new path /v2/images/57054e1b-f441-4d65-ac74-ed6a4c1e271d {{(pid=75839) process_request /opt/stack/glance/glance/api/middleware/version_negotiation.py:70}}
Jan 30 21:11:18 devstack devstack@g-api.service[75839]: WARNING keystonemiddleware.auth_token [None req-c9ee5e3a-3091-4f27-ba9f-4fac55ca03dd tempest-AttachSCSIVolumeTestJSON-1890948359 tempest-AttachSCSIVolumeTestJSON-1890948359-project-admin] A valid token was submitted as a service token, but it was not a valid service token. This is incorrect but backwards compatible behaviour. This will be removed in future releases.
Jan 30 21:11:18 devstack devstack@g-api.service[75839]: [pid: 75839|app: 0|req: 9/18] 127.0.0.1 () {42 vars in 1057 bytes} [Fri Jan 30 21:11:18 2026] GET /v2/images/57054e1b-f441-4d65-ac74-ed6a4c1e271d => generated 859 bytes in 51 msecs (HTTP/1.1 200) 4 headers in 157 bytes (1 switches on core 0)
Jan 30 21:11:18 devstack devstack@g-api.service[75840]: DEBUG glance.api.middleware.version_negotiation [None req-53bd3e8b-750f-4576-898d-2ccf6b594f58 tempest-AttachSCSIVolumeTestJSON-1890948359 tempest-AttachSCSIVolumeTestJSON-1890948359-project-admin] Determining version of request: GET /v2/schemas/image Accept: */* {{(pid=75840) process_request /opt/stack/glance/glance/api/middleware/version_negotiation.py:44}}
Jan 30 21:11:18 devstack devstack@g-api.service[75840]: DEBUG glance.api.middleware.version_negotiation [None req-53bd3e8b-750f-4576-898d-2ccf6b594f58 tempest-AttachSCSIVolumeTestJSON-1890948359 tempest-AttachSCSIVolumeTestJSON-1890948359-project-admin] Using url versioning {{(pid=75840) process_request /opt/stack/glance/glance/api/middleware/version_negotiation.py:57}}
Jan 30 21:11:18 devstack devstack@g-api.service[75840]: DEBUG glance.api.middleware.version_negotiation [None req-53bd3e8b-750f-4576-898d-2ccf6b594f58 tempest-AttachSCSIVolumeTestJSON-1890948359 tempest-AttachSCSIVolumeTestJSON-1890948359-project-admin] Matched version: v2 {{(pid=75840) process_request /opt/stack/glance/glance/api/middleware/version_negotiation.py:69}}
Jan 30 21:11:18 devstack devstack@g-api.service[75840]: DEBUG glance.api.middleware.version_negotiation [None req-53bd3e8b-750f-4576-898d-2ccf6b594f58 tempest-AttachSCSIVolumeTestJSON-1890948359 tempest-AttachSCSIVolumeTestJSON-1890948359-project-admin] new path /v2/schemas/image {{(pid=75840) process_request /opt/stack/glance/glance/api/middleware/version_negotiation.py:70}}
Jan 30 21:11:18 devstack devstack@g-api.service[75840]: WARNING keystonemiddleware.auth_token [None req-53bd3e8b-750f-4576-898d-2ccf6b594f58 tempest-AttachSCSIVolumeTestJSON-1890948359 tempest-AttachSCSIVolumeTestJSON-1890948359-project-admin] A valid token was submitted as a service token, but it was not a valid service token. This is incorrect but backwards compatible behaviour. This will be removed in future releases.
Jan 30 21:11:18 devstack devstack@g-api.service[75840]: [pid: 75840|app: 0|req: 10/19] 127.0.0.1 () {42 vars in 997 bytes} [Fri Jan 30 21:11:18 2026] GET /v2/schemas/image => generated 6083 bytes in 5 msecs (HTTP/1.1 200) 4 headers in 158 bytes (1 switches on core 0)
Jan 30 21:11:19 devstack devstack@g-api.service[75839]: DEBUG glance.api.middleware.version_negotiation [None req-2364bf16-7762-4117-ae83-09d7deb5dc7d tempest-AttachSCSIVolumeTestJSON-693834063 tempest-AttachSCSIVolumeTestJSON-693834063-project-member] Determining version of request: GET / Accept: application/json {{(pid=75839) process_request /opt/stack/glance/glance/api/middleware/version_negotiation.py:44}}
Jan 30 21:11:19 devstack devstack@g-api.service[75839]: DEBUG glance.api.middleware.version_negotiation [None req-2364bf16-7762-4117-ae83-09d7deb5dc7d tempest-AttachSCSIVolumeTestJSON-693834063 tempest-AttachSCSIVolumeTestJSON-693834063-project-member] Using url versioning {{(pid=75839) process_request /opt/stack/glance/glance/api/middleware/version_negotiation.py:57}}
Jan 30 21:11:19 devstack devstack@g-api.service[75839]: DEBUG glance.api.middleware.version_negotiation [None req-2364bf16-7762-4117-ae83-09d7deb5dc7d tempest-AttachSCSIVolumeTestJSON-693834063 tempest-AttachSCSIVolumeTestJSON-693834063-project-member] Unknown version. Returning version choices. {{(pid=75839) process_request /opt/stack/glance/glance/api/middleware/version_negotiation.py:64}}
Jan 30 21:11:19 devstack devstack@g-api.service[75839]: [pid: 75839|app: 0|req: 10/20] 127.0.0.1 () {34 vars in 502 bytes} [Fri Jan 30 21:11:19 2026] GET / => generated 1459 bytes in 2 msecs (HTTP/1.1 300) 3 headers in 106 bytes (1 switches on core 0)
Jan 30 21:11:19 devstack devstack@g-api.service[75840]: DEBUG glance.api.middleware.version_negotiation [None req-2364bf16-7762-4117-ae83-09d7deb5dc7d tempest-AttachSCSIVolumeTestJSON-693834063 tempest-AttachSCSIVolumeTestJSON-693834063-project-member] Determining version of request: GET /v2/images/5f3ebd26-7c76-4c67-9219-c9860668adf1 Accept: */* {{(pid=75840) process_request /opt/stack/glance/glance/api/middleware/version_negotiation.py:44}}
Jan 30 21:11:19 devstack devstack@g-api.service[75840]: DEBUG glance.api.middleware.version_negotiation [None req-2364bf16-7762-4117-ae83-09d7deb5dc7d tempest-AttachSCSIVolumeTestJSON-693834063 tempest-AttachSCSIVolumeTestJSON-693834063-project-member] Using url versioning {{(pid=75840) process_request /opt/stack/glance/glance/api/middleware/version_negotiation.py:57}}
Jan 30 21:11:19 devstack devstack@g-api.service[75840]: DEBUG glance.api.middleware.version_negotiation [None req-2364bf16-7762-4117-ae83-09d7deb5dc7d tempest-AttachSCSIVolumeTestJSON-693834063 tempest-AttachSCSIVolumeTestJSON-693834063-project-member] Matched version: v2 {{(pid=75840) process_request /opt/stack/glance/glance/api/middleware/version_negotiation.py:69}}
Jan 30 21:11:19 devstack devstack@g-api.service[75840]: DEBUG glance.api.middleware.version_negotiation [None req-2364bf16-7762-4117-ae83-09d7deb5dc7d tempest-AttachSCSIVolumeTestJSON-693834063 tempest-AttachSCSIVolumeTestJSON-693834063-project-member] new path /v2/images/5f3ebd26-7c76-4c67-9219-c9860668adf1 {{(pid=75840) process_request /opt/stack/glance/glance/api/middleware/version_negotiation.py:70}}
Jan 30 21:11:19 devstack devstack@g-api.service[75840]: [pid: 75840|app: 0|req: 11/21] 127.0.0.1 () {42 vars in 1057 bytes} [Fri Jan 30 21:11:19 2026] GET /v2/images/5f3ebd26-7c76-4c67-9219-c9860668adf1 => generated 976 bytes in 79 msecs (HTTP/1.1 200) 4 headers in 157 bytes (1 switches on core 0)
Jan 30 21:11:19 devstack devstack@g-api.service[75839]: DEBUG glance.api.middleware.version_negotiation [None req-2364bf16-7762-4117-ae83-09d7deb5dc7d tempest-AttachSCSIVolumeTestJSON-693834063 tempest-AttachSCSIVolumeTestJSON-693834063-project-member] Determining version of request: GET /v2/schemas/image Accept: */* {{(pid=75839) process_request /opt/stack/glance/glance/api/middleware/version_negotiation.py:44}}
