Jan 14 14:00:40 devstack cinder-volume[82490]: DEBUG cinder.volume.manager [None req-58ec08b6-70b4-4921-9bc7-f40df3182530 tempest-GroupSnapshotsTest-308452285 None] Task 'cinder.volume.flows.manager.create_volume.CreateVolumeFromSpecTask;volume:create' (3a07b574-66fd-424c-9cf4-583fe57ca810) transitioned into state 'SUCCESS' from state 'RUNNING' with result '{'status': 'creating', 'volume_name': 'volume-cc763675-4c82-4d55-9dbf-e14e1023ceb8', 'volume_size': 1}' {{(pid=82490) _task_receiver /opt/stack/data/venv/lib/python3.10/site-packages/taskflow/listeners/logging.py:182}}
Jan 14 14:00:40 devstack cinder-volume[82490]: DEBUG cinder.volume.manager [None req-58ec08b6-70b4-4921-9bc7-f40df3182530 tempest-GroupSnapshotsTest-308452285 None] Task 'cinder.volume.flows.manager.create_volume.CreateVolumeOnFinishTask;volume:create, create.end' (187745a5-9204-4ab6-be3c-dbba88dfc988) transitioned into state 'RUNNING' from state 'PENDING' {{(pid=82490) _task_receiver /opt/stack/data/venv/lib/python3.10/site-packages/taskflow/listeners/logging.py:194}}
Jan 14 14:00:40 devstack cinder-volume[82490]: INFO cinder.volume.flows.manager.create_volume [None req-58ec08b6-70b4-4921-9bc7-f40df3182530 tempest-GroupSnapshotsTest-308452285 None] Volume volume-cc763675-4c82-4d55-9dbf-e14e1023ceb8 (cc763675-4c82-4d55-9dbf-e14e1023ceb8): created successfully
Jan 14 14:00:40 devstack cinder-volume[82490]: DEBUG cinder.volume.manager [None req-58ec08b6-70b4-4921-9bc7-f40df3182530 tempest-GroupSnapshotsTest-308452285 None] Task 'cinder.volume.flows.manager.create_volume.CreateVolumeOnFinishTask;volume:create, create.end' (187745a5-9204-4ab6-be3c-dbba88dfc988) transitioned into state 'SUCCESS' from state 'RUNNING' with result 'None' {{(pid=82490) _task_receiver /opt/stack/data/venv/lib/python3.10/site-packages/taskflow/listeners/logging.py:182}}
Jan 14 14:00:40 devstack cinder-volume[82490]: DEBUG cinder.volume.manager [None req-58ec08b6-70b4-4921-9bc7-f40df3182530 tempest-GroupSnapshotsTest-308452285 None] Flow 'volume_create_manager' (0fe0b528-3670-45c0-b9f7-c24ca019ac32) transitioned into state 'SUCCESS' from state 'RUNNING' {{(pid=82490) _flow_receiver /opt/stack/data/venv/lib/python3.10/site-packages/taskflow/listeners/logging.py:145}}
Jan 14 14:00:40 devstack cinder-volume[82490]: INFO cinder.volume.manager [None req-58ec08b6-70b4-4921-9bc7-f40df3182530 tempest-GroupSnapshotsTest-308452285 None] Created volume successfully.
Jan 14 14:00:41 devstack cinder-volume[82490]: WARNING cinder.volume.volume_utils [None req-eec30b30-0dad-4a26-8ece-4db379f0e6e2 tempest-GroupSnapshotsTest-308452285 None] Volume driver (QuobyteDriver 1.1.13) is currently unsupported and may be removed in the next release of OpenStack. Use at your own risk.
Jan 14 14:00:41 devstack cinder-volume[82490]: INFO cinder.volume.manager [None req-eec30b30-0dad-4a26-8ece-4db379f0e6e2 tempest-GroupSnapshotsTest-308452285 None] Update group completed successfully.
Jan 14 14:00:42 devstack cinder-volume[82490]: WARNING cinder.volume.volume_utils [None req-0b7eaeaa-3546-4836-9d6f-4269803796f9 tempest-GroupSnapshotsTest-308452285 None] Volume driver (QuobyteDriver 1.1.13) is currently unsupported and may be removed in the next release of OpenStack. Use at your own risk.
Jan 14 14:00:42 devstack cinder-volume[82490]: INFO cinder.volume.manager [None req-0b7eaeaa-3546-4836-9d6f-4269803796f9 tempest-GroupSnapshotsTest-308452285 None] Update group completed successfully.
Jan 14 14:00:43 devstack cinder-volume[82490]: WARNING cinder.volume.volume_utils [None req-fbac7e7b-a8a4-4672-bd8f-35aee816c628 tempest-GroupSnapshotsTest-308452285 None] Volume driver (QuobyteDriver 1.1.13) is currently unsupported and may be removed in the next release of OpenStack. Use at your own risk.
Jan 14 14:00:43 devstack cinder-volume[82490]: INFO cinder.volume.manager [None req-fbac7e7b-a8a4-4672-bd8f-35aee816c628 tempest-GroupSnapshotsTest-308452285 None] Update group completed successfully.
Jan 14 14:00:44 devstack cinder-volume[82490]: WARNING cinder.volume.volume_utils [None req-a9f402a0-9172-4b4e-a2bc-2ea89d1e1c0d tempest-GroupSnapshotsTest-308452285 None] Volume driver (QuobyteDriver 1.1.13) is currently unsupported and may be removed in the next release of OpenStack. Use at your own risk.
Jan 14 14:00:44 devstack cinder-volume[82490]: INFO cinder.volume.manager [None req-a9f402a0-9172-4b4e-a2bc-2ea89d1e1c0d tempest-GroupSnapshotsTest-308452285 None] Update group completed successfully.
Jan 14 14:00:45 devstack cinder-volume[82490]: INFO cinder.volume.manager [None req-9b068cc6-bf15-421a-9a50-7abacc070cf2 tempest-GroupSnapshotsTest-308452285 None] GroupSnapshot 2c28ad6a-d9ab-4735-814e-645d92e16f51: creating.
Jan 14 14:00:46 devstack cinder-volume[82490]: WARNING cinder.volume.volume_utils [None req-9b068cc6-bf15-421a-9a50-7abacc070cf2 tempest-GroupSnapshotsTest-308452285 None] Volume driver (QuobyteDriver 1.1.13) is currently unsupported and may be removed in the next release of OpenStack. Use at your own risk.
Jan 14 14:00:46 devstack cinder-volume[82490]: DEBUG cinder.volume.manager [None req-9b068cc6-bf15-421a-9a50-7abacc070cf2 tempest-GroupSnapshotsTest-308452285 None] Group snapshot 2c28ad6a-d9ab-4735-814e-645d92e16f51: creating. {{(pid=82490) create_group_snapshot /opt/stack/cinder/cinder/volume/manager.py:4144}}
Jan 14 14:00:46 devstack cinder-volume[82490]: DEBUG oslo_concurrency.lockutils [None req-9b068cc6-bf15-421a-9a50-7abacc070cf2 tempest-GroupSnapshotsTest-308452285 None] Acquiring lock "quobyte" by "cinder.volume.drivers.quobyte.QuobyteDriver.create_snapshot" {{(pid=82490) inner /opt/stack/data/venv/lib/python3.10/site-packages/oslo_concurrency/lockutils.py:405}}
Jan 14 14:00:46 devstack cinder-volume[82490]: DEBUG oslo_concurrency.lockutils [None req-9b068cc6-bf15-421a-9a50-7abacc070cf2 tempest-GroupSnapshotsTest-308452285 None] Lock "quobyte" acquired by "cinder.volume.drivers.quobyte.QuobyteDriver.create_snapshot" :: waited 0.001s {{(pid=82490) inner /opt/stack/data/venv/lib/python3.10/site-packages/oslo_concurrency/lockutils.py:410}}
Jan 14 14:00:46 devstack cinder-volume[82490]: DEBUG cinder.volume.drivers.remotefs [None req-9b068cc6-bf15-421a-9a50-7abacc070cf2 tempest-GroupSnapshotsTest-308452285 None] Creating offline snapshot 0b1fa056-6842-4326-b908-400909952e14 of volume cc763675-4c82-4d55-9dbf-e14e1023ceb8 {{(pid=82490) _create_snapshot /opt/stack/cinder/cinder/volume/drivers/remotefs.py:1817}}
Jan 14 14:00:46 devstack cinder-volume[82490]: DEBUG oslo.privsep.daemon [-] privsep: reply[df1e541a-88de-4718-b243-230d60c8dd41]: (4, 'qcow2') {{(pid=83033) _call_back /opt/stack/data/venv/lib/python3.10/site-packages/oslo_privsep/daemon.py:515}}
Jan 14 14:00:46 devstack cinder-volume[82490]: DEBUG oslo_concurrency.processutils [None req-9b068cc6-bf15-421a-9a50-7abacc070cf2 tempest-GroupSnapshotsTest-308452285 None] Running cmd (subprocess): /opt/stack/data/venv/bin/python3.10 -m oslo_concurrency.prlimit --as=1073741824 --cpu=60 -- sudo cinder-rootwrap /etc/cinder/rootwrap.conf env LC_ALL=C qemu-img info -f qcow2 --output=json --force-share /opt/stack/data/cinder/mnt/cc97a4fb759d088fc621b31c3c8b9438/volume-cc763675-4c82-4d55-9dbf-e14e1023ceb8 {{(pid=82490) execute /opt/stack/data/venv/lib/python3.10/site-packages/oslo_concurrency/processutils.py:349}}
Jan 14 14:00:46 devstack sudo[85973]: quobyte : PWD=/ ; USER=root ; COMMAND=/opt/stack/data/venv/bin/cinder-rootwrap /etc/cinder/rootwrap.conf env LC_ALL=C qemu-img info -f qcow2 --output=json --force-share /opt/stack/data/cinder/mnt/cc97a4fb759d088fc621b31c3c8b9438/volume-cc763675-4c82-4d55-9dbf-e14e1023ceb8
Jan 14 14:00:46 devstack sudo[85973]: pam_unix(sudo:session): session opened for user root(uid=0) by (uid=1000)
Jan 14 14:00:46 devstack sudo[85973]: pam_unix(sudo:session): session closed for user root
Jan 14 14:00:46 devstack cinder-volume[82490]: DEBUG oslo_concurrency.processutils [None req-9b068cc6-bf15-421a-9a50-7abacc070cf2 tempest-GroupSnapshotsTest-308452285 None] CMD "/opt/stack/data/venv/bin/python3.10 -m oslo_concurrency.prlimit --as=1073741824 --cpu=60 -- sudo cinder-rootwrap /etc/cinder/rootwrap.conf env LC_ALL=C qemu-img info -f qcow2 --output=json --force-share /opt/stack/data/cinder/mnt/cc97a4fb759d088fc621b31c3c8b9438/volume-cc763675-4c82-4d55-9dbf-e14e1023ceb8" returned: 0 in 0.724s {{(pid=82490) execute /opt/stack/data/venv/lib/python3.10/site-packages/oslo_concurrency/processutils.py:372}}
Jan 14 14:00:46 devstack cinder-volume[82490]: DEBUG oslo_concurrency.processutils [None req-9b068cc6-bf15-421a-9a50-7abacc070cf2 tempest-GroupSnapshotsTest-308452285 None] Running cmd (subprocess): sudo cinder-rootwrap /etc/cinder/rootwrap.conf qemu-img create -f qcow2 -o backing_file=/opt/stack/data/cinder/mnt/cc97a4fb759d088fc621b31c3c8b9438/volume-cc763675-4c82-4d55-9dbf-e14e1023ceb8,backing_fmt=qcow2 /opt/stack/data/cinder/mnt/cc97a4fb759d088fc621b31c3c8b9438/volume-cc763675-4c82-4d55-9dbf-e14e1023ceb8.0b1fa056-6842-4326-b908-400909952e14 1G {{(pid=82490) execute /opt/stack/data/venv/lib/python3.10/site-packages/oslo_concurrency/processutils.py:349}}
Jan 14 14:00:46 devstack sudo[85978]: quobyte : PWD=/ ; USER=root ; COMMAND=/opt/stack/data/venv/bin/cinder-rootwrap /etc/cinder/rootwrap.conf qemu-img create -f qcow2 -o backing_file=/opt/stack/data/cinder/mnt/cc97a4fb759d088fc621b31c3c8b9438/volume-cc763675-4c82-4d55-9dbf-e14e1023ceb8,backing_fmt=qcow2 /opt/stack/data/cinder/mnt/cc97a4fb759d088fc621b31c3c8b9438/volume-cc763675-4c82-4d55-9dbf-e14e1023ceb8.0b1fa056-6842-4326-b908-400909952e14 1G
Jan 14 14:00:46 devstack sudo[85978]: pam_unix(sudo:session): session opened for user root(uid=0) by (uid=1000)
Jan 14 14:00:47 devstack sudo[85978]: pam_unix(sudo:session): session closed for user root
Jan 14 14:00:47 devstack cinder-volume[82490]: DEBUG oslo_concurrency.processutils [None req-9b068cc6-bf15-421a-9a50-7abacc070cf2 tempest-GroupSnapshotsTest-308452285 None] CMD "sudo cinder-rootwrap /etc/cinder/rootwrap.conf qemu-img create -f qcow2 -o backing_file=/opt/stack/data/cinder/mnt/cc97a4fb759d088fc621b31c3c8b9438/volume-cc763675-4c82-4d55-9dbf-e14e1023ceb8,backing_fmt=qcow2 /opt/stack/data/cinder/mnt/cc97a4fb759d088fc621b31c3c8b9438/volume-cc763675-4c82-4d55-9dbf-e14e1023ceb8.0b1fa056-6842-4326-b908-400909952e14 1G" returned: 0 in 0.694s {{(pid=82490) execute /opt/stack/data/venv/lib/python3.10/site-packages/oslo_concurrency/processutils.py:372}}
Jan 14 14:00:47 devstack cinder-volume[82490]: DEBUG oslo_concurrency.processutils [None req-9b068cc6-bf15-421a-9a50-7abacc070cf2 tempest-GroupSnapshotsTest-308452285 None] Running cmd (subprocess): sudo cinder-rootwrap /etc/cinder/rootwrap.conf qemu-img rebase -u -b volume-cc763675-4c82-4d55-9dbf-e14e1023ceb8 -F qcow2 /opt/stack/data/cinder/mnt/cc97a4fb759d088fc621b31c3c8b9438/volume-cc763675-4c82-4d55-9dbf-e14e1023ceb8.0b1fa056-6842-4326-b908-400909952e14 {{(pid=82490) execute /opt/stack/data/venv/lib/python3.10/site-packages/oslo_concurrency/processutils.py:349}}
Jan 14 14:00:47 devstack sudo[85983]: quobyte : PWD=/ ; USER=root ; COMMAND=/opt/stack/data/venv/bin/cinder-rootwrap /etc/cinder/rootwrap.conf qemu-img rebase -u -b volume-cc763675-4c82-4d55-9dbf-e14e1023ceb8 -F qcow2 /opt/stack/data/cinder/mnt/cc97a4fb759d088fc621b31c3c8b9438/volume-cc763675-4c82-4d55-9dbf-e14e1023ceb8.0b1fa056-6842-4326-b908-400909952e14
Jan 14 14:00:47 devstack sudo[85983]: pam_unix(sudo:session): session opened for user root(uid=0) by (uid=1000)
Jan 14 14:00:48 devstack sudo[85983]: pam_unix(sudo:session): session closed for user root
Jan 14 14:00:48 devstack cinder-volume[82490]: DEBUG oslo_concurrency.processutils [None req-9b068cc6-bf15-421a-9a50-7abacc070cf2 tempest-GroupSnapshotsTest-308452285 None] CMD "sudo cinder-rootwrap /etc/cinder/rootwrap.conf qemu-img rebase -u -b volume-cc763675-4c82-4d55-9dbf-e14e1023ceb8 -F qcow2 /opt/stack/data/cinder/mnt/cc97a4fb759d088fc621b31c3c8b9438/volume-cc763675-4c82-4d55-9dbf-e14e1023ceb8.0b1fa056-6842-4326-b908-400909952e14" returned: 0 in 0.642s {{(pid=82490) execute /opt/stack/data/venv/lib/python3.10/site-packages/oslo_concurrency/processutils.py:372}}
Jan 14 14:00:48 devstack cinder-volume[82490]: WARNING cinder.volume.drivers.remotefs [None req-9b068cc6-bf15-421a-9a50-7abacc070cf2 tempest-GroupSnapshotsTest-308452285 None] /opt/stack/data/cinder/mnt/cc97a4fb759d088fc621b31c3c8b9438/volume-cc763675-4c82-4d55-9dbf-e14e1023ceb8.0b1fa056-6842-4326-b908-400909952e14 is being set with open permissions: ugo+rw: NotImplementedError
Jan 14 14:00:48 devstack cinder-volume[82490]: DEBUG oslo_concurrency.processutils [None req-9b068cc6-bf15-421a-9a50-7abacc070cf2 tempest-GroupSnapshotsTest-308452285 None] Running cmd (subprocess): sudo cinder-rootwrap /etc/cinder/rootwrap.conf chmod ugo+rw /opt/stack/data/cinder/mnt/cc97a4fb759d088fc621b31c3c8b9438/volume-cc763675-4c82-4d55-9dbf-e14e1023ceb8.0b1fa056-6842-4326-b908-400909952e14 {{(pid=82490) execute /opt/stack/data/venv/lib/python3.10/site-packages/oslo_concurrency/processutils.py:349}}
Jan 14 14:00:48 devstack sudo[85994]: quobyte : PWD=/ ; USER=root ; COMMAND=/opt/stack/data/venv/bin/cinder-rootwrap /etc/cinder/rootwrap.conf chmod ugo+rw /opt/stack/data/cinder/mnt/cc97a4fb759d088fc621b31c3c8b9438/volume-cc763675-4c82-4d55-9dbf-e14e1023ceb8.0b1fa056-6842-4326-b908-400909952e14
Jan 14 14:00:48 devstack sudo[85994]: pam_unix(sudo:session): session opened for user root(uid=0) by (uid=1000)
Jan 14 14:00:48 devstack cinder-volume[82490]: DEBUG oslo_concurrency.lockutils [req-164a6c17-e183-4bd2-83e4-6d7fef8b02df req-29aa3fbb-7743-482a-9066-68dbb2073c6c tempest-TaggedBootDevicesTest_v242-635713634 None] Acquiring lock "quobyte" by "cinder.volume.drivers.quobyte.QuobyteDriver.initialize_connection" {{(pid=82490) inner /opt/stack/data/venv/lib/python3.10/site-packages/oslo_concurrency/lockutils.py:405}}
Jan 14 14:00:48 devstack sudo[85994]: pam_unix(sudo:session): session closed for user root
Jan 14 14:00:48 devstack cinder-volume[82490]: DEBUG oslo_concurrency.processutils [None req-9b068cc6-bf15-421a-9a50-7abacc070cf2 tempest-GroupSnapshotsTest-308452285 None] CMD "sudo cinder-rootwrap /etc/cinder/rootwrap.conf chmod ugo+rw /opt/stack/data/cinder/mnt/cc97a4fb759d088fc621b31c3c8b9438/volume-cc763675-4c82-4d55-9dbf-e14e1023ceb8.0b1fa056-6842-4326-b908-400909952e14" returned: 0 in 0.768s {{(pid=82490) execute /opt/stack/data/venv/lib/python3.10/site-packages/oslo_concurrency/processutils.py:372}}
Jan 14 14:00:48 devstack cinder-volume[82490]: DEBUG oslo_concurrency.processutils [None req-9b068cc6-bf15-421a-9a50-7abacc070cf2 tempest-GroupSnapshotsTest-308452285 None] Running cmd (subprocess): sudo cinder-rootwrap /etc/cinder/rootwrap.conf truncate -s0 /opt/stack/data/cinder/mnt/cc97a4fb759d088fc621b31c3c8b9438/volume-cc763675-4c82-4d55-9dbf-e14e1023ceb8.info {{(pid=82490) execute /opt/stack/data/venv/lib/python3.10/site-packages/oslo_concurrency/processutils.py:349}}
Jan 14 14:00:48 devstack sudo[86000]: quobyte : PWD=/ ; USER=root ; COMMAND=/opt/stack/data/venv/bin/cinder-rootwrap /etc/cinder/rootwrap.conf truncate -s0 /opt/stack/data/cinder/mnt/cc97a4fb759d088fc621b31c3c8b9438/volume-cc763675-4c82-4d55-9dbf-e14e1023ceb8.info
Jan 14 14:00:48 devstack sudo[86000]: pam_unix(sudo:session): session opened for user root(uid=0) by (uid=1000)
Jan 14 14:00:49 devstack sudo[86000]: pam_unix(sudo:session): session closed for user root
Jan 14 14:00:49 devstack cinder-volume[82490]: DEBUG oslo_concurrency.processutils [None req-9b068cc6-bf15-421a-9a50-7abacc070cf2 tempest-GroupSnapshotsTest-308452285 None] CMD "sudo cinder-rootwrap /etc/cinder/rootwrap.conf truncate -s0 /opt/stack/data/cinder/mnt/cc97a4fb759d088fc621b31c3c8b9438/volume-cc763675-4c82-4d55-9dbf-e14e1023ceb8.info" returned: 0 in 0.660s {{(pid=82490) execute /opt/stack/data/venv/lib/python3.10/site-packages/oslo_concurrency/processutils.py:372}}
Jan 14 14:00:49 devstack cinder-volume[82490]: WARNING cinder.volume.drivers.remotefs [None req-9b068cc6-bf15-421a-9a50-7abacc070cf2 tempest-GroupSnapshotsTest-308452285 None] /opt/stack/data/cinder/mnt/cc97a4fb759d088fc621b31c3c8b9438/volume-cc763675-4c82-4d55-9dbf-e14e1023ceb8.info is being set with open permissions: ugo+rw: NotImplementedError
Jan 14 14:00:49 devstack cinder-volume[82490]: DEBUG oslo_concurrency.processutils [None req-9b068cc6-bf15-421a-9a50-7abacc070cf2 tempest-GroupSnapshotsTest-308452285 None] Running cmd (subprocess): sudo cinder-rootwrap /etc/cinder/rootwrap.conf chmod ugo+rw /opt/stack/data/cinder/mnt/cc97a4fb759d088fc621b31c3c8b9438/volume-cc763675-4c82-4d55-9dbf-e14e1023ceb8.info {{(pid=82490) execute /opt/stack/data/venv/lib/python3.10/site-packages/oslo_concurrency/processutils.py:349}}
Jan 14 14:00:49 devstack sudo[86003]: quobyte : PWD=/ ; USER=root ; COMMAND=/opt/stack/data/venv/bin/cinder-rootwrap /etc/cinder/rootwrap.conf chmod ugo+rw /opt/stack/data/cinder/mnt/cc97a4fb759d088fc621b31c3c8b9438/volume-cc763675-4c82-4d55-9dbf-e14e1023ceb8.info
Jan 14 14:00:49 devstack sudo[86003]: pam_unix(sudo:session): session opened for user root(uid=0) by (uid=1000)
Jan 14 14:00:50 devstack sudo[86003]: pam_unix(sudo:session): session closed for user root
Jan 14 14:00:50 devstack cinder-volume[82490]: DEBUG oslo_concurrency.processutils [None req-9b068cc6-bf15-421a-9a50-7abacc070cf2 tempest-GroupSnapshotsTest-308452285 None] CMD "sudo cinder-rootwrap /etc/cinder/rootwrap.conf chmod ugo+rw /opt/stack/data/cinder/mnt/cc97a4fb759d088fc621b31c3c8b9438/volume-cc763675-4c82-4d55-9dbf-e14e1023ceb8.info" returned: 0 in 0.560s {{(pid=82490) execute /opt/stack/data/venv/lib/python3.10/site-packages/oslo_concurrency/processutils.py:372}}
Jan 14 14:00:50 devstack cinder-volume[82490]: DEBUG oslo_concurrency.lockutils [None req-9b068cc6-bf15-421a-9a50-7abacc070cf2 tempest-GroupSnapshotsTest-308452285 None] Lock "quobyte" "released" by "cinder.volume.drivers.quobyte.QuobyteDriver.create_snapshot" :: held 4.156s {{(pid=82490) inner /opt/stack/data/venv/lib/python3.10/site-packages/oslo_concurrency/lockutils.py:424}}
Jan 14 14:00:50 devstack cinder-volume[82490]: DEBUG oslo_concurrency.lockutils [None req-9b068cc6-bf15-421a-9a50-7abacc070cf2 tempest-GroupSnapshotsTest-308452285 None] Acquiring lock "quobyte" by "cinder.volume.drivers.quobyte.QuobyteDriver.create_snapshot" {{(pid=82490) inner /opt/stack/data/venv/lib/python3.10/site-packages/oslo_concurrency/lockutils.py:405}}
Jan 14 14:00:50 devstack cinder-volume[82490]: DEBUG oslo_concurrency.lockutils [None req-9b068cc6-bf15-421a-9a50-7abacc070cf2 tempest-GroupSnapshotsTest-308452285 None] Lock "quobyte" acquired by "cinder.volume.drivers.quobyte.QuobyteDriver.create_snapshot" :: waited 0.001s {{(pid=82490) inner /opt/stack/data/venv/lib/python3.10/site-packages/oslo_concurrency/lockutils.py:410}}
Jan 14 14:00:50 devstack cinder-volume[82490]: DEBUG cinder.volume.drivers.remotefs [None req-9b068cc6-bf15-421a-9a50-7abacc070cf2 tempest-GroupSnapshotsTest-308452285 None] Creating offline snapshot 5c59342e-5304-46dd-b7d3-a776bd169013 of volume f65fe5ad-514b-4e0d-8220-f16a6876b114 {{(pid=82490) _create_snapshot /opt/stack/cinder/cinder/volume/drivers/remotefs.py:1817}}
Jan 14 14:00:50 devstack cinder-volume[82490]: DEBUG oslo.privsep.daemon [-] privsep: reply[a05bd6d9-ad4b-4ff6-b558-dc5eaf4978bd]: (4, 'qcow2') {{(pid=83033) _call_back /opt/stack/data/venv/lib/python3.10/site-packages/oslo_privsep/daemon.py:515}}
Jan 14 14:00:50 devstack cinder-volume[82490]: DEBUG oslo_concurrency.processutils [None req-9b068cc6-bf15-421a-9a50-7abacc070cf2 tempest-GroupSnapshotsTest-308452285 None] Running cmd (subprocess): /opt/stack/data/venv/bin/python3.10 -m oslo_concurrency.prlimit --as=1073741824 --cpu=60 -- sudo cinder-rootwrap /etc/cinder/rootwrap.conf env LC_ALL=C qemu-img info -f qcow2 --output=json --force-share /opt/stack/data/cinder/mnt/cc97a4fb759d088fc621b31c3c8b9438/volume-f65fe5ad-514b-4e0d-8220-f16a6876b114 {{(pid=82490) execute /opt/stack/data/venv/lib/python3.10/site-packages/oslo_concurrency/processutils.py:349}}
Jan 14 14:00:50 devstack sudo[86006]: quobyte : PWD=/ ; USER=root ; COMMAND=/opt/stack/data/venv/bin/cinder-rootwrap /etc/cinder/rootwrap.conf env LC_ALL=C qemu-img info -f qcow2 --output=json --force-share /opt/stack/data/cinder/mnt/cc97a4fb759d088fc621b31c3c8b9438/volume-f65fe5ad-514b-4e0d-8220-f16a6876b114
Jan 14 14:00:50 devstack sudo[86006]: pam_unix(sudo:session): session opened for user root(uid=0) by (uid=1000)
Jan 14 14:00:51 devstack sudo[86006]: pam_unix(sudo:session): session closed for user root
Jan 14 14:00:51 devstack cinder-volume[82490]: DEBUG oslo_concurrency.processutils [None req-9b068cc6-bf15-421a-9a50-7abacc070cf2 tempest-GroupSnapshotsTest-308452285 None] CMD "/opt/stack/data/venv/bin/python3.10 -m oslo_concurrency.prlimit --as=1073741824 --cpu=60 -- sudo cinder-rootwrap /etc/cinder/rootwrap.conf env LC_ALL=C qemu-img info -f qcow2 --output=json --force-share /opt/stack/data/cinder/mnt/cc97a4fb759d088fc621b31c3c8b9438/volume-f65fe5ad-514b-4e0d-8220-f16a6876b114" returned: 0 in 0.787s {{(pid=82490) execute /opt/stack/data/venv/lib/python3.10/site-packages/oslo_concurrency/processutils.py:372}}
Jan 14 14:00:51 devstack cinder-volume[82490]: DEBUG oslo_concurrency.processutils [None req-9b068cc6-bf15-421a-9a50-7abacc070cf2 tempest-GroupSnapshotsTest-308452285 None] Running cmd (subprocess): sudo cinder-rootwrap /etc/cinder/rootwrap.conf qemu-img create -f qcow2 -o backing_file=/opt/stack/data/cinder/mnt/cc97a4fb759d088fc621b31c3c8b9438/volume-f65fe5ad-514b-4e0d-8220-f16a6876b114,backing_fmt=qcow2 /opt/stack/data/cinder/mnt/cc97a4fb759d088fc621b31c3c8b9438/volume-f65fe5ad-514b-4e0d-8220-f16a6876b114.5c59342e-5304-46dd-b7d3-a776bd169013 1G {{(pid=82490) execute /opt/stack/data/venv/lib/python3.10/site-packages/oslo_concurrency/processutils.py:349}}
Jan 14 14:00:51 devstack sudo[86011]: quobyte : PWD=/ ; USER=root ; COMMAND=/opt/stack/data/venv/bin/cinder-rootwrap /etc/cinder/rootwrap.conf qemu-img create -f qcow2 -o backing_file=/opt/stack/data/cinder/mnt/cc97a4fb759d088fc621b31c3c8b9438/volume-f65fe5ad-514b-4e0d-8220-f16a6876b114,backing_fmt=qcow2 /opt/stack/data/cinder/mnt/cc97a4fb759d088fc621b31c3c8b9438/volume-f65fe5ad-514b-4e0d-8220-f16a6876b114.5c59342e-5304-46dd-b7d3-a776bd169013 1G
Jan 14 14:00:51 devstack sudo[86011]: pam_unix(sudo:session): session opened for user root(uid=0) by (uid=1000)
Jan 14 14:00:51 devstack sudo[86011]: pam_unix(sudo:session): session closed for user root
Jan 14 14:00:51 devstack cinder-volume[82490]: DEBUG oslo_concurrency.processutils [None req-9b068cc6-bf15-421a-9a50-7abacc070cf2 tempest-GroupSnapshotsTest-308452285 None] CMD "sudo cinder-rootwrap /etc/cinder/rootwrap.conf qemu-img create -f qcow2 -o backing_file=/opt/stack/data/cinder/mnt/cc97a4fb759d088fc621b31c3c8b9438/volume-f65fe5ad-514b-4e0d-8220-f16a6876b114,backing_fmt=qcow2 /opt/stack/data/cinder/mnt/cc97a4fb759d088fc621b31c3c8b9438/volume-f65fe5ad-514b-4e0d-8220-f16a6876b114.5c59342e-5304-46dd-b7d3-a776bd169013 1G" returned: 0 in 0.839s {{(pid=82490) execute /opt/stack/data/venv/lib/python3.10/site-packages/oslo_concurrency/processutils.py:372}}
Jan 14 14:00:51 devstack cinder-volume[82490]: DEBUG oslo_concurrency.processutils [None req-9b068cc6-bf15-421a-9a50-7abacc070cf2 tempest-GroupSnapshotsTest-308452285 None] Running cmd (subprocess): sudo cinder-rootwrap /etc/cinder/rootwrap.conf qemu-img rebase -u -b volume-f65fe5ad-514b-4e0d-8220-f16a6876b114 -F qcow2 /opt/stack/data/cinder/mnt/cc97a4fb759d088fc621b31c3c8b9438/volume-f65fe5ad-514b-4e0d-8220-f16a6876b114.5c59342e-5304-46dd-b7d3-a776bd169013 {{(pid=82490) execute /opt/stack/data/venv/lib/python3.10/site-packages/oslo_concurrency/processutils.py:349}}
Jan 14 14:00:51 devstack sudo[86020]: quobyte : PWD=/ ; USER=root ; COMMAND=/opt/stack/data/venv/bin/cinder-rootwrap /etc/cinder/rootwrap.conf qemu-img rebase -u -b volume-f65fe5ad-514b-4e0d-8220-f16a6876b114 -F qcow2 /opt/stack/data/cinder/mnt/cc97a4fb759d088fc621b31c3c8b9438/volume-f65fe5ad-514b-4e0d-8220-f16a6876b114.5c59342e-5304-46dd-b7d3-a776bd169013
Jan 14 14:00:51 devstack sudo[86020]: pam_unix(sudo:session): session opened for user root(uid=0) by (uid=1000)
Jan 14 14:00:52 devstack sudo[86020]: pam_unix(sudo:session): session closed for user root
Jan 14 14:00:52 devstack cinder-volume[82490]: DEBUG oslo_concurrency.processutils [None req-9b068cc6-bf15-421a-9a50-7abacc070cf2 tempest-GroupSnapshotsTest-308452285 None] CMD "sudo cinder-rootwrap /etc/cinder/rootwrap.conf qemu-img rebase -u -b volume-f65fe5ad-514b-4e0d-8220-f16a6876b114 -F qcow2 /opt/stack/data/cinder/mnt/cc97a4fb759d088fc621b31c3c8b9438/volume-f65fe5ad-514b-4e0d-8220-f16a6876b114.5c59342e-5304-46dd-b7d3-a776bd169013" returned: 0 in 0.825s {{(pid=82490) execute /opt/stack/data/venv/lib/python3.10/site-packages/oslo_concurrency/processutils.py:372}}
Jan 14 14:00:52 devstack cinder-volume[82490]: WARNING cinder.volume.drivers.remotefs [None req-9b068cc6-bf15-421a-9a50-7abacc070cf2 tempest-GroupSnapshotsTest-308452285 None] /opt/stack/data/cinder/mnt/cc97a4fb759d088fc621b31c3c8b9438/volume-f65fe5ad-514b-4e0d-8220-f16a6876b114.5c59342e-5304-46dd-b7d3-a776bd169013 is being set with open permissions: ugo+rw: NotImplementedError
Jan 14 14:00:52 devstack cinder-volume[82490]: DEBUG oslo_concurrency.processutils [None req-9b068cc6-bf15-421a-9a50-7abacc070cf2 tempest-GroupSnapshotsTest-308452285 None] Running cmd (subprocess): sudo cinder-rootwrap /etc/cinder/rootwrap.conf chmod ugo+rw /opt/stack/data/cinder/mnt/cc97a4fb759d088fc621b31c3c8b9438/volume-f65fe5ad-514b-4e0d-8220-f16a6876b114.5c59342e-5304-46dd-b7d3-a776bd169013 {{(pid=82490) execute /opt/stack/data/venv/lib/python3.10/site-packages/oslo_concurrency/processutils.py:349}}
Jan 14 14:00:52 devstack sudo[86028]: quobyte : PWD=/ ; USER=root ; COMMAND=/opt/stack/data/venv/bin/cinder-rootwrap /etc/cinder/rootwrap.conf chmod ugo+rw /opt/stack/data/cinder/mnt/cc97a4fb759d088fc621b31c3c8b9438/volume-f65fe5ad-514b-4e0d-8220-f16a6876b114.5c59342e-5304-46dd-b7d3-a776bd169013
Jan 14 14:00:52 devstack sudo[86028]: pam_unix(sudo:session): session opened for user root(uid=0) by (uid=1000)
Jan 14 14:00:53 devstack sudo[86028]: pam_unix(sudo:session): session closed for user root
Jan 14 14:00:53 devstack cinder-volume[82490]: DEBUG oslo_concurrency.processutils [None req-9b068cc6-bf15-421a-9a50-7abacc070cf2 tempest-GroupSnapshotsTest-308452285 None] CMD "sudo cinder-rootwrap /etc/cinder/rootwrap.conf chmod ugo+rw /opt/stack/data/cinder/mnt/cc97a4fb759d088fc621b31c3c8b9438/volume-f65fe5ad-514b-4e0d-8220-f16a6876b114.5c59342e-5304-46dd-b7d3-a776bd169013" returned: 0 in 0.628s {{(pid=82490) execute /opt/stack/data/venv/lib/python3.10/site-packages/oslo_concurrency/processutils.py:372}}
Jan 14 14:00:53 devstack cinder-volume[82490]: DEBUG oslo_concurrency.processutils [None req-9b068cc6-bf15-421a-9a50-7abacc070cf2 tempest-GroupSnapshotsTest-308452285 None] Running cmd (subprocess): sudo cinder-rootwrap /etc/cinder/rootwrap.conf truncate -s0 /opt/stack/data/cinder/mnt/cc97a4fb759d088fc621b31c3c8b9438/volume-f65fe5ad-514b-4e0d-8220-f16a6876b114.info {{(pid=82490) execute /opt/stack/data/venv/lib/python3.10/site-packages/oslo_concurrency/processutils.py:349}}
Jan 14 14:00:53 devstack sudo[86031]: quobyte : PWD=/ ; USER=root ; COMMAND=/opt/stack/data/venv/bin/cinder-rootwrap /etc/cinder/rootwrap.conf truncate -s0 /opt/stack/data/cinder/mnt/cc97a4fb759d088fc621b31c3c8b9438/volume-f65fe5ad-514b-4e0d-8220-f16a6876b114.info
Jan 14 14:00:53 devstack sudo[86031]: pam_unix(sudo:session): session opened for user root(uid=0) by (uid=1000)
Jan 14 14:00:53 devstack sudo[86031]: pam_unix(sudo:session): session closed for user root
Jan 14 14:00:53 devstack cinder-volume[82490]: DEBUG oslo_concurrency.processutils [None req-9b068cc6-bf15-421a-9a50-7abacc070cf2 tempest-GroupSnapshotsTest-308452285 None] CMD "sudo cinder-rootwrap /etc/cinder/rootwrap.conf truncate -s0 /opt/stack/data/cinder/mnt/cc97a4fb759d088fc621b31c3c8b9438/volume-f65fe5ad-514b-4e0d-8220-f16a6876b114.info" returned: 0 in 0.499s {{(pid=82490) execute /opt/stack/data/venv/lib/python3.10/site-packages/oslo_concurrency/processutils.py:372}}
Jan 14 14:00:53 devstack cinder-volume[82490]: WARNING cinder.volume.drivers.remotefs [None req-9b068cc6-bf15-421a-9a50-7abacc070cf2 tempest-GroupSnapshotsTest-308452285 None] /opt/stack/data/cinder/mnt/cc97a4fb759d088fc621b31c3c8b9438/volume-f65fe5ad-514b-4e0d-8220-f16a6876b114.info is being set with open permissions: ugo+rw: NotImplementedError
Jan 14 14:00:53 devstack cinder-volume[82490]: DEBUG oslo_concurrency.processutils [None req-9b068cc6-bf15-421a-9a50-7abacc070cf2 tempest-GroupSnapshotsTest-308452285 None] Running cmd (subprocess): sudo cinder-rootwrap /etc/cinder/rootwrap.conf chmod ugo+rw /opt/stack/data/cinder/mnt/cc97a4fb759d088fc621b31c3c8b9438/volume-f65fe5ad-514b-4e0d-8220-f16a6876b114.info {{(pid=82490) execute /opt/stack/data/venv/lib/python3.10/site-packages/oslo_concurrency/processutils.py:349}}
Jan 14 14:00:53 devstack sudo[86041]: quobyte : PWD=/ ; USER=root ; COMMAND=/opt/stack/data/venv/bin/cinder-rootwrap /etc/cinder/rootwrap.conf chmod ugo+rw /opt/stack/data/cinder/mnt/cc97a4fb759d088fc621b31c3c8b9438/volume-f65fe5ad-514b-4e0d-8220-f16a6876b114.info
Jan 14 14:00:53 devstack sudo[86041]: pam_unix(sudo:session): session opened for user root(uid=0) by (uid=1000)
Jan 14 14:00:54 devstack sudo[86041]: pam_unix(sudo:session): session closed for user root
Jan 14 14:00:54 devstack cinder-volume[82490]: DEBUG oslo_concurrency.processutils [None req-9b068cc6-bf15-421a-9a50-7abacc070cf2 tempest-GroupSnapshotsTest-308452285 None] CMD "sudo cinder-rootwrap /etc/cinder/rootwrap.conf chmod ugo+rw /opt/stack/data/cinder/mnt/cc97a4fb759d088fc621b31c3c8b9438/volume-f65fe5ad-514b-4e0d-8220-f16a6876b114.info" returned: 0 in 0.535s {{(pid=82490) execute /opt/stack/data/venv/lib/python3.10/site-packages/oslo_concurrency/processutils.py:372}}
Jan 14 14:00:54 devstack cinder-volume[82490]: DEBUG oslo_concurrency.lockutils [None req-9b068cc6-bf15-421a-9a50-7abacc070cf2 tempest-GroupSnapshotsTest-308452285 None] Lock "quobyte" "released" by "cinder.volume.drivers.quobyte.QuobyteDriver.create_snapshot" :: held 4.254s {{(pid=82490) inner /opt/stack/data/venv/lib/python3.10/site-packages/oslo_concurrency/lockutils.py:424}}
Jan 14 14:00:54 devstack cinder-volume[82490]: DEBUG oslo_concurrency.lockutils [req-164a6c17-e183-4bd2-83e4-6d7fef8b02df req-29aa3fbb-7743-482a-9066-68dbb2073c6c tempest-TaggedBootDevicesTest_v242-635713634 None] Lock "quobyte" acquired by "cinder.volume.drivers.quobyte.QuobyteDriver.initialize_connection" :: waited 6.070s {{(pid=82490) inner /opt/stack/data/venv/lib/python3.10/site-packages/oslo_concurrency/lockutils.py:410}}
Jan 14 14:00:54 devstack cinder-volume[82490]: DEBUG oslo.privsep.daemon [-] privsep: reply[0e63de8a-9951-49a6-9cfe-5a4e1db78f36]: (4, 'raw') {{(pid=83033) _call_back /opt/stack/data/venv/lib/python3.10/site-packages/oslo_privsep/daemon.py:515}}
Jan 14 14:00:54 devstack cinder-volume[82490]: DEBUG oslo_concurrency.processutils [req-164a6c17-e183-4bd2-83e4-6d7fef8b02df req-29aa3fbb-7743-482a-9066-68dbb2073c6c tempest-TaggedBootDevicesTest_v242-635713634 None] Running cmd (subprocess): /opt/stack/data/venv/bin/python3.10 -m oslo_concurrency.prlimit --as=1073741824 --cpu=60 -- sudo cinder-rootwrap /etc/cinder/rootwrap.conf env LC_ALL=C qemu-img info -f raw --output=json --force-share /opt/stack/data/cinder/mnt/cc97a4fb759d088fc621b31c3c8b9438/volume-73f31e56-dbe9-412c-8277-6199adca5f42 {{(pid=82490) execute /opt/stack/data/venv/lib/python3.10/site-packages/oslo_concurrency/processutils.py:349}}
Jan 14 14:00:54 devstack cinder-volume[82490]: INFO cinder.volume.manager [None req-9b068cc6-bf15-421a-9a50-7abacc070cf2 tempest-GroupSnapshotsTest-308452285 None] group_snapshot 2c28ad6a-d9ab-4735-814e-645d92e16f51: created successfully
Jan 14 14:00:54 devstack sudo[86045]: quobyte : PWD=/ ; USER=root ; COMMAND=/opt/stack/data/venv/bin/cinder-rootwrap /etc/cinder/rootwrap.conf env LC_ALL=C qemu-img info -f raw --output=json --force-share /opt/stack/data/cinder/mnt/cc97a4fb759d088fc621b31c3c8b9438/volume-73f31e56-dbe9-412c-8277-6199adca5f42
Jan 14 14:00:54 devstack sudo[86045]: pam_unix(sudo:session): session opened for user root(uid=0) by (uid=1000)
Jan 14 14:00:55 devstack sudo[86045]: pam_unix(sudo:session): session closed for user root
Jan 14 14:00:55 devstack cinder-volume[82490]: DEBUG oslo_concurrency.processutils [req-164a6c17-e183-4bd2-83e4-6d7fef8b02df req-29aa3fbb-7743-482a-9066-68dbb2073c6c tempest-TaggedBootDevicesTest_v242-635713634 None] CMD "/opt/stack/data/venv/bin/python3.10 -m oslo_concurrency.prlimit --as=1073741824 --cpu=60 -- sudo cinder-rootwrap /etc/cinder/rootwrap.conf env LC_ALL=C qemu-img info -f raw --output=json --force-share /opt/stack/data/cinder/mnt/cc97a4fb759d088fc621b31c3c8b9438/volume-73f31e56-dbe9-412c-8277-6199adca5f42" returned: 0 in 0.782s {{(pid=82490) execute /opt/stack/data/venv/lib/python3.10/site-packages/oslo_concurrency/processutils.py:372}}
Jan 14 14:00:55 devstack cinder-volume[82490]: DEBUG oslo_concurrency.processutils [req-164a6c17-e183-4bd2-83e4-6d7fef8b02df req-29aa3fbb-7743-482a-9066-68dbb2073c6c tempest-TaggedBootDevicesTest_v242-635713634 None] Running cmd (subprocess): /opt/stack/data/venv/bin/python3.10 -m oslo_concurrency.prlimit --as=1073741824 --cpu=60 -- sudo cinder-rootwrap /etc/cinder/rootwrap.conf env LC_ALL=C qemu-img info -f luks --output=json --force-share /opt/stack/data/cinder/mnt/cc97a4fb759d088fc621b31c3c8b9438/volume-73f31e56-dbe9-412c-8277-6199adca5f42 {{(pid=82490) execute /opt/stack/data/venv/lib/python3.10/site-packages/oslo_concurrency/processutils.py:349}}
Jan 14 14:00:55 devstack sudo[86050]: quobyte : PWD=/ ; USER=root ; COMMAND=/opt/stack/data/venv/bin/cinder-rootwrap /etc/cinder/rootwrap.conf env LC_ALL=C qemu-img info -f luks --output=json --force-share /opt/stack/data/cinder/mnt/cc97a4fb759d088fc621b31c3c8b9438/volume-73f31e56-dbe9-412c-8277-6199adca5f42
Jan 14 14:00:55 devstack sudo[86050]: pam_unix(sudo:session): session opened for user root(uid=0) by (uid=1000)
Jan 14 14:00:55 devstack cinder-volume[82490]: INFO cinder.volume.manager [None req-2a6363f6-da69-4023-a653-ae2920795826 tempest-GroupSnapshotsTest-308452285 None] group_snapshot 2c28ad6a-d9ab-4735-814e-645d92e16f51: deleting
Jan 14 14:00:55 devstack cinder-volume[82490]: WARNING cinder.volume.volume_utils [None req-2a6363f6-da69-4023-a653-ae2920795826 tempest-GroupSnapshotsTest-308452285 None] Volume driver (QuobyteDriver 1.1.13) is currently unsupported and may be removed in the next release of OpenStack. Use at your own risk.
Jan 14 14:00:55 devstack cinder-volume[82490]: DEBUG cinder.volume.manager [None req-2a6363f6-da69-4023-a653-ae2920795826 tempest-GroupSnapshotsTest-308452285 None] group_snapshot 2c28ad6a-d9ab-4735-814e-645d92e16f51: deleting {{(pid=82490) delete_group_snapshot /opt/stack/cinder/cinder/volume/manager.py:4319}}
Jan 14 14:00:55 devstack cinder-volume[82490]: DEBUG cinder.coordination [None req-2a6363f6-da69-4023-a653-ae2920795826 tempest-GroupSnapshotsTest-308452285 None] Acquiring lock "cinder-quobyte-cc763675-4c82-4d55-9dbf-e14e1023ceb8" by "delete_snapshot" {{(pid=82490) __acquire /opt/stack/cinder/cinder/coordination.py:143}}
Jan 14 14:00:55 devstack cinder-volume[82490]: DEBUG cinder.coordination [None req-2a6363f6-da69-4023-a653-ae2920795826 tempest-GroupSnapshotsTest-308452285 None] Lock "cinder-quobyte-cc763675-4c82-4d55-9dbf-e14e1023ceb8" acquired by "delete_snapshot" :: waited 0.028s {{(pid=82490) __acquire /opt/stack/cinder/cinder/coordination.py:146}}
Jan 14 14:00:55 devstack cinder-volume[82490]: DEBUG cinder.coordination [None req-2a6363f6-da69-4023-a653-ae2920795826 tempest-GroupSnapshotsTest-308452285 None] Acquiring lock "cinder-quobyte-0b1fa056-6842-4326-b908-400909952e14" by "_delete_snapshot" {{(pid=82490) __acquire /opt/stack/cinder/cinder/coordination.py:143}}
Jan 14 14:00:55 devstack cinder-volume[82490]: DEBUG cinder.coordination [None req-2a6363f6-da69-4023-a653-ae2920795826 tempest-GroupSnapshotsTest-308452285 None] Lock "cinder-quobyte-0b1fa056-6842-4326-b908-400909952e14" acquired by "_delete_snapshot" :: waited 0.008s {{(pid=82490) __acquire /opt/stack/cinder/cinder/coordination.py:146}}
Jan 14 14:00:55 devstack cinder-volume[82490]: DEBUG cinder.volume.drivers.remotefs [None req-2a6363f6-da69-4023-a653-ae2920795826 tempest-GroupSnapshotsTest-308452285 None] Deleting offline snapshot 0b1fa056-6842-4326-b908-400909952e14 of volume cc763675-4c82-4d55-9dbf-e14e1023ceb8 {{(pid=82490) _delete_snapshot /opt/stack/cinder/cinder/volume/drivers/remotefs.py:1290}}
Jan 14 14:00:55 devstack cinder-volume[82490]: DEBUG cinder.volume.drivers.remotefs [None req-2a6363f6-da69-4023-a653-ae2920795826 tempest-GroupSnapshotsTest-308452285 None] snapshot_file for this snap is: volume-cc763675-4c82-4d55-9dbf-e14e1023ceb8.0b1fa056-6842-4326-b908-400909952e14 {{(pid=82490) _delete_snapshot /opt/stack/cinder/cinder/volume/drivers/remotefs.py:1319}}
Jan 14 14:00:55 devstack cinder-volume[82490]: DEBUG oslo.privsep.daemon [-] privsep: reply[156aca4b-76b2-48de-8e04-f8c16c9a7a8b]: (4, 'qcow2') {{(pid=83033) _call_back /opt/stack/data/venv/lib/python3.10/site-packages/oslo_privsep/daemon.py:515}}
Jan 14 14:00:55 devstack cinder-volume[82490]: DEBUG oslo_concurrency.processutils [None req-2a6363f6-da69-4023-a653-ae2920795826 tempest-GroupSnapshotsTest-308452285 None] Running cmd (subprocess): /opt/stack/data/venv/bin/python3.10 -m oslo_concurrency.prlimit --as=1073741824 --cpu=60 -- sudo cinder-rootwrap /etc/cinder/rootwrap.conf env LC_ALL=C qemu-img info -f qcow2 --output=json --force-share /opt/stack/data/cinder/mnt/cc97a4fb759d088fc621b31c3c8b9438/volume-cc763675-4c82-4d55-9dbf-e14e1023ceb8.0b1fa056-6842-4326-b908-400909952e14 {{(pid=82490) execute /opt/stack/data/venv/lib/python3.10/site-packages/oslo_concurrency/processutils.py:349}}
Jan 14 14:00:55 devstack sudo[86053]: quobyte : PWD=/ ; USER=root ; COMMAND=/opt/stack/data/venv/bin/cinder-rootwrap /etc/cinder/rootwrap.conf env LC_ALL=C qemu-img info -f qcow2 --output=json --force-share /opt/stack/data/cinder/mnt/cc97a4fb759d088fc621b31c3c8b9438/volume-cc763675-4c82-4d55-9dbf-e14e1023ceb8.0b1fa056-6842-4326-b908-400909952e14
Jan 14 14:00:55 devstack sudo[86053]: pam_unix(sudo:session): session opened for user root(uid=0) by (uid=1000)
Jan 14 14:00:56 devstack sudo[86050]: pam_unix(sudo:session): session closed for user root
Jan 14 14:00:56 devstack cinder-volume[82490]: DEBUG oslo_concurrency.processutils [req-164a6c17-e183-4bd2-83e4-6d7fef8b02df req-29aa3fbb-7743-482a-9066-68dbb2073c6c tempest-TaggedBootDevicesTest_v242-635713634 None] CMD "/opt/stack/data/venv/bin/python3.10 -m oslo_concurrency.prlimit --as=1073741824 --cpu=60 -- sudo cinder-rootwrap /etc/cinder/rootwrap.conf env LC_ALL=C qemu-img info -f luks --output=json --force-share /opt/stack/data/cinder/mnt/cc97a4fb759d088fc621b31c3c8b9438/volume-73f31e56-dbe9-412c-8277-6199adca5f42" returned: 1 in 1.118s {{(pid=82490) execute /opt/stack/data/venv/lib/python3.10/site-packages/oslo_concurrency/processutils.py:372}}
Jan 14 14:00:56 devstack cinder-volume[82490]: DEBUG oslo_concurrency.processutils [req-164a6c17-e183-4bd2-83e4-6d7fef8b02df req-29aa3fbb-7743-482a-9066-68dbb2073c6c tempest-TaggedBootDevicesTest_v242-635713634 None] '/opt/stack/data/venv/bin/python3.10 -m oslo_concurrency.prlimit --as=1073741824 --cpu=60 -- sudo cinder-rootwrap /etc/cinder/rootwrap.conf env LC_ALL=C qemu-img info -f luks --output=json --force-share /opt/stack/data/cinder/mnt/cc97a4fb759d088fc621b31c3c8b9438/volume-73f31e56-dbe9-412c-8277-6199adca5f42' failed. Not Retrying. {{(pid=82490) execute /opt/stack/data/venv/lib/python3.10/site-packages/oslo_concurrency/processutils.py:423}}
Jan 14 14:00:56 devstack cinder-volume[82490]: DEBUG oslo_concurrency.lockutils [req-164a6c17-e183-4bd2-83e4-6d7fef8b02df req-29aa3fbb-7743-482a-9066-68dbb2073c6c tempest-TaggedBootDevicesTest_v242-635713634 None] Lock "quobyte" "released" by "cinder.volume.drivers.quobyte.QuobyteDriver.initialize_connection" :: held 1.962s {{(pid=82490) inner /opt/stack/data/venv/lib/python3.10/site-packages/oslo_concurrency/lockutils.py:424}}
Jan 14 14:00:56 devstack cinder-volume[82490]: DEBUG cinder.volume.manager [req-164a6c17-e183-4bd2-83e4-6d7fef8b02df req-29aa3fbb-7743-482a-9066-68dbb2073c6c tempest-TaggedBootDevicesTest_v242-635713634 None] Connection info returned from driver {'export': 'osci02.corp.quobyte.com/cinder-vol-a443fefb-b3d9-44d7-a651-b1741cd99c0e', 'name': 'volume-73f31e56-dbe9-412c-8277-6199adca5f42', 'options': None, 'format': 'raw', 'qos_specs': None, 'access_mode': 'rw', 'encrypted': False, 'cacheable': False, 'driver_volume_type': 'quobyte', 'mount_point_base': '/opt/stack/data/cinder/mnt', 'attachment_id': 'e97b78d1-3a1f-4a47-a527-fab727f1cdb2', 'enforce_multipath': True} {{(pid=82490) _connection_create /opt/stack/cinder/cinder/volume/manager.py:4893}}
Jan 14 14:00:56 devstack cinder-volume[82490]: WARNING cinder.volume.volume_utils [req-164a6c17-e183-4bd2-83e4-6d7fef8b02df req-29aa3fbb-7743-482a-9066-68dbb2073c6c tempest-TaggedBootDevicesTest_v242-635713634 None] Volume driver (QuobyteDriver 1.1.13) is currently unsupported and may be removed in the next release of OpenStack. Use at your own risk.
Jan 14 14:00:56 devstack cinder-volume[82490]: INFO cinder.volume.manager [req-164a6c17-e183-4bd2-83e4-6d7fef8b02df req-29aa3fbb-7743-482a-9066-68dbb2073c6c tempest-TaggedBootDevicesTest_v242-635713634 None] attachment_update completed successfully.
Jan 14 14:00:56 devstack sudo[86053]: pam_unix(sudo:session): session closed for user root
Jan 14 14:00:56 devstack cinder-volume[82490]: DEBUG oslo_concurrency.processutils [None req-2a6363f6-da69-4023-a653-ae2920795826 tempest-GroupSnapshotsTest-308452285 None] CMD "/opt/stack/data/venv/bin/python3.10 -m oslo_concurrency.prlimit --as=1073741824 --cpu=60 -- sudo cinder-rootwrap /etc/cinder/rootwrap.conf env LC_ALL=C qemu-img info -f qcow2 --output=json --force-share /opt/stack/data/cinder/mnt/cc97a4fb759d088fc621b31c3c8b9438/volume-cc763675-4c82-4d55-9dbf-e14e1023ceb8.0b1fa056-6842-4326-b908-400909952e14" returned: 0 in 0.866s {{(pid=82490) execute /opt/stack/data/venv/lib/python3.10/site-packages/oslo_concurrency/processutils.py:372}}
Jan 14 14:00:56 devstack cinder-volume[82490]: DEBUG cinder.volume.drivers.remotefs [None req-2a6363f6-da69-4023-a653-ae2920795826 tempest-GroupSnapshotsTest-308452285 None] Fetching qemu-img info with special backing_file_template: (/opt/stack/data/cinder/mnt/[0-9a-f]+/)?(volume-cc763675-4c82-4d55-9dbf-e14e1023ceb8(.(tmp-snap-)?[0-9a-f-]+)?|volume_from_snapshot_cache/(tmp-snap-)?[0-9a-f-]+(.(child-|parent-)[0-9a-f-]+)?)$ {{(pid=82490) _qemu_img_info_base /opt/stack/cinder/cinder/volume/drivers/remotefs.py:898}}
Jan 14 14:00:56 devstack cinder-volume[82490]: DEBUG oslo.privsep.daemon [-] privsep: reply[7bf99fb7-75f6-460d-a1ab-2cce57142ca7]: (4, 'qcow2') {{(pid=83033) _call_back /opt/stack/data/venv/lib/python3.10/site-packages/oslo_privsep/daemon.py:515}}
Jan 14 14:00:56 devstack cinder-volume[82490]: DEBUG oslo_concurrency.processutils [None req-2a6363f6-da69-4023-a653-ae2920795826 tempest-GroupSnapshotsTest-308452285 None] Running cmd (subprocess): /opt/stack/data/venv/bin/python3.10 -m oslo_concurrency.prlimit --as=1073741824 --cpu=60 -- sudo cinder-rootwrap /etc/cinder/rootwrap.conf env LC_ALL=C qemu-img info -f qcow2 --output=json --force-share /opt/stack/data/cinder/mnt/cc97a4fb759d088fc621b31c3c8b9438/volume-cc763675-4c82-4d55-9dbf-e14e1023ceb8 {{(pid=82490) execute /opt/stack/data/venv/lib/python3.10/site-packages/oslo_concurrency/processutils.py:349}}
Jan 14 14:00:56 devstack sudo[86065]: quobyte : PWD=/ ; USER=root ; COMMAND=/opt/stack/data/venv/bin/cinder-rootwrap /etc/cinder/rootwrap.conf env LC_ALL=C qemu-img info -f qcow2 --output=json --force-share /opt/stack/data/cinder/mnt/cc97a4fb759d088fc621b31c3c8b9438/volume-cc763675-4c82-4d55-9dbf-e14e1023ceb8
Jan 14 14:00:56 devstack sudo[86065]: pam_unix(sudo:session): session opened for user root(uid=0) by (uid=1000)
Jan 14 14:00:57 devstack sudo[86065]: pam_unix(sudo:session): session closed for user root
Jan 14 14:00:57 devstack cinder-volume[82490]: DEBUG oslo_concurrency.processutils [None req-2a6363f6-da69-4023-a653-ae2920795826 tempest-GroupSnapshotsTest-308452285 None] CMD "/opt/stack/data/venv/bin/python3.10 -m oslo_concurrency.prlimit --as=1073741824 --cpu=60 -- sudo cinder-rootwrap /etc/cinder/rootwrap.conf env LC_ALL=C qemu-img info -f qcow2 --output=json --force-share /opt/stack/data/cinder/mnt/cc97a4fb759d088fc621b31c3c8b9438/volume-cc763675-4c82-4d55-9dbf-e14e1023ceb8" returned: 0 in 0.913s {{(pid=82490) execute /opt/stack/data/venv/lib/python3.10/site-packages/oslo_concurrency/processutils.py:372}}
Jan 14 14:00:57 devstack cinder-volume[82490]: DEBUG oslo_concurrency.processutils [None req-2a6363f6-da69-4023-a653-ae2920795826 tempest-GroupSnapshotsTest-308452285 None] Running cmd (subprocess): sudo cinder-rootwrap /etc/cinder/rootwrap.conf qemu-img commit -d /opt/stack/data/cinder/mnt/cc97a4fb759d088fc621b31c3c8b9438/volume-cc763675-4c82-4d55-9dbf-e14e1023ceb8.0b1fa056-6842-4326-b908-400909952e14 {{(pid=82490) execute /opt/stack/data/venv/lib/python3.10/site-packages/oslo_concurrency/processutils.py:349}}
Jan 14 14:00:57 devstack sudo[86071]: quobyte : PWD=/ ; USER=root ; COMMAND=/opt/stack/data/venv/bin/cinder-rootwrap /etc/cinder/rootwrap.conf qemu-img commit -d /opt/stack/data/cinder/mnt/cc97a4fb759d088fc621b31c3c8b9438/volume-cc763675-4c82-4d55-9dbf-e14e1023ceb8.0b1fa056-6842-4326-b908-400909952e14
Jan 14 14:00:57 devstack sudo[86071]: pam_unix(sudo:session): session opened for user root(uid=0) by (uid=1000)
Jan 14 14:00:58 devstack sudo[86071]: pam_unix(sudo:session): session closed for user root
Jan 14 14:00:58 devstack cinder-volume[82490]: DEBUG oslo_concurrency.processutils [None req-2a6363f6-da69-4023-a653-ae2920795826 tempest-GroupSnapshotsTest-308452285 None] CMD "sudo cinder-rootwrap /etc/cinder/rootwrap.conf qemu-img commit -d /opt/stack/data/cinder/mnt/cc97a4fb759d088fc621b31c3c8b9438/volume-cc763675-4c82-4d55-9dbf-e14e1023ceb8.0b1fa056-6842-4326-b908-400909952e14" returned: 0 in 0.647s {{(pid=82490) execute /opt/stack/data/venv/lib/python3.10/site-packages/oslo_concurrency/processutils.py:372}}
Jan 14 14:00:58 devstack cinder-volume[82490]: DEBUG oslo_concurrency.processutils [None req-2a6363f6-da69-4023-a653-ae2920795826 tempest-GroupSnapshotsTest-308452285 None] Running cmd (subprocess): sudo cinder-rootwrap /etc/cinder/rootwrap.conf rm -f /opt/stack/data/cinder/mnt/cc97a4fb759d088fc621b31c3c8b9438/volume-cc763675-4c82-4d55-9dbf-e14e1023ceb8.0b1fa056-6842-4326-b908-400909952e14 {{(pid=82490) execute /opt/stack/data/venv/lib/python3.10/site-packages/oslo_concurrency/processutils.py:349}}
Jan 14 14:00:58 devstack sudo[86084]: quobyte : PWD=/ ; USER=root ; COMMAND=/opt/stack/data/venv/bin/cinder-rootwrap /etc/cinder/rootwrap.conf rm -f /opt/stack/data/cinder/mnt/cc97a4fb759d088fc621b31c3c8b9438/volume-cc763675-4c82-4d55-9dbf-e14e1023ceb8.0b1fa056-6842-4326-b908-400909952e14
Jan 14 14:00:58 devstack sudo[86084]: pam_unix(sudo:session): session opened for user root(uid=0) by (uid=1000)
Jan 14 14:00:58 devstack cinder-volume[82490]: DEBUG oslo_concurrency.lockutils [req-164a6c17-e183-4bd2-83e4-6d7fef8b02df req-cf5ab4ef-df61-42f4-be51-0f5e86b279ec tempest-TaggedBootDevicesTest_v242-635713634 None] Acquiring lock "quobyte" by "cinder.volume.drivers.quobyte.QuobyteDriver.initialize_connection" {{(pid=82490) inner /opt/stack/data/venv/lib/python3.10/site-packages/oslo_concurrency/lockutils.py:405}}
Jan 14 14:00:58 devstack cinder-volume[82490]: DEBUG oslo_concurrency.lockutils [req-164a6c17-e183-4bd2-83e4-6d7fef8b02df req-cf5ab4ef-df61-42f4-be51-0f5e86b279ec tempest-TaggedBootDevicesTest_v242-635713634 None] Lock "quobyte" acquired by "cinder.volume.drivers.quobyte.QuobyteDriver.initialize_connection" :: waited 0.001s {{(pid=82490) inner /opt/stack/data/venv/lib/python3.10/site-packages/oslo_concurrency/lockutils.py:410}}
Jan 14 14:00:58 devstack cinder-volume[82490]: DEBUG oslo.privsep.daemon [-] privsep: reply[8b8f6860-16c9-46ca-ba67-9a67abeb3c7a]: (4, 'qcow2') {{(pid=83033) _call_back /opt/stack/data/venv/lib/python3.10/site-packages/oslo_privsep/daemon.py:515}}
Jan 14 14:00:58 devstack cinder-volume[82490]: DEBUG oslo_concurrency.processutils [req-164a6c17-e183-4bd2-83e4-6d7fef8b02df req-cf5ab4ef-df61-42f4-be51-0f5e86b279ec tempest-TaggedBootDevicesTest_v242-635713634 None] Running cmd (subprocess): /opt/stack/data/venv/bin/python3.10 -m oslo_concurrency.prlimit --as=1073741824 --cpu=60 -- sudo cinder-rootwrap /etc/cinder/rootwrap.conf env LC_ALL=C qemu-img info -f qcow2 --output=json --force-share /opt/stack/data/cinder/mnt/cc97a4fb759d088fc621b31c3c8b9438/volume-d9460de7-2e4c-4db3-92d3-7462c620bc38 {{(pid=82490) execute /opt/stack/data/venv/lib/python3.10/site-packages/oslo_concurrency/processutils.py:349}}
Jan 14 14:00:58 devstack sudo[86086]: quobyte : PWD=/ ; USER=root ; COMMAND=/opt/stack/data/venv/bin/cinder-rootwrap /etc/cinder/rootwrap.conf env LC_ALL=C qemu-img info -f qcow2 --output=json --force-share /opt/stack/data/cinder/mnt/cc97a4fb759d088fc621b31c3c8b9438/volume-d9460de7-2e4c-4db3-92d3-7462c620bc38
Jan 14 14:00:58 devstack sudo[86086]: pam_unix(sudo:session): session opened for user root(uid=0) by (uid=1000)
Jan 14 14:00:59 devstack sudo[86086]: pam_unix(sudo:session): session closed for user root
