Jan 29 13:15:54 devstack sudo[91774]: pam_unix(sudo:session): session opened for user root(uid=0) by (uid=1000)
Jan 29 13:15:54 devstack sudo[91774]: pam_unix(sudo:session): session closed for user root
Jan 29 13:15:54 devstack cinder-volume[82948]: DEBUG oslo_concurrency.processutils [None req-fd13b8e3-7564-44e2-a388-81199271e4b2 tempest-VolumeSnapshotQuotasNegativeTestJSON-1123557413 None] CMD "/opt/stack/data/venv/bin/python3.10 -m oslo_concurrency.prlimit --as=1073741824 --cpu=60 -- sudo cinder-rootwrap /etc/cinder/rootwrap.conf env LC_ALL=C qemu-img info -f qcow2 --output=json --force-share /opt/stack/data/cinder/mnt/82376effdad41fac7dd943ebee71baa3/volume-fd246e59-114a-4031-b72c-92dbd2a82425" returned: 0 in 0.629s {{(pid=82948) execute /opt/stack/data/venv/lib/python3.10/site-packages/oslo_concurrency/processutils.py:372}}
Jan 29 13:15:54 devstack cinder-volume[82948]: DEBUG oslo_concurrency.processutils [None req-fd13b8e3-7564-44e2-a388-81199271e4b2 tempest-VolumeSnapshotQuotasNegativeTestJSON-1123557413 None] Running cmd (subprocess): sudo cinder-rootwrap /etc/cinder/rootwrap.conf qemu-img create -f qcow2 -o backing_file=/opt/stack/data/cinder/mnt/82376effdad41fac7dd943ebee71baa3/volume-fd246e59-114a-4031-b72c-92dbd2a82425,backing_fmt=qcow2 /opt/stack/data/cinder/mnt/82376effdad41fac7dd943ebee71baa3/volume-fd246e59-114a-4031-b72c-92dbd2a82425.4b068766-057d-4e7f-9853-a3527aa27368 1G {{(pid=82948) execute /opt/stack/data/venv/lib/python3.10/site-packages/oslo_concurrency/processutils.py:349}}
Jan 29 13:15:54 devstack sudo[91779]: quobyte : PWD=/ ; USER=root ; COMMAND=/opt/stack/data/venv/bin/cinder-rootwrap /etc/cinder/rootwrap.conf qemu-img create -f qcow2 -o backing_file=/opt/stack/data/cinder/mnt/82376effdad41fac7dd943ebee71baa3/volume-fd246e59-114a-4031-b72c-92dbd2a82425,backing_fmt=qcow2 /opt/stack/data/cinder/mnt/82376effdad41fac7dd943ebee71baa3/volume-fd246e59-114a-4031-b72c-92dbd2a82425.4b068766-057d-4e7f-9853-a3527aa27368 1G
Jan 29 13:15:54 devstack sudo[91779]: pam_unix(sudo:session): session opened for user root(uid=0) by (uid=1000)
Jan 29 13:15:55 devstack sudo[91779]: pam_unix(sudo:session): session closed for user root
Jan 29 13:15:55 devstack cinder-volume[82948]: DEBUG oslo_concurrency.processutils [None req-fd13b8e3-7564-44e2-a388-81199271e4b2 tempest-VolumeSnapshotQuotasNegativeTestJSON-1123557413 None] CMD "sudo cinder-rootwrap /etc/cinder/rootwrap.conf qemu-img create -f qcow2 -o backing_file=/opt/stack/data/cinder/mnt/82376effdad41fac7dd943ebee71baa3/volume-fd246e59-114a-4031-b72c-92dbd2a82425,backing_fmt=qcow2 /opt/stack/data/cinder/mnt/82376effdad41fac7dd943ebee71baa3/volume-fd246e59-114a-4031-b72c-92dbd2a82425.4b068766-057d-4e7f-9853-a3527aa27368 1G" returned: 0 in 0.683s {{(pid=82948) execute /opt/stack/data/venv/lib/python3.10/site-packages/oslo_concurrency/processutils.py:372}}
Jan 29 13:15:55 devstack cinder-volume[82948]: DEBUG oslo_concurrency.processutils [None req-fd13b8e3-7564-44e2-a388-81199271e4b2 tempest-VolumeSnapshotQuotasNegativeTestJSON-1123557413 None] Running cmd (subprocess): sudo cinder-rootwrap /etc/cinder/rootwrap.conf qemu-img rebase -u -b volume-fd246e59-114a-4031-b72c-92dbd2a82425 -F qcow2 /opt/stack/data/cinder/mnt/82376effdad41fac7dd943ebee71baa3/volume-fd246e59-114a-4031-b72c-92dbd2a82425.4b068766-057d-4e7f-9853-a3527aa27368 {{(pid=82948) execute /opt/stack/data/venv/lib/python3.10/site-packages/oslo_concurrency/processutils.py:349}}
Jan 29 13:15:55 devstack sudo[91785]: quobyte : PWD=/ ; USER=root ; COMMAND=/opt/stack/data/venv/bin/cinder-rootwrap /etc/cinder/rootwrap.conf qemu-img rebase -u -b volume-fd246e59-114a-4031-b72c-92dbd2a82425 -F qcow2 /opt/stack/data/cinder/mnt/82376effdad41fac7dd943ebee71baa3/volume-fd246e59-114a-4031-b72c-92dbd2a82425.4b068766-057d-4e7f-9853-a3527aa27368
Jan 29 13:15:55 devstack sudo[91785]: pam_unix(sudo:session): session opened for user root(uid=0) by (uid=1000)
Jan 29 13:15:55 devstack sudo[91785]: pam_unix(sudo:session): session closed for user root
Jan 29 13:15:55 devstack cinder-volume[82948]: DEBUG oslo_concurrency.processutils [None req-fd13b8e3-7564-44e2-a388-81199271e4b2 tempest-VolumeSnapshotQuotasNegativeTestJSON-1123557413 None] CMD "sudo cinder-rootwrap /etc/cinder/rootwrap.conf qemu-img rebase -u -b volume-fd246e59-114a-4031-b72c-92dbd2a82425 -F qcow2 /opt/stack/data/cinder/mnt/82376effdad41fac7dd943ebee71baa3/volume-fd246e59-114a-4031-b72c-92dbd2a82425.4b068766-057d-4e7f-9853-a3527aa27368" returned: 0 in 0.543s {{(pid=82948) execute /opt/stack/data/venv/lib/python3.10/site-packages/oslo_concurrency/processutils.py:372}}
Jan 29 13:15:55 devstack cinder-volume[82948]: WARNING cinder.volume.drivers.remotefs [None req-fd13b8e3-7564-44e2-a388-81199271e4b2 tempest-VolumeSnapshotQuotasNegativeTestJSON-1123557413 None] /opt/stack/data/cinder/mnt/82376effdad41fac7dd943ebee71baa3/volume-fd246e59-114a-4031-b72c-92dbd2a82425.4b068766-057d-4e7f-9853-a3527aa27368 is being set with open permissions: ugo+rw
Jan 29 13:15:55 devstack cinder-volume[82948]: DEBUG oslo_concurrency.processutils [None req-fd13b8e3-7564-44e2-a388-81199271e4b2 tempest-VolumeSnapshotQuotasNegativeTestJSON-1123557413 None] Running cmd (subprocess): sudo cinder-rootwrap /etc/cinder/rootwrap.conf chmod ugo+rw /opt/stack/data/cinder/mnt/82376effdad41fac7dd943ebee71baa3/volume-fd246e59-114a-4031-b72c-92dbd2a82425.4b068766-057d-4e7f-9853-a3527aa27368 {{(pid=82948) execute /opt/stack/data/venv/lib/python3.10/site-packages/oslo_concurrency/processutils.py:349}}
Jan 29 13:15:55 devstack sudo[91790]: quobyte : PWD=/ ; USER=root ; COMMAND=/opt/stack/data/venv/bin/cinder-rootwrap /etc/cinder/rootwrap.conf chmod ugo+rw /opt/stack/data/cinder/mnt/82376effdad41fac7dd943ebee71baa3/volume-fd246e59-114a-4031-b72c-92dbd2a82425.4b068766-057d-4e7f-9853-a3527aa27368
Jan 29 13:15:55 devstack sudo[91790]: pam_unix(sudo:session): session opened for user root(uid=0) by (uid=1000)
Jan 29 13:15:56 devstack sudo[91790]: pam_unix(sudo:session): session closed for user root
Jan 29 13:15:56 devstack cinder-volume[82948]: DEBUG oslo_concurrency.processutils [None req-fd13b8e3-7564-44e2-a388-81199271e4b2 tempest-VolumeSnapshotQuotasNegativeTestJSON-1123557413 None] CMD "sudo cinder-rootwrap /etc/cinder/rootwrap.conf chmod ugo+rw /opt/stack/data/cinder/mnt/82376effdad41fac7dd943ebee71baa3/volume-fd246e59-114a-4031-b72c-92dbd2a82425.4b068766-057d-4e7f-9853-a3527aa27368" returned: 0 in 0.473s {{(pid=82948) execute /opt/stack/data/venv/lib/python3.10/site-packages/oslo_concurrency/processutils.py:372}}
Jan 29 13:15:56 devstack cinder-volume[82948]: DEBUG oslo_concurrency.processutils [None req-fd13b8e3-7564-44e2-a388-81199271e4b2 tempest-VolumeSnapshotQuotasNegativeTestJSON-1123557413 None] Running cmd (subprocess): sudo cinder-rootwrap /etc/cinder/rootwrap.conf truncate -s0 /opt/stack/data/cinder/mnt/82376effdad41fac7dd943ebee71baa3/volume-fd246e59-114a-4031-b72c-92dbd2a82425.info {{(pid=82948) execute /opt/stack/data/venv/lib/python3.10/site-packages/oslo_concurrency/processutils.py:349}}
Jan 29 13:15:56 devstack sudo[91793]: quobyte : PWD=/ ; USER=root ; COMMAND=/opt/stack/data/venv/bin/cinder-rootwrap /etc/cinder/rootwrap.conf truncate -s0 /opt/stack/data/cinder/mnt/82376effdad41fac7dd943ebee71baa3/volume-fd246e59-114a-4031-b72c-92dbd2a82425.info
Jan 29 13:15:56 devstack sudo[91793]: pam_unix(sudo:session): session opened for user root(uid=0) by (uid=1000)
Jan 29 13:15:56 devstack sudo[91793]: pam_unix(sudo:session): session closed for user root
Jan 29 13:15:56 devstack cinder-volume[82948]: DEBUG oslo_concurrency.processutils [None req-fd13b8e3-7564-44e2-a388-81199271e4b2 tempest-VolumeSnapshotQuotasNegativeTestJSON-1123557413 None] CMD "sudo cinder-rootwrap /etc/cinder/rootwrap.conf truncate -s0 /opt/stack/data/cinder/mnt/82376effdad41fac7dd943ebee71baa3/volume-fd246e59-114a-4031-b72c-92dbd2a82425.info" returned: 0 in 0.435s {{(pid=82948) execute /opt/stack/data/venv/lib/python3.10/site-packages/oslo_concurrency/processutils.py:372}}
Jan 29 13:15:56 devstack cinder-volume[82948]: WARNING cinder.volume.drivers.remotefs [None req-fd13b8e3-7564-44e2-a388-81199271e4b2 tempest-VolumeSnapshotQuotasNegativeTestJSON-1123557413 None] /opt/stack/data/cinder/mnt/82376effdad41fac7dd943ebee71baa3/volume-fd246e59-114a-4031-b72c-92dbd2a82425.info is being set with open permissions: ugo+rw
Jan 29 13:15:56 devstack cinder-volume[82948]: DEBUG oslo_concurrency.processutils [None req-fd13b8e3-7564-44e2-a388-81199271e4b2 tempest-VolumeSnapshotQuotasNegativeTestJSON-1123557413 None] Running cmd (subprocess): sudo cinder-rootwrap /etc/cinder/rootwrap.conf chmod ugo+rw /opt/stack/data/cinder/mnt/82376effdad41fac7dd943ebee71baa3/volume-fd246e59-114a-4031-b72c-92dbd2a82425.info {{(pid=82948) execute /opt/stack/data/venv/lib/python3.10/site-packages/oslo_concurrency/processutils.py:349}}
Jan 29 13:15:56 devstack sudo[91796]: quobyte : PWD=/ ; USER=root ; COMMAND=/opt/stack/data/venv/bin/cinder-rootwrap /etc/cinder/rootwrap.conf chmod ugo+rw /opt/stack/data/cinder/mnt/82376effdad41fac7dd943ebee71baa3/volume-fd246e59-114a-4031-b72c-92dbd2a82425.info
Jan 29 13:15:56 devstack sudo[91796]: pam_unix(sudo:session): session opened for user root(uid=0) by (uid=1000)
Jan 29 13:15:57 devstack sudo[91796]: pam_unix(sudo:session): session closed for user root
Jan 29 13:15:57 devstack cinder-volume[82948]: DEBUG oslo_concurrency.processutils [None req-fd13b8e3-7564-44e2-a388-81199271e4b2 tempest-VolumeSnapshotQuotasNegativeTestJSON-1123557413 None] CMD "sudo cinder-rootwrap /etc/cinder/rootwrap.conf chmod ugo+rw /opt/stack/data/cinder/mnt/82376effdad41fac7dd943ebee71baa3/volume-fd246e59-114a-4031-b72c-92dbd2a82425.info" returned: 0 in 0.485s {{(pid=82948) execute /opt/stack/data/venv/lib/python3.10/site-packages/oslo_concurrency/processutils.py:372}}
Jan 29 13:15:57 devstack cinder-volume[82948]: DEBUG oslo_concurrency.lockutils [None req-fd13b8e3-7564-44e2-a388-81199271e4b2 tempest-VolumeSnapshotQuotasNegativeTestJSON-1123557413 None] Lock "quobyte" "released" by "cinder.volume.drivers.quobyte.QuobyteDriver.create_snapshot" :: held 3.319s {{(pid=82948) inner /opt/stack/data/venv/lib/python3.10/site-packages/oslo_concurrency/lockutils.py:424}}
Jan 29 13:15:57 devstack cinder-volume[82948]: INFO cinder.volume.manager [None req-fd13b8e3-7564-44e2-a388-81199271e4b2 tempest-VolumeSnapshotQuotasNegativeTestJSON-1123557413 None] Create snapshot completed successfully
Jan 29 13:15:58 devstack cinder-volume[82948]: DEBUG cinder.coordination [None req-d61116a9-1871-4a7d-a494-7da656f703f0 tempest-VolumeSnapshotQuotasNegativeTestJSON-1123557413 None] Acquiring lock "cinder-4b068766-057d-4e7f-9853-a3527aa27368-delete_snapshot" by "delete_snapshot" {{(pid=82948) __acquire /opt/stack/cinder/cinder/coordination.py:143}}
Jan 29 13:15:58 devstack cinder-volume[82948]: DEBUG cinder.coordination [None req-d61116a9-1871-4a7d-a494-7da656f703f0 tempest-VolumeSnapshotQuotasNegativeTestJSON-1123557413 None] Lock "cinder-4b068766-057d-4e7f-9853-a3527aa27368-delete_snapshot" acquired by "delete_snapshot" :: waited 0.028s {{(pid=82948) __acquire /opt/stack/cinder/cinder/coordination.py:146}}
Jan 29 13:15:58 devstack cinder-volume[82948]: WARNING cinder.volume.volume_utils [None req-d61116a9-1871-4a7d-a494-7da656f703f0 tempest-VolumeSnapshotQuotasNegativeTestJSON-1123557413 None] Volume driver (QuobyteDriver 1.1.13) is currently unsupported and may be removed in the next release of OpenStack. Use at your own risk.
Jan 29 13:15:58 devstack cinder-volume[82948]: DEBUG cinder.coordination [None req-d61116a9-1871-4a7d-a494-7da656f703f0 tempest-VolumeSnapshotQuotasNegativeTestJSON-1123557413 None] Acquiring lock "cinder-quobyte-fd246e59-114a-4031-b72c-92dbd2a82425" by "delete_snapshot" {{(pid=82948) __acquire /opt/stack/cinder/cinder/coordination.py:143}}
Jan 29 13:15:58 devstack cinder-volume[82948]: DEBUG cinder.coordination [None req-d61116a9-1871-4a7d-a494-7da656f703f0 tempest-VolumeSnapshotQuotasNegativeTestJSON-1123557413 None] Lock "cinder-quobyte-fd246e59-114a-4031-b72c-92dbd2a82425" acquired by "delete_snapshot" :: waited 0.010s {{(pid=82948) __acquire /opt/stack/cinder/cinder/coordination.py:146}}
Jan 29 13:15:58 devstack cinder-volume[82948]: DEBUG cinder.coordination [None req-d61116a9-1871-4a7d-a494-7da656f703f0 tempest-VolumeSnapshotQuotasNegativeTestJSON-1123557413 None] Acquiring lock "cinder-quobyte-4b068766-057d-4e7f-9853-a3527aa27368" by "_delete_snapshot" {{(pid=82948) __acquire /opt/stack/cinder/cinder/coordination.py:143}}
Jan 29 13:15:58 devstack cinder-volume[82948]: DEBUG cinder.coordination [None req-d61116a9-1871-4a7d-a494-7da656f703f0 tempest-VolumeSnapshotQuotasNegativeTestJSON-1123557413 None] Lock "cinder-quobyte-4b068766-057d-4e7f-9853-a3527aa27368" acquired by "_delete_snapshot" :: waited 0.008s {{(pid=82948) __acquire /opt/stack/cinder/cinder/coordination.py:146}}
Jan 29 13:15:58 devstack cinder-volume[82948]: DEBUG cinder.volume.drivers.remotefs [None req-d61116a9-1871-4a7d-a494-7da656f703f0 tempest-VolumeSnapshotQuotasNegativeTestJSON-1123557413 None] Deleting offline snapshot 4b068766-057d-4e7f-9853-a3527aa27368 of volume fd246e59-114a-4031-b72c-92dbd2a82425 {{(pid=82948) _delete_snapshot /opt/stack/cinder/cinder/volume/drivers/remotefs.py:1290}}
Jan 29 13:15:58 devstack cinder-volume[82948]: DEBUG cinder.volume.drivers.remotefs [None req-d61116a9-1871-4a7d-a494-7da656f703f0 tempest-VolumeSnapshotQuotasNegativeTestJSON-1123557413 None] snapshot_file for this snap is: volume-fd246e59-114a-4031-b72c-92dbd2a82425.4b068766-057d-4e7f-9853-a3527aa27368 {{(pid=82948) _delete_snapshot /opt/stack/cinder/cinder/volume/drivers/remotefs.py:1319}}
Jan 29 13:15:58 devstack cinder-volume[82948]: DEBUG oslo.privsep.daemon [-] privsep: reply[eb303534-01d6-45ed-a722-a3c1b2748c80]: (4, 'qcow2') {{(pid=84091) _call_back /opt/stack/data/venv/lib/python3.10/site-packages/oslo_privsep/daemon.py:515}}
Jan 29 13:15:58 devstack cinder-volume[82948]: DEBUG oslo_concurrency.processutils [None req-d61116a9-1871-4a7d-a494-7da656f703f0 tempest-VolumeSnapshotQuotasNegativeTestJSON-1123557413 None] Running cmd (subprocess): /opt/stack/data/venv/bin/python3.10 -m oslo_concurrency.prlimit --as=1073741824 --cpu=60 -- sudo cinder-rootwrap /etc/cinder/rootwrap.conf env LC_ALL=C qemu-img info -f qcow2 --output=json --force-share /opt/stack/data/cinder/mnt/82376effdad41fac7dd943ebee71baa3/volume-fd246e59-114a-4031-b72c-92dbd2a82425.4b068766-057d-4e7f-9853-a3527aa27368 {{(pid=82948) execute /opt/stack/data/venv/lib/python3.10/site-packages/oslo_concurrency/processutils.py:349}}
Jan 29 13:15:58 devstack sudo[91799]: quobyte : PWD=/ ; USER=root ; COMMAND=/opt/stack/data/venv/bin/cinder-rootwrap /etc/cinder/rootwrap.conf env LC_ALL=C qemu-img info -f qcow2 --output=json --force-share /opt/stack/data/cinder/mnt/82376effdad41fac7dd943ebee71baa3/volume-fd246e59-114a-4031-b72c-92dbd2a82425.4b068766-057d-4e7f-9853-a3527aa27368
Jan 29 13:15:58 devstack sudo[91799]: pam_unix(sudo:session): session opened for user root(uid=0) by (uid=1000)
Jan 29 13:15:59 devstack sudo[91799]: pam_unix(sudo:session): session closed for user root
Jan 29 13:15:59 devstack cinder-volume[82948]: DEBUG oslo_concurrency.processutils [None req-d61116a9-1871-4a7d-a494-7da656f703f0 tempest-VolumeSnapshotQuotasNegativeTestJSON-1123557413 None] CMD "/opt/stack/data/venv/bin/python3.10 -m oslo_concurrency.prlimit --as=1073741824 --cpu=60 -- sudo cinder-rootwrap /etc/cinder/rootwrap.conf env LC_ALL=C qemu-img info -f qcow2 --output=json --force-share /opt/stack/data/cinder/mnt/82376effdad41fac7dd943ebee71baa3/volume-fd246e59-114a-4031-b72c-92dbd2a82425.4b068766-057d-4e7f-9853-a3527aa27368" returned: 0 in 0.632s {{(pid=82948) execute /opt/stack/data/venv/lib/python3.10/site-packages/oslo_concurrency/processutils.py:372}}
Jan 29 13:15:59 devstack cinder-volume[82948]: DEBUG cinder.volume.drivers.remotefs [None req-d61116a9-1871-4a7d-a494-7da656f703f0 tempest-VolumeSnapshotQuotasNegativeTestJSON-1123557413 None] Fetching qemu-img info with special backing_file_template: (/opt/stack/data/cinder/mnt/[0-9a-f]+/)?(volume-fd246e59-114a-4031-b72c-92dbd2a82425(.(tmp-snap-)?[0-9a-f-]+)?|volume_from_snapshot_cache/(tmp-snap-)?[0-9a-f-]+(.(child-|parent-)[0-9a-f-]+)?)$ {{(pid=82948) _qemu_img_info_base /opt/stack/cinder/cinder/volume/drivers/remotefs.py:898}}
Jan 29 13:15:59 devstack cinder-volume[82948]: DEBUG oslo.privsep.daemon [-] privsep: reply[27e61d9d-b938-4d23-8f1a-d465d7b68a05]: (4, 'qcow2') {{(pid=84091) _call_back /opt/stack/data/venv/lib/python3.10/site-packages/oslo_privsep/daemon.py:515}}
Jan 29 13:15:59 devstack cinder-volume[82948]: DEBUG oslo_concurrency.processutils [None req-d61116a9-1871-4a7d-a494-7da656f703f0 tempest-VolumeSnapshotQuotasNegativeTestJSON-1123557413 None] Running cmd (subprocess): /opt/stack/data/venv/bin/python3.10 -m oslo_concurrency.prlimit --as=1073741824 --cpu=60 -- sudo cinder-rootwrap /etc/cinder/rootwrap.conf env LC_ALL=C qemu-img info -f qcow2 --output=json --force-share /opt/stack/data/cinder/mnt/82376effdad41fac7dd943ebee71baa3/volume-fd246e59-114a-4031-b72c-92dbd2a82425 {{(pid=82948) execute /opt/stack/data/venv/lib/python3.10/site-packages/oslo_concurrency/processutils.py:349}}
Jan 29 13:15:59 devstack sudo[91804]: quobyte : PWD=/ ; USER=root ; COMMAND=/opt/stack/data/venv/bin/cinder-rootwrap /etc/cinder/rootwrap.conf env LC_ALL=C qemu-img info -f qcow2 --output=json --force-share /opt/stack/data/cinder/mnt/82376effdad41fac7dd943ebee71baa3/volume-fd246e59-114a-4031-b72c-92dbd2a82425
Jan 29 13:15:59 devstack sudo[91804]: pam_unix(sudo:session): session opened for user root(uid=0) by (uid=1000)
Jan 29 13:15:59 devstack sudo[91804]: pam_unix(sudo:session): session closed for user root
Jan 29 13:15:59 devstack cinder-volume[82948]: DEBUG oslo_concurrency.processutils [None req-d61116a9-1871-4a7d-a494-7da656f703f0 tempest-VolumeSnapshotQuotasNegativeTestJSON-1123557413 None] CMD "/opt/stack/data/venv/bin/python3.10 -m oslo_concurrency.prlimit --as=1073741824 --cpu=60 -- sudo cinder-rootwrap /etc/cinder/rootwrap.conf env LC_ALL=C qemu-img info -f qcow2 --output=json --force-share /opt/stack/data/cinder/mnt/82376effdad41fac7dd943ebee71baa3/volume-fd246e59-114a-4031-b72c-92dbd2a82425" returned: 0 in 0.711s {{(pid=82948) execute /opt/stack/data/venv/lib/python3.10/site-packages/oslo_concurrency/processutils.py:372}}
Jan 29 13:15:59 devstack cinder-volume[82948]: DEBUG oslo_concurrency.processutils [None req-d61116a9-1871-4a7d-a494-7da656f703f0 tempest-VolumeSnapshotQuotasNegativeTestJSON-1123557413 None] Running cmd (subprocess): sudo cinder-rootwrap /etc/cinder/rootwrap.conf qemu-img commit -d /opt/stack/data/cinder/mnt/82376effdad41fac7dd943ebee71baa3/volume-fd246e59-114a-4031-b72c-92dbd2a82425.4b068766-057d-4e7f-9853-a3527aa27368 {{(pid=82948) execute /opt/stack/data/venv/lib/python3.10/site-packages/oslo_concurrency/processutils.py:349}}
Jan 29 13:16:00 devstack sudo[91810]: quobyte : PWD=/ ; USER=root ; COMMAND=/opt/stack/data/venv/bin/cinder-rootwrap /etc/cinder/rootwrap.conf qemu-img commit -d /opt/stack/data/cinder/mnt/82376effdad41fac7dd943ebee71baa3/volume-fd246e59-114a-4031-b72c-92dbd2a82425.4b068766-057d-4e7f-9853-a3527aa27368
Jan 29 13:16:00 devstack sudo[91810]: pam_unix(sudo:session): session opened for user root(uid=0) by (uid=1000)
Jan 29 13:16:00 devstack cinder-volume[82948]: DEBUG oslo_concurrency.lockutils [req-4c2480ec-34f8-4d4f-b626-3309ad687ee9 req-edfad47e-b04d-4090-a955-260e3394b65e tempest-TaggedBootDevicesTest_v242-801980933 None] Acquiring lock "quobyte" by "cinder.volume.drivers.quobyte.QuobyteDriver.initialize_connection" {{(pid=82948) inner /opt/stack/data/venv/lib/python3.10/site-packages/oslo_concurrency/lockutils.py:405}}
Jan 29 13:16:00 devstack cinder-volume[82948]: DEBUG oslo_concurrency.lockutils [req-4c2480ec-34f8-4d4f-b626-3309ad687ee9 req-edfad47e-b04d-4090-a955-260e3394b65e tempest-TaggedBootDevicesTest_v242-801980933 None] Lock "quobyte" acquired by "cinder.volume.drivers.quobyte.QuobyteDriver.initialize_connection" :: waited 0.001s {{(pid=82948) inner /opt/stack/data/venv/lib/python3.10/site-packages/oslo_concurrency/lockutils.py:410}}
Jan 29 13:16:00 devstack cinder-volume[82948]: DEBUG oslo.privsep.daemon [-] privsep: reply[406f6cdc-8d53-4dda-a1a3-100d16c99524]: (4, 'raw') {{(pid=84091) _call_back /opt/stack/data/venv/lib/python3.10/site-packages/oslo_privsep/daemon.py:515}}
Jan 29 13:16:00 devstack cinder-volume[82948]: DEBUG oslo_concurrency.processutils [req-4c2480ec-34f8-4d4f-b626-3309ad687ee9 req-edfad47e-b04d-4090-a955-260e3394b65e tempest-TaggedBootDevicesTest_v242-801980933 None] Running cmd (subprocess): /opt/stack/data/venv/bin/python3.10 -m oslo_concurrency.prlimit --as=1073741824 --cpu=60 -- sudo cinder-rootwrap /etc/cinder/rootwrap.conf env LC_ALL=C qemu-img info -f raw --output=json --force-share /opt/stack/data/cinder/mnt/82376effdad41fac7dd943ebee71baa3/volume-fa50e9e1-daab-4389-b19c-59b94ed6ed50 {{(pid=82948) execute /opt/stack/data/venv/lib/python3.10/site-packages/oslo_concurrency/processutils.py:349}}
Jan 29 13:16:00 devstack sudo[91810]: pam_unix(sudo:session): session closed for user root
Jan 29 13:16:00 devstack cinder-volume[82948]: DEBUG oslo_concurrency.processutils [None req-d61116a9-1871-4a7d-a494-7da656f703f0 tempest-VolumeSnapshotQuotasNegativeTestJSON-1123557413 None] CMD "sudo cinder-rootwrap /etc/cinder/rootwrap.conf qemu-img commit -d /opt/stack/data/cinder/mnt/82376effdad41fac7dd943ebee71baa3/volume-fd246e59-114a-4031-b72c-92dbd2a82425.4b068766-057d-4e7f-9853-a3527aa27368" returned: 0 in 0.644s {{(pid=82948) execute /opt/stack/data/venv/lib/python3.10/site-packages/oslo_concurrency/processutils.py:372}}
Jan 29 13:16:00 devstack cinder-volume[82948]: DEBUG oslo_concurrency.processutils [None req-d61116a9-1871-4a7d-a494-7da656f703f0 tempest-VolumeSnapshotQuotasNegativeTestJSON-1123557413 None] Running cmd (subprocess): sudo cinder-rootwrap /etc/cinder/rootwrap.conf rm -f /opt/stack/data/cinder/mnt/82376effdad41fac7dd943ebee71baa3/volume-fd246e59-114a-4031-b72c-92dbd2a82425.4b068766-057d-4e7f-9853-a3527aa27368 {{(pid=82948) execute /opt/stack/data/venv/lib/python3.10/site-packages/oslo_concurrency/processutils.py:349}}
Jan 29 13:16:00 devstack sudo[91824]: quobyte : PWD=/ ; USER=root ; COMMAND=/opt/stack/data/venv/bin/cinder-rootwrap /etc/cinder/rootwrap.conf rm -f /opt/stack/data/cinder/mnt/82376effdad41fac7dd943ebee71baa3/volume-fd246e59-114a-4031-b72c-92dbd2a82425.4b068766-057d-4e7f-9853-a3527aa27368
Jan 29 13:16:00 devstack sudo[91824]: pam_unix(sudo:session): session opened for user root(uid=0) by (uid=1000)
Jan 29 13:16:00 devstack sudo[91822]: quobyte : PWD=/ ; USER=root ; COMMAND=/opt/stack/data/venv/bin/cinder-rootwrap /etc/cinder/rootwrap.conf env LC_ALL=C qemu-img info -f raw --output=json --force-share /opt/stack/data/cinder/mnt/82376effdad41fac7dd943ebee71baa3/volume-fa50e9e1-daab-4389-b19c-59b94ed6ed50
Jan 29 13:16:00 devstack sudo[91822]: pam_unix(sudo:session): session opened for user root(uid=0) by (uid=1000)
Jan 29 13:16:01 devstack sudo[91822]: pam_unix(sudo:session): session closed for user root
Jan 29 13:16:01 devstack cinder-volume[82948]: DEBUG oslo_concurrency.processutils [req-4c2480ec-34f8-4d4f-b626-3309ad687ee9 req-edfad47e-b04d-4090-a955-260e3394b65e tempest-TaggedBootDevicesTest_v242-801980933 None] CMD "/opt/stack/data/venv/bin/python3.10 -m oslo_concurrency.prlimit --as=1073741824 --cpu=60 -- sudo cinder-rootwrap /etc/cinder/rootwrap.conf env LC_ALL=C qemu-img info -f raw --output=json --force-share /opt/stack/data/cinder/mnt/82376effdad41fac7dd943ebee71baa3/volume-fa50e9e1-daab-4389-b19c-59b94ed6ed50" returned: 0 in 0.790s {{(pid=82948) execute /opt/stack/data/venv/lib/python3.10/site-packages/oslo_concurrency/processutils.py:372}}
Jan 29 13:16:01 devstack cinder-volume[82948]: DEBUG oslo_concurrency.processutils [req-4c2480ec-34f8-4d4f-b626-3309ad687ee9 req-edfad47e-b04d-4090-a955-260e3394b65e tempest-TaggedBootDevicesTest_v242-801980933 None] Running cmd (subprocess): /opt/stack/data/venv/bin/python3.10 -m oslo_concurrency.prlimit --as=1073741824 --cpu=60 -- sudo cinder-rootwrap /etc/cinder/rootwrap.conf env LC_ALL=C qemu-img info -f luks --output=json --force-share /opt/stack/data/cinder/mnt/82376effdad41fac7dd943ebee71baa3/volume-fa50e9e1-daab-4389-b19c-59b94ed6ed50 {{(pid=82948) execute /opt/stack/data/venv/lib/python3.10/site-packages/oslo_concurrency/processutils.py:349}}
Jan 29 13:16:01 devstack sudo[91824]: pam_unix(sudo:session): session closed for user root
Jan 29 13:16:01 devstack cinder-volume[82948]: DEBUG oslo_concurrency.processutils [None req-d61116a9-1871-4a7d-a494-7da656f703f0 tempest-VolumeSnapshotQuotasNegativeTestJSON-1123557413 None] CMD "sudo cinder-rootwrap /etc/cinder/rootwrap.conf rm -f /opt/stack/data/cinder/mnt/82376effdad41fac7dd943ebee71baa3/volume-fd246e59-114a-4031-b72c-92dbd2a82425.4b068766-057d-4e7f-9853-a3527aa27368" returned: 0 in 0.667s {{(pid=82948) execute /opt/stack/data/venv/lib/python3.10/site-packages/oslo_concurrency/processutils.py:372}}
Jan 29 13:16:01 devstack cinder-volume[82948]: DEBUG cinder.coordination [None req-d61116a9-1871-4a7d-a494-7da656f703f0 tempest-VolumeSnapshotQuotasNegativeTestJSON-1123557413 None] Lock "cinder-quobyte-4b068766-057d-4e7f-9853-a3527aa27368" released by "_delete_snapshot" :: held 2.758s {{(pid=82948) __release /opt/stack/cinder/cinder/coordination.py:157}}
Jan 29 13:16:01 devstack cinder-volume[82948]: DEBUG cinder.coordination [None req-d61116a9-1871-4a7d-a494-7da656f703f0 tempest-VolumeSnapshotQuotasNegativeTestJSON-1123557413 None] Lock "cinder-quobyte-fd246e59-114a-4031-b72c-92dbd2a82425" released by "delete_snapshot" :: held 2.772s {{(pid=82948) __release /opt/stack/cinder/cinder/coordination.py:157}}
Jan 29 13:16:01 devstack cinder-volume[82948]: WARNING cinder.quota [None req-d61116a9-1871-4a7d-a494-7da656f703f0 tempest-VolumeSnapshotQuotasNegativeTestJSON-1123557413 None] Deprecated: Default quota for resource: snapshots_QuobyteHD is set by the default quota flag: quota_snapshots_QuobyteHD, it is now deprecated. Please use the default quota class for default quota.
Jan 29 13:16:01 devstack cinder-volume[82948]: DEBUG cinder.quota [None req-d61116a9-1871-4a7d-a494-7da656f703f0 tempest-VolumeSnapshotQuotasNegativeTestJSON-1123557413 None] Created reservations ['25b4a954-3fb7-474f-94fe-741413c953cb', '2146ed6f-af63-4956-85f4-de366d5ed8d9', '2a75db9e-6ddb-42a3-bb83-ba888219b57f', 'ac8d7dcb-d11a-45b7-85bf-0f3a8d5682a2'] {{(pid=82948) reserve /opt/stack/cinder/cinder/quota.py:752}}
Jan 29 13:16:01 devstack sudo[91831]: quobyte : PWD=/ ; USER=root ; COMMAND=/opt/stack/data/venv/bin/cinder-rootwrap /etc/cinder/rootwrap.conf env LC_ALL=C qemu-img info -f luks --output=json --force-share /opt/stack/data/cinder/mnt/82376effdad41fac7dd943ebee71baa3/volume-fa50e9e1-daab-4389-b19c-59b94ed6ed50
Jan 29 13:16:01 devstack sudo[91831]: pam_unix(sudo:session): session opened for user root(uid=0) by (uid=1000)
Jan 29 13:16:01 devstack cinder-volume[82948]: INFO cinder.volume.manager [None req-d61116a9-1871-4a7d-a494-7da656f703f0 tempest-VolumeSnapshotQuotasNegativeTestJSON-1123557413 None] Delete snapshot completed successfully.
Jan 29 13:16:01 devstack cinder-volume[82948]: DEBUG cinder.coordination [None req-d61116a9-1871-4a7d-a494-7da656f703f0 tempest-VolumeSnapshotQuotasNegativeTestJSON-1123557413 None] Lock "cinder-4b068766-057d-4e7f-9853-a3527aa27368-delete_snapshot" released by "delete_snapshot" :: held 2.880s {{(pid=82948) __release /opt/stack/cinder/cinder/coordination.py:157}}
Jan 29 13:16:01 devstack cinder-volume[82948]: DEBUG cinder.coordination [None req-9e9d59c7-2efe-48dc-8db6-79a7d94dc0ec tempest-VolumeSnapshotQuotasNegativeTestJSON-1123557413 None] Acquiring lock "cinder-fd246e59-114a-4031-b72c-92dbd2a82425-delete_volume" by "delete_volume" {{(pid=82948) __acquire /opt/stack/cinder/cinder/coordination.py:143}}
Jan 29 13:16:01 devstack cinder-volume[82948]: DEBUG cinder.coordination [None req-9e9d59c7-2efe-48dc-8db6-79a7d94dc0ec tempest-VolumeSnapshotQuotasNegativeTestJSON-1123557413 None] Lock "cinder-fd246e59-114a-4031-b72c-92dbd2a82425-delete_volume" acquired by "delete_volume" :: waited 0.008s {{(pid=82948) __acquire /opt/stack/cinder/cinder/coordination.py:146}}
Jan 29 13:16:01 devstack cinder-volume[82948]: WARNING cinder.volume.volume_utils [None req-9e9d59c7-2efe-48dc-8db6-79a7d94dc0ec tempest-VolumeSnapshotQuotasNegativeTestJSON-1123557413 None] Volume driver (QuobyteDriver 1.1.13) is currently unsupported and may be removed in the next release of OpenStack. Use at your own risk.
Jan 29 13:16:01 devstack cinder-volume[82948]: DEBUG cinder.coordination [None req-9e9d59c7-2efe-48dc-8db6-79a7d94dc0ec tempest-VolumeSnapshotQuotasNegativeTestJSON-1123557413 None] Acquiring lock "cinder-quobyte-fd246e59-114a-4031-b72c-92dbd2a82425" by "delete_volume" {{(pid=82948) __acquire /opt/stack/cinder/cinder/coordination.py:143}}
Jan 29 13:16:01 devstack cinder-volume[82948]: DEBUG cinder.coordination [None req-9e9d59c7-2efe-48dc-8db6-79a7d94dc0ec tempest-VolumeSnapshotQuotasNegativeTestJSON-1123557413 None] Lock "cinder-quobyte-fd246e59-114a-4031-b72c-92dbd2a82425" acquired by "delete_volume" :: waited 0.016s {{(pid=82948) __acquire /opt/stack/cinder/cinder/coordination.py:146}}
Jan 29 13:16:01 devstack cinder-volume[82948]: DEBUG oslo.privsep.daemon [-] privsep: reply[daa9a23d-b45f-4fe9-8f72-36359f9cc13c]: (4, 'qcow2') {{(pid=84091) _call_back /opt/stack/data/venv/lib/python3.10/site-packages/oslo_privsep/daemon.py:515}}
Jan 29 13:16:01 devstack cinder-volume[82948]: DEBUG oslo_concurrency.processutils [None req-9e9d59c7-2efe-48dc-8db6-79a7d94dc0ec tempest-VolumeSnapshotQuotasNegativeTestJSON-1123557413 None] Running cmd (subprocess): /opt/stack/data/venv/bin/python3.10 -m oslo_concurrency.prlimit --as=1073741824 --cpu=60 -- sudo cinder-rootwrap /etc/cinder/rootwrap.conf env LC_ALL=C qemu-img info -f qcow2 --output=json --force-share /opt/stack/data/cinder/mnt/82376effdad41fac7dd943ebee71baa3/volume-fd246e59-114a-4031-b72c-92dbd2a82425 {{(pid=82948) execute /opt/stack/data/venv/lib/python3.10/site-packages/oslo_concurrency/processutils.py:349}}
Jan 29 13:16:02 devstack sudo[91833]: quobyte : PWD=/ ; USER=root ; COMMAND=/opt/stack/data/venv/bin/cinder-rootwrap /etc/cinder/rootwrap.conf env LC_ALL=C qemu-img info -f qcow2 --output=json --force-share /opt/stack/data/cinder/mnt/82376effdad41fac7dd943ebee71baa3/volume-fd246e59-114a-4031-b72c-92dbd2a82425
Jan 29 13:16:02 devstack sudo[91833]: pam_unix(sudo:session): session opened for user root(uid=0) by (uid=1000)
Jan 29 13:16:02 devstack sudo[91831]: pam_unix(sudo:session): session closed for user root
Jan 29 13:16:02 devstack cinder-volume[82948]: DEBUG oslo_concurrency.processutils [req-4c2480ec-34f8-4d4f-b626-3309ad687ee9 req-edfad47e-b04d-4090-a955-260e3394b65e tempest-TaggedBootDevicesTest_v242-801980933 None] CMD "/opt/stack/data/venv/bin/python3.10 -m oslo_concurrency.prlimit --as=1073741824 --cpu=60 -- sudo cinder-rootwrap /etc/cinder/rootwrap.conf env LC_ALL=C qemu-img info -f luks --output=json --force-share /opt/stack/data/cinder/mnt/82376effdad41fac7dd943ebee71baa3/volume-fa50e9e1-daab-4389-b19c-59b94ed6ed50" returned: 1 in 0.778s {{(pid=82948) execute /opt/stack/data/venv/lib/python3.10/site-packages/oslo_concurrency/processutils.py:372}}
Jan 29 13:16:02 devstack cinder-volume[82948]: DEBUG oslo_concurrency.processutils [req-4c2480ec-34f8-4d4f-b626-3309ad687ee9 req-edfad47e-b04d-4090-a955-260e3394b65e tempest-TaggedBootDevicesTest_v242-801980933 None] '/opt/stack/data/venv/bin/python3.10 -m oslo_concurrency.prlimit --as=1073741824 --cpu=60 -- sudo cinder-rootwrap /etc/cinder/rootwrap.conf env LC_ALL=C qemu-img info -f luks --output=json --force-share /opt/stack/data/cinder/mnt/82376effdad41fac7dd943ebee71baa3/volume-fa50e9e1-daab-4389-b19c-59b94ed6ed50' failed. Not Retrying. {{(pid=82948) execute /opt/stack/data/venv/lib/python3.10/site-packages/oslo_concurrency/processutils.py:423}}
Jan 29 13:16:02 devstack cinder-volume[82948]: DEBUG oslo_concurrency.lockutils [req-4c2480ec-34f8-4d4f-b626-3309ad687ee9 req-edfad47e-b04d-4090-a955-260e3394b65e tempest-TaggedBootDevicesTest_v242-801980933 None] Lock "quobyte" "released" by "cinder.volume.drivers.quobyte.QuobyteDriver.initialize_connection" :: held 1.598s {{(pid=82948) inner /opt/stack/data/venv/lib/python3.10/site-packages/oslo_concurrency/lockutils.py:424}}
Jan 29 13:16:02 devstack cinder-volume[82948]: DEBUG cinder.volume.manager [req-4c2480ec-34f8-4d4f-b626-3309ad687ee9 req-edfad47e-b04d-4090-a955-260e3394b65e tempest-TaggedBootDevicesTest_v242-801980933 None] Connection info returned from driver {'export': 'osci02.corp.quobyte.com/cinder-vol-06c684c2-4051-465f-a56b-bfd9df05f80e', 'name': 'volume-fa50e9e1-daab-4389-b19c-59b94ed6ed50', 'options': None, 'format': 'raw', 'qos_specs': None, 'access_mode': 'rw', 'encrypted': False, 'cacheable': False, 'driver_volume_type': 'quobyte', 'mount_point_base': '/opt/stack/data/cinder/mnt', 'attachment_id': 'd12ed202-9f16-4f4b-aa1b-713f3a1e5201', 'enforce_multipath': True} {{(pid=82948) _connection_create /opt/stack/cinder/cinder/volume/manager.py:4893}}
Jan 29 13:16:02 devstack cinder-volume[82948]: WARNING cinder.volume.volume_utils [req-4c2480ec-34f8-4d4f-b626-3309ad687ee9 req-edfad47e-b04d-4090-a955-260e3394b65e tempest-TaggedBootDevicesTest_v242-801980933 None] Volume driver (QuobyteDriver 1.1.13) is currently unsupported and may be removed in the next release of OpenStack. Use at your own risk.
Jan 29 13:16:02 devstack cinder-volume[82948]: INFO cinder.volume.manager [req-4c2480ec-34f8-4d4f-b626-3309ad687ee9 req-edfad47e-b04d-4090-a955-260e3394b65e tempest-TaggedBootDevicesTest_v242-801980933 None] attachment_update completed successfully.
Jan 29 13:16:02 devstack sudo[91833]: pam_unix(sudo:session): session closed for user root
Jan 29 13:16:02 devstack cinder-volume[82948]: DEBUG oslo_concurrency.processutils [None req-9e9d59c7-2efe-48dc-8db6-79a7d94dc0ec tempest-VolumeSnapshotQuotasNegativeTestJSON-1123557413 None] CMD "/opt/stack/data/venv/bin/python3.10 -m oslo_concurrency.prlimit --as=1073741824 --cpu=60 -- sudo cinder-rootwrap /etc/cinder/rootwrap.conf env LC_ALL=C qemu-img info -f qcow2 --output=json --force-share /opt/stack/data/cinder/mnt/82376effdad41fac7dd943ebee71baa3/volume-fd246e59-114a-4031-b72c-92dbd2a82425" returned: 0 in 0.753s {{(pid=82948) execute /opt/stack/data/venv/lib/python3.10/site-packages/oslo_concurrency/processutils.py:372}}
Jan 29 13:16:02 devstack cinder-volume[82948]: DEBUG oslo_concurrency.processutils [None req-9e9d59c7-2efe-48dc-8db6-79a7d94dc0ec tempest-VolumeSnapshotQuotasNegativeTestJSON-1123557413 None] Running cmd (subprocess): sudo cinder-rootwrap /etc/cinder/rootwrap.conf rm -f /opt/stack/data/cinder/mnt/82376effdad41fac7dd943ebee71baa3/volume-fd246e59-114a-4031-b72c-92dbd2a82425 {{(pid=82948) execute /opt/stack/data/venv/lib/python3.10/site-packages/oslo_concurrency/processutils.py:349}}
Jan 29 13:16:02 devstack sudo[91841]: quobyte : PWD=/ ; USER=root ; COMMAND=/opt/stack/data/venv/bin/cinder-rootwrap /etc/cinder/rootwrap.conf rm -f /opt/stack/data/cinder/mnt/82376effdad41fac7dd943ebee71baa3/volume-fd246e59-114a-4031-b72c-92dbd2a82425
Jan 29 13:16:02 devstack sudo[91841]: pam_unix(sudo:session): session opened for user root(uid=0) by (uid=1000)
Jan 29 13:16:03 devstack sudo[91841]: pam_unix(sudo:session): session closed for user root
Jan 29 13:16:03 devstack cinder-volume[82948]: DEBUG oslo_concurrency.processutils [None req-9e9d59c7-2efe-48dc-8db6-79a7d94dc0ec tempest-VolumeSnapshotQuotasNegativeTestJSON-1123557413 None] CMD "sudo cinder-rootwrap /etc/cinder/rootwrap.conf rm -f /opt/stack/data/cinder/mnt/82376effdad41fac7dd943ebee71baa3/volume-fd246e59-114a-4031-b72c-92dbd2a82425" returned: 0 in 0.571s {{(pid=82948) execute /opt/stack/data/venv/lib/python3.10/site-packages/oslo_concurrency/processutils.py:372}}
Jan 29 13:16:03 devstack cinder-volume[82948]: DEBUG cinder.coordination [None req-9e9d59c7-2efe-48dc-8db6-79a7d94dc0ec tempest-VolumeSnapshotQuotasNegativeTestJSON-1123557413 None] Lock "cinder-quobyte-fd246e59-114a-4031-b72c-92dbd2a82425" released by "delete_volume" :: held 1.385s {{(pid=82948) __release /opt/stack/cinder/cinder/coordination.py:157}}
Jan 29 13:16:03 devstack cinder-volume[82948]: DEBUG cinder.quota [None req-9e9d59c7-2efe-48dc-8db6-79a7d94dc0ec tempest-VolumeSnapshotQuotasNegativeTestJSON-1123557413 None] Created reservations ['69c36c93-e7e4-4087-af13-53ff88a6c466', '5ea8190d-d9b7-4349-9719-2dd6d8261cc7', 'eb613094-d7fb-4620-b790-e977d0b73003', 'faf7459d-1a68-40fa-bb82-104ca0030fc9'] {{(pid=82948) reserve /opt/stack/cinder/cinder/quota.py:752}}
Jan 29 13:16:03 devstack cinder-volume[82948]: DEBUG oslo_concurrency.lockutils [None req-9e9d59c7-2efe-48dc-8db6-79a7d94dc0ec tempest-VolumeSnapshotQuotasNegativeTestJSON-1123557413 None] Acquiring lock "quobyte_ensure" by "cinder.volume.drivers.quobyte.QuobyteDriver._ensure_shares_mounted" {{(pid=82948) inner /opt/stack/data/venv/lib/python3.10/site-packages/oslo_concurrency/lockutils.py:405}}
Jan 29 13:16:03 devstack cinder-volume[82948]: DEBUG oslo_concurrency.lockutils [None req-9e9d59c7-2efe-48dc-8db6-79a7d94dc0ec tempest-VolumeSnapshotQuotasNegativeTestJSON-1123557413 None] Lock "quobyte_ensure" acquired by "cinder.volume.drivers.quobyte.QuobyteDriver._ensure_shares_mounted" :: waited 0.004s {{(pid=82948) inner /opt/stack/data/venv/lib/python3.10/site-packages/oslo_concurrency/lockutils.py:410}}
Jan 29 13:16:03 devstack cinder-volume[82948]: DEBUG cinder.volume.drivers.quobyte [None req-9e9d59c7-2efe-48dc-8db6-79a7d94dc0ec tempest-VolumeSnapshotQuotasNegativeTestJSON-1123557413 None] Quobyte Volume URL set to: {'osci02.corp.quobyte.com/cinder-vol-06c684c2-4051-465f-a56b-bfd9df05f80e': None} {{(pid=82948) _load_shares_config /opt/stack/cinder/cinder/volume/drivers/quobyte.py:611}}
Jan 29 13:16:03 devstack cinder-volume[82948]: DEBUG cinder.volume.drivers.quobyte [None req-9e9d59c7-2efe-48dc-8db6-79a7d94dc0ec tempest-VolumeSnapshotQuotasNegativeTestJSON-1123557413 None] Available shares ['osci02.corp.quobyte.com/cinder-vol-06c684c2-4051-465f-a56b-bfd9df05f80e'] {{(pid=82948) _ensure_shares_mounted /opt/stack/cinder/cinder/volume/drivers/quobyte.py:641}}
Jan 29 13:16:03 devstack cinder-volume[82948]: DEBUG oslo_concurrency.lockutils [None req-9e9d59c7-2efe-48dc-8db6-79a7d94dc0ec tempest-VolumeSnapshotQuotasNegativeTestJSON-1123557413 None] Lock "quobyte_ensure" "released" by "cinder.volume.drivers.quobyte.QuobyteDriver._ensure_shares_mounted" :: held 0.004s {{(pid=82948) inner /opt/stack/data/venv/lib/python3.10/site-packages/oslo_concurrency/lockutils.py:424}}
Jan 29 13:16:03 devstack cinder-volume[82948]: DEBUG oslo_concurrency.processutils [None req-9e9d59c7-2efe-48dc-8db6-79a7d94dc0ec tempest-VolumeSnapshotQuotasNegativeTestJSON-1123557413 None] Running cmd (subprocess): sudo cinder-rootwrap /etc/cinder/rootwrap.conf df --portability --block-size 1 /opt/stack/data/cinder/mnt/82376effdad41fac7dd943ebee71baa3 {{(pid=82948) execute /opt/stack/data/venv/lib/python3.10/site-packages/oslo_concurrency/processutils.py:349}}
Jan 29 13:16:03 devstack sudo[91846]: quobyte : PWD=/ ; USER=root ; COMMAND=/opt/stack/data/venv/bin/cinder-rootwrap /etc/cinder/rootwrap.conf df --portability --block-size 1 /opt/stack/data/cinder/mnt/82376effdad41fac7dd943ebee71baa3
Jan 29 13:16:03 devstack sudo[91846]: pam_unix(sudo:session): session opened for user root(uid=0) by (uid=1000)
Jan 29 13:16:03 devstack cinder-volume[82948]: DEBUG oslo_concurrency.lockutils [req-4c2480ec-34f8-4d4f-b626-3309ad687ee9 req-8d6257a4-3547-4a1e-8027-91052ade3499 tempest-TaggedBootDevicesTest_v242-801980933 None] Acquiring lock "quobyte" by "cinder.volume.drivers.quobyte.QuobyteDriver.initialize_connection" {{(pid=82948) inner /opt/stack/data/venv/lib/python3.10/site-packages/oslo_concurrency/lockutils.py:405}}
Jan 29 13:16:03 devstack cinder-volume[82948]: DEBUG oslo_concurrency.lockutils [req-4c2480ec-34f8-4d4f-b626-3309ad687ee9 req-8d6257a4-3547-4a1e-8027-91052ade3499 tempest-TaggedBootDevicesTest_v242-801980933 None] Lock "quobyte" acquired by "cinder.volume.drivers.quobyte.QuobyteDriver.initialize_connection" :: waited 0.001s {{(pid=82948) inner /opt/stack/data/venv/lib/python3.10/site-packages/oslo_concurrency/lockutils.py:410}}
Jan 29 13:16:03 devstack cinder-volume[82948]: DEBUG oslo.privsep.daemon [-] privsep: reply[bbd4c83c-af8d-4687-8258-ddcfd768a5b8]: (4, 'qcow2') {{(pid=84091) _call_back /opt/stack/data/venv/lib/python3.10/site-packages/oslo_privsep/daemon.py:515}}
Jan 29 13:16:03 devstack cinder-volume[82948]: DEBUG oslo_concurrency.processutils [req-4c2480ec-34f8-4d4f-b626-3309ad687ee9 req-8d6257a4-3547-4a1e-8027-91052ade3499 tempest-TaggedBootDevicesTest_v242-801980933 None] Running cmd (subprocess): /opt/stack/data/venv/bin/python3.10 -m oslo_concurrency.prlimit --as=1073741824 --cpu=60 -- sudo cinder-rootwrap /etc/cinder/rootwrap.conf env LC_ALL=C qemu-img info -f qcow2 --output=json --force-share /opt/stack/data/cinder/mnt/82376effdad41fac7dd943ebee71baa3/volume-b95cc139-3a30-4f83-b2fe-3ea9282f6911 {{(pid=82948) execute /opt/stack/data/venv/lib/python3.10/site-packages/oslo_concurrency/processutils.py:349}}
Jan 29 13:16:04 devstack sudo[91857]: quobyte : PWD=/ ; USER=root ; COMMAND=/opt/stack/data/venv/bin/cinder-rootwrap /etc/cinder/rootwrap.conf env LC_ALL=C qemu-img info -f qcow2 --output=json --force-share /opt/stack/data/cinder/mnt/82376effdad41fac7dd943ebee71baa3/volume-b95cc139-3a30-4f83-b2fe-3ea9282f6911
Jan 29 13:16:04 devstack sudo[91857]: pam_unix(sudo:session): session opened for user root(uid=0) by (uid=1000)
Jan 29 13:16:04 devstack sudo[91846]: pam_unix(sudo:session): session closed for user root
Jan 29 13:16:04 devstack cinder-volume[82948]: DEBUG oslo_concurrency.processutils [None req-9e9d59c7-2efe-48dc-8db6-79a7d94dc0ec tempest-VolumeSnapshotQuotasNegativeTestJSON-1123557413 None] CMD "sudo cinder-rootwrap /etc/cinder/rootwrap.conf df --portability --block-size 1 /opt/stack/data/cinder/mnt/82376effdad41fac7dd943ebee71baa3" returned: 0 in 0.725s {{(pid=82948) execute /opt/stack/data/venv/lib/python3.10/site-packages/oslo_concurrency/processutils.py:372}}
Jan 29 13:16:04 devstack cinder-volume[82948]: DEBUG cinder.manager [None req-9e9d59c7-2efe-48dc-8db6-79a7d94dc0ec tempest-VolumeSnapshotQuotasNegativeTestJSON-1123557413 None] Notifying Schedulers of capabilities ... {{(pid=82948) _publish_service_capabilities /opt/stack/cinder/cinder/manager.py:202}}
Jan 29 13:16:04 devstack cinder-volume[82948]: INFO cinder.volume.manager [None req-9e9d59c7-2efe-48dc-8db6-79a7d94dc0ec tempest-VolumeSnapshotQuotasNegativeTestJSON-1123557413 None] Deleted volume successfully.
Jan 29 13:16:04 devstack cinder-volume[82948]: DEBUG cinder.coordination [None req-9e9d59c7-2efe-48dc-8db6-79a7d94dc0ec tempest-VolumeSnapshotQuotasNegativeTestJSON-1123557413 None] Lock "cinder-fd246e59-114a-4031-b72c-92dbd2a82425-delete_volume" released by "delete_volume" :: held 2.355s {{(pid=82948) __release /opt/stack/cinder/cinder/coordination.py:157}}
Jan 29 13:16:04 devstack sudo[91857]: pam_unix(sudo:session): session closed for user root
Jan 29 13:16:04 devstack cinder-volume[82948]: DEBUG oslo_concurrency.processutils [req-4c2480ec-34f8-4d4f-b626-3309ad687ee9 req-8d6257a4-3547-4a1e-8027-91052ade3499 tempest-TaggedBootDevicesTest_v242-801980933 None] CMD "/opt/stack/data/venv/bin/python3.10 -m oslo_concurrency.prlimit --as=1073741824 --cpu=60 -- sudo cinder-rootwrap /etc/cinder/rootwrap.conf env LC_ALL=C qemu-img info -f qcow2 --output=json --force-share /opt/stack/data/cinder/mnt/82376effdad41fac7dd943ebee71baa3/volume-b95cc139-3a30-4f83-b2fe-3ea9282f6911" returned: 0 in 0.896s {{(pid=82948) execute /opt/stack/data/venv/lib/python3.10/site-packages/oslo_concurrency/processutils.py:372}}
Jan 29 13:16:04 devstack cinder-volume[82948]: DEBUG oslo_concurrency.lockutils [req-4c2480ec-34f8-4d4f-b626-3309ad687ee9 req-8d6257a4-3547-4a1e-8027-91052ade3499 tempest-TaggedBootDevicesTest_v242-801980933 None] Lock "quobyte" "released" by "cinder.volume.drivers.quobyte.QuobyteDriver.initialize_connection" :: held 0.913s {{(pid=82948) inner /opt/stack/data/venv/lib/python3.10/site-packages/oslo_concurrency/lockutils.py:424}}
Jan 29 13:16:04 devstack cinder-volume[82948]: DEBUG cinder.volume.manager [req-4c2480ec-34f8-4d4f-b626-3309ad687ee9 req-8d6257a4-3547-4a1e-8027-91052ade3499 tempest-TaggedBootDevicesTest_v242-801980933 None] Connection info returned from driver {'export': 'osci02.corp.quobyte.com/cinder-vol-06c684c2-4051-465f-a56b-bfd9df05f80e', 'name': 'volume-b95cc139-3a30-4f83-b2fe-3ea9282f6911', 'options': None, 'format': 'qcow2', 'qos_specs': None, 'access_mode': 'rw', 'encrypted': False, 'cacheable': False, 'driver_volume_type': 'quobyte', 'mount_point_base': '/opt/stack/data/cinder/mnt', 'attachment_id': 'd72c12fb-bb4f-4587-8c62-4ab51ba94e84', 'enforce_multipath': True} {{(pid=82948) _connection_create /opt/stack/cinder/cinder/volume/manager.py:4893}}
Jan 29 13:16:04 devstack cinder-volume[82948]: WARNING cinder.volume.volume_utils [req-4c2480ec-34f8-4d4f-b626-3309ad687ee9 req-8d6257a4-3547-4a1e-8027-91052ade3499 tempest-TaggedBootDevicesTest_v242-801980933 None] Volume driver (QuobyteDriver 1.1.13) is currently unsupported and may be removed in the next release of OpenStack. Use at your own risk.
Jan 29 13:16:04 devstack cinder-volume[82948]: INFO cinder.volume.manager [req-4c2480ec-34f8-4d4f-b626-3309ad687ee9 req-8d6257a4-3547-4a1e-8027-91052ade3499 tempest-TaggedBootDevicesTest_v242-801980933 None] attachment_update completed successfully.
Jan 29 13:16:06 devstack cinder-volume[82948]: DEBUG oslo_concurrency.lockutils [req-4c2480ec-34f8-4d4f-b626-3309ad687ee9 req-67e4e301-ca04-46ac-8d36-25e79a48d32b tempest-TaggedBootDevicesTest_v242-801980933 None] Acquiring lock "quobyte" by "cinder.volume.drivers.quobyte.QuobyteDriver.initialize_connection" {{(pid=82948) inner /opt/stack/data/venv/lib/python3.10/site-packages/oslo_concurrency/lockutils.py:405}}
Jan 29 13:16:06 devstack cinder-volume[82948]: DEBUG oslo_concurrency.lockutils [req-4c2480ec-34f8-4d4f-b626-3309ad687ee9 req-67e4e301-ca04-46ac-8d36-25e79a48d32b tempest-TaggedBootDevicesTest_v242-801980933 None] Lock "quobyte" acquired by "cinder.volume.drivers.quobyte.QuobyteDriver.initialize_connection" :: waited 0.001s {{(pid=82948) inner /opt/stack/data/venv/lib/python3.10/site-packages/oslo_concurrency/lockutils.py:410}}
Jan 29 13:16:06 devstack cinder-volume[82948]: DEBUG oslo.privsep.daemon [-] privsep: reply[b5ef13cb-2281-4ce8-8dce-ac04c5548a2e]: (4, 'qcow2') {{(pid=84091) _call_back /opt/stack/data/venv/lib/python3.10/site-packages/oslo_privsep/daemon.py:515}}
Jan 29 13:16:06 devstack cinder-volume[82948]: DEBUG oslo_concurrency.processutils [req-4c2480ec-34f8-4d4f-b626-3309ad687ee9 req-67e4e301-ca04-46ac-8d36-25e79a48d32b tempest-TaggedBootDevicesTest_v242-801980933 None] Running cmd (subprocess): /opt/stack/data/venv/bin/python3.10 -m oslo_concurrency.prlimit --as=1073741824 --cpu=60 -- sudo cinder-rootwrap /etc/cinder/rootwrap.conf env LC_ALL=C qemu-img info -f qcow2 --output=json --force-share /opt/stack/data/cinder/mnt/82376effdad41fac7dd943ebee71baa3/volume-6dabafe3-1966-460e-b232-7058b1dd2781 {{(pid=82948) execute /opt/stack/data/venv/lib/python3.10/site-packages/oslo_concurrency/processutils.py:349}}
Jan 29 13:16:06 devstack sudo[91871]: quobyte : PWD=/ ; USER=root ; COMMAND=/opt/stack/data/venv/bin/cinder-rootwrap /etc/cinder/rootwrap.conf env LC_ALL=C qemu-img info -f qcow2 --output=json --force-share /opt/stack/data/cinder/mnt/82376effdad41fac7dd943ebee71baa3/volume-6dabafe3-1966-460e-b232-7058b1dd2781
Jan 29 13:16:06 devstack sudo[91871]: pam_unix(sudo:session): session opened for user root(uid=0) by (uid=1000)
Jan 29 13:16:07 devstack sudo[91871]: pam_unix(sudo:session): session closed for user root
Jan 29 13:16:07 devstack cinder-volume[82948]: DEBUG oslo_concurrency.processutils [req-4c2480ec-34f8-4d4f-b626-3309ad687ee9 req-67e4e301-ca04-46ac-8d36-25e79a48d32b tempest-TaggedBootDevicesTest_v242-801980933 None] CMD "/opt/stack/data/venv/bin/python3.10 -m oslo_concurrency.prlimit --as=1073741824 --cpu=60 -- sudo cinder-rootwrap /etc/cinder/rootwrap.conf env LC_ALL=C qemu-img info -f qcow2 --output=json --force-share /opt/stack/data/cinder/mnt/82376effdad41fac7dd943ebee71baa3/volume-6dabafe3-1966-460e-b232-7058b1dd2781" returned: 0 in 0.753s {{(pid=82948) execute /opt/stack/data/venv/lib/python3.10/site-packages/oslo_concurrency/processutils.py:372}}
Jan 29 13:16:07 devstack cinder-volume[82948]: DEBUG oslo_concurrency.lockutils [req-4c2480ec-34f8-4d4f-b626-3309ad687ee9 req-67e4e301-ca04-46ac-8d36-25e79a48d32b tempest-TaggedBootDevicesTest_v242-801980933 None] Lock "quobyte" "released" by "cinder.volume.drivers.quobyte.QuobyteDriver.initialize_connection" :: held 0.763s {{(pid=82948) inner /opt/stack/data/venv/lib/python3.10/site-packages/oslo_concurrency/lockutils.py:424}}
Jan 29 13:16:07 devstack cinder-volume[82948]: DEBUG cinder.volume.manager [req-4c2480ec-34f8-4d4f-b626-3309ad687ee9 req-67e4e301-ca04-46ac-8d36-25e79a48d32b tempest-TaggedBootDevicesTest_v242-801980933 None] Connection info returned from driver {'export': 'osci02.corp.quobyte.com/cinder-vol-06c684c2-4051-465f-a56b-bfd9df05f80e', 'name': 'volume-6dabafe3-1966-460e-b232-7058b1dd2781', 'options': None, 'format': 'qcow2', 'qos_specs': None, 'access_mode': 'rw', 'encrypted': False, 'cacheable': False, 'driver_volume_type': 'quobyte', 'mount_point_base': '/opt/stack/data/cinder/mnt', 'attachment_id': '15a7bde2-3722-4f1d-ac8a-1c3c45729508', 'enforce_multipath': True} {{(pid=82948) _connection_create /opt/stack/cinder/cinder/volume/manager.py:4893}}
