Aug 20 06:40:12 devstack sudo[101310]: pam_unix(sudo:session): session closed for user root
Aug 20 06:40:12 devstack cinder-volume[94234]: DEBUG oslo_concurrency.processutils [None req-e0327266-b654-4514-91b6-c65ab1e2f837 tempest-GroupSnapshotsTest-2064933387 None] CMD "sudo cinder-rootwrap /etc/cinder/rootwrap.conf qemu-img create -f qcow2 -o preallocation=metadata /opt/stack/data/cinder/mnt/3ddfb1ad96b1a34f8e69bbac6b9b6d9b/volume-c477c48b-2743-47d3-a9eb-4ae0484ab022 1073741824" returned: 0 in 1.078s {{(pid=94234) execute /opt/stack/data/venv/lib/python3.12/site-packages/oslo_concurrency/processutils.py:468}}
Aug 20 06:40:12 devstack sudo[101320]: quobyte : PWD=/ ; USER=root ; COMMAND=/opt/stack/data/venv/bin/cinder-rootwrap /etc/cinder/rootwrap.conf env LC_ALL=C qemu-img info -f qcow2 --output=json --force-share /opt/stack/data/cinder/mnt/3ddfb1ad96b1a34f8e69bbac6b9b6d9b/volume-d15ebb84-b390-426a-b63f-e4d1a29bdce6
Aug 20 06:40:12 devstack sudo[101320]: pam_unix(sudo:session): session opened for user root(uid=0) by (uid=1000)
Aug 20 06:40:12 devstack cinder-volume[94234]: DEBUG oslo_concurrency.processutils [None req-e0327266-b654-4514-91b6-c65ab1e2f837 tempest-GroupSnapshotsTest-2064933387 None] Running cmd (subprocess): sudo cinder-rootwrap /etc/cinder/rootwrap.conf chmod ugo+rw /opt/stack/data/cinder/mnt/3ddfb1ad96b1a34f8e69bbac6b9b6d9b/volume-c477c48b-2743-47d3-a9eb-4ae0484ab022 {{(pid=94234) execute /opt/stack/data/venv/lib/python3.12/site-packages/oslo_concurrency/processutils.py:440}}
Aug 20 06:40:12 devstack sudo[101323]: quobyte : PWD=/ ; USER=root ; COMMAND=/opt/stack/data/venv/bin/cinder-rootwrap /etc/cinder/rootwrap.conf chmod ugo+rw /opt/stack/data/cinder/mnt/3ddfb1ad96b1a34f8e69bbac6b9b6d9b/volume-c477c48b-2743-47d3-a9eb-4ae0484ab022
Aug 20 06:40:12 devstack sudo[101323]: pam_unix(sudo:session): session opened for user root(uid=0) by (uid=1000)
Aug 20 06:40:13 devstack sudo[101323]: pam_unix(sudo:session): session closed for user root
Aug 20 06:40:13 devstack cinder-volume[94234]: DEBUG oslo_concurrency.processutils [None req-e0327266-b654-4514-91b6-c65ab1e2f837 tempest-GroupSnapshotsTest-2064933387 None] CMD "sudo cinder-rootwrap /etc/cinder/rootwrap.conf chmod ugo+rw /opt/stack/data/cinder/mnt/3ddfb1ad96b1a34f8e69bbac6b9b6d9b/volume-c477c48b-2743-47d3-a9eb-4ae0484ab022" returned: 0 in 0.385s {{(pid=94234) execute /opt/stack/data/venv/lib/python3.12/site-packages/oslo_concurrency/processutils.py:468}}
Aug 20 06:40:13 devstack cinder-volume[94234]: DEBUG cinder.volume.drivers.quobyte [None req-e0327266-b654-4514-91b6-c65ab1e2f837 tempest-GroupSnapshotsTest-2064933387 None] <== create_volume: return (1591ms) {'provider_location': 'osci02.corp.quobyte.com/cinder-vol-e625d7a8-745c-4468-999b-d763ba50c1a2'} {{(pid=94234) trace_logging_wrapper /opt/stack/cinder/cinder/volume/volume_utils.py:1522}}
Aug 20 06:40:13 devstack cinder-volume[94234]: DEBUG oslo_concurrency.lockutils [None req-e0327266-b654-4514-91b6-c65ab1e2f837 tempest-GroupSnapshotsTest-2064933387 None] Lock "quobyte" "released" by "cinder.volume.drivers.quobyte.QuobyteDriver.create_volume" :: held 1.596s {{(pid=94234) inner /opt/stack/data/venv/lib/python3.12/site-packages/oslo_concurrency/lockutils.py:544}}
Aug 20 06:40:13 devstack cinder-volume[94234]: DEBUG cinder.volume.manager [None req-e0327266-b654-4514-91b6-c65ab1e2f837 tempest-GroupSnapshotsTest-2064933387 None] Task 'cinder.volume.flows.manager.create_volume.CreateVolumeFromSpecTask;volume:create' (438b1229-e9fc-4f1a-9eeb-18d7b6caf9c0) transitioned into state 'SUCCESS' from state 'RUNNING' with result '{'status': 'creating', 'volume_name': 'volume-c477c48b-2743-47d3-a9eb-4ae0484ab022', 'volume_size': 1}' {{(pid=94234) _task_receiver /opt/stack/data/venv/lib/python3.12/site-packages/taskflow/listeners/logging.py:218}}
Aug 20 06:40:13 devstack cinder-volume[94234]: DEBUG cinder.volume.manager [None req-e0327266-b654-4514-91b6-c65ab1e2f837 tempest-GroupSnapshotsTest-2064933387 None] Task 'cinder.volume.flows.manager.create_volume.CreateVolumeOnFinishTask;volume:create, create.end' (28a67994-6810-4cdb-82c3-7102f7577dd0) transitioned into state 'RUNNING' from state 'PENDING' {{(pid=94234) _task_receiver /opt/stack/data/venv/lib/python3.12/site-packages/taskflow/listeners/logging.py:242}}
Aug 20 06:40:13 devstack cinder-volume[94234]: INFO cinder.volume.flows.manager.create_volume [None req-e0327266-b654-4514-91b6-c65ab1e2f837 tempest-GroupSnapshotsTest-2064933387 None] Volume volume-c477c48b-2743-47d3-a9eb-4ae0484ab022 (c477c48b-2743-47d3-a9eb-4ae0484ab022): created successfully
Aug 20 06:40:13 devstack cinder-volume[94234]: DEBUG cinder.volume.manager [None req-e0327266-b654-4514-91b6-c65ab1e2f837 tempest-GroupSnapshotsTest-2064933387 None] Task 'cinder.volume.flows.manager.create_volume.CreateVolumeOnFinishTask;volume:create, create.end' (28a67994-6810-4cdb-82c3-7102f7577dd0) transitioned into state 'SUCCESS' from state 'RUNNING' with result 'None' {{(pid=94234) _task_receiver /opt/stack/data/venv/lib/python3.12/site-packages/taskflow/listeners/logging.py:218}}
Aug 20 06:40:13 devstack sudo[101320]: pam_unix(sudo:session): session closed for user root
Aug 20 06:40:13 devstack cinder-volume[94234]: DEBUG cinder.volume.manager [None req-e0327266-b654-4514-91b6-c65ab1e2f837 tempest-GroupSnapshotsTest-2064933387 None] Flow 'volume_create_manager' (c8f21bea-4191-4619-8840-8c19e7788d14) transitioned into state 'SUCCESS' from state 'RUNNING' {{(pid=94234) _flow_receiver /opt/stack/data/venv/lib/python3.12/site-packages/taskflow/listeners/logging.py:160}}
Aug 20 06:40:13 devstack cinder-volume[94234]: DEBUG oslo_concurrency.processutils [None req-0f4fddbd-3027-4d55-a015-7d237cf03a68 tempest-VolumesTransfersV357Test-977555605 None] CMD "/opt/stack/data/venv/bin/python3.12 -m oslo_concurrency.prlimit --as=1073741824 --cpu=60 -- sudo cinder-rootwrap /etc/cinder/rootwrap.conf env LC_ALL=C qemu-img info -f qcow2 --output=json --force-share /opt/stack/data/cinder/mnt/3ddfb1ad96b1a34f8e69bbac6b9b6d9b/volume-d15ebb84-b390-426a-b63f-e4d1a29bdce6" returned: 0 in 0.748s {{(pid=94234) execute /opt/stack/data/venv/lib/python3.12/site-packages/oslo_concurrency/processutils.py:468}}
Aug 20 06:40:13 devstack cinder-volume[94234]: DEBUG oslo_concurrency.processutils [None req-0f4fddbd-3027-4d55-a015-7d237cf03a68 tempest-VolumesTransfersV357Test-977555605 None] Running cmd (subprocess): sudo cinder-rootwrap /etc/cinder/rootwrap.conf rm -f /opt/stack/data/cinder/mnt/3ddfb1ad96b1a34f8e69bbac6b9b6d9b/volume-d15ebb84-b390-426a-b63f-e4d1a29bdce6 {{(pid=94234) execute /opt/stack/data/venv/lib/python3.12/site-packages/oslo_concurrency/processutils.py:440}}
Aug 20 06:40:13 devstack sudo[101331]: quobyte : PWD=/ ; USER=root ; COMMAND=/opt/stack/data/venv/bin/cinder-rootwrap /etc/cinder/rootwrap.conf rm -f /opt/stack/data/cinder/mnt/3ddfb1ad96b1a34f8e69bbac6b9b6d9b/volume-d15ebb84-b390-426a-b63f-e4d1a29bdce6
Aug 20 06:40:13 devstack sudo[101331]: pam_unix(sudo:session): session opened for user root(uid=0) by (uid=1000)
Aug 20 06:40:13 devstack cinder-volume[94234]: INFO cinder.volume.manager [None req-e0327266-b654-4514-91b6-c65ab1e2f837 tempest-GroupSnapshotsTest-2064933387 None] Created volume successfully.
Aug 20 06:40:13 devstack sudo[101331]: pam_unix(sudo:session): session closed for user root
Aug 20 06:40:13 devstack cinder-volume[94234]: DEBUG oslo_concurrency.processutils [None req-0f4fddbd-3027-4d55-a015-7d237cf03a68 tempest-VolumesTransfersV357Test-977555605 None] CMD "sudo cinder-rootwrap /etc/cinder/rootwrap.conf rm -f /opt/stack/data/cinder/mnt/3ddfb1ad96b1a34f8e69bbac6b9b6d9b/volume-d15ebb84-b390-426a-b63f-e4d1a29bdce6" returned: 0 in 0.456s {{(pid=94234) execute /opt/stack/data/venv/lib/python3.12/site-packages/oslo_concurrency/processutils.py:468}}
Aug 20 06:40:13 devstack cinder-volume[94234]: DEBUG cinder.coordination [None req-0f4fddbd-3027-4d55-a015-7d237cf03a68 tempest-VolumesTransfersV357Test-977555605 None] Lock "cinder-quobyte-d15ebb84-b390-426a-b63f-e4d1a29bdce6" released by "delete_volume" :: held 1.269s {{(pid=94234) __release /opt/stack/cinder/cinder/coordination.py:152}}
Aug 20 06:40:13 devstack cinder-volume[94234]: DEBUG cinder.quota [None req-0f4fddbd-3027-4d55-a015-7d237cf03a68 tempest-VolumesTransfersV357Test-977555605 None] Created reservations ['bba8d065-6e3a-4d1f-9fca-24f7e777f5a1', 'ba1a8beb-01be-4154-986c-0f994f6fceca', '6f34caf3-a7b2-4845-a1de-81fff8855851', '8a770c22-1619-443d-b04f-f4ac0d437e13'] {{(pid=94234) reserve /opt/stack/cinder/cinder/quota.py:752}}
Aug 20 06:40:13 devstack cinder-volume[94234]: DEBUG oslo_concurrency.lockutils [None req-0f4fddbd-3027-4d55-a015-7d237cf03a68 tempest-VolumesTransfersV357Test-977555605 None] Acquiring lock "quobyte_ensure" by "cinder.volume.drivers.quobyte.QuobyteDriver._ensure_shares_mounted" {{(pid=94234) inner /opt/stack/data/venv/lib/python3.12/site-packages/oslo_concurrency/lockutils.py:512}}
Aug 20 06:40:13 devstack cinder-volume[94234]: DEBUG oslo_concurrency.lockutils [None req-0f4fddbd-3027-4d55-a015-7d237cf03a68 tempest-VolumesTransfersV357Test-977555605 None] Lock "quobyte_ensure" acquired by "cinder.volume.drivers.quobyte.QuobyteDriver._ensure_shares_mounted" :: waited 0.001s {{(pid=94234) inner /opt/stack/data/venv/lib/python3.12/site-packages/oslo_concurrency/lockutils.py:525}}
Aug 20 06:40:13 devstack cinder-volume[94234]: DEBUG cinder.volume.drivers.quobyte [None req-0f4fddbd-3027-4d55-a015-7d237cf03a68 tempest-VolumesTransfersV357Test-977555605 None] Quobyte Volume URL set to: {'osci02.corp.quobyte.com/cinder-vol-e625d7a8-745c-4468-999b-d763ba50c1a2': None} {{(pid=94234) _load_shares_config /opt/stack/cinder/cinder/volume/drivers/quobyte.py:665}}
Aug 20 06:40:13 devstack cinder-volume[94234]: DEBUG cinder.volume.drivers.quobyte [None req-0f4fddbd-3027-4d55-a015-7d237cf03a68 tempest-VolumesTransfersV357Test-977555605 None] Available shares ['osci02.corp.quobyte.com/cinder-vol-e625d7a8-745c-4468-999b-d763ba50c1a2'] {{(pid=94234) _ensure_shares_mounted /opt/stack/cinder/cinder/volume/drivers/quobyte.py:695}}
Aug 20 06:40:13 devstack cinder-volume[94234]: DEBUG oslo_concurrency.lockutils [None req-0f4fddbd-3027-4d55-a015-7d237cf03a68 tempest-VolumesTransfersV357Test-977555605 None] Lock "quobyte_ensure" "released" by "cinder.volume.drivers.quobyte.QuobyteDriver._ensure_shares_mounted" :: held 0.010s {{(pid=94234) inner /opt/stack/data/venv/lib/python3.12/site-packages/oslo_concurrency/lockutils.py:544}}
Aug 20 06:40:13 devstack cinder-volume[94234]: DEBUG oslo_concurrency.processutils [None req-0f4fddbd-3027-4d55-a015-7d237cf03a68 tempest-VolumesTransfersV357Test-977555605 None] Running cmd (subprocess): sudo cinder-rootwrap /etc/cinder/rootwrap.conf df --portability --block-size 1 /opt/stack/data/cinder/mnt/3ddfb1ad96b1a34f8e69bbac6b9b6d9b {{(pid=94234) execute /opt/stack/data/venv/lib/python3.12/site-packages/oslo_concurrency/processutils.py:440}}
Aug 20 06:40:13 devstack sudo[101344]: quobyte : PWD=/ ; USER=root ; COMMAND=/opt/stack/data/venv/bin/cinder-rootwrap /etc/cinder/rootwrap.conf df --portability --block-size 1 /opt/stack/data/cinder/mnt/3ddfb1ad96b1a34f8e69bbac6b9b6d9b
Aug 20 06:40:13 devstack sudo[101344]: pam_unix(sudo:session): session opened for user root(uid=0) by (uid=1000)
Aug 20 06:40:14 devstack sudo[101344]: pam_unix(sudo:session): session closed for user root
Aug 20 06:40:14 devstack cinder-volume[94234]: DEBUG oslo_concurrency.processutils [None req-0f4fddbd-3027-4d55-a015-7d237cf03a68 tempest-VolumesTransfersV357Test-977555605 None] CMD "sudo cinder-rootwrap /etc/cinder/rootwrap.conf df --portability --block-size 1 /opt/stack/data/cinder/mnt/3ddfb1ad96b1a34f8e69bbac6b9b6d9b" returned: 0 in 0.316s {{(pid=94234) execute /opt/stack/data/venv/lib/python3.12/site-packages/oslo_concurrency/processutils.py:468}}
Aug 20 06:40:14 devstack cinder-volume[94234]: DEBUG cinder.manager [None req-0f4fddbd-3027-4d55-a015-7d237cf03a68 tempest-VolumesTransfersV357Test-977555605 None] Notifying Schedulers of capabilities ... {{(pid=94234) _publish_service_capabilities /opt/stack/cinder/cinder/manager.py:219}}
Aug 20 06:40:14 devstack cinder-volume[94234]: INFO cinder.volume.manager [None req-0f4fddbd-3027-4d55-a015-7d237cf03a68 tempest-VolumesTransfersV357Test-977555605 None] Deleted volume successfully.
Aug 20 06:40:14 devstack cinder-volume[94234]: DEBUG cinder.coordination [None req-0f4fddbd-3027-4d55-a015-7d237cf03a68 tempest-VolumesTransfersV357Test-977555605 None] Lock "cinder-d15ebb84-b390-426a-b63f-e4d1a29bdce6-delete_volume" released by "delete_volume" :: held 1.929s {{(pid=94234) __release /opt/stack/cinder/cinder/coordination.py:152}}
Aug 20 06:40:14 devstack cinder-volume[94234]: INFO cinder.volume.manager [None req-20e10c6a-089b-47b0-8877-f6225901f4c1 tempest-GroupSnapshotsTest-2064933387 None] Update group completed successfully.
Aug 20 06:40:15 devstack cinder-volume[94234]: INFO cinder.volume.manager [None req-1ce8e899-c2a6-4888-b46d-094ad7640272 tempest-GroupSnapshotsTest-2064933387 None] Update group completed successfully.
Aug 20 06:40:17 devstack cinder-volume[94234]: INFO cinder.volume.manager [None req-b582377d-df55-4f54-9297-f9527d97b6a8 tempest-GroupSnapshotsTest-2064933387 None] Update group completed successfully.
Aug 20 06:40:18 devstack cinder-volume[94234]: INFO cinder.volume.manager [None req-e1c07c1f-0240-4866-9908-8c289404b05d tempest-GroupSnapshotsTest-2064933387 None] Update group completed successfully.
Aug 20 06:40:20 devstack cinder-volume[94234]: INFO cinder.volume.manager [None req-4810e463-28e3-4630-93ee-33e668797dc6 tempest-GroupSnapshotsTest-2064933387 None] GroupSnapshot c0b72cd2-a78a-472f-a93d-6fa2e0ef61e7: creating.
Aug 20 06:40:20 devstack cinder-volume[94234]: DEBUG cinder.volume.manager [None req-4810e463-28e3-4630-93ee-33e668797dc6 tempest-GroupSnapshotsTest-2064933387 None] Group snapshot c0b72cd2-a78a-472f-a93d-6fa2e0ef61e7: creating. {{(pid=94234) create_group_snapshot /opt/stack/cinder/cinder/volume/manager.py:4175}}
Aug 20 06:40:20 devstack cinder-volume[94234]: DEBUG oslo_concurrency.lockutils [None req-4810e463-28e3-4630-93ee-33e668797dc6 tempest-GroupSnapshotsTest-2064933387 None] Acquiring lock "quobyte" by "cinder.volume.drivers.quobyte.QuobyteDriver.create_snapshot" {{(pid=94234) inner /opt/stack/data/venv/lib/python3.12/site-packages/oslo_concurrency/lockutils.py:512}}
Aug 20 06:40:20 devstack cinder-volume[94234]: DEBUG oslo_concurrency.lockutils [None req-4810e463-28e3-4630-93ee-33e668797dc6 tempest-GroupSnapshotsTest-2064933387 None] Lock "quobyte" acquired by "cinder.volume.drivers.quobyte.QuobyteDriver.create_snapshot" :: waited 0.001s {{(pid=94234) inner /opt/stack/data/venv/lib/python3.12/site-packages/oslo_concurrency/lockutils.py:525}}
Aug 20 06:40:20 devstack cinder-volume[94234]: DEBUG cinder.volume.drivers.remotefs [None req-4810e463-28e3-4630-93ee-33e668797dc6 tempest-GroupSnapshotsTest-2064933387 None] Creating offline snapshot 939d5f57-8a6f-44db-a72e-31cab7cb0a81 of volume b3710a8c-bc06-4ece-8fe0-2eeb5c1affc8 {{(pid=94234) _create_snapshot /opt/stack/cinder/cinder/volume/drivers/remotefs.py:1816}}
Aug 20 06:40:20 devstack cinder-volume[94234]: DEBUG oslo.privsep.daemon [-] privsep: reply[6e293b8a-3cdc-4dd4-8507-571473a176fb]: (4, 'qcow2') {{(pid=95471) _call_back /opt/stack/data/venv/lib/python3.12/site-packages/oslo_privsep/daemon.py:580}}
Aug 20 06:40:20 devstack cinder-volume[94234]: DEBUG oslo_concurrency.processutils [None req-4810e463-28e3-4630-93ee-33e668797dc6 tempest-GroupSnapshotsTest-2064933387 None] Running cmd (subprocess): /opt/stack/data/venv/bin/python3.12 -m oslo_concurrency.prlimit --as=1073741824 --cpu=60 -- sudo cinder-rootwrap /etc/cinder/rootwrap.conf env LC_ALL=C qemu-img info -f qcow2 --output=json --force-share /opt/stack/data/cinder/mnt/3ddfb1ad96b1a34f8e69bbac6b9b6d9b/volume-b3710a8c-bc06-4ece-8fe0-2eeb5c1affc8 {{(pid=94234) execute /opt/stack/data/venv/lib/python3.12/site-packages/oslo_concurrency/processutils.py:440}}
Aug 20 06:40:20 devstack sudo[101489]: quobyte : PWD=/ ; USER=root ; COMMAND=/opt/stack/data/venv/bin/cinder-rootwrap /etc/cinder/rootwrap.conf env LC_ALL=C qemu-img info -f qcow2 --output=json --force-share /opt/stack/data/cinder/mnt/3ddfb1ad96b1a34f8e69bbac6b9b6d9b/volume-b3710a8c-bc06-4ece-8fe0-2eeb5c1affc8
Aug 20 06:40:20 devstack sudo[101489]: pam_unix(sudo:session): session opened for user root(uid=0) by (uid=1000)
Aug 20 06:40:21 devstack sudo[101489]: pam_unix(sudo:session): session closed for user root
Aug 20 06:40:21 devstack cinder-volume[94234]: DEBUG oslo_concurrency.processutils [None req-4810e463-28e3-4630-93ee-33e668797dc6 tempest-GroupSnapshotsTest-2064933387 None] CMD "/opt/stack/data/venv/bin/python3.12 -m oslo_concurrency.prlimit --as=1073741824 --cpu=60 -- sudo cinder-rootwrap /etc/cinder/rootwrap.conf env LC_ALL=C qemu-img info -f qcow2 --output=json --force-share /opt/stack/data/cinder/mnt/3ddfb1ad96b1a34f8e69bbac6b9b6d9b/volume-b3710a8c-bc06-4ece-8fe0-2eeb5c1affc8" returned: 0 in 0.479s {{(pid=94234) execute /opt/stack/data/venv/lib/python3.12/site-packages/oslo_concurrency/processutils.py:468}}
Aug 20 06:40:21 devstack cinder-volume[94234]: DEBUG oslo_concurrency.processutils [None req-4810e463-28e3-4630-93ee-33e668797dc6 tempest-GroupSnapshotsTest-2064933387 None] Running cmd (subprocess): sudo cinder-rootwrap /etc/cinder/rootwrap.conf qemu-img create -f qcow2 -o backing_file=/opt/stack/data/cinder/mnt/3ddfb1ad96b1a34f8e69bbac6b9b6d9b/volume-b3710a8c-bc06-4ece-8fe0-2eeb5c1affc8,backing_fmt=qcow2 /opt/stack/data/cinder/mnt/3ddfb1ad96b1a34f8e69bbac6b9b6d9b/volume-b3710a8c-bc06-4ece-8fe0-2eeb5c1affc8.939d5f57-8a6f-44db-a72e-31cab7cb0a81 1G {{(pid=94234) execute /opt/stack/data/venv/lib/python3.12/site-packages/oslo_concurrency/processutils.py:440}}
Aug 20 06:40:21 devstack sudo[101494]: quobyte : PWD=/ ; USER=root ; COMMAND=/opt/stack/data/venv/bin/cinder-rootwrap /etc/cinder/rootwrap.conf qemu-img create -f qcow2 -o backing_file=/opt/stack/data/cinder/mnt/3ddfb1ad96b1a34f8e69bbac6b9b6d9b/volume-b3710a8c-bc06-4ece-8fe0-2eeb5c1affc8,backing_fmt=qcow2 /opt/stack/data/cinder/mnt/3ddfb1ad96b1a34f8e69bbac6b9b6d9b/volume-b3710a8c-bc06-4ece-8fe0-2eeb5c1affc8.939d5f57-8a6f-44db-a72e-31cab7cb0a81 1G
Aug 20 06:40:21 devstack sudo[101494]: pam_unix(sudo:session): session opened for user root(uid=0) by (uid=1000)
Aug 20 06:40:22 devstack sudo[101494]: pam_unix(sudo:session): session closed for user root
Aug 20 06:40:22 devstack cinder-volume[94234]: DEBUG oslo_concurrency.processutils [None req-4810e463-28e3-4630-93ee-33e668797dc6 tempest-GroupSnapshotsTest-2064933387 None] CMD "sudo cinder-rootwrap /etc/cinder/rootwrap.conf qemu-img create -f qcow2 -o backing_file=/opt/stack/data/cinder/mnt/3ddfb1ad96b1a34f8e69bbac6b9b6d9b/volume-b3710a8c-bc06-4ece-8fe0-2eeb5c1affc8,backing_fmt=qcow2 /opt/stack/data/cinder/mnt/3ddfb1ad96b1a34f8e69bbac6b9b6d9b/volume-b3710a8c-bc06-4ece-8fe0-2eeb5c1affc8.939d5f57-8a6f-44db-a72e-31cab7cb0a81 1G" returned: 0 in 1.011s {{(pid=94234) execute /opt/stack/data/venv/lib/python3.12/site-packages/oslo_concurrency/processutils.py:468}}
Aug 20 06:40:22 devstack cinder-volume[94234]: DEBUG oslo_concurrency.processutils [None req-4810e463-28e3-4630-93ee-33e668797dc6 tempest-GroupSnapshotsTest-2064933387 None] Running cmd (subprocess): sudo cinder-rootwrap /etc/cinder/rootwrap.conf qemu-img rebase -u -b volume-b3710a8c-bc06-4ece-8fe0-2eeb5c1affc8 -F qcow2 /opt/stack/data/cinder/mnt/3ddfb1ad96b1a34f8e69bbac6b9b6d9b/volume-b3710a8c-bc06-4ece-8fe0-2eeb5c1affc8.939d5f57-8a6f-44db-a72e-31cab7cb0a81 {{(pid=94234) execute /opt/stack/data/venv/lib/python3.12/site-packages/oslo_concurrency/processutils.py:440}}
Aug 20 06:40:22 devstack sudo[101525]: quobyte : PWD=/ ; USER=root ; COMMAND=/opt/stack/data/venv/bin/cinder-rootwrap /etc/cinder/rootwrap.conf qemu-img rebase -u -b volume-b3710a8c-bc06-4ece-8fe0-2eeb5c1affc8 -F qcow2 /opt/stack/data/cinder/mnt/3ddfb1ad96b1a34f8e69bbac6b9b6d9b/volume-b3710a8c-bc06-4ece-8fe0-2eeb5c1affc8.939d5f57-8a6f-44db-a72e-31cab7cb0a81
Aug 20 06:40:22 devstack sudo[101525]: pam_unix(sudo:session): session opened for user root(uid=0) by (uid=1000)
Aug 20 06:40:22 devstack sudo[101525]: pam_unix(sudo:session): session closed for user root
Aug 20 06:40:22 devstack cinder-volume[94234]: DEBUG oslo_concurrency.processutils [None req-4810e463-28e3-4630-93ee-33e668797dc6 tempest-GroupSnapshotsTest-2064933387 None] CMD "sudo cinder-rootwrap /etc/cinder/rootwrap.conf qemu-img rebase -u -b volume-b3710a8c-bc06-4ece-8fe0-2eeb5c1affc8 -F qcow2 /opt/stack/data/cinder/mnt/3ddfb1ad96b1a34f8e69bbac6b9b6d9b/volume-b3710a8c-bc06-4ece-8fe0-2eeb5c1affc8.939d5f57-8a6f-44db-a72e-31cab7cb0a81" returned: 0 in 0.470s {{(pid=94234) execute /opt/stack/data/venv/lib/python3.12/site-packages/oslo_concurrency/processutils.py:468}}
Aug 20 06:40:22 devstack cinder-volume[94234]: WARNING cinder.volume.drivers.remotefs [None req-4810e463-28e3-4630-93ee-33e668797dc6 tempest-GroupSnapshotsTest-2064933387 None] /opt/stack/data/cinder/mnt/3ddfb1ad96b1a34f8e69bbac6b9b6d9b/volume-b3710a8c-bc06-4ece-8fe0-2eeb5c1affc8.939d5f57-8a6f-44db-a72e-31cab7cb0a81 is being set with open permissions: ugo+rw: NotImplementedError
Aug 20 06:40:22 devstack cinder-volume[94234]: DEBUG oslo_concurrency.processutils [None req-4810e463-28e3-4630-93ee-33e668797dc6 tempest-GroupSnapshotsTest-2064933387 None] Running cmd (subprocess): sudo cinder-rootwrap /etc/cinder/rootwrap.conf chmod ugo+rw /opt/stack/data/cinder/mnt/3ddfb1ad96b1a34f8e69bbac6b9b6d9b/volume-b3710a8c-bc06-4ece-8fe0-2eeb5c1affc8.939d5f57-8a6f-44db-a72e-31cab7cb0a81 {{(pid=94234) execute /opt/stack/data/venv/lib/python3.12/site-packages/oslo_concurrency/processutils.py:440}}
Aug 20 06:40:22 devstack sudo[101531]: quobyte : PWD=/ ; USER=root ; COMMAND=/opt/stack/data/venv/bin/cinder-rootwrap /etc/cinder/rootwrap.conf chmod ugo+rw /opt/stack/data/cinder/mnt/3ddfb1ad96b1a34f8e69bbac6b9b6d9b/volume-b3710a8c-bc06-4ece-8fe0-2eeb5c1affc8.939d5f57-8a6f-44db-a72e-31cab7cb0a81
Aug 20 06:40:22 devstack sudo[101531]: pam_unix(sudo:session): session opened for user root(uid=0) by (uid=1000)
Aug 20 06:40:22 devstack sudo[101531]: pam_unix(sudo:session): session closed for user root
Aug 20 06:40:22 devstack cinder-volume[94234]: DEBUG oslo_concurrency.processutils [None req-4810e463-28e3-4630-93ee-33e668797dc6 tempest-GroupSnapshotsTest-2064933387 None] CMD "sudo cinder-rootwrap /etc/cinder/rootwrap.conf chmod ugo+rw /opt/stack/data/cinder/mnt/3ddfb1ad96b1a34f8e69bbac6b9b6d9b/volume-b3710a8c-bc06-4ece-8fe0-2eeb5c1affc8.939d5f57-8a6f-44db-a72e-31cab7cb0a81" returned: 0 in 0.288s {{(pid=94234) execute /opt/stack/data/venv/lib/python3.12/site-packages/oslo_concurrency/processutils.py:468}}
Aug 20 06:40:22 devstack cinder-volume[94234]: DEBUG oslo_concurrency.processutils [None req-4810e463-28e3-4630-93ee-33e668797dc6 tempest-GroupSnapshotsTest-2064933387 None] Running cmd (subprocess): sudo cinder-rootwrap /etc/cinder/rootwrap.conf truncate -s0 /opt/stack/data/cinder/mnt/3ddfb1ad96b1a34f8e69bbac6b9b6d9b/volume-b3710a8c-bc06-4ece-8fe0-2eeb5c1affc8.info {{(pid=94234) execute /opt/stack/data/venv/lib/python3.12/site-packages/oslo_concurrency/processutils.py:440}}
Aug 20 06:40:22 devstack sudo[101534]: quobyte : PWD=/ ; USER=root ; COMMAND=/opt/stack/data/venv/bin/cinder-rootwrap /etc/cinder/rootwrap.conf truncate -s0 /opt/stack/data/cinder/mnt/3ddfb1ad96b1a34f8e69bbac6b9b6d9b/volume-b3710a8c-bc06-4ece-8fe0-2eeb5c1affc8.info
Aug 20 06:40:22 devstack sudo[101534]: pam_unix(sudo:session): session opened for user root(uid=0) by (uid=1000)
Aug 20 06:40:23 devstack sudo[101534]: pam_unix(sudo:session): session closed for user root
Aug 20 06:40:23 devstack cinder-volume[94234]: DEBUG oslo_concurrency.processutils [None req-4810e463-28e3-4630-93ee-33e668797dc6 tempest-GroupSnapshotsTest-2064933387 None] CMD "sudo cinder-rootwrap /etc/cinder/rootwrap.conf truncate -s0 /opt/stack/data/cinder/mnt/3ddfb1ad96b1a34f8e69bbac6b9b6d9b/volume-b3710a8c-bc06-4ece-8fe0-2eeb5c1affc8.info" returned: 0 in 0.364s {{(pid=94234) execute /opt/stack/data/venv/lib/python3.12/site-packages/oslo_concurrency/processutils.py:468}}
Aug 20 06:40:23 devstack cinder-volume[94234]: WARNING cinder.volume.drivers.remotefs [None req-4810e463-28e3-4630-93ee-33e668797dc6 tempest-GroupSnapshotsTest-2064933387 None] /opt/stack/data/cinder/mnt/3ddfb1ad96b1a34f8e69bbac6b9b6d9b/volume-b3710a8c-bc06-4ece-8fe0-2eeb5c1affc8.info is being set with open permissions: ugo+rw: NotImplementedError
Aug 20 06:40:23 devstack cinder-volume[94234]: DEBUG oslo_concurrency.processutils [None req-4810e463-28e3-4630-93ee-33e668797dc6 tempest-GroupSnapshotsTest-2064933387 None] Running cmd (subprocess): sudo cinder-rootwrap /etc/cinder/rootwrap.conf chmod ugo+rw /opt/stack/data/cinder/mnt/3ddfb1ad96b1a34f8e69bbac6b9b6d9b/volume-b3710a8c-bc06-4ece-8fe0-2eeb5c1affc8.info {{(pid=94234) execute /opt/stack/data/venv/lib/python3.12/site-packages/oslo_concurrency/processutils.py:440}}
Aug 20 06:40:23 devstack sudo[101537]: quobyte : PWD=/ ; USER=root ; COMMAND=/opt/stack/data/venv/bin/cinder-rootwrap /etc/cinder/rootwrap.conf chmod ugo+rw /opt/stack/data/cinder/mnt/3ddfb1ad96b1a34f8e69bbac6b9b6d9b/volume-b3710a8c-bc06-4ece-8fe0-2eeb5c1affc8.info
Aug 20 06:40:23 devstack sudo[101537]: pam_unix(sudo:session): session opened for user root(uid=0) by (uid=1000)
Aug 20 06:40:23 devstack sudo[101537]: pam_unix(sudo:session): session closed for user root
Aug 20 06:40:23 devstack cinder-volume[94234]: DEBUG oslo_concurrency.processutils [None req-4810e463-28e3-4630-93ee-33e668797dc6 tempest-GroupSnapshotsTest-2064933387 None] CMD "sudo cinder-rootwrap /etc/cinder/rootwrap.conf chmod ugo+rw /opt/stack/data/cinder/mnt/3ddfb1ad96b1a34f8e69bbac6b9b6d9b/volume-b3710a8c-bc06-4ece-8fe0-2eeb5c1affc8.info" returned: 0 in 0.297s {{(pid=94234) execute /opt/stack/data/venv/lib/python3.12/site-packages/oslo_concurrency/processutils.py:468}}
Aug 20 06:40:23 devstack cinder-volume[94234]: DEBUG oslo_concurrency.lockutils [None req-4810e463-28e3-4630-93ee-33e668797dc6 tempest-GroupSnapshotsTest-2064933387 None] Lock "quobyte" "released" by "cinder.volume.drivers.quobyte.QuobyteDriver.create_snapshot" :: held 3.030s {{(pid=94234) inner /opt/stack/data/venv/lib/python3.12/site-packages/oslo_concurrency/lockutils.py:544}}
Aug 20 06:40:23 devstack cinder-volume[94234]: DEBUG oslo_concurrency.lockutils [None req-4810e463-28e3-4630-93ee-33e668797dc6 tempest-GroupSnapshotsTest-2064933387 None] Acquiring lock "quobyte" by "cinder.volume.drivers.quobyte.QuobyteDriver.create_snapshot" {{(pid=94234) inner /opt/stack/data/venv/lib/python3.12/site-packages/oslo_concurrency/lockutils.py:512}}
Aug 20 06:40:23 devstack cinder-volume[94234]: DEBUG oslo_concurrency.lockutils [None req-4810e463-28e3-4630-93ee-33e668797dc6 tempest-GroupSnapshotsTest-2064933387 None] Lock "quobyte" acquired by "cinder.volume.drivers.quobyte.QuobyteDriver.create_snapshot" :: waited 0.001s {{(pid=94234) inner /opt/stack/data/venv/lib/python3.12/site-packages/oslo_concurrency/lockutils.py:525}}
Aug 20 06:40:23 devstack cinder-volume[94234]: DEBUG cinder.volume.drivers.remotefs [None req-4810e463-28e3-4630-93ee-33e668797dc6 tempest-GroupSnapshotsTest-2064933387 None] Creating offline snapshot a36336a8-5223-4892-ba2a-ff9ba2d735bb of volume c477c48b-2743-47d3-a9eb-4ae0484ab022 {{(pid=94234) _create_snapshot /opt/stack/cinder/cinder/volume/drivers/remotefs.py:1816}}
Aug 20 06:40:23 devstack cinder-volume[94234]: DEBUG oslo.privsep.daemon [-] privsep: reply[f4089330-af98-4d33-8632-e054c4c5fc5a]: (4, 'qcow2') {{(pid=95471) _call_back /opt/stack/data/venv/lib/python3.12/site-packages/oslo_privsep/daemon.py:580}}
Aug 20 06:40:23 devstack cinder-volume[94234]: DEBUG oslo_concurrency.processutils [None req-4810e463-28e3-4630-93ee-33e668797dc6 tempest-GroupSnapshotsTest-2064933387 None] Running cmd (subprocess): /opt/stack/data/venv/bin/python3.12 -m oslo_concurrency.prlimit --as=1073741824 --cpu=60 -- sudo cinder-rootwrap /etc/cinder/rootwrap.conf env LC_ALL=C qemu-img info -f qcow2 --output=json --force-share /opt/stack/data/cinder/mnt/3ddfb1ad96b1a34f8e69bbac6b9b6d9b/volume-c477c48b-2743-47d3-a9eb-4ae0484ab022 {{(pid=94234) execute /opt/stack/data/venv/lib/python3.12/site-packages/oslo_concurrency/processutils.py:440}}
Aug 20 06:40:23 devstack sudo[101540]: quobyte : PWD=/ ; USER=root ; COMMAND=/opt/stack/data/venv/bin/cinder-rootwrap /etc/cinder/rootwrap.conf env LC_ALL=C qemu-img info -f qcow2 --output=json --force-share /opt/stack/data/cinder/mnt/3ddfb1ad96b1a34f8e69bbac6b9b6d9b/volume-c477c48b-2743-47d3-a9eb-4ae0484ab022
Aug 20 06:40:23 devstack sudo[101540]: pam_unix(sudo:session): session opened for user root(uid=0) by (uid=1000)
Aug 20 06:40:24 devstack sudo[101540]: pam_unix(sudo:session): session closed for user root
Aug 20 06:40:24 devstack cinder-volume[94234]: DEBUG oslo_concurrency.processutils [None req-4810e463-28e3-4630-93ee-33e668797dc6 tempest-GroupSnapshotsTest-2064933387 None] CMD "/opt/stack/data/venv/bin/python3.12 -m oslo_concurrency.prlimit --as=1073741824 --cpu=60 -- sudo cinder-rootwrap /etc/cinder/rootwrap.conf env LC_ALL=C qemu-img info -f qcow2 --output=json --force-share /opt/stack/data/cinder/mnt/3ddfb1ad96b1a34f8e69bbac6b9b6d9b/volume-c477c48b-2743-47d3-a9eb-4ae0484ab022" returned: 0 in 0.459s {{(pid=94234) execute /opt/stack/data/venv/lib/python3.12/site-packages/oslo_concurrency/processutils.py:468}}
Aug 20 06:40:24 devstack cinder-volume[94234]: DEBUG oslo_concurrency.processutils [None req-4810e463-28e3-4630-93ee-33e668797dc6 tempest-GroupSnapshotsTest-2064933387 None] Running cmd (subprocess): sudo cinder-rootwrap /etc/cinder/rootwrap.conf qemu-img create -f qcow2 -o backing_file=/opt/stack/data/cinder/mnt/3ddfb1ad96b1a34f8e69bbac6b9b6d9b/volume-c477c48b-2743-47d3-a9eb-4ae0484ab022,backing_fmt=qcow2 /opt/stack/data/cinder/mnt/3ddfb1ad96b1a34f8e69bbac6b9b6d9b/volume-c477c48b-2743-47d3-a9eb-4ae0484ab022.a36336a8-5223-4892-ba2a-ff9ba2d735bb 1G {{(pid=94234) execute /opt/stack/data/venv/lib/python3.12/site-packages/oslo_concurrency/processutils.py:440}}
Aug 20 06:40:24 devstack sudo[101545]: quobyte : PWD=/ ; USER=root ; COMMAND=/opt/stack/data/venv/bin/cinder-rootwrap /etc/cinder/rootwrap.conf qemu-img create -f qcow2 -o backing_file=/opt/stack/data/cinder/mnt/3ddfb1ad96b1a34f8e69bbac6b9b6d9b/volume-c477c48b-2743-47d3-a9eb-4ae0484ab022,backing_fmt=qcow2 /opt/stack/data/cinder/mnt/3ddfb1ad96b1a34f8e69bbac6b9b6d9b/volume-c477c48b-2743-47d3-a9eb-4ae0484ab022.a36336a8-5223-4892-ba2a-ff9ba2d735bb 1G
Aug 20 06:40:24 devstack sudo[101545]: pam_unix(sudo:session): session opened for user root(uid=0) by (uid=1000)
Aug 20 06:40:24 devstack sudo[101545]: pam_unix(sudo:session): session closed for user root
Aug 20 06:40:24 devstack cinder-volume[94234]: DEBUG oslo_concurrency.processutils [None req-4810e463-28e3-4630-93ee-33e668797dc6 tempest-GroupSnapshotsTest-2064933387 None] CMD "sudo cinder-rootwrap /etc/cinder/rootwrap.conf qemu-img create -f qcow2 -o backing_file=/opt/stack/data/cinder/mnt/3ddfb1ad96b1a34f8e69bbac6b9b6d9b/volume-c477c48b-2743-47d3-a9eb-4ae0484ab022,backing_fmt=qcow2 /opt/stack/data/cinder/mnt/3ddfb1ad96b1a34f8e69bbac6b9b6d9b/volume-c477c48b-2743-47d3-a9eb-4ae0484ab022.a36336a8-5223-4892-ba2a-ff9ba2d735bb 1G" returned: 0 in 0.532s {{(pid=94234) execute /opt/stack/data/venv/lib/python3.12/site-packages/oslo_concurrency/processutils.py:468}}
Aug 20 06:40:24 devstack cinder-volume[94234]: DEBUG oslo_concurrency.processutils [None req-4810e463-28e3-4630-93ee-33e668797dc6 tempest-GroupSnapshotsTest-2064933387 None] Running cmd (subprocess): sudo cinder-rootwrap /etc/cinder/rootwrap.conf qemu-img rebase -u -b volume-c477c48b-2743-47d3-a9eb-4ae0484ab022 -F qcow2 /opt/stack/data/cinder/mnt/3ddfb1ad96b1a34f8e69bbac6b9b6d9b/volume-c477c48b-2743-47d3-a9eb-4ae0484ab022.a36336a8-5223-4892-ba2a-ff9ba2d735bb {{(pid=94234) execute /opt/stack/data/venv/lib/python3.12/site-packages/oslo_concurrency/processutils.py:440}}
Aug 20 06:40:24 devstack sudo[101551]: quobyte : PWD=/ ; USER=root ; COMMAND=/opt/stack/data/venv/bin/cinder-rootwrap /etc/cinder/rootwrap.conf qemu-img rebase -u -b volume-c477c48b-2743-47d3-a9eb-4ae0484ab022 -F qcow2 /opt/stack/data/cinder/mnt/3ddfb1ad96b1a34f8e69bbac6b9b6d9b/volume-c477c48b-2743-47d3-a9eb-4ae0484ab022.a36336a8-5223-4892-ba2a-ff9ba2d735bb
Aug 20 06:40:24 devstack sudo[101551]: pam_unix(sudo:session): session opened for user root(uid=0) by (uid=1000)
Aug 20 06:40:25 devstack sudo[101551]: pam_unix(sudo:session): session closed for user root
Aug 20 06:40:25 devstack cinder-volume[94234]: DEBUG oslo_concurrency.processutils [None req-4810e463-28e3-4630-93ee-33e668797dc6 tempest-GroupSnapshotsTest-2064933387 None] CMD "sudo cinder-rootwrap /etc/cinder/rootwrap.conf qemu-img rebase -u -b volume-c477c48b-2743-47d3-a9eb-4ae0484ab022 -F qcow2 /opt/stack/data/cinder/mnt/3ddfb1ad96b1a34f8e69bbac6b9b6d9b/volume-c477c48b-2743-47d3-a9eb-4ae0484ab022.a36336a8-5223-4892-ba2a-ff9ba2d735bb" returned: 0 in 0.350s {{(pid=94234) execute /opt/stack/data/venv/lib/python3.12/site-packages/oslo_concurrency/processutils.py:468}}
Aug 20 06:40:25 devstack cinder-volume[94234]: WARNING cinder.volume.drivers.remotefs [None req-4810e463-28e3-4630-93ee-33e668797dc6 tempest-GroupSnapshotsTest-2064933387 None] /opt/stack/data/cinder/mnt/3ddfb1ad96b1a34f8e69bbac6b9b6d9b/volume-c477c48b-2743-47d3-a9eb-4ae0484ab022.a36336a8-5223-4892-ba2a-ff9ba2d735bb is being set with open permissions: ugo+rw: NotImplementedError
Aug 20 06:40:25 devstack cinder-volume[94234]: DEBUG oslo_concurrency.processutils [None req-4810e463-28e3-4630-93ee-33e668797dc6 tempest-GroupSnapshotsTest-2064933387 None] Running cmd (subprocess): sudo cinder-rootwrap /etc/cinder/rootwrap.conf chmod ugo+rw /opt/stack/data/cinder/mnt/3ddfb1ad96b1a34f8e69bbac6b9b6d9b/volume-c477c48b-2743-47d3-a9eb-4ae0484ab022.a36336a8-5223-4892-ba2a-ff9ba2d735bb {{(pid=94234) execute /opt/stack/data/venv/lib/python3.12/site-packages/oslo_concurrency/processutils.py:440}}
Aug 20 06:40:25 devstack sudo[101556]: quobyte : PWD=/ ; USER=root ; COMMAND=/opt/stack/data/venv/bin/cinder-rootwrap /etc/cinder/rootwrap.conf chmod ugo+rw /opt/stack/data/cinder/mnt/3ddfb1ad96b1a34f8e69bbac6b9b6d9b/volume-c477c48b-2743-47d3-a9eb-4ae0484ab022.a36336a8-5223-4892-ba2a-ff9ba2d735bb
Aug 20 06:40:25 devstack sudo[101556]: pam_unix(sudo:session): session opened for user root(uid=0) by (uid=1000)
Aug 20 06:40:25 devstack sudo[101556]: pam_unix(sudo:session): session closed for user root
Aug 20 06:40:25 devstack cinder-volume[94234]: DEBUG oslo_concurrency.processutils [None req-4810e463-28e3-4630-93ee-33e668797dc6 tempest-GroupSnapshotsTest-2064933387 None] CMD "sudo cinder-rootwrap /etc/cinder/rootwrap.conf chmod ugo+rw /opt/stack/data/cinder/mnt/3ddfb1ad96b1a34f8e69bbac6b9b6d9b/volume-c477c48b-2743-47d3-a9eb-4ae0484ab022.a36336a8-5223-4892-ba2a-ff9ba2d735bb" returned: 0 in 0.302s {{(pid=94234) execute /opt/stack/data/venv/lib/python3.12/site-packages/oslo_concurrency/processutils.py:468}}
Aug 20 06:40:25 devstack cinder-volume[94234]: DEBUG oslo_concurrency.processutils [None req-4810e463-28e3-4630-93ee-33e668797dc6 tempest-GroupSnapshotsTest-2064933387 None] Running cmd (subprocess): sudo cinder-rootwrap /etc/cinder/rootwrap.conf truncate -s0 /opt/stack/data/cinder/mnt/3ddfb1ad96b1a34f8e69bbac6b9b6d9b/volume-c477c48b-2743-47d3-a9eb-4ae0484ab022.info {{(pid=94234) execute /opt/stack/data/venv/lib/python3.12/site-packages/oslo_concurrency/processutils.py:440}}
Aug 20 06:40:25 devstack sudo[101559]: quobyte : PWD=/ ; USER=root ; COMMAND=/opt/stack/data/venv/bin/cinder-rootwrap /etc/cinder/rootwrap.conf truncate -s0 /opt/stack/data/cinder/mnt/3ddfb1ad96b1a34f8e69bbac6b9b6d9b/volume-c477c48b-2743-47d3-a9eb-4ae0484ab022.info
Aug 20 06:40:25 devstack sudo[101559]: pam_unix(sudo:session): session opened for user root(uid=0) by (uid=1000)
Aug 20 06:40:25 devstack sudo[101559]: pam_unix(sudo:session): session closed for user root
Aug 20 06:40:25 devstack cinder-volume[94234]: DEBUG oslo_concurrency.processutils [None req-4810e463-28e3-4630-93ee-33e668797dc6 tempest-GroupSnapshotsTest-2064933387 None] CMD "sudo cinder-rootwrap /etc/cinder/rootwrap.conf truncate -s0 /opt/stack/data/cinder/mnt/3ddfb1ad96b1a34f8e69bbac6b9b6d9b/volume-c477c48b-2743-47d3-a9eb-4ae0484ab022.info" returned: 0 in 0.306s {{(pid=94234) execute /opt/stack/data/venv/lib/python3.12/site-packages/oslo_concurrency/processutils.py:468}}
Aug 20 06:40:25 devstack cinder-volume[94234]: WARNING cinder.volume.drivers.remotefs [None req-4810e463-28e3-4630-93ee-33e668797dc6 tempest-GroupSnapshotsTest-2064933387 None] /opt/stack/data/cinder/mnt/3ddfb1ad96b1a34f8e69bbac6b9b6d9b/volume-c477c48b-2743-47d3-a9eb-4ae0484ab022.info is being set with open permissions: ugo+rw: NotImplementedError
Aug 20 06:40:25 devstack cinder-volume[94234]: DEBUG oslo_concurrency.processutils [None req-4810e463-28e3-4630-93ee-33e668797dc6 tempest-GroupSnapshotsTest-2064933387 None] Running cmd (subprocess): sudo cinder-rootwrap /etc/cinder/rootwrap.conf chmod ugo+rw /opt/stack/data/cinder/mnt/3ddfb1ad96b1a34f8e69bbac6b9b6d9b/volume-c477c48b-2743-47d3-a9eb-4ae0484ab022.info {{(pid=94234) execute /opt/stack/data/venv/lib/python3.12/site-packages/oslo_concurrency/processutils.py:440}}
Aug 20 06:40:25 devstack sudo[101562]: quobyte : PWD=/ ; USER=root ; COMMAND=/opt/stack/data/venv/bin/cinder-rootwrap /etc/cinder/rootwrap.conf chmod ugo+rw /opt/stack/data/cinder/mnt/3ddfb1ad96b1a34f8e69bbac6b9b6d9b/volume-c477c48b-2743-47d3-a9eb-4ae0484ab022.info
Aug 20 06:40:25 devstack sudo[101562]: pam_unix(sudo:session): session opened for user root(uid=0) by (uid=1000)
Aug 20 06:40:25 devstack sudo[101562]: pam_unix(sudo:session): session closed for user root
Aug 20 06:40:25 devstack cinder-volume[94234]: DEBUG oslo_concurrency.processutils [None req-4810e463-28e3-4630-93ee-33e668797dc6 tempest-GroupSnapshotsTest-2064933387 None] CMD "sudo cinder-rootwrap /etc/cinder/rootwrap.conf chmod ugo+rw /opt/stack/data/cinder/mnt/3ddfb1ad96b1a34f8e69bbac6b9b6d9b/volume-c477c48b-2743-47d3-a9eb-4ae0484ab022.info" returned: 0 in 0.273s {{(pid=94234) execute /opt/stack/data/venv/lib/python3.12/site-packages/oslo_concurrency/processutils.py:468}}
Aug 20 06:40:25 devstack cinder-volume[94234]: DEBUG oslo_concurrency.lockutils [None req-4810e463-28e3-4630-93ee-33e668797dc6 tempest-GroupSnapshotsTest-2064933387 None] Lock "quobyte" "released" by "cinder.volume.drivers.quobyte.QuobyteDriver.create_snapshot" :: held 2.351s {{(pid=94234) inner /opt/stack/data/venv/lib/python3.12/site-packages/oslo_concurrency/lockutils.py:544}}
Aug 20 06:40:26 devstack cinder-volume[94234]: INFO cinder.volume.manager [None req-4810e463-28e3-4630-93ee-33e668797dc6 tempest-GroupSnapshotsTest-2064933387 None] group_snapshot c0b72cd2-a78a-472f-a93d-6fa2e0ef61e7: created successfully
Aug 20 06:40:27 devstack cinder-volume[94234]: INFO cinder.volume.manager [None req-7ff71889-0d07-4a66-843c-e86108360d53 tempest-GroupSnapshotsTest-2064933387 None] group_snapshot c0b72cd2-a78a-472f-a93d-6fa2e0ef61e7: deleting
Aug 20 06:40:27 devstack cinder-volume[94234]: DEBUG cinder.volume.manager [None req-7ff71889-0d07-4a66-843c-e86108360d53 tempest-GroupSnapshotsTest-2064933387 None] group_snapshot c0b72cd2-a78a-472f-a93d-6fa2e0ef61e7: deleting {{(pid=94234) delete_group_snapshot /opt/stack/cinder/cinder/volume/manager.py:4350}}
Aug 20 06:40:27 devstack cinder-volume[94234]: DEBUG cinder.coordination [None req-7ff71889-0d07-4a66-843c-e86108360d53 tempest-GroupSnapshotsTest-2064933387 None] Acquiring lock "cinder-quobyte-b3710a8c-bc06-4ece-8fe0-2eeb5c1affc8" by "delete_snapshot" {{(pid=94234) __acquire /opt/stack/cinder/cinder/coordination.py:138}}
Aug 20 06:40:27 devstack cinder-volume[94234]: DEBUG cinder.coordination [None req-7ff71889-0d07-4a66-843c-e86108360d53 tempest-GroupSnapshotsTest-2064933387 None] Lock "cinder-quobyte-b3710a8c-bc06-4ece-8fe0-2eeb5c1affc8" acquired by "delete_snapshot" :: waited 0.022s {{(pid=94234) __acquire /opt/stack/cinder/cinder/coordination.py:141}}
Aug 20 06:40:27 devstack cinder-volume[94234]: DEBUG cinder.coordination [None req-7ff71889-0d07-4a66-843c-e86108360d53 tempest-GroupSnapshotsTest-2064933387 None] Acquiring lock "cinder-quobyte-939d5f57-8a6f-44db-a72e-31cab7cb0a81" by "_delete_snapshot" {{(pid=94234) __acquire /opt/stack/cinder/cinder/coordination.py:138}}
Aug 20 06:40:27 devstack cinder-volume[94234]: DEBUG cinder.coordination [None req-7ff71889-0d07-4a66-843c-e86108360d53 tempest-GroupSnapshotsTest-2064933387 None] Lock "cinder-quobyte-939d5f57-8a6f-44db-a72e-31cab7cb0a81" acquired by "_delete_snapshot" :: waited 0.017s {{(pid=94234) __acquire /opt/stack/cinder/cinder/coordination.py:141}}
Aug 20 06:40:27 devstack cinder-volume[94234]: DEBUG cinder.volume.drivers.remotefs [None req-7ff71889-0d07-4a66-843c-e86108360d53 tempest-GroupSnapshotsTest-2064933387 None] Deleting offline snapshot 939d5f57-8a6f-44db-a72e-31cab7cb0a81 of volume b3710a8c-bc06-4ece-8fe0-2eeb5c1affc8 {{(pid=94234) _delete_snapshot /opt/stack/cinder/cinder/volume/drivers/remotefs.py:1288}}
Aug 20 06:40:27 devstack cinder-volume[94234]: DEBUG cinder.volume.drivers.remotefs [None req-7ff71889-0d07-4a66-843c-e86108360d53 tempest-GroupSnapshotsTest-2064933387 None] snapshot_file for this snap is: volume-b3710a8c-bc06-4ece-8fe0-2eeb5c1affc8.939d5f57-8a6f-44db-a72e-31cab7cb0a81 {{(pid=94234) _delete_snapshot /opt/stack/cinder/cinder/volume/drivers/remotefs.py:1317}}
Aug 20 06:40:27 devstack cinder-volume[94234]: DEBUG oslo.privsep.daemon [-] privsep: reply[4da8bc85-c17a-46e1-8b9d-887a1522dc9e]: (4, 'qcow2') {{(pid=95471) _call_back /opt/stack/data/venv/lib/python3.12/site-packages/oslo_privsep/daemon.py:580}}
Aug 20 06:40:27 devstack cinder-volume[94234]: DEBUG oslo_concurrency.processutils [None req-7ff71889-0d07-4a66-843c-e86108360d53 tempest-GroupSnapshotsTest-2064933387 None] Running cmd (subprocess): /opt/stack/data/venv/bin/python3.12 -m oslo_concurrency.prlimit --as=1073741824 --cpu=60 -- sudo cinder-rootwrap /etc/cinder/rootwrap.conf env LC_ALL=C qemu-img info -f qcow2 --output=json --force-share /opt/stack/data/cinder/mnt/3ddfb1ad96b1a34f8e69bbac6b9b6d9b/volume-b3710a8c-bc06-4ece-8fe0-2eeb5c1affc8.939d5f57-8a6f-44db-a72e-31cab7cb0a81 {{(pid=94234) execute /opt/stack/data/venv/lib/python3.12/site-packages/oslo_concurrency/processutils.py:440}}
Aug 20 06:40:27 devstack sudo[101566]: quobyte : PWD=/ ; USER=root ; COMMAND=/opt/stack/data/venv/bin/cinder-rootwrap /etc/cinder/rootwrap.conf env LC_ALL=C qemu-img info -f qcow2 --output=json --force-share /opt/stack/data/cinder/mnt/3ddfb1ad96b1a34f8e69bbac6b9b6d9b/volume-b3710a8c-bc06-4ece-8fe0-2eeb5c1affc8.939d5f57-8a6f-44db-a72e-31cab7cb0a81
Aug 20 06:40:27 devstack sudo[101566]: pam_unix(sudo:session): session opened for user root(uid=0) by (uid=1000)
Aug 20 06:40:27 devstack sudo[101566]: pam_unix(sudo:session): session closed for user root
Aug 20 06:40:27 devstack cinder-volume[94234]: DEBUG oslo_concurrency.processutils [None req-7ff71889-0d07-4a66-843c-e86108360d53 tempest-GroupSnapshotsTest-2064933387 None] CMD "/opt/stack/data/venv/bin/python3.12 -m oslo_concurrency.prlimit --as=1073741824 --cpu=60 -- sudo cinder-rootwrap /etc/cinder/rootwrap.conf env LC_ALL=C qemu-img info -f qcow2 --output=json --force-share /opt/stack/data/cinder/mnt/3ddfb1ad96b1a34f8e69bbac6b9b6d9b/volume-b3710a8c-bc06-4ece-8fe0-2eeb5c1affc8.939d5f57-8a6f-44db-a72e-31cab7cb0a81" returned: 0 in 0.619s {{(pid=94234) execute /opt/stack/data/venv/lib/python3.12/site-packages/oslo_concurrency/processutils.py:468}}
Aug 20 06:40:27 devstack cinder-volume[94234]: DEBUG cinder.volume.drivers.remotefs [None req-7ff71889-0d07-4a66-843c-e86108360d53 tempest-GroupSnapshotsTest-2064933387 None] Fetching qemu-img info with special backing_file_template: (/opt/stack/data/cinder/mnt/[0-9a-f]+/)?(volume-b3710a8c-bc06-4ece-8fe0-2eeb5c1affc8(.(tmp-snap-)?[0-9a-f-]+)?|volume_from_snapshot_cache/(tmp-snap-)?[0-9a-f-]+(.(child-|parent-)[0-9a-f-]+)?)$ {{(pid=94234) _qemu_img_info_base /opt/stack/cinder/cinder/volume/drivers/remotefs.py:896}}
Aug 20 06:40:27 devstack cinder-volume[94234]: DEBUG oslo.privsep.daemon [-] privsep: reply[110b090e-a18c-4761-8d50-caed43de6a16]: (4, 'qcow2') {{(pid=95471) _call_back /opt/stack/data/venv/lib/python3.12/site-packages/oslo_privsep/daemon.py:580}}
Aug 20 06:40:27 devstack cinder-volume[94234]: DEBUG oslo_concurrency.processutils [None req-7ff71889-0d07-4a66-843c-e86108360d53 tempest-GroupSnapshotsTest-2064933387 None] Running cmd (subprocess): /opt/stack/data/venv/bin/python3.12 -m oslo_concurrency.prlimit --as=1073741824 --cpu=60 -- sudo cinder-rootwrap /etc/cinder/rootwrap.conf env LC_ALL=C qemu-img info -f qcow2 --output=json --force-share /opt/stack/data/cinder/mnt/3ddfb1ad96b1a34f8e69bbac6b9b6d9b/volume-b3710a8c-bc06-4ece-8fe0-2eeb5c1affc8 {{(pid=94234) execute /opt/stack/data/venv/lib/python3.12/site-packages/oslo_concurrency/processutils.py:440}}
Aug 20 06:40:28 devstack sudo[101571]: quobyte : PWD=/ ; USER=root ; COMMAND=/opt/stack/data/venv/bin/cinder-rootwrap /etc/cinder/rootwrap.conf env LC_ALL=C qemu-img info -f qcow2 --output=json --force-share /opt/stack/data/cinder/mnt/3ddfb1ad96b1a34f8e69bbac6b9b6d9b/volume-b3710a8c-bc06-4ece-8fe0-2eeb5c1affc8
Aug 20 06:40:28 devstack sudo[101571]: pam_unix(sudo:session): session opened for user root(uid=0) by (uid=1000)
Aug 20 06:40:28 devstack sudo[101571]: pam_unix(sudo:session): session closed for user root
Aug 20 06:40:28 devstack cinder-volume[94234]: DEBUG oslo_concurrency.processutils [None req-7ff71889-0d07-4a66-843c-e86108360d53 tempest-GroupSnapshotsTest-2064933387 None] CMD "/opt/stack/data/venv/bin/python3.12 -m oslo_concurrency.prlimit --as=1073741824 --cpu=60 -- sudo cinder-rootwrap /etc/cinder/rootwrap.conf env LC_ALL=C qemu-img info -f qcow2 --output=json --force-share /opt/stack/data/cinder/mnt/3ddfb1ad96b1a34f8e69bbac6b9b6d9b/volume-b3710a8c-bc06-4ece-8fe0-2eeb5c1affc8" returned: 0 in 0.415s {{(pid=94234) execute /opt/stack/data/venv/lib/python3.12/site-packages/oslo_concurrency/processutils.py:468}}
Aug 20 06:40:28 devstack cinder-volume[94234]: DEBUG oslo_concurrency.processutils [None req-7ff71889-0d07-4a66-843c-e86108360d53 tempest-GroupSnapshotsTest-2064933387 None] Running cmd (subprocess): sudo cinder-rootwrap /etc/cinder/rootwrap.conf qemu-img commit -d /opt/stack/data/cinder/mnt/3ddfb1ad96b1a34f8e69bbac6b9b6d9b/volume-b3710a8c-bc06-4ece-8fe0-2eeb5c1affc8.939d5f57-8a6f-44db-a72e-31cab7cb0a81 {{(pid=94234) execute /opt/stack/data/venv/lib/python3.12/site-packages/oslo_concurrency/processutils.py:440}}
Aug 20 06:40:28 devstack sudo[101576]: quobyte : PWD=/ ; USER=root ; COMMAND=/opt/stack/data/venv/bin/cinder-rootwrap /etc/cinder/rootwrap.conf qemu-img commit -d /opt/stack/data/cinder/mnt/3ddfb1ad96b1a34f8e69bbac6b9b6d9b/volume-b3710a8c-bc06-4ece-8fe0-2eeb5c1affc8.939d5f57-8a6f-44db-a72e-31cab7cb0a81
Aug 20 06:40:28 devstack sudo[101576]: pam_unix(sudo:session): session opened for user root(uid=0) by (uid=1000)
Aug 20 06:40:28 devstack sudo[101576]: pam_unix(sudo:session): session closed for user root
Aug 20 06:40:28 devstack cinder-volume[94234]: DEBUG oslo_concurrency.processutils [None req-7ff71889-0d07-4a66-843c-e86108360d53 tempest-GroupSnapshotsTest-2064933387 None] CMD "sudo cinder-rootwrap /etc/cinder/rootwrap.conf qemu-img commit -d /opt/stack/data/cinder/mnt/3ddfb1ad96b1a34f8e69bbac6b9b6d9b/volume-b3710a8c-bc06-4ece-8fe0-2eeb5c1affc8.939d5f57-8a6f-44db-a72e-31cab7cb0a81" returned: 0 in 0.442s {{(pid=94234) execute /opt/stack/data/venv/lib/python3.12/site-packages/oslo_concurrency/processutils.py:468}}
Aug 20 06:40:28 devstack cinder-volume[94234]: DEBUG oslo_concurrency.processutils [None req-7ff71889-0d07-4a66-843c-e86108360d53 tempest-GroupSnapshotsTest-2064933387 None] Running cmd (subprocess): sudo cinder-rootwrap /etc/cinder/rootwrap.conf rm -f /opt/stack/data/cinder/mnt/3ddfb1ad96b1a34f8e69bbac6b9b6d9b/volume-b3710a8c-bc06-4ece-8fe0-2eeb5c1affc8.939d5f57-8a6f-44db-a72e-31cab7cb0a81 {{(pid=94234) execute /opt/stack/data/venv/lib/python3.12/site-packages/oslo_concurrency/processutils.py:440}}
Aug 20 06:40:28 devstack sudo[101582]: quobyte : PWD=/ ; USER=root ; COMMAND=/opt/stack/data/venv/bin/cinder-rootwrap /etc/cinder/rootwrap.conf rm -f /opt/stack/data/cinder/mnt/3ddfb1ad96b1a34f8e69bbac6b9b6d9b/volume-b3710a8c-bc06-4ece-8fe0-2eeb5c1affc8.939d5f57-8a6f-44db-a72e-31cab7cb0a81
Aug 20 06:40:28 devstack sudo[101582]: pam_unix(sudo:session): session opened for user root(uid=0) by (uid=1000)
Aug 20 06:40:29 devstack sudo[101582]: pam_unix(sudo:session): session closed for user root
Aug 20 06:40:29 devstack cinder-volume[94234]: DEBUG oslo_concurrency.processutils [None req-7ff71889-0d07-4a66-843c-e86108360d53 tempest-GroupSnapshotsTest-2064933387 None] CMD "sudo cinder-rootwrap /etc/cinder/rootwrap.conf rm -f /opt/stack/data/cinder/mnt/3ddfb1ad96b1a34f8e69bbac6b9b6d9b/volume-b3710a8c-bc06-4ece-8fe0-2eeb5c1affc8.939d5f57-8a6f-44db-a72e-31cab7cb0a81" returned: 0 in 0.535s {{(pid=94234) execute /opt/stack/data/venv/lib/python3.12/site-packages/oslo_concurrency/processutils.py:468}}
Aug 20 06:40:29 devstack cinder-volume[94234]: DEBUG cinder.coordination [None req-7ff71889-0d07-4a66-843c-e86108360d53 tempest-GroupSnapshotsTest-2064933387 None] Lock "cinder-quobyte-939d5f57-8a6f-44db-a72e-31cab7cb0a81" released by "_delete_snapshot" :: held 2.159s {{(pid=94234) __release /opt/stack/cinder/cinder/coordination.py:152}}
Aug 20 06:40:29 devstack cinder-volume[94234]: DEBUG cinder.coordination [None req-7ff71889-0d07-4a66-843c-e86108360d53 tempest-GroupSnapshotsTest-2064933387 None] Lock "cinder-quobyte-b3710a8c-bc06-4ece-8fe0-2eeb5c1affc8" released by "delete_snapshot" :: held 2.187s {{(pid=94234) __release /opt/stack/cinder/cinder/coordination.py:152}}
