Aug 19 18:49:10 devstack devstack@g-api.service[83667]: [uWSGI] getting INI configuration from /etc/glance/glance-uwsgi.ini
Aug 19 18:49:10 devstack devstack@g-api.service[83667]: *** Starting uWSGI 2.0.24-debian (64bit) on [Wed Aug 19 18:49:10 2026] ***
Aug 19 18:49:10 devstack devstack@g-api.service[83667]: compiled with version: 13.2.0 on 17 April 2024 16:23:48
Aug 19 18:49:10 devstack devstack@g-api.service[83667]: os: Linux-6.8.0-124-generic #124-Ubuntu SMP PREEMPT_DYNAMIC Tue May 26 13:00:45 UTC 2026
Aug 19 18:49:10 devstack devstack@g-api.service[83667]: nodename: devstack
Aug 19 18:49:10 devstack devstack@g-api.service[83667]: machine: x86_64
Aug 19 18:49:10 devstack devstack@g-api.service[83667]: clock source: unix
Aug 19 18:49:10 devstack devstack@g-api.service[83667]: pcre jit disabled
Aug 19 18:49:10 devstack devstack@g-api.service[83667]: detected number of CPU cores: 4
Aug 19 18:49:10 devstack devstack@g-api.service[83667]: current working directory: /
Aug 19 18:49:10 devstack devstack@g-api.service[83667]: detected binary path: /usr/bin/uwsgi-core
Aug 19 18:49:10 devstack devstack@g-api.service[83667]: your processes number limit is 47518
Aug 19 18:49:10 devstack devstack@g-api.service[83667]: your memory page size is 4096 bytes
Aug 19 18:49:10 devstack devstack@g-api.service[83667]: detected max file descriptor number: 2048
Aug 19 18:49:10 devstack devstack@g-api.service[83667]: lock engine: pthread robust mutexes
Aug 19 18:49:10 devstack devstack@g-api.service[83667]: thunder lock: enabled
Aug 19 18:49:10 devstack devstack@g-api.service[83667]: uwsgi socket 0 bound to TCP address 127.0.0.1:60999 fd 4
Aug 19 18:49:10 devstack devstack@g-api.service[83667]: Python version: 3.12.3 (main, Jun 19 2026, 12:46:00) [GCC 13.3.0]
Aug 19 18:49:10 devstack devstack@g-api.service[83667]: PEP 405 virtualenv detected: /opt/stack/data/venv
Aug 19 18:49:10 devstack devstack@g-api.service[83667]: Set PythonHome to /opt/stack/data/venv
Aug 19 18:49:10 devstack devstack@g-api.service[83667]: Python main interpreter initialized at 0x71232d0a4668
Aug 19 18:49:10 devstack devstack@g-api.service[83667]: python threads support enabled
Aug 19 18:49:10 devstack devstack@g-api.service[83667]: your server socket listen backlog is limited to 100 connections
Aug 19 18:49:10 devstack devstack@g-api.service[83667]: your mercy for graceful operations on workers is 80 seconds
Aug 19 18:49:10 devstack devstack@g-api.service[83667]: mapped 403077 bytes (393 KB) for 2 cores
Aug 19 18:49:10 devstack devstack@g-api.service[83667]: *** Operational MODE: preforking ***
Aug 19 18:49:10 devstack devstack@g-api.service[83667]: *** uWSGI is running in multiple interpreter mode ***
Aug 19 18:49:10 devstack devstack@g-api.service[83667]: spawned uWSGI master process (pid: 83667)
Aug 19 18:49:10 devstack devstack@g-api.service[83667]: spawned uWSGI worker 1 (pid: 83670, cores: 1)
Aug 19 18:49:10 devstack devstack@g-api.service[83667]: spawned uWSGI worker 2 (pid: 83671, cores: 1)
Aug 19 18:49:10 devstack devstack@g-api.service[83667]: running "unix_signal:15 gracefully_kill_them_all" (master-start)...
Aug 19 18:49:12 devstack devstack@g-api.service[83671]: /opt/stack/data/venv/lib/python3.12/site-packages/futurist/_utils.py:34: EventletDeprecationWarning:
Aug 19 18:49:12 devstack devstack@g-api.service[83671]: Eventlet is deprecated. It is currently being maintained in bugfix mode, and
Aug 19 18:49:12 devstack devstack@g-api.service[83671]: we strongly recommend against using it for new projects.
Aug 19 18:49:12 devstack devstack@g-api.service[83671]: If you are already using Eventlet, we recommend migrating to a different
Aug 19 18:49:12 devstack devstack@g-api.service[83671]: framework. For more detail see
Aug 19 18:49:12 devstack devstack@g-api.service[83671]: https://eventlet.readthedocs.io/en/latest/asyncio/migration.html
Aug 19 18:49:12 devstack devstack@g-api.service[83671]: import eventlet as _eventlet # noqa
Aug 19 18:49:12 devstack devstack@g-api.service[83670]: /opt/stack/data/venv/lib/python3.12/site-packages/futurist/_utils.py:34: EventletDeprecationWarning:
Aug 19 18:49:12 devstack devstack@g-api.service[83670]: Eventlet is deprecated. It is currently being maintained in bugfix mode, and
Aug 19 18:49:12 devstack devstack@g-api.service[83670]: we strongly recommend against using it for new projects.
Aug 19 18:49:12 devstack devstack@g-api.service[83670]: If you are already using Eventlet, we recommend migrating to a different
Aug 19 18:49:12 devstack devstack@g-api.service[83670]: framework. For more detail see
Aug 19 18:49:12 devstack devstack@g-api.service[83670]: https://eventlet.readthedocs.io/en/latest/asyncio/migration.html
Aug 19 18:49:12 devstack devstack@g-api.service[83670]: import eventlet as _eventlet # noqa
Aug 19 18:49:12 devstack devstack@g-api.service[83671]: INFO glance.async_ [-] Threadpool model set to 'NativeThreadPoolModel'
Aug 19 18:49:12 devstack devstack@g-api.service[83670]: INFO glance.async_ [-] Threadpool model set to 'NativeThreadPoolModel'
Aug 19 18:49:12 devstack devstack@g-api.service[83671]: DEBUG oslo_concurrency.processutils [-] Running cmd (subprocess): grep -F node.session.scan /sbin/iscsiadm {{(pid=83671) execute /opt/stack/data/venv/lib/python3.12/site-packages/oslo_concurrency/processutils.py:440}}
Aug 19 18:49:12 devstack devstack@g-api.service[83671]: DEBUG oslo_concurrency.processutils [-] CMD "grep -F node.session.scan /sbin/iscsiadm" returned: 0 in 0.024s {{(pid=83671) execute /opt/stack/data/venv/lib/python3.12/site-packages/oslo_concurrency/processutils.py:468}}
Aug 19 18:49:12 devstack devstack@g-api.service[83670]: DEBUG oslo_concurrency.processutils [-] Running cmd (subprocess): grep -F node.session.scan /sbin/iscsiadm {{(pid=83670) execute /opt/stack/data/venv/lib/python3.12/site-packages/oslo_concurrency/processutils.py:440}}
Aug 19 18:49:12 devstack devstack@g-api.service[83670]: DEBUG oslo_concurrency.processutils [-] CMD "grep -F node.session.scan /sbin/iscsiadm" returned: 0 in 0.017s {{(pid=83670) execute /opt/stack/data/venv/lib/python3.12/site-packages/oslo_concurrency/processutils.py:468}}
Aug 19 18:49:13 devstack devstack@g-api.service[83670]: DEBUG glance_store.backend [-] Attempting to import store cinder {{(pid=83670) _load_store /opt/stack/data/venv/lib/python3.12/site-packages/glance_store/backend.py:215}}
Aug 19 18:49:13 devstack devstack@g-api.service[83671]: DEBUG glance_store.backend [-] Attempting to import store cinder {{(pid=83671) _load_store /opt/stack/data/venv/lib/python3.12/site-packages/glance_store/backend.py:215}}
Aug 19 18:49:13 devstack devstack@g-api.service[83670]: DEBUG glance_store.backend [-] Attempting to import store file {{(pid=83670) _load_store /opt/stack/data/venv/lib/python3.12/site-packages/glance_store/backend.py:215}}
Aug 19 18:49:13 devstack devstack@g-api.service[83671]: DEBUG glance_store.backend [-] Attempting to import store file {{(pid=83671) _load_store /opt/stack/data/venv/lib/python3.12/site-packages/glance_store/backend.py:215}}
Aug 19 18:49:13 devstack devstack@g-api.service[83670]: DEBUG glance_store.backend [-] Attempting to import store glance.store.cinder.Store {{(pid=83670) _load_store /opt/stack/data/venv/lib/python3.12/site-packages/glance_store/backend.py:215}}
Aug 19 18:49:13 devstack devstack@g-api.service[83671]: DEBUG glance_store.backend [-] Attempting to import store glance.store.cinder.Store {{(pid=83671) _load_store /opt/stack/data/venv/lib/python3.12/site-packages/glance_store/backend.py:215}}
Aug 19 18:49:13 devstack devstack@g-api.service[83670]: DEBUG glance_store.backend [-] Attempting to import store glance.store.filesystem.Store {{(pid=83670) _load_store /opt/stack/data/venv/lib/python3.12/site-packages/glance_store/backend.py:215}}
Aug 19 18:49:13 devstack devstack@g-api.service[83671]: DEBUG glance_store.backend [-] Attempting to import store glance.store.filesystem.Store {{(pid=83671) _load_store /opt/stack/data/venv/lib/python3.12/site-packages/glance_store/backend.py:215}}
Aug 19 18:49:13 devstack devstack@g-api.service[83670]: DEBUG glance_store.backend [-] Attempting to import store glance.store.http.Store {{(pid=83670) _load_store /opt/stack/data/venv/lib/python3.12/site-packages/glance_store/backend.py:215}}
Aug 19 18:49:13 devstack devstack@g-api.service[83671]: DEBUG glance_store.backend [-] Attempting to import store glance.store.http.Store {{(pid=83671) _load_store /opt/stack/data/venv/lib/python3.12/site-packages/glance_store/backend.py:215}}
Aug 19 18:49:13 devstack devstack@g-api.service[83670]: DEBUG glance_store.backend [-] Attempting to import store glance.store.rbd.Store {{(pid=83670) _load_store /opt/stack/data/venv/lib/python3.12/site-packages/glance_store/backend.py:215}}
Aug 19 18:49:13 devstack devstack@g-api.service[83671]: DEBUG glance_store.backend [-] Attempting to import store glance.store.rbd.Store {{(pid=83671) _load_store /opt/stack/data/venv/lib/python3.12/site-packages/glance_store/backend.py:215}}
Aug 19 18:49:13 devstack devstack@g-api.service[83670]: DEBUG glance_store.backend [-] Attempting to import store glance.store.s3.Store {{(pid=83670) _load_store /opt/stack/data/venv/lib/python3.12/site-packages/glance_store/backend.py:215}}
Aug 19 18:49:13 devstack devstack@g-api.service[83671]: DEBUG glance_store.backend [-] Attempting to import store glance.store.s3.Store {{(pid=83671) _load_store /opt/stack/data/venv/lib/python3.12/site-packages/glance_store/backend.py:215}}
Aug 19 18:49:13 devstack devstack@g-api.service[83670]: DEBUG glance_store.backend [-] Attempting to import store glance.store.swift.Store {{(pid=83670) _load_store /opt/stack/data/venv/lib/python3.12/site-packages/glance_store/backend.py:215}}
Aug 19 18:49:13 devstack devstack@g-api.service[83671]: DEBUG glance_store.backend [-] Attempting to import store glance.store.swift.Store {{(pid=83671) _load_store /opt/stack/data/venv/lib/python3.12/site-packages/glance_store/backend.py:215}}
Aug 19 18:49:13 devstack devstack@g-api.service[83670]: DEBUG glance_store.backend [-] Attempting to import store glance.store.vmware_datastore.Store {{(pid=83670) _load_store /opt/stack/data/venv/lib/python3.12/site-packages/glance_store/backend.py:215}}
Aug 19 18:49:13 devstack devstack@g-api.service[83671]: DEBUG glance_store.backend [-] Attempting to import store glance.store.vmware_datastore.Store {{(pid=83671) _load_store /opt/stack/data/venv/lib/python3.12/site-packages/glance_store/backend.py:215}}
Aug 19 18:49:13 devstack devstack@g-api.service[83670]: DEBUG glance_store.backend [-] Attempting to import store http {{(pid=83670) _load_store /opt/stack/data/venv/lib/python3.12/site-packages/glance_store/backend.py:215}}
Aug 19 18:49:13 devstack devstack@g-api.service[83671]: DEBUG glance_store.backend [-] Attempting to import store http {{(pid=83671) _load_store /opt/stack/data/venv/lib/python3.12/site-packages/glance_store/backend.py:215}}
Aug 19 18:49:13 devstack devstack@g-api.service[83671]: DEBUG glance_store.backend [-] Attempting to import store no_conf {{(pid=83671) _load_store /opt/stack/data/venv/lib/python3.12/site-packages/glance_store/backend.py:215}}
Aug 19 18:49:13 devstack devstack@g-api.service[83671]: DEBUG glance_store.backend [-] Attempting to import store rbd {{(pid=83671) _load_store /opt/stack/data/venv/lib/python3.12/site-packages/glance_store/backend.py:215}}
Aug 19 18:49:13 devstack devstack@g-api.service[83671]: DEBUG glance_store.backend [-] Attempting to import store s3 {{(pid=83671) _load_store /opt/stack/data/venv/lib/python3.12/site-packages/glance_store/backend.py:215}}
Aug 19 18:49:13 devstack devstack@g-api.service[83671]: DEBUG glance_store.backend [-] Attempting to import store swift {{(pid=83671) _load_store /opt/stack/data/venv/lib/python3.12/site-packages/glance_store/backend.py:215}}
Aug 19 18:49:13 devstack devstack@g-api.service[83671]: DEBUG glance_store.backend [-] Attempting to import store vmware {{(pid=83671) _load_store /opt/stack/data/venv/lib/python3.12/site-packages/glance_store/backend.py:215}}
Aug 19 18:49:13 devstack devstack@g-api.service[83671]: DEBUG glance_store.backend [-] Registering options for group glance_store {{(pid=83671) register_opts /opt/stack/data/venv/lib/python3.12/site-packages/glance_store/backend.py:144}}
Aug 19 18:49:13 devstack devstack@g-api.service[83671]: DEBUG glance_store.backend [-] Registering options for group glance_store {{(pid=83671) register_opts /opt/stack/data/venv/lib/python3.12/site-packages/glance_store/backend.py:144}}
Aug 19 18:49:13 devstack devstack@g-api.service[83671]: DEBUG glance_store.backend [-] Attempting to import store http {{(pid=83671) _load_store /opt/stack/data/venv/lib/python3.12/site-packages/glance_store/backend.py:215}}
Aug 19 18:49:13 devstack devstack@g-api.service[83671]: DEBUG glance_store.capabilities [-] Store glance_store._drivers.http.Store doesn't support updating dynamic storage capabilities. Please overwrite 'update_capabilities' method of the store to implement updating logics if needed. {{(pid=83671) update_capabilities /opt/stack/data/venv/lib/python3.12/site-packages/glance_store/capabilities.py:91}}
Aug 19 18:49:13 devstack devstack@g-api.service[83671]: DEBUG glance_store.backend [-] Registering store http with schemes ('http', 'https') {{(pid=83671) create_stores /opt/stack/data/venv/lib/python3.12/site-packages/glance_store/backend.py:261}}
Aug 19 18:49:13 devstack devstack@g-api.service[83671]: DEBUG glance_store.driver [-] Late loading location class glance_store._drivers.http.StoreLocation {{(pid=83671) get_store_location_class /opt/stack/data/venv/lib/python3.12/site-packages/glance_store/driver.py:134}}
Aug 19 18:49:13 devstack devstack@g-api.service[83671]: DEBUG glance_store.location [-] Registering scheme http with {'store': , 'location_class': , 'store_entry': 'http'} {{(pid=83671) register_scheme_map /opt/stack/data/venv/lib/python3.12/site-packages/glance_store/location.py:146}}
Aug 19 18:49:13 devstack devstack@g-api.service[83671]: DEBUG glance_store.location [-] Registering scheme https with {'store': , 'location_class': , 'store_entry': 'http'} {{(pid=83671) register_scheme_map /opt/stack/data/venv/lib/python3.12/site-packages/glance_store/location.py:146}}
Aug 19 18:49:13 devstack devstack@g-api.service[83670]: DEBUG glance_store.backend [-] Attempting to import store no_conf {{(pid=83670) _load_store /opt/stack/data/venv/lib/python3.12/site-packages/glance_store/backend.py:215}}
Aug 19 18:49:13 devstack devstack@g-api.service[83671]: DEBUG glance_store.backend [-] Attempting to import store file {{(pid=83671) _load_store /opt/stack/data/venv/lib/python3.12/site-packages/glance_store/backend.py:215}}
Aug 19 18:49:13 devstack devstack@g-api.service[83670]: DEBUG glance_store.backend [-] Attempting to import store rbd {{(pid=83670) _load_store /opt/stack/data/venv/lib/python3.12/site-packages/glance_store/backend.py:215}}
Aug 19 18:49:13 devstack devstack@g-api.service[83670]: DEBUG glance_store.backend [-] Attempting to import store s3 {{(pid=83670) _load_store /opt/stack/data/venv/lib/python3.12/site-packages/glance_store/backend.py:215}}
Aug 19 18:49:13 devstack devstack@g-api.service[83670]: DEBUG glance_store.backend [-] Attempting to import store swift {{(pid=83670) _load_store /opt/stack/data/venv/lib/python3.12/site-packages/glance_store/backend.py:215}}
Aug 19 18:49:13 devstack devstack@g-api.service[83671]: DEBUG glance_store.capabilities [-] Store glance_store._drivers.filesystem.Store doesn't support updating dynamic storage capabilities. Please overwrite 'update_capabilities' method of the store to implement updating logics if needed. {{(pid=83671) update_capabilities /opt/stack/data/venv/lib/python3.12/site-packages/glance_store/capabilities.py:91}}
Aug 19 18:49:13 devstack devstack@g-api.service[83670]: DEBUG glance_store.backend [-] Attempting to import store vmware {{(pid=83670) _load_store /opt/stack/data/venv/lib/python3.12/site-packages/glance_store/backend.py:215}}
Aug 19 18:49:13 devstack devstack@g-api.service[83671]: DEBUG glance_store.backend [-] Registering store file with schemes ('file', 'filesystem') {{(pid=83671) create_stores /opt/stack/data/venv/lib/python3.12/site-packages/glance_store/backend.py:261}}
Aug 19 18:49:13 devstack devstack@g-api.service[83670]: DEBUG glance_store.backend [-] Registering options for group glance_store {{(pid=83670) register_opts /opt/stack/data/venv/lib/python3.12/site-packages/glance_store/backend.py:144}}
Aug 19 18:49:13 devstack devstack@g-api.service[83671]: DEBUG glance_store.driver [-] Late loading location class glance_store._drivers.filesystem.StoreLocation {{(pid=83671) get_store_location_class /opt/stack/data/venv/lib/python3.12/site-packages/glance_store/driver.py:134}}
Aug 19 18:49:13 devstack devstack@g-api.service[83670]: DEBUG glance_store.backend [-] Registering options for group glance_store {{(pid=83670) register_opts /opt/stack/data/venv/lib/python3.12/site-packages/glance_store/backend.py:144}}
Aug 19 18:49:13 devstack devstack@g-api.service[83671]: DEBUG glance_store.location [-] Registering scheme file with {'store': , 'location_class': , 'store_entry': 'file'} {{(pid=83671) register_scheme_map /opt/stack/data/venv/lib/python3.12/site-packages/glance_store/location.py:146}}
Aug 19 18:49:13 devstack devstack@g-api.service[83671]: DEBUG glance_store.location [-] Registering scheme filesystem with {'store': , 'location_class': , 'store_entry': 'file'} {{(pid=83671) register_scheme_map /opt/stack/data/venv/lib/python3.12/site-packages/glance_store/location.py:146}}
Aug 19 18:49:13 devstack devstack@g-api.service[83671]: DEBUG glance.sqlite_migration [-] SQLite caching database not located, skipping migration {{(pid=83671) get_db_path /opt/stack/glance/glance/sqlite_migration.py:68}}
Aug 19 18:49:13 devstack devstack@g-api.service[83671]: WARNING glance.common.wsgi_app [-] Import methods are enabled but staging directory /tmp/staging/ does not exist; Imports will fail!
Aug 19 18:49:13 devstack devstack@g-api.service[83670]: DEBUG glance_store.backend [-] Attempting to import store http {{(pid=83670) _load_store /opt/stack/data/venv/lib/python3.12/site-packages/glance_store/backend.py:215}}
Aug 19 18:49:13 devstack devstack@g-api.service[83670]: DEBUG glance_store.capabilities [-] Store glance_store._drivers.http.Store doesn't support updating dynamic storage capabilities. Please overwrite 'update_capabilities' method of the store to implement updating logics if needed. {{(pid=83670) update_capabilities /opt/stack/data/venv/lib/python3.12/site-packages/glance_store/capabilities.py:91}}
Aug 19 18:49:13 devstack devstack@g-api.service[83670]: DEBUG glance_store.backend [-] Registering store http with schemes ('http', 'https') {{(pid=83670) create_stores /opt/stack/data/venv/lib/python3.12/site-packages/glance_store/backend.py:261}}
Aug 19 18:49:13 devstack devstack@g-api.service[83670]: DEBUG glance_store.driver [-] Late loading location class glance_store._drivers.http.StoreLocation {{(pid=83670) get_store_location_class /opt/stack/data/venv/lib/python3.12/site-packages/glance_store/driver.py:134}}
Aug 19 18:49:13 devstack devstack@g-api.service[83670]: DEBUG glance_store.location [-] Registering scheme http with {'store': , 'location_class': , 'store_entry': 'http'} {{(pid=83670) register_scheme_map /opt/stack/data/venv/lib/python3.12/site-packages/glance_store/location.py:146}}
Aug 19 18:49:13 devstack devstack@g-api.service[83670]: DEBUG glance_store.location [-] Registering scheme https with {'store': , 'location_class': , 'store_entry': 'http'} {{(pid=83670) register_scheme_map /opt/stack/data/venv/lib/python3.12/site-packages/glance_store/location.py:146}}
Aug 19 18:49:13 devstack devstack@g-api.service[83670]: DEBUG glance_store.backend [-] Attempting to import store file {{(pid=83670) _load_store /opt/stack/data/venv/lib/python3.12/site-packages/glance_store/backend.py:215}}
Aug 19 18:49:13 devstack devstack@g-api.service[83670]: DEBUG glance_store.capabilities [-] Store glance_store._drivers.filesystem.Store doesn't support updating dynamic storage capabilities. Please overwrite 'update_capabilities' method of the store to implement updating logics if needed. {{(pid=83670) update_capabilities /opt/stack/data/venv/lib/python3.12/site-packages/glance_store/capabilities.py:91}}
Aug 19 18:49:13 devstack devstack@g-api.service[83670]: DEBUG glance_store.backend [-] Registering store file with schemes ('file', 'filesystem') {{(pid=83670) create_stores /opt/stack/data/venv/lib/python3.12/site-packages/glance_store/backend.py:261}}
Aug 19 18:49:13 devstack devstack@g-api.service[83670]: DEBUG glance_store.driver [-] Late loading location class glance_store._drivers.filesystem.StoreLocation {{(pid=83670) get_store_location_class /opt/stack/data/venv/lib/python3.12/site-packages/glance_store/driver.py:134}}
Aug 19 18:49:13 devstack devstack@g-api.service[83670]: DEBUG glance_store.location [-] Registering scheme file with {'store': , 'location_class': , 'store_entry': 'file'} {{(pid=83670) register_scheme_map /opt/stack/data/venv/lib/python3.12/site-packages/glance_store/location.py:146}}
Aug 19 18:49:13 devstack devstack@g-api.service[83670]: DEBUG glance_store.location [-] Registering scheme filesystem with {'store': , 'location_class': , 'store_entry': 'file'} {{(pid=83670) register_scheme_map /opt/stack/data/venv/lib/python3.12/site-packages/glance_store/location.py:146}}
Aug 19 18:49:13 devstack devstack@g-api.service[83670]: DEBUG glance.sqlite_migration [-] SQLite caching database not located, skipping migration {{(pid=83670) get_db_path /opt/stack/glance/glance/sqlite_migration.py:68}}
Aug 19 18:49:13 devstack devstack@g-api.service[83670]: WARNING glance.common.wsgi_app [-] Import methods are enabled but staging directory /tmp/staging/ does not exist; Imports will fail!
Aug 19 18:49:13 devstack devstack@g-api.service[83670]: DEBUG glance.common.config [None req-d146c582-87cb-4702-934e-c835da6328d0 None None] Loading glance-api-keystone+cachemanagement from /etc/glance/glance-api-paste.ini {{(pid=83670) load_paste_app /opt/stack/glance/glance/common/config.py:772}}
Aug 19 18:49:13 devstack devstack@g-api.service[83671]: DEBUG glance.common.config [None req-dccdc12f-f796-4b3d-8b49-6ddc69f662c5 None None] Loading glance-api-keystone+cachemanagement from /etc/glance/glance-api-paste.ini {{(pid=83671) load_paste_app /opt/stack/glance/glance/common/config.py:772}}
Aug 19 18:49:15 devstack devstack@g-api.service[83671]: INFO glance.image_cache [None req-dccdc12f-f796-4b3d-8b49-6ddc69f662c5 None None] Image cache loaded driver 'centralized_db'.
Aug 19 18:49:15 devstack devstack@g-api.service[83670]: INFO glance.image_cache [None req-d146c582-87cb-4702-934e-c835da6328d0 None None] Image cache loaded driver 'centralized_db'.
Aug 19 18:49:15 devstack devstack@g-api.service[83671]: INFO dbcounter [None req-dccdc12f-f796-4b3d-8b49-6ddc69f662c5 None None] Registered counter for database glance
Aug 19 18:49:15 devstack devstack@g-api.service[83670]: INFO dbcounter [None req-d146c582-87cb-4702-934e-c835da6328d0 None None] Registered counter for database glance
Aug 19 18:49:15 devstack devstack@g-api.service[83671]: DEBUG oslo_db.sqlalchemy.engines [None req-dccdc12f-f796-4b3d-8b49-6ddc69f662c5 None None] MySQL server mode set to STRICT_TRANS_TABLES,STRICT_ALL_TABLES,NO_ZERO_IN_DATE,NO_ZERO_DATE,ERROR_FOR_DIVISION_BY_ZERO,TRADITIONAL,NO_ENGINE_SUBSTITUTION {{(pid=83671) _check_effective_sql_mode /opt/stack/data/venv/lib/python3.12/site-packages/oslo_db/sqlalchemy/engines.py:325}}
Aug 19 18:49:15 devstack devstack@g-api.service[83670]: DEBUG oslo_db.sqlalchemy.engines [None req-d146c582-87cb-4702-934e-c835da6328d0 None None] MySQL server mode set to STRICT_TRANS_TABLES,STRICT_ALL_TABLES,NO_ZERO_IN_DATE,NO_ZERO_DATE,ERROR_FOR_DIVISION_BY_ZERO,TRADITIONAL,NO_ENGINE_SUBSTITUTION {{(pid=83670) _check_effective_sql_mode /opt/stack/data/venv/lib/python3.12/site-packages/oslo_db/sqlalchemy/engines.py:325}}
Aug 19 18:49:15 devstack devstack@g-api.service[83671]: DEBUG dbcounter [-] [83671] Writer thread running {{(pid=83671) stat_writer /opt/stack/data/venv/lib/python3.12/site-packages/dbcounter.py:102}}
Aug 19 18:49:15 devstack devstack@g-api.service[83670]: DEBUG dbcounter [-] [83670] Writer thread running {{(pid=83670) stat_writer /opt/stack/data/venv/lib/python3.12/site-packages/dbcounter.py:102}}
Aug 19 18:49:15 devstack devstack@g-api.service[83670]: DEBUG glance.image_cache.drivers.centralized_db [None req-d146c582-87cb-4702-934e-c835da6328d0 None None] Node reference is already recorded, ignoring it {{(pid=83670) configure /opt/stack/glance/glance/image_cache/drivers/centralized_db.py:71}}
Aug 19 18:49:15 devstack devstack@g-api.service[83671]: INFO glance.image_cache [None req-dccdc12f-f796-4b3d-8b49-6ddc69f662c5 None None] Image cache loaded driver 'centralized_db'.
Aug 19 18:49:15 devstack devstack@g-api.service[83670]: INFO glance.image_cache [None req-d146c582-87cb-4702-934e-c835da6328d0 None None] Image cache loaded driver 'centralized_db'.
Aug 19 18:49:15 devstack devstack@g-api.service[83671]: DEBUG glance.image_cache.drivers.centralized_db [None req-dccdc12f-f796-4b3d-8b49-6ddc69f662c5 None None] Node reference is already recorded, ignoring it {{(pid=83671) configure /opt/stack/glance/glance/image_cache/drivers/centralized_db.py:71}}
Aug 19 18:49:15 devstack devstack@g-api.service[83670]: DEBUG glance.image_cache.drivers.centralized_db [None req-d146c582-87cb-4702-934e-c835da6328d0 None None] Node reference is already recorded, ignoring it {{(pid=83670) configure /opt/stack/glance/glance/image_cache/drivers/centralized_db.py:71}}
Aug 19 18:49:15 devstack devstack@g-api.service[83671]: DEBUG glance.api.v2.cached_images [None req-dccdc12f-f796-4b3d-8b49-6ddc69f662c5 None None] Started cache worker thread {{(pid=83671) __init__ /opt/stack/glance/glance/api/v2/cached_images.py:71}}
Aug 19 18:49:15 devstack devstack@g-api.service[83671]: INFO glance.image_cache [None req-dccdc12f-f796-4b3d-8b49-6ddc69f662c5 None None] Image cache loaded driver 'centralized_db'.
Aug 19 18:49:15 devstack devstack@g-api.service[83670]: DEBUG glance.api.v2.cached_images [None req-d146c582-87cb-4702-934e-c835da6328d0 None None] Started cache worker thread {{(pid=83670) __init__ /opt/stack/glance/glance/api/v2/cached_images.py:71}}
Aug 19 18:49:15 devstack devstack@g-api.service[83670]: INFO glance.image_cache [None req-d146c582-87cb-4702-934e-c835da6328d0 None None] Image cache loaded driver 'centralized_db'.
Aug 19 18:49:15 devstack devstack@g-api.service[83671]: DEBUG glance.image_cache.drivers.centralized_db [None req-dccdc12f-f796-4b3d-8b49-6ddc69f662c5 None None] Node reference is already recorded, ignoring it {{(pid=83671) configure /opt/stack/glance/glance/image_cache/drivers/centralized_db.py:71}}
Aug 19 18:49:15 devstack devstack@g-api.service[83671]: INFO glance.api.middleware.cache_manage [None req-dccdc12f-f796-4b3d-8b49-6ddc69f662c5 None None] Initialized image cache management middleware
Aug 19 18:49:15 devstack devstack@g-api.service[83671]: INFO glance.image_cache [None req-dccdc12f-f796-4b3d-8b49-6ddc69f662c5 None None] Image cache loaded driver 'centralized_db'.
Aug 19 18:49:15 devstack devstack@g-api.service[83670]: DEBUG glance.image_cache.drivers.centralized_db [None req-d146c582-87cb-4702-934e-c835da6328d0 None None] Node reference is already recorded, ignoring it {{(pid=83670) configure /opt/stack/glance/glance/image_cache/drivers/centralized_db.py:71}}
Aug 19 18:49:15 devstack devstack@g-api.service[83671]: DEBUG glance.image_cache.drivers.centralized_db [None req-dccdc12f-f796-4b3d-8b49-6ddc69f662c5 None None] Node reference is already recorded, ignoring it {{(pid=83671) configure /opt/stack/glance/glance/image_cache/drivers/centralized_db.py:71}}
Aug 19 18:49:15 devstack devstack@g-api.service[83670]: INFO glance.api.middleware.cache_manage [None req-d146c582-87cb-4702-934e-c835da6328d0 None None] Initialized image cache management middleware
Aug 19 18:49:15 devstack devstack@g-api.service[83670]: INFO glance.image_cache [None req-d146c582-87cb-4702-934e-c835da6328d0 None None] Image cache loaded driver 'centralized_db'.
Aug 19 18:49:15 devstack devstack@g-api.service[83671]: INFO glance.api.middleware.cache [None req-dccdc12f-f796-4b3d-8b49-6ddc69f662c5 None None] Initialized image cache middleware
Aug 19 18:49:15 devstack devstack@g-api.service[83670]: DEBUG glance.image_cache.drivers.centralized_db [None req-d146c582-87cb-4702-934e-c835da6328d0 None None] Node reference is already recorded, ignoring it {{(pid=83670) configure /opt/stack/glance/glance/image_cache/drivers/centralized_db.py:71}}
Aug 19 18:49:15 devstack devstack@g-api.service[83671]: DEBUG glance.common.config [None req-dccdc12f-f796-4b3d-8b49-6ddc69f662c5 None None] ******************************************************************************** {{(pid=83671) log_opt_values /opt/stack/data/venv/lib/python3.12/site-packages/oslo_config/cfg.py:3533}}
Aug 19 18:49:15 devstack devstack@g-api.service[83671]: DEBUG glance.common.config [None req-dccdc12f-f796-4b3d-8b49-6ddc69f662c5 None None] Configuration options gathered from: {{(pid=83671) log_opt_values /opt/stack/data/venv/lib/python3.12/site-packages/oslo_config/cfg.py:3534}}
Aug 19 18:49:15 devstack devstack@g-api.service[83670]: INFO glance.api.middleware.cache [None req-d146c582-87cb-4702-934e-c835da6328d0 None None] Initialized image cache middleware
Aug 19 18:49:15 devstack devstack@g-api.service[83671]: DEBUG glance.common.config [None req-dccdc12f-f796-4b3d-8b49-6ddc69f662c5 None None] command line args: [] {{(pid=83671) log_opt_values /opt/stack/data/venv/lib/python3.12/site-packages/oslo_config/cfg.py:3535}}
Aug 19 18:49:15 devstack devstack@g-api.service[83671]: DEBUG glance.common.config [None req-dccdc12f-f796-4b3d-8b49-6ddc69f662c5 None None] config files: ['/etc/glance/glance-image-import.conf', '/etc/glance/glance-api.conf'] {{(pid=83671) log_opt_values /opt/stack/data/venv/lib/python3.12/site-packages/oslo_config/cfg.py:3536}}
Aug 19 18:49:15 devstack devstack@g-api.service[83671]: DEBUG glance.common.config [None req-dccdc12f-f796-4b3d-8b49-6ddc69f662c5 None None] ================================================================================ {{(pid=83671) log_opt_values /opt/stack/data/venv/lib/python3.12/site-packages/oslo_config/cfg.py:3541}}
Aug 19 18:49:15 devstack devstack@g-api.service[83671]: DEBUG glance.common.config [None req-dccdc12f-f796-4b3d-8b49-6ddc69f662c5 None None] allow_anonymous_access = False {{(pid=83671) log_opt_values /opt/stack/data/venv/lib/python3.12/site-packages/oslo_config/cfg.py:3549}}
Aug 19 18:49:15 devstack devstack@g-api.service[83671]: DEBUG glance.common.config [None req-dccdc12f-f796-4b3d-8b49-6ddc69f662c5 None None] api_limit_max = 1000 {{(pid=83671) log_opt_values /opt/stack/data/venv/lib/python3.12/site-packages/oslo_config/cfg.py:3549}}
Aug 19 18:49:15 devstack devstack@g-api.service[83671]: DEBUG glance.common.config [None req-dccdc12f-f796-4b3d-8b49-6ddc69f662c5 None None] config_dir = [] {{(pid=83671) log_opt_values /opt/stack/data/venv/lib/python3.12/site-packages/oslo_config/cfg.py:3549}}
Aug 19 18:49:15 devstack devstack@g-api.service[83671]: DEBUG glance.common.config [None req-dccdc12f-f796-4b3d-8b49-6ddc69f662c5 None None] config_file = ['/etc/glance/glance-image-import.conf', '/etc/glance/glance-api.conf'] {{(pid=83671) log_opt_values /opt/stack/data/venv/lib/python3.12/site-packages/oslo_config/cfg.py:3549}}
Aug 19 18:49:15 devstack devstack@g-api.service[83671]: DEBUG glance.common.config [None req-dccdc12f-f796-4b3d-8b49-6ddc69f662c5 None None] config_source = [] {{(pid=83671) log_opt_values /opt/stack/data/venv/lib/python3.12/site-packages/oslo_config/cfg.py:3549}}
Aug 19 18:49:15 devstack devstack@g-api.service[83671]: DEBUG glance.common.config [None req-dccdc12f-f796-4b3d-8b49-6ddc69f662c5 None None] control_exchange = glance {{(pid=83671) log_opt_values /opt/stack/data/venv/lib/python3.12/site-packages/oslo_config/cfg.py:3549}}
Aug 19 18:49:15 devstack devstack@g-api.service[83671]: DEBUG glance.common.config [None req-dccdc12f-f796-4b3d-8b49-6ddc69f662c5 None None] debug = True {{(pid=83671) log_opt_values /opt/stack/data/venv/lib/python3.12/site-packages/oslo_config/cfg.py:3549}}
Aug 19 18:49:15 devstack devstack@g-api.service[83671]: DEBUG glance.common.config [None req-dccdc12f-f796-4b3d-8b49-6ddc69f662c5 None None] default_log_levels = ['amqp=WARN', 'boto=WARN', 'sqlalchemy=WARN', 'suds=INFO', 'oslo.messaging=INFO', 'oslo_messaging=INFO', 'iso8601=WARN', 'requests.packages.urllib3.connectionpool=WARN', 'urllib3.connectionpool=WARN', 'websocket=WARN', 'requests.packages.urllib3.util.retry=WARN', 'urllib3.util.retry=WARN', 'keystonemiddleware=WARN', 'routes.middleware=WARN', 'stevedore=WARN', 'taskflow=WARN', 'keystoneauth=WARN', 'oslo.cache=INFO', 'oslo_policy=INFO', 'dogpile.core.dogpile=INFO'] {{(pid=83671) log_opt_values /opt/stack/data/venv/lib/python3.12/site-packages/oslo_config/cfg.py:3549}}
Aug 19 18:49:15 devstack devstack@g-api.service[83671]: DEBUG glance.common.config [None req-dccdc12f-f796-4b3d-8b49-6ddc69f662c5 None None] default_publisher_id = image.localhost {{(pid=83671) log_opt_values /opt/stack/data/venv/lib/python3.12/site-packages/oslo_config/cfg.py:3549}}
Aug 19 18:49:15 devstack devstack@g-api.service[83671]: DEBUG glance.common.config [None req-dccdc12f-f796-4b3d-8b49-6ddc69f662c5 None None] delayed_delete = False {{(pid=83671) log_opt_values /opt/stack/data/venv/lib/python3.12/site-packages/oslo_config/cfg.py:3549}}
Aug 19 18:49:15 devstack devstack@g-api.service[83671]: DEBUG glance.common.config [None req-dccdc12f-f796-4b3d-8b49-6ddc69f662c5 None None] digest_algorithm = sha256 {{(pid=83671) log_opt_values /opt/stack/data/venv/lib/python3.12/site-packages/oslo_config/cfg.py:3549}}
Aug 19 18:49:15 devstack devstack@g-api.service[83671]: DEBUG glance.common.config [None req-dccdc12f-f796-4b3d-8b49-6ddc69f662c5 None None] disabled_notifications = [] {{(pid=83671) log_opt_values /opt/stack/data/venv/lib/python3.12/site-packages/oslo_config/cfg.py:3549}}
Aug 19 18:49:15 devstack devstack@g-api.service[83671]: DEBUG glance.common.config [None req-dccdc12f-f796-4b3d-8b49-6ddc69f662c5 None None] do_secure_hash = True {{(pid=83671) log_opt_values /opt/stack/data/venv/lib/python3.12/site-packages/oslo_config/cfg.py:3549}}
Aug 19 18:49:15 devstack devstack@g-api.service[83671]: DEBUG glance.common.config [None req-dccdc12f-f796-4b3d-8b49-6ddc69f662c5 None None] enabled_backends = None {{(pid=83671) log_opt_values /opt/stack/data/venv/lib/python3.12/site-packages/oslo_config/cfg.py:3549}}
Aug 19 18:49:15 devstack devstack@g-api.service[83671]: DEBUG glance.common.config [None req-dccdc12f-f796-4b3d-8b49-6ddc69f662c5 None None] enabled_import_methods = ['glance-direct', 'web-download', 'copy-image'] {{(pid=83671) log_opt_values /opt/stack/data/venv/lib/python3.12/site-packages/oslo_config/cfg.py:3549}}
Aug 19 18:49:15 devstack devstack@g-api.service[83671]: DEBUG glance.common.config [None req-dccdc12f-f796-4b3d-8b49-6ddc69f662c5 None None] hashing_algorithm = sha512 {{(pid=83671) log_opt_values /opt/stack/data/venv/lib/python3.12/site-packages/oslo_config/cfg.py:3549}}
Aug 19 18:49:15 devstack devstack@g-api.service[83671]: DEBUG glance.common.config [None req-dccdc12f-f796-4b3d-8b49-6ddc69f662c5 None None] http_retries = 3 {{(pid=83671) log_opt_values /opt/stack/data/venv/lib/python3.12/site-packages/oslo_config/cfg.py:3549}}
Aug 19 18:49:15 devstack devstack@g-api.service[83671]: DEBUG glance.common.config [None req-dccdc12f-f796-4b3d-8b49-6ddc69f662c5 None None] image_cache_dir = /opt/stack/data/glance/cache/ {{(pid=83671) log_opt_values /opt/stack/data/venv/lib/python3.12/site-packages/oslo_config/cfg.py:3549}}
Aug 19 18:49:15 devstack devstack@g-api.service[83671]: DEBUG glance.common.config [None req-dccdc12f-f796-4b3d-8b49-6ddc69f662c5 None None] image_cache_driver = centralized_db {{(pid=83671) log_opt_values /opt/stack/data/venv/lib/python3.12/site-packages/oslo_config/cfg.py:3549}}
Aug 19 18:49:15 devstack devstack@g-api.service[83671]: DEBUG glance.common.config [None req-dccdc12f-f796-4b3d-8b49-6ddc69f662c5 None None] image_cache_max_size = 10737418240 {{(pid=83671) log_opt_values /opt/stack/data/venv/lib/python3.12/site-packages/oslo_config/cfg.py:3549}}
Aug 19 18:49:15 devstack devstack@g-api.service[83671]: DEBUG glance.common.config [None req-dccdc12f-f796-4b3d-8b49-6ddc69f662c5 None None] image_cache_sqlite_db = cache.db {{(pid=83671) log_opt_values /opt/stack/data/venv/lib/python3.12/site-packages/oslo_config/cfg.py:3549}}
Aug 19 18:49:15 devstack devstack@g-api.service[83671]: DEBUG glance.common.config [None req-dccdc12f-f796-4b3d-8b49-6ddc69f662c5 None None] image_cache_stall_time = 86400 {{(pid=83671) log_opt_values /opt/stack/data/venv/lib/python3.12/site-packages/oslo_config/cfg.py:3549}}
Aug 19 18:49:15 devstack devstack@g-api.service[83671]: DEBUG glance.common.config [None req-dccdc12f-f796-4b3d-8b49-6ddc69f662c5 None None] image_location_quota = 10 {{(pid=83671) log_opt_values /opt/stack/data/venv/lib/python3.12/site-packages/oslo_config/cfg.py:3549}}
Aug 19 18:49:15 devstack devstack@g-api.service[83671]: DEBUG glance.common.config [None req-dccdc12f-f796-4b3d-8b49-6ddc69f662c5 None None] image_member_quota = 128 {{(pid=83671) log_opt_values /opt/stack/data/venv/lib/python3.12/site-packages/oslo_config/cfg.py:3549}}
Aug 19 18:49:15 devstack devstack@g-api.service[83671]: DEBUG glance.common.config [None req-dccdc12f-f796-4b3d-8b49-6ddc69f662c5 None None] image_property_quota = 128 {{(pid=83671) log_opt_values /opt/stack/data/venv/lib/python3.12/site-packages/oslo_config/cfg.py:3549}}
Aug 19 18:49:15 devstack devstack@g-api.service[83671]: DEBUG glance.common.config [None req-dccdc12f-f796-4b3d-8b49-6ddc69f662c5 None None] image_size_cap = 1099511627776 {{(pid=83671) log_opt_values /opt/stack/data/venv/lib/python3.12/site-packages/oslo_config/cfg.py:3549}}
Aug 19 18:49:15 devstack devstack@g-api.service[83671]: DEBUG glance.common.config [None req-dccdc12f-f796-4b3d-8b49-6ddc69f662c5 None None] image_tag_quota = 128 {{(pid=83671) log_opt_values /opt/stack/data/venv/lib/python3.12/site-packages/oslo_config/cfg.py:3549}}
Aug 19 18:49:15 devstack devstack@g-api.service[83671]: DEBUG glance.common.config [None req-dccdc12f-f796-4b3d-8b49-6ddc69f662c5 None None] instance_format = [instance: %(uuid)s] {{(pid=83671) log_opt_values /opt/stack/data/venv/lib/python3.12/site-packages/oslo_config/cfg.py:3549}}
Aug 19 18:49:15 devstack devstack@g-api.service[83671]: DEBUG glance.common.config [None req-dccdc12f-f796-4b3d-8b49-6ddc69f662c5 None None] instance_uuid_format = [instance: %(uuid)s] {{(pid=83671) log_opt_values /opt/stack/data/venv/lib/python3.12/site-packages/oslo_config/cfg.py:3549}}
Aug 19 18:49:15 devstack devstack@g-api.service[83671]: DEBUG glance.common.config [None req-dccdc12f-f796-4b3d-8b49-6ddc69f662c5 None None] limit_param_default = 25 {{(pid=83671) log_opt_values /opt/stack/data/venv/lib/python3.12/site-packages/oslo_config/cfg.py:3549}}
Aug 19 18:49:15 devstack devstack@g-api.service[83671]: DEBUG glance.common.config [None req-dccdc12f-f796-4b3d-8b49-6ddc69f662c5 None None] log_color = False {{(pid=83671) log_opt_values /opt/stack/data/venv/lib/python3.12/site-packages/oslo_config/cfg.py:3549}}
Aug 19 18:49:15 devstack devstack@g-api.service[83671]: DEBUG glance.common.config [None req-dccdc12f-f796-4b3d-8b49-6ddc69f662c5 None None] log_config_append = None {{(pid=83671) log_opt_values /opt/stack/data/venv/lib/python3.12/site-packages/oslo_config/cfg.py:3549}}
Aug 19 18:49:15 devstack devstack@g-api.service[83671]: DEBUG glance.common.config [None req-dccdc12f-f796-4b3d-8b49-6ddc69f662c5 None None] log_date_format = %Y-%m-%d %H:%M:%S {{(pid=83671) log_opt_values /opt/stack/data/venv/lib/python3.12/site-packages/oslo_config/cfg.py:3549}}
Aug 19 18:49:15 devstack devstack@g-api.service[83671]: DEBUG glance.common.config [None req-dccdc12f-f796-4b3d-8b49-6ddc69f662c5 None None] log_dir = None {{(pid=83671) log_opt_values /opt/stack/data/venv/lib/python3.12/site-packages/oslo_config/cfg.py:3549}}
Aug 19 18:49:15 devstack devstack@g-api.service[83671]: DEBUG glance.common.config [None req-dccdc12f-f796-4b3d-8b49-6ddc69f662c5 None None] log_file = None {{(pid=83671) log_opt_values /opt/stack/data/venv/lib/python3.12/site-packages/oslo_config/cfg.py:3549}}
Aug 19 18:49:15 devstack devstack@g-api.service[83671]: DEBUG glance.common.config [None req-dccdc12f-f796-4b3d-8b49-6ddc69f662c5 None None] log_rotate_interval = 1 {{(pid=83671) log_opt_values /opt/stack/data/venv/lib/python3.12/site-packages/oslo_config/cfg.py:3549}}
Aug 19 18:49:15 devstack devstack@g-api.service[83671]: DEBUG glance.common.config [None req-dccdc12f-f796-4b3d-8b49-6ddc69f662c5 None None] log_rotate_interval_type = days {{(pid=83671) log_opt_values /opt/stack/data/venv/lib/python3.12/site-packages/oslo_config/cfg.py:3549}}
Aug 19 18:49:15 devstack devstack@g-api.service[83671]: DEBUG glance.common.config [None req-dccdc12f-f796-4b3d-8b49-6ddc69f662c5 None None] log_rotation_type = none {{(pid=83671) log_opt_values /opt/stack/data/venv/lib/python3.12/site-packages/oslo_config/cfg.py:3549}}
Aug 19 18:49:15 devstack devstack@g-api.service[83671]: DEBUG glance.common.config [None req-dccdc12f-f796-4b3d-8b49-6ddc69f662c5 None None] logging_context_format_string = %(color)s%(levelname)s %(name)s [%(global_request_id)s %(request_id)s %(project_name)s %(user_name)s%(color)s] %(instance)s%(color)s%(message)s {{(pid=83671) log_opt_values /opt/stack/data/venv/lib/python3.12/site-packages/oslo_config/cfg.py:3549}}
Aug 19 18:49:15 devstack devstack@g-api.service[83671]: DEBUG glance.common.config [None req-dccdc12f-f796-4b3d-8b49-6ddc69f662c5 None None] logging_debug_format_suffix = {{(pid=%(process)d) %(funcName)s %(pathname)s:%(lineno)d}} {{(pid=83671) log_opt_values /opt/stack/data/venv/lib/python3.12/site-packages/oslo_config/cfg.py:3549}}
Aug 19 18:49:15 devstack devstack@g-api.service[83671]: DEBUG glance.common.config [None req-dccdc12f-f796-4b3d-8b49-6ddc69f662c5 None None] logging_default_format_string = %(color)s%(levelname)s %(name)s [-%(color)s] %(instance)s%(color)s%(message)s {{(pid=83671) log_opt_values /opt/stack/data/venv/lib/python3.12/site-packages/oslo_config/cfg.py:3549}}
Aug 19 18:49:15 devstack devstack@g-api.service[83671]: DEBUG glance.common.config [None req-dccdc12f-f796-4b3d-8b49-6ddc69f662c5 None None] logging_exception_prefix = ERROR %(name)s %(instance)s {{(pid=83671) log_opt_values /opt/stack/data/venv/lib/python3.12/site-packages/oslo_config/cfg.py:3549}}
Aug 19 18:49:15 devstack devstack@g-api.service[83671]: DEBUG glance.common.config [None req-dccdc12f-f796-4b3d-8b49-6ddc69f662c5 None None] logging_user_identity_format = %(user)s %(project)s %(domain)s %(system_scope)s %(user_domain)s %(project_domain)s {{(pid=83671) log_opt_values /opt/stack/data/venv/lib/python3.12/site-packages/oslo_config/cfg.py:3549}}
Aug 19 18:49:15 devstack devstack@g-api.service[83671]: DEBUG glance.common.config [None req-dccdc12f-f796-4b3d-8b49-6ddc69f662c5 None None] max_logfile_count = 30 {{(pid=83671) log_opt_values /opt/stack/data/venv/lib/python3.12/site-packages/oslo_config/cfg.py:3549}}
Aug 19 18:49:15 devstack devstack@g-api.service[83671]: DEBUG glance.common.config [None req-dccdc12f-f796-4b3d-8b49-6ddc69f662c5 None None] max_logfile_size_mb = 200 {{(pid=83671) log_opt_values /opt/stack/data/venv/lib/python3.12/site-packages/oslo_config/cfg.py:3549}}
Aug 19 18:49:15 devstack devstack@g-api.service[83671]: DEBUG glance.common.config [None req-dccdc12f-f796-4b3d-8b49-6ddc69f662c5 None None] max_request_id_length = 64 {{(pid=83671) log_opt_values /opt/stack/data/venv/lib/python3.12/site-packages/oslo_config/cfg.py:3549}}
Aug 19 18:49:15 devstack devstack@g-api.service[83671]: DEBUG glance.common.config [None req-dccdc12f-f796-4b3d-8b49-6ddc69f662c5 None None] metadata_encryption_key = **** {{(pid=83671) log_opt_values /opt/stack/data/venv/lib/python3.12/site-packages/oslo_config/cfg.py:3549}}
Aug 19 18:49:15 devstack devstack@g-api.service[83671]: DEBUG glance.common.config [None req-dccdc12f-f796-4b3d-8b49-6ddc69f662c5 None None] node_staging_uri = file:///tmp/staging/ {{(pid=83671) log_opt_values /opt/stack/data/venv/lib/python3.12/site-packages/oslo_config/cfg.py:3549}}
Aug 19 18:49:15 devstack devstack@g-api.service[83671]: DEBUG glance.common.config [None req-dccdc12f-f796-4b3d-8b49-6ddc69f662c5 None None] property_protection_file = None {{(pid=83671) log_opt_values /opt/stack/data/venv/lib/python3.12/site-packages/oslo_config/cfg.py:3549}}
Aug 19 18:49:15 devstack devstack@g-api.service[83671]: DEBUG glance.common.config [None req-dccdc12f-f796-4b3d-8b49-6ddc69f662c5 None None] property_protection_rule_format = roles {{(pid=83671) log_opt_values /opt/stack/data/venv/lib/python3.12/site-packages/oslo_config/cfg.py:3549}}
Aug 19 18:49:15 devstack devstack@g-api.service[83671]: DEBUG glance.common.config [None req-dccdc12f-f796-4b3d-8b49-6ddc69f662c5 None None] public_endpoint = http://192.168.122.169/image {{(pid=83671) log_opt_values /opt/stack/data/venv/lib/python3.12/site-packages/oslo_config/cfg.py:3549}}
Aug 19 18:49:15 devstack devstack@g-api.service[83671]: DEBUG glance.common.config [None req-dccdc12f-f796-4b3d-8b49-6ddc69f662c5 None None] publish_errors = False {{(pid=83671) log_opt_values /opt/stack/data/venv/lib/python3.12/site-packages/oslo_config/cfg.py:3549}}
Aug 19 18:49:15 devstack devstack@g-api.service[83671]: DEBUG glance.common.config [None req-dccdc12f-f796-4b3d-8b49-6ddc69f662c5 None None] pydev_worker_debug_host = None {{(pid=83671) log_opt_values /opt/stack/data/venv/lib/python3.12/site-packages/oslo_config/cfg.py:3549}}
Aug 19 18:49:15 devstack devstack@g-api.service[83671]: DEBUG glance.common.config [None req-dccdc12f-f796-4b3d-8b49-6ddc69f662c5 None None] pydev_worker_debug_port = 5678 {{(pid=83671) log_opt_values /opt/stack/data/venv/lib/python3.12/site-packages/oslo_config/cfg.py:3549}}
Aug 19 18:49:15 devstack devstack@g-api.service[83671]: DEBUG glance.common.config [None req-dccdc12f-f796-4b3d-8b49-6ddc69f662c5 None None] rate_limit_burst = 0 {{(pid=83671) log_opt_values /opt/stack/data/venv/lib/python3.12/site-packages/oslo_config/cfg.py:3549}}
Aug 19 18:49:15 devstack devstack@g-api.service[83671]: DEBUG glance.common.config [None req-dccdc12f-f796-4b3d-8b49-6ddc69f662c5 None None] rate_limit_except_level = CRITICAL {{(pid=83671) log_opt_values /opt/stack/data/venv/lib/python3.12/site-packages/oslo_config/cfg.py:3549}}
Aug 19 18:49:15 devstack devstack@g-api.service[83671]: DEBUG glance.common.config [None req-dccdc12f-f796-4b3d-8b49-6ddc69f662c5 None None] rate_limit_interval = 0 {{(pid=83671) log_opt_values /opt/stack/data/venv/lib/python3.12/site-packages/oslo_config/cfg.py:3549}}
Aug 19 18:49:15 devstack devstack@g-api.service[83671]: DEBUG glance.common.config [None req-dccdc12f-f796-4b3d-8b49-6ddc69f662c5 None None] scrub_pool_size = 1 {{(pid=83671) log_opt_values /opt/stack/data/venv/lib/python3.12/site-packages/oslo_config/cfg.py:3549}}
Aug 19 18:49:15 devstack devstack@g-api.service[83671]: DEBUG glance.common.config [None req-dccdc12f-f796-4b3d-8b49-6ddc69f662c5 None None] scrub_time = 0 {{(pid=83671) log_opt_values /opt/stack/data/venv/lib/python3.12/site-packages/oslo_config/cfg.py:3549}}
Aug 19 18:49:15 devstack devstack@g-api.service[83671]: DEBUG glance.common.config [None req-dccdc12f-f796-4b3d-8b49-6ddc69f662c5 None None] shell_completion = None {{(pid=83671) log_opt_values /opt/stack/data/venv/lib/python3.12/site-packages/oslo_config/cfg.py:3549}}
Aug 19 18:49:15 devstack devstack@g-api.service[83671]: DEBUG glance.common.config [None req-dccdc12f-f796-4b3d-8b49-6ddc69f662c5 None None] show_image_direct_url = False {{(pid=83671) log_opt_values /opt/stack/data/venv/lib/python3.12/site-packages/oslo_config/cfg.py:3549}}
Aug 19 18:49:15 devstack devstack@g-api.service[83671]: WARNING oslo_config.cfg [None req-dccdc12f-f796-4b3d-8b49-6ddc69f662c5 None None] Deprecated: Option "show_multiple_locations" from group "DEFAULT" is deprecated for removal (Use of this option, deprecated since Newton, is a security risk and will be removed once we figure out a way to satisfy those use cases that currently require it. An earlier announcement that the same functionality can be achieved with greater granularity by using policies is incorrect. You cannot work around this option via policy configuration at the present time, though that is the direction we believe the fix will take. Please keep an eye on the Glance release notes to stay up to date on progress in addressing this issue.). Its value may be silently ignored in the future.
Aug 19 18:49:15 devstack devstack@g-api.service[83671]: DEBUG glance.common.config [None req-dccdc12f-f796-4b3d-8b49-6ddc69f662c5 None None] show_multiple_locations = False {{(pid=83671) log_opt_values /opt/stack/data/venv/lib/python3.12/site-packages/oslo_config/cfg.py:3549}}
Aug 19 18:49:15 devstack devstack@g-api.service[83671]: DEBUG glance.common.config [None req-dccdc12f-f796-4b3d-8b49-6ddc69f662c5 None None] syslog_log_facility = LOG_USER {{(pid=83671) log_opt_values /opt/stack/data/venv/lib/python3.12/site-packages/oslo_config/cfg.py:3549}}
Aug 19 18:49:15 devstack devstack@g-api.service[83671]: DEBUG glance.common.config [None req-dccdc12f-f796-4b3d-8b49-6ddc69f662c5 None None] transport_url = **** {{(pid=83671) log_opt_values /opt/stack/data/venv/lib/python3.12/site-packages/oslo_config/cfg.py:3549}}
