Aug 19 18:49:15 devstack devstack@g-api.service[83670]: DEBUG glance.common.config [None req-d146c582-87cb-4702-934e-c835da6328d0 None None] barbican_service_user.cafile = None {{(pid=83670) log_opt_values /opt/stack/data/venv/lib/python3.12/site-packages/oslo_config/cfg.py:3560}}
Aug 19 18:49:15 devstack devstack@g-api.service[83670]: DEBUG glance.common.config [None req-d146c582-87cb-4702-934e-c835da6328d0 None None] barbican_service_user.certfile = None {{(pid=83670) log_opt_values /opt/stack/data/venv/lib/python3.12/site-packages/oslo_config/cfg.py:3560}}
Aug 19 18:49:15 devstack devstack@g-api.service[83670]: DEBUG glance.common.config [None req-d146c582-87cb-4702-934e-c835da6328d0 None None] barbican_service_user.collect_timing = False {{(pid=83670) log_opt_values /opt/stack/data/venv/lib/python3.12/site-packages/oslo_config/cfg.py:3560}}
Aug 19 18:49:15 devstack devstack@g-api.service[83670]: DEBUG glance.common.config [None req-d146c582-87cb-4702-934e-c835da6328d0 None None] barbican_service_user.insecure = False {{(pid=83670) log_opt_values /opt/stack/data/venv/lib/python3.12/site-packages/oslo_config/cfg.py:3560}}
Aug 19 18:49:15 devstack devstack@g-api.service[83670]: DEBUG glance.common.config [None req-d146c582-87cb-4702-934e-c835da6328d0 None None] barbican_service_user.keyfile = None {{(pid=83670) log_opt_values /opt/stack/data/venv/lib/python3.12/site-packages/oslo_config/cfg.py:3560}}
Aug 19 18:49:15 devstack devstack@g-api.service[83670]: DEBUG glance.common.config [None req-d146c582-87cb-4702-934e-c835da6328d0 None None] barbican_service_user.split_loggers = False {{(pid=83670) log_opt_values /opt/stack/data/venv/lib/python3.12/site-packages/oslo_config/cfg.py:3560}}
Aug 19 18:49:15 devstack devstack@g-api.service[83670]: DEBUG glance.common.config [None req-d146c582-87cb-4702-934e-c835da6328d0 None None] barbican_service_user.timeout = None {{(pid=83670) log_opt_values /opt/stack/data/venv/lib/python3.12/site-packages/oslo_config/cfg.py:3560}}
Aug 19 18:49:15 devstack devstack@g-api.service[83670]: DEBUG glance.common.config [None req-d146c582-87cb-4702-934e-c835da6328d0 None None] database.asyncio_connection = **** {{(pid=83670) log_opt_values /opt/stack/data/venv/lib/python3.12/site-packages/oslo_config/cfg.py:3560}}
Aug 19 18:49:15 devstack devstack@g-api.service[83670]: DEBUG glance.common.config [None req-d146c582-87cb-4702-934e-c835da6328d0 None None] database.asyncio_slave_connection = **** {{(pid=83670) log_opt_values /opt/stack/data/venv/lib/python3.12/site-packages/oslo_config/cfg.py:3560}}
Aug 19 18:49:15 devstack devstack@g-api.service[83670]: DEBUG glance.common.config [None req-d146c582-87cb-4702-934e-c835da6328d0 None None] database.backend = sqlalchemy {{(pid=83670) log_opt_values /opt/stack/data/venv/lib/python3.12/site-packages/oslo_config/cfg.py:3560}}
Aug 19 18:49:15 devstack devstack@g-api.service[83670]: DEBUG glance.common.config [None req-d146c582-87cb-4702-934e-c835da6328d0 None None] database.connection = **** {{(pid=83670) log_opt_values /opt/stack/data/venv/lib/python3.12/site-packages/oslo_config/cfg.py:3560}}
Aug 19 18:49:15 devstack devstack@g-api.service[83670]: DEBUG glance.common.config [None req-d146c582-87cb-4702-934e-c835da6328d0 None None] database.connection_debug = 0 {{(pid=83670) log_opt_values /opt/stack/data/venv/lib/python3.12/site-packages/oslo_config/cfg.py:3560}}
Aug 19 18:49:15 devstack devstack@g-api.service[83670]: DEBUG glance.common.config [None req-d146c582-87cb-4702-934e-c835da6328d0 None None] database.connection_parameters = {{(pid=83670) log_opt_values /opt/stack/data/venv/lib/python3.12/site-packages/oslo_config/cfg.py:3560}}
Aug 19 18:49:15 devstack devstack@g-api.service[83670]: DEBUG glance.common.config [None req-d146c582-87cb-4702-934e-c835da6328d0 None None] database.connection_recycle_time = 3600 {{(pid=83670) log_opt_values /opt/stack/data/venv/lib/python3.12/site-packages/oslo_config/cfg.py:3560}}
Aug 19 18:49:15 devstack devstack@g-api.service[83670]: DEBUG glance.common.config [None req-d146c582-87cb-4702-934e-c835da6328d0 None None] database.connection_trace = False {{(pid=83670) log_opt_values /opt/stack/data/venv/lib/python3.12/site-packages/oslo_config/cfg.py:3560}}
Aug 19 18:49:15 devstack devstack@g-api.service[83670]: DEBUG glance.common.config [None req-d146c582-87cb-4702-934e-c835da6328d0 None None] database.db_inc_retry_interval = True {{(pid=83670) log_opt_values /opt/stack/data/venv/lib/python3.12/site-packages/oslo_config/cfg.py:3560}}
Aug 19 18:49:15 devstack devstack@g-api.service[83670]: DEBUG glance.common.config [None req-d146c582-87cb-4702-934e-c835da6328d0 None None] database.db_max_retries = 20 {{(pid=83670) log_opt_values /opt/stack/data/venv/lib/python3.12/site-packages/oslo_config/cfg.py:3560}}
Aug 19 18:49:15 devstack devstack@g-api.service[83670]: DEBUG glance.common.config [None req-d146c582-87cb-4702-934e-c835da6328d0 None None] database.db_max_retry_interval = 10 {{(pid=83670) log_opt_values /opt/stack/data/venv/lib/python3.12/site-packages/oslo_config/cfg.py:3560}}
Aug 19 18:49:15 devstack devstack@g-api.service[83670]: DEBUG glance.common.config [None req-d146c582-87cb-4702-934e-c835da6328d0 None None] database.db_retry_interval = 1 {{(pid=83670) log_opt_values /opt/stack/data/venv/lib/python3.12/site-packages/oslo_config/cfg.py:3560}}
Aug 19 18:49:15 devstack devstack@g-api.service[83670]: DEBUG glance.common.config [None req-d146c582-87cb-4702-934e-c835da6328d0 None None] database.max_overflow = 50 {{(pid=83670) log_opt_values /opt/stack/data/venv/lib/python3.12/site-packages/oslo_config/cfg.py:3560}}
Aug 19 18:49:15 devstack devstack@g-api.service[83670]: DEBUG glance.common.config [None req-d146c582-87cb-4702-934e-c835da6328d0 None None] database.max_pool_size = 5 {{(pid=83670) log_opt_values /opt/stack/data/venv/lib/python3.12/site-packages/oslo_config/cfg.py:3560}}
Aug 19 18:49:15 devstack devstack@g-api.service[83670]: DEBUG glance.common.config [None req-d146c582-87cb-4702-934e-c835da6328d0 None None] database.max_retries = 10 {{(pid=83670) log_opt_values /opt/stack/data/venv/lib/python3.12/site-packages/oslo_config/cfg.py:3560}}
Aug 19 18:49:15 devstack devstack@g-api.service[83670]: DEBUG glance.common.config [None req-d146c582-87cb-4702-934e-c835da6328d0 None None] database.mysql_sql_mode = TRADITIONAL {{(pid=83670) log_opt_values /opt/stack/data/venv/lib/python3.12/site-packages/oslo_config/cfg.py:3560}}
Aug 19 18:49:15 devstack devstack@g-api.service[83670]: DEBUG glance.common.config [None req-d146c582-87cb-4702-934e-c835da6328d0 None None] database.mysql_wsrep_sync_wait = None {{(pid=83670) log_opt_values /opt/stack/data/venv/lib/python3.12/site-packages/oslo_config/cfg.py:3560}}
Aug 19 18:49:15 devstack devstack@g-api.service[83670]: DEBUG glance.common.config [None req-d146c582-87cb-4702-934e-c835da6328d0 None None] database.pool_timeout = None {{(pid=83670) log_opt_values /opt/stack/data/venv/lib/python3.12/site-packages/oslo_config/cfg.py:3560}}
Aug 19 18:49:15 devstack devstack@g-api.service[83670]: DEBUG glance.common.config [None req-d146c582-87cb-4702-934e-c835da6328d0 None None] database.retry_interval = 10 {{(pid=83670) log_opt_values /opt/stack/data/venv/lib/python3.12/site-packages/oslo_config/cfg.py:3560}}
Aug 19 18:49:15 devstack devstack@g-api.service[83670]: DEBUG glance.common.config [None req-d146c582-87cb-4702-934e-c835da6328d0 None None] database.slave_connection = **** {{(pid=83670) log_opt_values /opt/stack/data/venv/lib/python3.12/site-packages/oslo_config/cfg.py:3560}}
Aug 19 18:49:15 devstack devstack@g-api.service[83670]: DEBUG glance.common.config [None req-d146c582-87cb-4702-934e-c835da6328d0 None None] database.sqlite_synchronous = True {{(pid=83670) log_opt_values /opt/stack/data/venv/lib/python3.12/site-packages/oslo_config/cfg.py:3560}}
Aug 19 18:49:15 devstack devstack@g-api.service[83670]: DEBUG glance.common.config [None req-d146c582-87cb-4702-934e-c835da6328d0 None None] database.synchronous_reader = True {{(pid=83670) log_opt_values /opt/stack/data/venv/lib/python3.12/site-packages/oslo_config/cfg.py:3560}}
Aug 19 18:49:15 devstack devstack@g-api.service[83670]: DEBUG glance.common.config [None req-d146c582-87cb-4702-934e-c835da6328d0 None None] database.use_db_reconnect = False {{(pid=83670) log_opt_values /opt/stack/data/venv/lib/python3.12/site-packages/oslo_config/cfg.py:3560}}
Aug 19 18:49:15 devstack devstack@g-api.service[83670]: DEBUG glance.common.config [None req-d146c582-87cb-4702-934e-c835da6328d0 None None] healthcheck.allowed_source_ranges = [] {{(pid=83670) log_opt_values /opt/stack/data/venv/lib/python3.12/site-packages/oslo_config/cfg.py:3560}}
Aug 19 18:49:15 devstack devstack@g-api.service[83670]: DEBUG glance.common.config [None req-d146c582-87cb-4702-934e-c835da6328d0 None None] healthcheck.backends = ['disable_by_file'] {{(pid=83670) log_opt_values /opt/stack/data/venv/lib/python3.12/site-packages/oslo_config/cfg.py:3560}}
Aug 19 18:49:15 devstack devstack@g-api.service[83670]: DEBUG glance.common.config [None req-d146c582-87cb-4702-934e-c835da6328d0 None None] healthcheck.detailed = False {{(pid=83670) log_opt_values /opt/stack/data/venv/lib/python3.12/site-packages/oslo_config/cfg.py:3560}}
Aug 19 18:49:15 devstack devstack@g-api.service[83670]: DEBUG glance.common.config [None req-d146c582-87cb-4702-934e-c835da6328d0 None None] healthcheck.disable_by_file_path = None {{(pid=83670) log_opt_values /opt/stack/data/venv/lib/python3.12/site-packages/oslo_config/cfg.py:3560}}
Aug 19 18:49:15 devstack devstack@g-api.service[83670]: DEBUG glance.common.config [None req-d146c582-87cb-4702-934e-c835da6328d0 None None] healthcheck.ignore_proxied_requests = False {{(pid=83670) log_opt_values /opt/stack/data/venv/lib/python3.12/site-packages/oslo_config/cfg.py:3560}}
Aug 19 18:49:15 devstack devstack@g-api.service[83670]: DEBUG glance.common.config [None req-d146c582-87cb-4702-934e-c835da6328d0 None None] ******************************************************************************** {{(pid=83670) log_opt_values /opt/stack/data/venv/lib/python3.12/site-packages/oslo_config/cfg.py:3567}}
Aug 19 18:49:15 devstack devstack@g-api.service[83670]: WSGI app 0 (mountpoint='') ready in 5 seconds on interpreter 0x71232d0a4668 pid: 83670 (default app)
Aug 19 18:49:19 devstack devstack@g-api.service[83671]: DEBUG glance.api.middleware.version_negotiation [None req-dccdc12f-f796-4b3d-8b49-6ddc69f662c5 None None] Determining version of request: GET / Accept: application/json {{(pid=83671) process_request /opt/stack/glance/glance/api/middleware/version_negotiation.py:44}}
Aug 19 18:49:19 devstack devstack@g-api.service[83671]: DEBUG glance.api.middleware.version_negotiation [None req-dccdc12f-f796-4b3d-8b49-6ddc69f662c5 None None] Using url versioning {{(pid=83671) process_request /opt/stack/glance/glance/api/middleware/version_negotiation.py:57}}
Aug 19 18:49:19 devstack devstack@g-api.service[83671]: DEBUG glance.api.middleware.version_negotiation [None req-dccdc12f-f796-4b3d-8b49-6ddc69f662c5 None None] Unknown version. Returning version choices. {{(pid=83671) process_request /opt/stack/glance/glance/api/middleware/version_negotiation.py:64}}
Aug 19 18:49:19 devstack devstack@g-api.service[83671]: [pid: 83671|app: 0|req: 2/2] 127.0.0.1 () {34 vars in 519 bytes} [Wed Aug 19 18:49:19 2026] GET / => generated 1571 bytes in 4 msecs (HTTP/1.1 300) 3 headers in 106 bytes (1 switches on core 0)
Aug 19 18:49:19 devstack devstack@g-api.service[83670]: DEBUG glance.api.middleware.version_negotiation [None req-d146c582-87cb-4702-934e-c835da6328d0 None None] Determining version of request: POST /v2/images Accept: */* {{(pid=83670) process_request /opt/stack/glance/glance/api/middleware/version_negotiation.py:44}}
Aug 19 18:49:19 devstack devstack@g-api.service[83670]: DEBUG glance.api.middleware.version_negotiation [None req-d146c582-87cb-4702-934e-c835da6328d0 None None] Using url versioning {{(pid=83670) process_request /opt/stack/glance/glance/api/middleware/version_negotiation.py:57}}
Aug 19 18:49:19 devstack devstack@g-api.service[83670]: DEBUG glance.api.middleware.version_negotiation [None req-d146c582-87cb-4702-934e-c835da6328d0 None None] Matched version: v2 {{(pid=83670) process_request /opt/stack/glance/glance/api/middleware/version_negotiation.py:69}}
Aug 19 18:49:19 devstack devstack@g-api.service[83670]: DEBUG glance.api.middleware.version_negotiation [None req-d146c582-87cb-4702-934e-c835da6328d0 None None] new path /v2/images {{(pid=83670) process_request /opt/stack/glance/glance/api/middleware/version_negotiation.py:70}}
Aug 19 18:49:20 devstack devstack@g-api.service[83670]: [pid: 83670|app: 0|req: 1/3] 127.0.0.1 () {40 vars in 782 bytes} [Wed Aug 19 18:49:19 2026] POST /v2/images => generated 807 bytes in 1171 msecs (HTTP/1.1 201) 6 headers in 314 bytes (1 switches on core 0)
Aug 19 18:49:20 devstack devstack@g-api.service[83671]: DEBUG glance.api.middleware.version_negotiation [None req-dccdc12f-f796-4b3d-8b49-6ddc69f662c5 None None] Determining version of request: PUT /v2/images/8ec5c3e7-cfc7-4315-aa31-980a64413b35/file Accept: {{(pid=83671) process_request /opt/stack/glance/glance/api/middleware/version_negotiation.py:44}}
Aug 19 18:49:20 devstack devstack@g-api.service[83671]: DEBUG glance.api.middleware.version_negotiation [None req-dccdc12f-f796-4b3d-8b49-6ddc69f662c5 None None] Using url versioning {{(pid=83671) process_request /opt/stack/glance/glance/api/middleware/version_negotiation.py:57}}
Aug 19 18:49:20 devstack devstack@g-api.service[83671]: DEBUG glance.api.middleware.version_negotiation [None req-dccdc12f-f796-4b3d-8b49-6ddc69f662c5 None None] Matched version: v2 {{(pid=83671) process_request /opt/stack/glance/glance/api/middleware/version_negotiation.py:69}}
Aug 19 18:49:20 devstack devstack@g-api.service[83671]: DEBUG glance.api.middleware.version_negotiation [None req-dccdc12f-f796-4b3d-8b49-6ddc69f662c5 None None] new path /v2/images/8ec5c3e7-cfc7-4315-aa31-980a64413b35/file {{(pid=83671) process_request /opt/stack/glance/glance/api/middleware/version_negotiation.py:70}}
Aug 19 18:49:21 devstack devstack@g-api.service[83671]: INFO glance.api.v2.image_data [None req-980f92e8-8a9a-4135-a4a9-21ad4a079b44 admin admin] Unable to create trust: no such option collect_timing in group [keystone_authtoken] Use the existing user token.
Aug 19 18:49:22 devstack devstack@g-api.service[83671]: DEBUG glance.location [None req-980f92e8-8a9a-4135-a4a9-21ad4a079b44 admin admin] Enabling in-flight format inspection for qcow2 {{(pid=83671) set_data /opt/stack/glance/glance/location.py:596}}
Aug 19 18:49:22 devstack devstack@g-api.service[83671]: DEBUG oslo_utils.imageutils.format_inspector [None req-980f92e8-8a9a-4135-a4a9-21ad4a079b44 admin admin] Format inspector for vmdk does not match, excluding from consideration (Signature KDMV not found: b'QFI\xfb') {{(pid=83671) _process_chunk /opt/stack/data/venv/lib/python3.12/site-packages/oslo_utils/imageutils/format_inspector.py:1758}}
Aug 19 18:49:22 devstack devstack@g-api.service[83671]: DEBUG oslo_utils.imageutils.format_inspector [None req-980f92e8-8a9a-4135-a4a9-21ad4a079b44 admin admin] Format inspector for vhdx does not match, excluding from consideration (Region signature not found at 30000) {{(pid=83671) _process_chunk /opt/stack/data/venv/lib/python3.12/site-packages/oslo_utils/imageutils/format_inspector.py:1758}}
Aug 19 18:49:22 devstack devstack@g-api.service[83671]: DEBUG glance_store._drivers.filesystem [None req-980f92e8-8a9a-4135-a4a9-21ad4a079b44 admin admin] Wrote 21692416 bytes to /opt/stack/data/glance/images/8ec5c3e7-cfc7-4315-aa31-980a64413b35 with checksum 87617e24a5e30cb3b87fda8c0764838f and multihash 9a9bce0083a00939ec17c11febbfc767aa211aaa54f51e75c5a8b271a9b5637c77205a518b7a2007cb391d23cceb01e0e4e8d64832317151bc85b734b92a7be0 {{(pid=83671) add /opt/stack/data/venv/lib/python3.12/site-packages/glance_store/_drivers/filesystem.py:899}}
Aug 19 18:49:22 devstack devstack@g-api.service[83671]: INFO glance.location [None req-980f92e8-8a9a-4135-a4a9-21ad4a079b44 admin admin] Image format matched and virtual size computed: 117440512
Aug 19 18:49:22 devstack devstack@g-api.service[83671]: DEBUG glance_store.backend [None req-980f92e8-8a9a-4135-a4a9-21ad4a079b44 admin admin] Skipping store.set_acls... not implemented. {{(pid=83671) set_acls /opt/stack/data/venv/lib/python3.12/site-packages/glance_store/backend.py:507}}
Aug 19 18:49:22 devstack devstack@g-api.service[83671]: [pid: 83671|app: 0|req: 3/4] 127.0.0.1 () {42 vars in 914 bytes} [Wed Aug 19 18:49:20 2026] PUT /v2/images/8ec5c3e7-cfc7-4315-aa31-980a64413b35/file => generated 0 bytes in 1679 msecs (HTTP/1.1 204) 4 headers in 171 bytes (1 switches on core 0)
Aug 19 18:49:22 devstack devstack@g-api.service[83670]: DEBUG glance.api.middleware.version_negotiation [None req-86f93f20-c9b6-4f31-862f-a05ef375b361 admin admin] Determining version of request: GET /v2/images/8ec5c3e7-cfc7-4315-aa31-980a64413b35 Accept: */* {{(pid=83670) process_request /opt/stack/glance/glance/api/middleware/version_negotiation.py:44}}
Aug 19 18:49:22 devstack devstack@g-api.service[83670]: DEBUG glance.api.middleware.version_negotiation [None req-86f93f20-c9b6-4f31-862f-a05ef375b361 admin admin] Using url versioning {{(pid=83670) process_request /opt/stack/glance/glance/api/middleware/version_negotiation.py:57}}
Aug 19 18:49:22 devstack devstack@g-api.service[83670]: DEBUG glance.api.middleware.version_negotiation [None req-86f93f20-c9b6-4f31-862f-a05ef375b361 admin admin] Matched version: v2 {{(pid=83670) process_request /opt/stack/glance/glance/api/middleware/version_negotiation.py:69}}
Aug 19 18:49:22 devstack devstack@g-api.service[83670]: DEBUG glance.api.middleware.version_negotiation [None req-86f93f20-c9b6-4f31-862f-a05ef375b361 admin admin] new path /v2/images/8ec5c3e7-cfc7-4315-aa31-980a64413b35 {{(pid=83670) process_request /opt/stack/glance/glance/api/middleware/version_negotiation.py:70}}
Aug 19 18:49:22 devstack devstack@g-api.service[83670]: [pid: 83670|app: 0|req: 2/5] 127.0.0.1 () {36 vars in 802 bytes} [Wed Aug 19 18:49:22 2026] GET /v2/images/8ec5c3e7-cfc7-4315-aa31-980a64413b35 => generated 976 bytes in 23 msecs (HTTP/1.1 200) 4 headers in 157 bytes (1 switches on core 0)
Aug 19 18:49:32 devstack devstack@g-api.service[83671]: DEBUG dbcounter [-] [83671] Writing DB stats glance:INSERT=5,glance:SELECT=16,glance:UPDATE=2 {{(pid=83671) stat_writer /opt/stack/data/venv/lib/python3.12/site-packages/dbcounter.py:115}}
Aug 19 18:49:32 devstack devstack@g-api.service[83670]: DEBUG dbcounter [-] [83670] Writing DB stats glance:INSERT=9,glance:SELECT=6 {{(pid=83670) stat_writer /opt/stack/data/venv/lib/python3.12/site-packages/dbcounter.py:115}}
Aug 19 18:50:04 devstack devstack@g-api.service[83671]: DEBUG glance.api.middleware.version_negotiation [None req-980f92e8-8a9a-4135-a4a9-21ad4a079b44 admin admin] Determining version of request: GET / Accept: application/json {{(pid=83671) process_request /opt/stack/glance/glance/api/middleware/version_negotiation.py:44}}
Aug 19 18:50:04 devstack devstack@g-api.service[83671]: DEBUG glance.api.middleware.version_negotiation [None req-980f92e8-8a9a-4135-a4a9-21ad4a079b44 admin admin] Using url versioning {{(pid=83671) process_request /opt/stack/glance/glance/api/middleware/version_negotiation.py:57}}
Aug 19 18:50:04 devstack devstack@g-api.service[83671]: DEBUG glance.api.middleware.version_negotiation [None req-980f92e8-8a9a-4135-a4a9-21ad4a079b44 admin admin] Unknown version. Returning version choices. {{(pid=83671) process_request /opt/stack/glance/glance/api/middleware/version_negotiation.py:64}}
Aug 19 18:50:04 devstack devstack@g-api.service[83671]: [pid: 83671|app: 0|req: 4/6] 127.0.0.1 () {34 vars in 519 bytes} [Wed Aug 19 18:50:04 2026] GET / => generated 1571 bytes in 3 msecs (HTTP/1.1 300) 3 headers in 106 bytes (1 switches on core 0)
Aug 19 18:50:04 devstack devstack@g-api.service[83670]: DEBUG glance.api.middleware.version_negotiation [None req-340b6a5e-a36c-4f32-a894-2230818a504c admin admin] Determining version of request: GET /v2/images Accept: application/json {{(pid=83670) process_request /opt/stack/glance/glance/api/middleware/version_negotiation.py:44}}
Aug 19 18:50:04 devstack devstack@g-api.service[83670]: DEBUG glance.api.middleware.version_negotiation [None req-340b6a5e-a36c-4f32-a894-2230818a504c admin admin] Using url versioning {{(pid=83670) process_request /opt/stack/glance/glance/api/middleware/version_negotiation.py:57}}
Aug 19 18:50:04 devstack devstack@g-api.service[83670]: DEBUG glance.api.middleware.version_negotiation [None req-340b6a5e-a36c-4f32-a894-2230818a504c admin admin] Matched version: v2 {{(pid=83670) process_request /opt/stack/glance/glance/api/middleware/version_negotiation.py:69}}
Aug 19 18:50:04 devstack devstack@g-api.service[83670]: DEBUG glance.api.middleware.version_negotiation [None req-340b6a5e-a36c-4f32-a894-2230818a504c admin admin] new path /v2/images {{(pid=83670) process_request /opt/stack/glance/glance/api/middleware/version_negotiation.py:70}}
Aug 19 18:50:04 devstack devstack@g-api.service[83670]: [pid: 83670|app: 0|req: 3/7] 127.0.0.1 () {36 vars in 741 bytes} [Wed Aug 19 18:50:04 2026] GET /v2/images => generated 1045 bytes in 99 msecs (HTTP/1.1 200) 4 headers in 158 bytes (1 switches on core 0)
Aug 19 18:50:14 devstack devstack@g-api.service[83671]: DEBUG glance.api.middleware.version_negotiation [None req-980f92e8-8a9a-4135-a4a9-21ad4a079b44 admin admin] Determining version of request: GET / Accept: application/json {{(pid=83671) process_request /opt/stack/glance/glance/api/middleware/version_negotiation.py:44}}
Aug 19 18:50:14 devstack devstack@g-api.service[83671]: DEBUG glance.api.middleware.version_negotiation [None req-980f92e8-8a9a-4135-a4a9-21ad4a079b44 admin admin] Using url versioning {{(pid=83671) process_request /opt/stack/glance/glance/api/middleware/version_negotiation.py:57}}
Aug 19 18:50:14 devstack devstack@g-api.service[83671]: DEBUG glance.api.middleware.version_negotiation [None req-980f92e8-8a9a-4135-a4a9-21ad4a079b44 admin admin] Unknown version. Returning version choices. {{(pid=83671) process_request /opt/stack/glance/glance/api/middleware/version_negotiation.py:64}}
Aug 19 18:50:14 devstack devstack@g-api.service[83671]: [pid: 83671|app: 0|req: 5/8] 127.0.0.1 () {34 vars in 519 bytes} [Wed Aug 19 18:50:14 2026] GET / => generated 1571 bytes in 2 msecs (HTTP/1.1 300) 3 headers in 106 bytes (1 switches on core 0)
Aug 19 18:50:14 devstack devstack@g-api.service[83670]: DEBUG glance.api.middleware.version_negotiation [None req-fc7c9771-14c3-4c6d-8930-3dbaa28cb2e8 admin admin] Determining version of request: GET /v2/images/8ec5c3e7-cfc7-4315-aa31-980a64413b35 Accept: */* {{(pid=83670) process_request /opt/stack/glance/glance/api/middleware/version_negotiation.py:44}}
Aug 19 18:50:14 devstack devstack@g-api.service[83670]: DEBUG glance.api.middleware.version_negotiation [None req-fc7c9771-14c3-4c6d-8930-3dbaa28cb2e8 admin admin] Using url versioning {{(pid=83670) process_request /opt/stack/glance/glance/api/middleware/version_negotiation.py:57}}
Aug 19 18:50:14 devstack devstack@g-api.service[83670]: DEBUG glance.api.middleware.version_negotiation [None req-fc7c9771-14c3-4c6d-8930-3dbaa28cb2e8 admin admin] Matched version: v2 {{(pid=83670) process_request /opt/stack/glance/glance/api/middleware/version_negotiation.py:69}}
Aug 19 18:50:14 devstack devstack@g-api.service[83670]: DEBUG glance.api.middleware.version_negotiation [None req-fc7c9771-14c3-4c6d-8930-3dbaa28cb2e8 admin admin] new path /v2/images/8ec5c3e7-cfc7-4315-aa31-980a64413b35 {{(pid=83670) process_request /opt/stack/glance/glance/api/middleware/version_negotiation.py:70}}
Aug 19 18:50:14 devstack devstack@g-api.service[83670]: [pid: 83670|app: 0|req: 4/9] 127.0.0.1 () {36 vars in 802 bytes} [Wed Aug 19 18:50:14 2026] GET /v2/images/8ec5c3e7-cfc7-4315-aa31-980a64413b35 => generated 976 bytes in 69 msecs (HTTP/1.1 200) 4 headers in 157 bytes (1 switches on core 0)
Aug 19 18:50:20 devstack devstack@g-api.service[83671]: DEBUG glance.api.middleware.version_negotiation [None req-980f92e8-8a9a-4135-a4a9-21ad4a079b44 admin admin] Determining version of request: GET / Accept: application/json {{(pid=83671) process_request /opt/stack/glance/glance/api/middleware/version_negotiation.py:44}}
Aug 19 18:50:20 devstack devstack@g-api.service[83671]: DEBUG glance.api.middleware.version_negotiation [None req-980f92e8-8a9a-4135-a4a9-21ad4a079b44 admin admin] Using url versioning {{(pid=83671) process_request /opt/stack/glance/glance/api/middleware/version_negotiation.py:57}}
Aug 19 18:50:20 devstack devstack@g-api.service[83671]: DEBUG glance.api.middleware.version_negotiation [None req-980f92e8-8a9a-4135-a4a9-21ad4a079b44 admin admin] Unknown version. Returning version choices. {{(pid=83671) process_request /opt/stack/glance/glance/api/middleware/version_negotiation.py:64}}
Aug 19 18:50:20 devstack devstack@g-api.service[83671]: [pid: 83671|app: 0|req: 6/10] 127.0.0.1 () {34 vars in 519 bytes} [Wed Aug 19 18:50:20 2026] GET / => generated 1571 bytes in 2 msecs (HTTP/1.1 300) 3 headers in 106 bytes (1 switches on core 0)
Aug 19 18:50:20 devstack devstack@g-api.service[83670]: DEBUG glance.api.middleware.version_negotiation [None req-2e0ac289-d6cf-422c-9835-ab38e394819d admin admin] Determining version of request: GET /v2/images/8ec5c3e7-cfc7-4315-aa31-980a64413b35 Accept: */* {{(pid=83670) process_request /opt/stack/glance/glance/api/middleware/version_negotiation.py:44}}
Aug 19 18:50:20 devstack devstack@g-api.service[83670]: DEBUG glance.api.middleware.version_negotiation [None req-2e0ac289-d6cf-422c-9835-ab38e394819d admin admin] Using url versioning {{(pid=83670) process_request /opt/stack/glance/glance/api/middleware/version_negotiation.py:57}}
Aug 19 18:50:20 devstack devstack@g-api.service[83670]: DEBUG glance.api.middleware.version_negotiation [None req-2e0ac289-d6cf-422c-9835-ab38e394819d admin admin] Matched version: v2 {{(pid=83670) process_request /opt/stack/glance/glance/api/middleware/version_negotiation.py:69}}
Aug 19 18:50:20 devstack devstack@g-api.service[83670]: DEBUG glance.api.middleware.version_negotiation [None req-2e0ac289-d6cf-422c-9835-ab38e394819d admin admin] new path /v2/images/8ec5c3e7-cfc7-4315-aa31-980a64413b35 {{(pid=83670) process_request /opt/stack/glance/glance/api/middleware/version_negotiation.py:70}}
Aug 19 18:50:20 devstack devstack@g-api.service[83670]: [pid: 83670|app: 0|req: 5/11] 127.0.0.1 () {36 vars in 802 bytes} [Wed Aug 19 18:50:20 2026] GET /v2/images/8ec5c3e7-cfc7-4315-aa31-980a64413b35 => generated 976 bytes in 76 msecs (HTTP/1.1 200) 4 headers in 157 bytes (1 switches on core 0)
Aug 19 18:50:30 devstack devstack@g-api.service[83670]: DEBUG dbcounter [-] [83670] Writing DB stats glance:SELECT=5 {{(pid=83670) stat_writer /opt/stack/data/venv/lib/python3.12/site-packages/dbcounter.py:115}}
Aug 19 18:51:35 devstack devstack@g-api.service[83671]: DEBUG glance.api.middleware.version_negotiation [None req-980f92e8-8a9a-4135-a4a9-21ad4a079b44 admin admin] Determining version of request: GET / Accept: application/json {{(pid=83671) process_request /opt/stack/glance/glance/api/middleware/version_negotiation.py:44}}
Aug 19 18:51:35 devstack devstack@g-api.service[83671]: DEBUG glance.api.middleware.version_negotiation [None req-980f92e8-8a9a-4135-a4a9-21ad4a079b44 admin admin] Using url versioning {{(pid=83671) process_request /opt/stack/glance/glance/api/middleware/version_negotiation.py:57}}
Aug 19 18:51:35 devstack devstack@g-api.service[83671]: DEBUG glance.api.middleware.version_negotiation [None req-980f92e8-8a9a-4135-a4a9-21ad4a079b44 admin admin] Unknown version. Returning version choices. {{(pid=83671) process_request /opt/stack/glance/glance/api/middleware/version_negotiation.py:64}}
Aug 19 18:51:35 devstack devstack@g-api.service[83671]: [pid: 83671|app: 0|req: 7/12] 127.0.0.1 () {36 vars in 488 bytes} [Wed Aug 19 18:51:35 2026] GET / => generated 1571 bytes in 2 msecs (HTTP/1.1 300) 3 headers in 106 bytes (1 switches on core 0)
Aug 19 18:54:31 devstack devstack@g-api.service[83670]: DEBUG glance.api.middleware.version_negotiation [None req-33823fa2-728e-4e7b-b326-b64aaca71001 admin admin] Determining version of request: GET / Accept: application/json {{(pid=83670) process_request /opt/stack/glance/glance/api/middleware/version_negotiation.py:44}}
Aug 19 18:54:31 devstack devstack@g-api.service[83670]: DEBUG glance.api.middleware.version_negotiation [None req-33823fa2-728e-4e7b-b326-b64aaca71001 admin admin] Using url versioning {{(pid=83670) process_request /opt/stack/glance/glance/api/middleware/version_negotiation.py:57}}
Aug 19 18:54:31 devstack devstack@g-api.service[83670]: DEBUG glance.api.middleware.version_negotiation [None req-33823fa2-728e-4e7b-b326-b64aaca71001 admin admin] Unknown version. Returning version choices. {{(pid=83670) process_request /opt/stack/glance/glance/api/middleware/version_negotiation.py:64}}
Aug 19 18:54:31 devstack devstack@g-api.service[83670]: [pid: 83670|app: 0|req: 6/13] 127.0.0.1 () {34 vars in 505 bytes} [Wed Aug 19 18:54:31 2026] GET / => generated 1571 bytes in 6 msecs (HTTP/1.1 300) 3 headers in 106 bytes (1 switches on core 0)
Aug 19 18:54:31 devstack devstack@g-api.service[83671]: DEBUG glance.api.middleware.version_negotiation [None req-980f92e8-8a9a-4135-a4a9-21ad4a079b44 admin admin] Determining version of request: GET /v2/images/8ec5c3e7-cfc7-4315-aa31-980a64413b35 Accept: */* {{(pid=83671) process_request /opt/stack/glance/glance/api/middleware/version_negotiation.py:44}}
Aug 19 18:54:31 devstack devstack@g-api.service[83671]: DEBUG glance.api.middleware.version_negotiation [None req-980f92e8-8a9a-4135-a4a9-21ad4a079b44 admin admin] Using url versioning {{(pid=83671) process_request /opt/stack/glance/glance/api/middleware/version_negotiation.py:57}}
Aug 19 18:54:31 devstack devstack@g-api.service[83671]: DEBUG glance.api.middleware.version_negotiation [None req-980f92e8-8a9a-4135-a4a9-21ad4a079b44 admin admin] Matched version: v2 {{(pid=83671) process_request /opt/stack/glance/glance/api/middleware/version_negotiation.py:69}}
Aug 19 18:54:31 devstack devstack@g-api.service[83671]: DEBUG glance.api.middleware.version_negotiation [None req-980f92e8-8a9a-4135-a4a9-21ad4a079b44 admin admin] new path /v2/images/8ec5c3e7-cfc7-4315-aa31-980a64413b35 {{(pid=83671) process_request /opt/stack/glance/glance/api/middleware/version_negotiation.py:70}}
Aug 19 18:54:31 devstack devstack@g-api.service[83671]: [pid: 83671|app: 0|req: 8/14] 127.0.0.1 () {42 vars in 1061 bytes} [Wed Aug 19 18:54:31 2026] GET /v2/images/8ec5c3e7-cfc7-4315-aa31-980a64413b35 => generated 976 bytes in 350 msecs (HTTP/1.1 200) 4 headers in 157 bytes (1 switches on core 0)
Aug 19 18:54:31 devstack devstack@g-api.service[83670]: DEBUG glance.api.middleware.version_negotiation [None req-33823fa2-728e-4e7b-b326-b64aaca71001 admin admin] Determining version of request: GET /v2/schemas/image Accept: */* {{(pid=83670) process_request /opt/stack/glance/glance/api/middleware/version_negotiation.py:44}}
Aug 19 18:54:31 devstack devstack@g-api.service[83670]: DEBUG glance.api.middleware.version_negotiation [None req-33823fa2-728e-4e7b-b326-b64aaca71001 admin admin] Using url versioning {{(pid=83670) process_request /opt/stack/glance/glance/api/middleware/version_negotiation.py:57}}
Aug 19 18:54:31 devstack devstack@g-api.service[83670]: DEBUG glance.api.middleware.version_negotiation [None req-33823fa2-728e-4e7b-b326-b64aaca71001 admin admin] Matched version: v2 {{(pid=83670) process_request /opt/stack/glance/glance/api/middleware/version_negotiation.py:69}}
Aug 19 18:54:31 devstack devstack@g-api.service[83670]: DEBUG glance.api.middleware.version_negotiation [None req-33823fa2-728e-4e7b-b326-b64aaca71001 admin admin] new path /v2/schemas/image {{(pid=83670) process_request /opt/stack/glance/glance/api/middleware/version_negotiation.py:70}}
Aug 19 18:54:31 devstack devstack@g-api.service[83670]: [pid: 83670|app: 0|req: 7/15] 127.0.0.1 () {42 vars in 1001 bytes} [Wed Aug 19 18:54:31 2026] GET /v2/schemas/image => generated 6083 bytes in 12 msecs (HTTP/1.1 200) 4 headers in 158 bytes (1 switches on core 0)
Aug 19 18:54:38 devstack devstack@g-api.service[83671]: DEBUG glance.api.middleware.version_negotiation [None req-746a12f7-b461-469c-a860-12618782a717 tempest-ServersNegativeTestJSON-350725974 tempest-ServersNegativeTestJSON-350725974-project-member] Determining version of request: GET / Accept: application/json {{(pid=83671) process_request /opt/stack/glance/glance/api/middleware/version_negotiation.py:44}}
Aug 19 18:54:38 devstack devstack@g-api.service[83671]: DEBUG glance.api.middleware.version_negotiation [None req-746a12f7-b461-469c-a860-12618782a717 tempest-ServersNegativeTestJSON-350725974 tempest-ServersNegativeTestJSON-350725974-project-member] Using url versioning {{(pid=83671) process_request /opt/stack/glance/glance/api/middleware/version_negotiation.py:57}}
Aug 19 18:54:38 devstack devstack@g-api.service[83671]: DEBUG glance.api.middleware.version_negotiation [None req-746a12f7-b461-469c-a860-12618782a717 tempest-ServersNegativeTestJSON-350725974 tempest-ServersNegativeTestJSON-350725974-project-member] Unknown version. Returning version choices. {{(pid=83671) process_request /opt/stack/glance/glance/api/middleware/version_negotiation.py:64}}
Aug 19 18:54:38 devstack devstack@g-api.service[83671]: [pid: 83671|app: 0|req: 9/16] 127.0.0.1 () {34 vars in 505 bytes} [Wed Aug 19 18:54:38 2026] GET / => generated 1571 bytes in 6 msecs (HTTP/1.1 300) 3 headers in 106 bytes (1 switches on core 0)
Aug 19 18:54:38 devstack devstack@g-api.service[83670]: DEBUG glance.api.middleware.version_negotiation [None req-746a12f7-b461-469c-a860-12618782a717 tempest-ServersNegativeTestJSON-350725974 tempest-ServersNegativeTestJSON-350725974-project-member] Determining version of request: GET /v2/images/8ec5c3e7-cfc7-4315-aa31-980a64413b35 Accept: */* {{(pid=83670) process_request /opt/stack/glance/glance/api/middleware/version_negotiation.py:44}}
Aug 19 18:54:38 devstack devstack@g-api.service[83670]: DEBUG glance.api.middleware.version_negotiation [None req-746a12f7-b461-469c-a860-12618782a717 tempest-ServersNegativeTestJSON-350725974 tempest-ServersNegativeTestJSON-350725974-project-member] Using url versioning {{(pid=83670) process_request /opt/stack/glance/glance/api/middleware/version_negotiation.py:57}}
Aug 19 18:54:38 devstack devstack@g-api.service[83670]: DEBUG glance.api.middleware.version_negotiation [None req-746a12f7-b461-469c-a860-12618782a717 tempest-ServersNegativeTestJSON-350725974 tempest-ServersNegativeTestJSON-350725974-project-member] Matched version: v2 {{(pid=83670) process_request /opt/stack/glance/glance/api/middleware/version_negotiation.py:69}}
Aug 19 18:54:38 devstack devstack@g-api.service[83670]: DEBUG glance.api.middleware.version_negotiation [None req-746a12f7-b461-469c-a860-12618782a717 tempest-ServersNegativeTestJSON-350725974 tempest-ServersNegativeTestJSON-350725974-project-member] new path /v2/images/8ec5c3e7-cfc7-4315-aa31-980a64413b35 {{(pid=83670) process_request /opt/stack/glance/glance/api/middleware/version_negotiation.py:70}}
Aug 19 18:54:38 devstack devstack@g-api.service[83670]: [pid: 83670|app: 0|req: 8/17] 127.0.0.1 () {42 vars in 1061 bytes} [Wed Aug 19 18:54:38 2026] GET /v2/images/8ec5c3e7-cfc7-4315-aa31-980a64413b35 => generated 976 bytes in 265 msecs (HTTP/1.1 200) 4 headers in 157 bytes (1 switches on core 0)
Aug 19 18:54:38 devstack devstack@g-api.service[83671]: DEBUG glance.api.middleware.version_negotiation [None req-746a12f7-b461-469c-a860-12618782a717 tempest-ServersNegativeTestJSON-350725974 tempest-ServersNegativeTestJSON-350725974-project-member] Determining version of request: GET /v2/schemas/image Accept: */* {{(pid=83671) process_request /opt/stack/glance/glance/api/middleware/version_negotiation.py:44}}
Aug 19 18:54:38 devstack devstack@g-api.service[83671]: DEBUG glance.api.middleware.version_negotiation [None req-746a12f7-b461-469c-a860-12618782a717 tempest-ServersNegativeTestJSON-350725974 tempest-ServersNegativeTestJSON-350725974-project-member] Using url versioning {{(pid=83671) process_request /opt/stack/glance/glance/api/middleware/version_negotiation.py:57}}
Aug 19 18:54:38 devstack devstack@g-api.service[83671]: DEBUG glance.api.middleware.version_negotiation [None req-746a12f7-b461-469c-a860-12618782a717 tempest-ServersNegativeTestJSON-350725974 tempest-ServersNegativeTestJSON-350725974-project-member] Matched version: v2 {{(pid=83671) process_request /opt/stack/glance/glance/api/middleware/version_negotiation.py:69}}
Aug 19 18:54:38 devstack devstack@g-api.service[83671]: DEBUG glance.api.middleware.version_negotiation [None req-746a12f7-b461-469c-a860-12618782a717 tempest-ServersNegativeTestJSON-350725974 tempest-ServersNegativeTestJSON-350725974-project-member] new path /v2/schemas/image {{(pid=83671) process_request /opt/stack/glance/glance/api/middleware/version_negotiation.py:70}}
Aug 19 18:54:38 devstack devstack@g-api.service[83671]: [pid: 83671|app: 0|req: 10/18] 127.0.0.1 () {42 vars in 1001 bytes} [Wed Aug 19 18:54:38 2026] GET /v2/schemas/image => generated 6083 bytes in 14 msecs (HTTP/1.1 200) 4 headers in 158 bytes (1 switches on core 0)
Aug 19 18:54:41 devstack devstack@g-api.service[83671]: DEBUG dbcounter [-] [83671] Writing DB stats glance:SELECT=2 {{(pid=83671) stat_writer /opt/stack/data/venv/lib/python3.12/site-packages/dbcounter.py:115}}
Aug 19 18:54:47 devstack devstack@g-api.service[83670]: DEBUG glance.api.middleware.version_negotiation [None req-0103c773-4c8c-4f2d-9617-b6306e7ace05 tempest-DeleteServersTestJSON-1051150074 tempest-DeleteServersTestJSON-1051150074-project-member] Determining version of request: GET /v2/images/8ec5c3e7-cfc7-4315-aa31-980a64413b35 Accept: */* {{(pid=83670) process_request /opt/stack/glance/glance/api/middleware/version_negotiation.py:44}}
Aug 19 18:54:47 devstack devstack@g-api.service[83670]: DEBUG glance.api.middleware.version_negotiation [None req-0103c773-4c8c-4f2d-9617-b6306e7ace05 tempest-DeleteServersTestJSON-1051150074 tempest-DeleteServersTestJSON-1051150074-project-member] Using url versioning {{(pid=83670) process_request /opt/stack/glance/glance/api/middleware/version_negotiation.py:57}}
Aug 19 18:54:47 devstack devstack@g-api.service[83670]: DEBUG glance.api.middleware.version_negotiation [None req-0103c773-4c8c-4f2d-9617-b6306e7ace05 tempest-DeleteServersTestJSON-1051150074 tempest-DeleteServersTestJSON-1051150074-project-member] Matched version: v2 {{(pid=83670) process_request /opt/stack/glance/glance/api/middleware/version_negotiation.py:69}}
Aug 19 18:54:47 devstack devstack@g-api.service[83670]: DEBUG glance.api.middleware.version_negotiation [None req-0103c773-4c8c-4f2d-9617-b6306e7ace05 tempest-DeleteServersTestJSON-1051150074 tempest-DeleteServersTestJSON-1051150074-project-member] new path /v2/images/8ec5c3e7-cfc7-4315-aa31-980a64413b35 {{(pid=83670) process_request /opt/stack/glance/glance/api/middleware/version_negotiation.py:70}}
Aug 19 18:54:47 devstack devstack@g-api.service[83670]: [pid: 83670|app: 0|req: 9/19] 127.0.0.1 () {42 vars in 1061 bytes} [Wed Aug 19 18:54:47 2026] GET /v2/images/8ec5c3e7-cfc7-4315-aa31-980a64413b35 => generated 976 bytes in 27 msecs (HTTP/1.1 200) 4 headers in 157 bytes (1 switches on core 0)
Aug 19 18:54:47 devstack devstack@g-api.service[83671]: DEBUG glance.api.middleware.version_negotiation [None req-0103c773-4c8c-4f2d-9617-b6306e7ace05 tempest-DeleteServersTestJSON-1051150074 tempest-DeleteServersTestJSON-1051150074-project-member] Determining version of request: GET /v2/images/8ec5c3e7-cfc7-4315-aa31-980a64413b35/file Accept: */* {{(pid=83671) process_request /opt/stack/glance/glance/api/middleware/version_negotiation.py:44}}
Aug 19 18:54:47 devstack devstack@g-api.service[83671]: DEBUG glance.api.middleware.version_negotiation [None req-0103c773-4c8c-4f2d-9617-b6306e7ace05 tempest-DeleteServersTestJSON-1051150074 tempest-DeleteServersTestJSON-1051150074-project-member] Using url versioning {{(pid=83671) process_request /opt/stack/glance/glance/api/middleware/version_negotiation.py:57}}
Aug 19 18:54:47 devstack devstack@g-api.service[83671]: DEBUG glance.api.middleware.version_negotiation [None req-0103c773-4c8c-4f2d-9617-b6306e7ace05 tempest-DeleteServersTestJSON-1051150074 tempest-DeleteServersTestJSON-1051150074-project-member] Matched version: v2 {{(pid=83671) process_request /opt/stack/glance/glance/api/middleware/version_negotiation.py:69}}
Aug 19 18:54:47 devstack devstack@g-api.service[83671]: DEBUG glance.api.middleware.version_negotiation [None req-0103c773-4c8c-4f2d-9617-b6306e7ace05 tempest-DeleteServersTestJSON-1051150074 tempest-DeleteServersTestJSON-1051150074-project-member] new path /v2/images/8ec5c3e7-cfc7-4315-aa31-980a64413b35/file {{(pid=83671) process_request /opt/stack/glance/glance/api/middleware/version_negotiation.py:70}}
Aug 19 18:54:47 devstack devstack@g-api.service[83671]: DEBUG glance_store._drivers.filesystem [None req-746a12f7-b461-469c-a860-12618782a717 tempest-ServersNegativeTestJSON-350725974 tempest-ServersNegativeTestJSON-350725974-project-member] Found image at /opt/stack/data/glance/images/8ec5c3e7-cfc7-4315-aa31-980a64413b35. Returning in ChunkedFile. {{(pid=83671) get /opt/stack/data/venv/lib/python3.12/site-packages/glance_store/_drivers/filesystem.py:724}}
Aug 19 18:54:47 devstack devstack@g-api.service[83671]: DEBUG glance.image_cache [None req-746a12f7-b461-469c-a860-12618782a717 tempest-ServersNegativeTestJSON-350725974 tempest-ServersNegativeTestJSON-350725974-project-member] Tee'ing image '8ec5c3e7-cfc7-4315-aa31-980a64413b35' into cache {{(pid=83671) get_caching_iter /opt/stack/glance/glance/image_cache/__init__.py:356}}
Aug 19 18:54:47 devstack devstack@g-api.service[83671]: DEBUG glance.image_cache.drivers.centralized_db [None req-746a12f7-b461-469c-a860-12618782a717 tempest-ServersNegativeTestJSON-350725974 tempest-ServersNegativeTestJSON-350725974-project-member] Fetch finished, moving '/opt/stack/data/glance/cache/incomplete/8ec5c3e7-cfc7-4315-aa31-980a64413b35' to '/opt/stack/data/glance/cache/8ec5c3e7-cfc7-4315-aa31-980a64413b35' {{(pid=83671) commit /opt/stack/glance/glance/image_cache/drivers/centralized_db.py:243}}
Aug 19 18:54:48 devstack devstack@g-api.service[83671]: DEBUG glance.image_cache.drivers.centralized_db [None req-746a12f7-b461-469c-a860-12618782a717 tempest-ServersNegativeTestJSON-350725974 tempest-ServersNegativeTestJSON-350725974-project-member] Image cached successfully. {{(pid=83671) commit /opt/stack/glance/glance/image_cache/drivers/centralized_db.py:258}}
Aug 19 18:54:48 devstack devstack@g-api.service[83671]: [pid: 83671|app: 0|req: 11/20] 127.0.0.1 () {42 vars in 1071 bytes} [Wed Aug 19 18:54:47 2026] GET /v2/images/8ec5c3e7-cfc7-4315-aa31-980a64413b35/file => generated 21692416 bytes in 556 msecs (HTTP/1.1 200) 4 headers in 191 bytes (336 switches on core 0)
Aug 19 18:54:48 devstack devstack@g-api.service[83670]: DEBUG glance.api.middleware.version_negotiation [None req-746a12f7-b461-469c-a860-12618782a717 tempest-ServersNegativeTestJSON-350725974 tempest-ServersNegativeTestJSON-350725974-project-member] Determining version of request: GET /v2/images/8ec5c3e7-cfc7-4315-aa31-980a64413b35 Accept: */* {{(pid=83670) process_request /opt/stack/glance/glance/api/middleware/version_negotiation.py:44}}
Aug 19 18:54:48 devstack devstack@g-api.service[83670]: DEBUG glance.api.middleware.version_negotiation [None req-746a12f7-b461-469c-a860-12618782a717 tempest-ServersNegativeTestJSON-350725974 tempest-ServersNegativeTestJSON-350725974-project-member] Using url versioning {{(pid=83670) process_request /opt/stack/glance/glance/api/middleware/version_negotiation.py:57}}
Aug 19 18:54:48 devstack devstack@g-api.service[83670]: DEBUG glance.api.middleware.version_negotiation [None req-746a12f7-b461-469c-a860-12618782a717 tempest-ServersNegativeTestJSON-350725974 tempest-ServersNegativeTestJSON-350725974-project-member] Matched version: v2 {{(pid=83670) process_request /opt/stack/glance/glance/api/middleware/version_negotiation.py:69}}
Aug 19 18:54:48 devstack devstack@g-api.service[83670]: DEBUG glance.api.middleware.version_negotiation [None req-746a12f7-b461-469c-a860-12618782a717 tempest-ServersNegativeTestJSON-350725974 tempest-ServersNegativeTestJSON-350725974-project-member] new path /v2/images/8ec5c3e7-cfc7-4315-aa31-980a64413b35 {{(pid=83670) process_request /opt/stack/glance/glance/api/middleware/version_negotiation.py:70}}
Aug 19 18:54:48 devstack devstack@g-api.service[83670]: [pid: 83670|app: 0|req: 10/21] 127.0.0.1 () {42 vars in 1061 bytes} [Wed Aug 19 18:54:48 2026] GET /v2/images/8ec5c3e7-cfc7-4315-aa31-980a64413b35 => generated 976 bytes in 35 msecs (HTTP/1.1 200) 4 headers in 157 bytes (1 switches on core 0)
Aug 19 18:54:48 devstack devstack@g-api.service[83671]: DEBUG glance.api.middleware.version_negotiation [None req-746a12f7-b461-469c-a860-12618782a717 tempest-ServersNegativeTestJSON-350725974 tempest-ServersNegativeTestJSON-350725974-project-member] Determining version of request: GET /v2/schemas/image Accept: */* {{(pid=83671) process_request /opt/stack/glance/glance/api/middleware/version_negotiation.py:44}}
Aug 19 18:54:48 devstack devstack@g-api.service[83671]: DEBUG glance.api.middleware.version_negotiation [None req-746a12f7-b461-469c-a860-12618782a717 tempest-ServersNegativeTestJSON-350725974 tempest-ServersNegativeTestJSON-350725974-project-member] Using url versioning {{(pid=83671) process_request /opt/stack/glance/glance/api/middleware/version_negotiation.py:57}}
Aug 19 18:54:48 devstack devstack@g-api.service[83671]: DEBUG glance.api.middleware.version_negotiation [None req-746a12f7-b461-469c-a860-12618782a717 tempest-ServersNegativeTestJSON-350725974 tempest-ServersNegativeTestJSON-350725974-project-member] Matched version: v2 {{(pid=83671) process_request /opt/stack/glance/glance/api/middleware/version_negotiation.py:69}}
Aug 19 18:54:48 devstack devstack@g-api.service[83671]: DEBUG glance.api.middleware.version_negotiation [None req-746a12f7-b461-469c-a860-12618782a717 tempest-ServersNegativeTestJSON-350725974 tempest-ServersNegativeTestJSON-350725974-project-member] new path /v2/schemas/image {{(pid=83671) process_request /opt/stack/glance/glance/api/middleware/version_negotiation.py:70}}
Aug 19 18:54:48 devstack devstack@g-api.service[83671]: [pid: 83671|app: 0|req: 12/22] 127.0.0.1 () {42 vars in 1001 bytes} [Wed Aug 19 18:54:48 2026] GET /v2/schemas/image => generated 6083 bytes in 8 msecs (HTTP/1.1 200) 4 headers in 158 bytes (1 switches on core 0)
Aug 19 18:54:58 devstack devstack@g-api.service[83671]: DEBUG dbcounter [-] [83671] Writing DB stats glance:SELECT=5,glance:INSERT=1 {{(pid=83671) stat_writer /opt/stack/data/venv/lib/python3.12/site-packages/dbcounter.py:115}}
Aug 19 18:54:58 devstack devstack@g-api.service[83670]: DEBUG dbcounter [-] [83670] Writing DB stats glance:SELECT=6 {{(pid=83670) stat_writer /opt/stack/data/venv/lib/python3.12/site-packages/dbcounter.py:115}}
Aug 19 18:55:01 devstack devstack@g-api.service[83670]: DEBUG glance.api.middleware.version_negotiation [None req-746a12f7-b461-469c-a860-12618782a717 tempest-ServersNegativeTestJSON-350725974 tempest-ServersNegativeTestJSON-350725974-project-member] Determining version of request: GET /v2/images/8ec5c3e7-cfc7-4315-aa31-980a64413b35 Accept: */* {{(pid=83670) process_request /opt/stack/glance/glance/api/middleware/version_negotiation.py:44}}
Aug 19 18:55:01 devstack devstack@g-api.service[83670]: DEBUG glance.api.middleware.version_negotiation [None req-746a12f7-b461-469c-a860-12618782a717 tempest-ServersNegativeTestJSON-350725974 tempest-ServersNegativeTestJSON-350725974-project-member] Using url versioning {{(pid=83670) process_request /opt/stack/glance/glance/api/middleware/version_negotiation.py:57}}
Aug 19 18:55:01 devstack devstack@g-api.service[83670]: DEBUG glance.api.middleware.version_negotiation [None req-746a12f7-b461-469c-a860-12618782a717 tempest-ServersNegativeTestJSON-350725974 tempest-ServersNegativeTestJSON-350725974-project-member] Matched version: v2 {{(pid=83670) process_request /opt/stack/glance/glance/api/middleware/version_negotiation.py:69}}
Aug 19 18:55:01 devstack devstack@g-api.service[83670]: DEBUG glance.api.middleware.version_negotiation [None req-746a12f7-b461-469c-a860-12618782a717 tempest-ServersNegativeTestJSON-350725974 tempest-ServersNegativeTestJSON-350725974-project-member] new path /v2/images/8ec5c3e7-cfc7-4315-aa31-980a64413b35 {{(pid=83670) process_request /opt/stack/glance/glance/api/middleware/version_negotiation.py:70}}
Aug 19 18:55:01 devstack devstack@g-api.service[83670]: [pid: 83670|app: 0|req: 11/23] 127.0.0.1 () {42 vars in 1061 bytes} [Wed Aug 19 18:55:01 2026] GET /v2/images/8ec5c3e7-cfc7-4315-aa31-980a64413b35 => generated 976 bytes in 36 msecs (HTTP/1.1 200) 4 headers in 157 bytes (1 switches on core 0)
Aug 19 18:55:01 devstack devstack@g-api.service[83671]: DEBUG glance.api.middleware.version_negotiation [None req-746a12f7-b461-469c-a860-12618782a717 tempest-ServersNegativeTestJSON-350725974 tempest-ServersNegativeTestJSON-350725974-project-member] Determining version of request: GET /v2/schemas/image Accept: */* {{(pid=83671) process_request /opt/stack/glance/glance/api/middleware/version_negotiation.py:44}}
Aug 19 18:55:01 devstack devstack@g-api.service[83671]: DEBUG glance.api.middleware.version_negotiation [None req-746a12f7-b461-469c-a860-12618782a717 tempest-ServersNegativeTestJSON-350725974 tempest-ServersNegativeTestJSON-350725974-project-member] Using url versioning {{(pid=83671) process_request /opt/stack/glance/glance/api/middleware/version_negotiation.py:57}}
