Aug 18 15:57:21 devstack cinder-volume[93912]: DEBUG cinder.volume.manager [None req-86016b87-5da7-4d95-bde4-9793621d3ce6 tempest-ServersNegativeTestJSON-344681106 None] Task 'cinder.volume.flows.manager.create_volume.CreateVolumeOnFinishTask;volume:create, create.end' (8cbef222-70b9-45cf-abd7-fcdb7749325c) transitioned into state 'RUNNING' from state 'PENDING' {{(pid=93912) _task_receiver /opt/stack/data/venv/lib/python3.12/site-packages/taskflow/listeners/logging.py:242}}
Aug 18 15:57:21 devstack cinder-volume[93912]: INFO cinder.volume.flows.manager.create_volume [None req-86016b87-5da7-4d95-bde4-9793621d3ce6 tempest-ServersNegativeTestJSON-344681106 None] Volume volume-740ac23c-2d0f-4efa-9d43-101baf2ff95b (740ac23c-2d0f-4efa-9d43-101baf2ff95b): created successfully
Aug 18 15:57:21 devstack cinder-volume[93912]: DEBUG cinder.volume.manager [None req-86016b87-5da7-4d95-bde4-9793621d3ce6 tempest-ServersNegativeTestJSON-344681106 None] Task 'cinder.volume.flows.manager.create_volume.CreateVolumeOnFinishTask;volume:create, create.end' (8cbef222-70b9-45cf-abd7-fcdb7749325c) transitioned into state 'SUCCESS' from state 'RUNNING' with result 'None' {{(pid=93912) _task_receiver /opt/stack/data/venv/lib/python3.12/site-packages/taskflow/listeners/logging.py:218}}
Aug 18 15:57:21 devstack cinder-volume[93912]: DEBUG cinder.volume.manager [None req-86016b87-5da7-4d95-bde4-9793621d3ce6 tempest-ServersNegativeTestJSON-344681106 None] Flow 'volume_create_manager' (1ee5b63b-73e3-4f5c-8031-4088d9968b08) transitioned into state 'SUCCESS' from state 'RUNNING' {{(pid=93912) _flow_receiver /opt/stack/data/venv/lib/python3.12/site-packages/taskflow/listeners/logging.py:160}}
Aug 18 15:57:21 devstack cinder-volume[93912]: INFO cinder.volume.manager [None req-86016b87-5da7-4d95-bde4-9793621d3ce6 tempest-ServersNegativeTestJSON-344681106 None] Created volume successfully.
Aug 18 15:57:24 devstack cinder-volume[93912]: DEBUG cinder.coordination [None req-03383c01-3b5d-4ae7-80c8-23e87650d110 tempest-ServersNegativeTestJSON-344681106 None] Acquiring lock "cinder-740ac23c-2d0f-4efa-9d43-101baf2ff95b-delete_volume" by "delete_volume" {{(pid=93912) __acquire /opt/stack/cinder/cinder/coordination.py:138}}
Aug 18 15:57:24 devstack cinder-volume[93912]: DEBUG cinder.coordination [None req-03383c01-3b5d-4ae7-80c8-23e87650d110 tempest-ServersNegativeTestJSON-344681106 None] Lock "cinder-740ac23c-2d0f-4efa-9d43-101baf2ff95b-delete_volume" acquired by "delete_volume" :: waited 0.091s {{(pid=93912) __acquire /opt/stack/cinder/cinder/coordination.py:141}}
Aug 18 15:57:24 devstack cinder-volume[93912]: DEBUG cinder.coordination [None req-03383c01-3b5d-4ae7-80c8-23e87650d110 tempest-ServersNegativeTestJSON-344681106 None] Acquiring lock "cinder-quobyte-740ac23c-2d0f-4efa-9d43-101baf2ff95b" by "delete_volume" {{(pid=93912) __acquire /opt/stack/cinder/cinder/coordination.py:138}}
Aug 18 15:57:24 devstack cinder-volume[93912]: DEBUG cinder.coordination [None req-03383c01-3b5d-4ae7-80c8-23e87650d110 tempest-ServersNegativeTestJSON-344681106 None] Lock "cinder-quobyte-740ac23c-2d0f-4efa-9d43-101baf2ff95b" acquired by "delete_volume" :: waited 0.048s {{(pid=93912) __acquire /opt/stack/cinder/cinder/coordination.py:141}}
Aug 18 15:57:25 devstack cinder-volume[93912]: DEBUG oslo.privsep.daemon [-] privsep: reply[348e5828-2585-4171-8cd6-768a9de77551]: (4, 'qcow2') {{(pid=94984) _call_back /opt/stack/data/venv/lib/python3.12/site-packages/oslo_privsep/daemon.py:580}}
Aug 18 15:57:25 devstack cinder-volume[93912]: DEBUG oslo_concurrency.processutils [None req-03383c01-3b5d-4ae7-80c8-23e87650d110 tempest-ServersNegativeTestJSON-344681106 None] Running cmd (subprocess): /opt/stack/data/venv/bin/python3.12 -m oslo_concurrency.prlimit --as=1073741824 --cpu=60 -- sudo cinder-rootwrap /etc/cinder/rootwrap.conf env LC_ALL=C qemu-img info -f qcow2 --output=json --force-share /opt/stack/data/cinder/mnt/44ee6b1d887f9e6299d72c0fe4892869/volume-740ac23c-2d0f-4efa-9d43-101baf2ff95b {{(pid=93912) execute /opt/stack/data/venv/lib/python3.12/site-packages/oslo_concurrency/processutils.py:440}}
Aug 18 15:57:25 devstack sudo[99278]: quobyte : PWD=/ ; USER=root ; COMMAND=/opt/stack/data/venv/bin/cinder-rootwrap /etc/cinder/rootwrap.conf env LC_ALL=C qemu-img info -f qcow2 --output=json --force-share /opt/stack/data/cinder/mnt/44ee6b1d887f9e6299d72c0fe4892869/volume-740ac23c-2d0f-4efa-9d43-101baf2ff95b
Aug 18 15:57:25 devstack sudo[99278]: pam_unix(sudo:session): session opened for user root(uid=0) by (uid=1000)
Aug 18 15:57:25 devstack sudo[99278]: pam_unix(sudo:session): session closed for user root
Aug 18 15:57:25 devstack cinder-volume[93912]: DEBUG oslo_concurrency.processutils [None req-03383c01-3b5d-4ae7-80c8-23e87650d110 tempest-ServersNegativeTestJSON-344681106 None] CMD "/opt/stack/data/venv/bin/python3.12 -m oslo_concurrency.prlimit --as=1073741824 --cpu=60 -- sudo cinder-rootwrap /etc/cinder/rootwrap.conf env LC_ALL=C qemu-img info -f qcow2 --output=json --force-share /opt/stack/data/cinder/mnt/44ee6b1d887f9e6299d72c0fe4892869/volume-740ac23c-2d0f-4efa-9d43-101baf2ff95b" returned: 0 in 0.713s {{(pid=93912) execute /opt/stack/data/venv/lib/python3.12/site-packages/oslo_concurrency/processutils.py:468}}
Aug 18 15:57:25 devstack cinder-volume[93912]: DEBUG oslo_concurrency.processutils [None req-03383c01-3b5d-4ae7-80c8-23e87650d110 tempest-ServersNegativeTestJSON-344681106 None] Running cmd (subprocess): sudo cinder-rootwrap /etc/cinder/rootwrap.conf rm -f /opt/stack/data/cinder/mnt/44ee6b1d887f9e6299d72c0fe4892869/volume-740ac23c-2d0f-4efa-9d43-101baf2ff95b {{(pid=93912) execute /opt/stack/data/venv/lib/python3.12/site-packages/oslo_concurrency/processutils.py:440}}
Aug 18 15:57:25 devstack sudo[99284]: quobyte : PWD=/ ; USER=root ; COMMAND=/opt/stack/data/venv/bin/cinder-rootwrap /etc/cinder/rootwrap.conf rm -f /opt/stack/data/cinder/mnt/44ee6b1d887f9e6299d72c0fe4892869/volume-740ac23c-2d0f-4efa-9d43-101baf2ff95b
Aug 18 15:57:25 devstack sudo[99284]: pam_unix(sudo:session): session opened for user root(uid=0) by (uid=1000)
Aug 18 15:57:26 devstack sudo[99284]: pam_unix(sudo:session): session closed for user root
Aug 18 15:57:26 devstack cinder-volume[93912]: DEBUG oslo_concurrency.processutils [None req-03383c01-3b5d-4ae7-80c8-23e87650d110 tempest-ServersNegativeTestJSON-344681106 None] CMD "sudo cinder-rootwrap /etc/cinder/rootwrap.conf rm -f /opt/stack/data/cinder/mnt/44ee6b1d887f9e6299d72c0fe4892869/volume-740ac23c-2d0f-4efa-9d43-101baf2ff95b" returned: 0 in 0.450s {{(pid=93912) execute /opt/stack/data/venv/lib/python3.12/site-packages/oslo_concurrency/processutils.py:468}}
Aug 18 15:57:26 devstack cinder-volume[93912]: DEBUG cinder.coordination [None req-03383c01-3b5d-4ae7-80c8-23e87650d110 tempest-ServersNegativeTestJSON-344681106 None] Lock "cinder-quobyte-740ac23c-2d0f-4efa-9d43-101baf2ff95b" released by "delete_volume" :: held 1.290s {{(pid=93912) __release /opt/stack/cinder/cinder/coordination.py:152}}
Aug 18 15:57:26 devstack cinder-volume[93912]: DEBUG cinder.quota [None req-03383c01-3b5d-4ae7-80c8-23e87650d110 tempest-ServersNegativeTestJSON-344681106 None] Created reservations ['213205e6-e4eb-4a60-81f9-b51ecf22fa04', 'b295174b-cddc-4e31-a993-831632991697', '876ddd9d-3013-4090-a6a4-f60c4835f010', '24de1ceb-d242-44a7-96d0-3fc765c9cccc'] {{(pid=93912) reserve /opt/stack/cinder/cinder/quota.py:752}}
Aug 18 15:57:26 devstack cinder-volume[93912]: DEBUG oslo_concurrency.lockutils [None req-03383c01-3b5d-4ae7-80c8-23e87650d110 tempest-ServersNegativeTestJSON-344681106 None] Acquiring lock "quobyte_ensure" by "cinder.volume.drivers.quobyte.QuobyteDriver._ensure_shares_mounted" {{(pid=93912) inner /opt/stack/data/venv/lib/python3.12/site-packages/oslo_concurrency/lockutils.py:512}}
Aug 18 15:57:26 devstack cinder-volume[93912]: DEBUG oslo_concurrency.lockutils [None req-03383c01-3b5d-4ae7-80c8-23e87650d110 tempest-ServersNegativeTestJSON-344681106 None] Lock "quobyte_ensure" acquired by "cinder.volume.drivers.quobyte.QuobyteDriver._ensure_shares_mounted" :: waited 0.001s {{(pid=93912) inner /opt/stack/data/venv/lib/python3.12/site-packages/oslo_concurrency/lockutils.py:525}}
Aug 18 15:57:26 devstack cinder-volume[93912]: DEBUG cinder.volume.drivers.quobyte [None req-03383c01-3b5d-4ae7-80c8-23e87650d110 tempest-ServersNegativeTestJSON-344681106 None] Quobyte Volume URL set to: {'osci02.corp.quobyte.com/cinder-vol-290bbe76-c350-4220-a431-f4936461f623': None} {{(pid=93912) _load_shares_config /opt/stack/cinder/cinder/volume/drivers/quobyte.py:617}}
Aug 18 15:57:26 devstack cinder-volume[93912]: DEBUG cinder.volume.drivers.quobyte [None req-03383c01-3b5d-4ae7-80c8-23e87650d110 tempest-ServersNegativeTestJSON-344681106 None] Available shares ['osci02.corp.quobyte.com/cinder-vol-290bbe76-c350-4220-a431-f4936461f623'] {{(pid=93912) _ensure_shares_mounted /opt/stack/cinder/cinder/volume/drivers/quobyte.py:647}}
Aug 18 15:57:26 devstack cinder-volume[93912]: DEBUG oslo_concurrency.lockutils [None req-03383c01-3b5d-4ae7-80c8-23e87650d110 tempest-ServersNegativeTestJSON-344681106 None] Lock "quobyte_ensure" "released" by "cinder.volume.drivers.quobyte.QuobyteDriver._ensure_shares_mounted" :: held 0.013s {{(pid=93912) inner /opt/stack/data/venv/lib/python3.12/site-packages/oslo_concurrency/lockutils.py:544}}
Aug 18 15:57:26 devstack cinder-volume[93912]: DEBUG oslo_concurrency.processutils [None req-03383c01-3b5d-4ae7-80c8-23e87650d110 tempest-ServersNegativeTestJSON-344681106 None] Running cmd (subprocess): sudo cinder-rootwrap /etc/cinder/rootwrap.conf df --portability --block-size 1 /opt/stack/data/cinder/mnt/44ee6b1d887f9e6299d72c0fe4892869 {{(pid=93912) execute /opt/stack/data/venv/lib/python3.12/site-packages/oslo_concurrency/processutils.py:440}}
Aug 18 15:57:26 devstack sudo[99289]: quobyte : PWD=/ ; USER=root ; COMMAND=/opt/stack/data/venv/bin/cinder-rootwrap /etc/cinder/rootwrap.conf df --portability --block-size 1 /opt/stack/data/cinder/mnt/44ee6b1d887f9e6299d72c0fe4892869
Aug 18 15:57:26 devstack sudo[99289]: pam_unix(sudo:session): session opened for user root(uid=0) by (uid=1000)
Aug 18 15:57:27 devstack sudo[99289]: pam_unix(sudo:session): session closed for user root
Aug 18 15:57:27 devstack cinder-volume[93912]: DEBUG oslo_concurrency.processutils [None req-03383c01-3b5d-4ae7-80c8-23e87650d110 tempest-ServersNegativeTestJSON-344681106 None] CMD "sudo cinder-rootwrap /etc/cinder/rootwrap.conf df --portability --block-size 1 /opt/stack/data/cinder/mnt/44ee6b1d887f9e6299d72c0fe4892869" returned: 0 in 0.470s {{(pid=93912) execute /opt/stack/data/venv/lib/python3.12/site-packages/oslo_concurrency/processutils.py:468}}
Aug 18 15:57:27 devstack cinder-volume[93912]: DEBUG cinder.manager [None req-03383c01-3b5d-4ae7-80c8-23e87650d110 tempest-ServersNegativeTestJSON-344681106 None] Notifying Schedulers of capabilities ... {{(pid=93912) _publish_service_capabilities /opt/stack/cinder/cinder/manager.py:219}}
Aug 18 15:57:27 devstack cinder-volume[93912]: INFO cinder.volume.manager [None req-03383c01-3b5d-4ae7-80c8-23e87650d110 tempest-ServersNegativeTestJSON-344681106 None] Deleted volume successfully.
Aug 18 15:57:27 devstack cinder-volume[93912]: DEBUG cinder.coordination [None req-03383c01-3b5d-4ae7-80c8-23e87650d110 tempest-ServersNegativeTestJSON-344681106 None] Lock "cinder-740ac23c-2d0f-4efa-9d43-101baf2ff95b-delete_volume" released by "delete_volume" :: held 2.485s {{(pid=93912) __release /opt/stack/cinder/cinder/coordination.py:152}}
Aug 18 15:57:27 devstack cinder-volume[93912]: DEBUG cinder.coordination [None req-265e4a23-6c92-497f-b057-e27c88b32f47 tempest-ServersNegativeTestJSON-344681106 None] Acquiring lock "cinder-7cde29ae-1560-4a97-b7ff-774194335502-delete_volume" by "delete_volume" {{(pid=93912) __acquire /opt/stack/cinder/cinder/coordination.py:138}}
Aug 18 15:57:27 devstack cinder-volume[93912]: DEBUG cinder.coordination [None req-265e4a23-6c92-497f-b057-e27c88b32f47 tempest-ServersNegativeTestJSON-344681106 None] Lock "cinder-7cde29ae-1560-4a97-b7ff-774194335502-delete_volume" acquired by "delete_volume" :: waited 0.108s {{(pid=93912) __acquire /opt/stack/cinder/cinder/coordination.py:141}}
Aug 18 15:57:27 devstack cinder-volume[93912]: DEBUG cinder.coordination [None req-265e4a23-6c92-497f-b057-e27c88b32f47 tempest-ServersNegativeTestJSON-344681106 None] Acquiring lock "cinder-quobyte-7cde29ae-1560-4a97-b7ff-774194335502" by "delete_volume" {{(pid=93912) __acquire /opt/stack/cinder/cinder/coordination.py:138}}
Aug 18 15:57:27 devstack cinder-volume[93912]: DEBUG cinder.coordination [None req-265e4a23-6c92-497f-b057-e27c88b32f47 tempest-ServersNegativeTestJSON-344681106 None] Lock "cinder-quobyte-7cde29ae-1560-4a97-b7ff-774194335502" acquired by "delete_volume" :: waited 0.036s {{(pid=93912) __acquire /opt/stack/cinder/cinder/coordination.py:141}}
Aug 18 15:57:27 devstack cinder-volume[93912]: DEBUG oslo.privsep.daemon [-] privsep: reply[f40d0574-04e0-4f71-b8e8-77a72499b49a]: (4, 'qcow2') {{(pid=94984) _call_back /opt/stack/data/venv/lib/python3.12/site-packages/oslo_privsep/daemon.py:580}}
Aug 18 15:57:27 devstack cinder-volume[93912]: DEBUG oslo_concurrency.processutils [None req-265e4a23-6c92-497f-b057-e27c88b32f47 tempest-ServersNegativeTestJSON-344681106 None] Running cmd (subprocess): /opt/stack/data/venv/bin/python3.12 -m oslo_concurrency.prlimit --as=1073741824 --cpu=60 -- sudo cinder-rootwrap /etc/cinder/rootwrap.conf env LC_ALL=C qemu-img info -f qcow2 --output=json --force-share /opt/stack/data/cinder/mnt/44ee6b1d887f9e6299d72c0fe4892869/volume-7cde29ae-1560-4a97-b7ff-774194335502 {{(pid=93912) execute /opt/stack/data/venv/lib/python3.12/site-packages/oslo_concurrency/processutils.py:440}}
Aug 18 15:57:28 devstack sudo[99293]: quobyte : PWD=/ ; USER=root ; COMMAND=/opt/stack/data/venv/bin/cinder-rootwrap /etc/cinder/rootwrap.conf env LC_ALL=C qemu-img info -f qcow2 --output=json --force-share /opt/stack/data/cinder/mnt/44ee6b1d887f9e6299d72c0fe4892869/volume-7cde29ae-1560-4a97-b7ff-774194335502
Aug 18 15:57:28 devstack sudo[99293]: pam_unix(sudo:session): session opened for user root(uid=0) by (uid=1000)
Aug 18 15:57:28 devstack sudo[99293]: pam_unix(sudo:session): session closed for user root
Aug 18 15:57:28 devstack cinder-volume[93912]: DEBUG oslo_concurrency.processutils [None req-265e4a23-6c92-497f-b057-e27c88b32f47 tempest-ServersNegativeTestJSON-344681106 None] CMD "/opt/stack/data/venv/bin/python3.12 -m oslo_concurrency.prlimit --as=1073741824 --cpu=60 -- sudo cinder-rootwrap /etc/cinder/rootwrap.conf env LC_ALL=C qemu-img info -f qcow2 --output=json --force-share /opt/stack/data/cinder/mnt/44ee6b1d887f9e6299d72c0fe4892869/volume-7cde29ae-1560-4a97-b7ff-774194335502" returned: 0 in 0.817s {{(pid=93912) execute /opt/stack/data/venv/lib/python3.12/site-packages/oslo_concurrency/processutils.py:468}}
Aug 18 15:57:28 devstack cinder-volume[93912]: DEBUG oslo_concurrency.processutils [None req-265e4a23-6c92-497f-b057-e27c88b32f47 tempest-ServersNegativeTestJSON-344681106 None] Running cmd (subprocess): sudo cinder-rootwrap /etc/cinder/rootwrap.conf rm -f /opt/stack/data/cinder/mnt/44ee6b1d887f9e6299d72c0fe4892869/volume-7cde29ae-1560-4a97-b7ff-774194335502 {{(pid=93912) execute /opt/stack/data/venv/lib/python3.12/site-packages/oslo_concurrency/processutils.py:440}}
Aug 18 15:57:28 devstack sudo[99322]: quobyte : PWD=/ ; USER=root ; COMMAND=/opt/stack/data/venv/bin/cinder-rootwrap /etc/cinder/rootwrap.conf rm -f /opt/stack/data/cinder/mnt/44ee6b1d887f9e6299d72c0fe4892869/volume-7cde29ae-1560-4a97-b7ff-774194335502
Aug 18 15:57:28 devstack sudo[99322]: pam_unix(sudo:session): session opened for user root(uid=0) by (uid=1000)
Aug 18 15:57:29 devstack sudo[99322]: pam_unix(sudo:session): session closed for user root
Aug 18 15:57:29 devstack cinder-volume[93912]: DEBUG oslo_concurrency.processutils [None req-265e4a23-6c92-497f-b057-e27c88b32f47 tempest-ServersNegativeTestJSON-344681106 None] CMD "sudo cinder-rootwrap /etc/cinder/rootwrap.conf rm -f /opt/stack/data/cinder/mnt/44ee6b1d887f9e6299d72c0fe4892869/volume-7cde29ae-1560-4a97-b7ff-774194335502" returned: 0 in 0.576s {{(pid=93912) execute /opt/stack/data/venv/lib/python3.12/site-packages/oslo_concurrency/processutils.py:468}}
Aug 18 15:57:29 devstack cinder-volume[93912]: DEBUG cinder.coordination [None req-265e4a23-6c92-497f-b057-e27c88b32f47 tempest-ServersNegativeTestJSON-344681106 None] Lock "cinder-quobyte-7cde29ae-1560-4a97-b7ff-774194335502" released by "delete_volume" :: held 1.515s {{(pid=93912) __release /opt/stack/cinder/cinder/coordination.py:152}}
Aug 18 15:57:29 devstack cinder-volume[93912]: DEBUG dbcounter [-] [93912] Writing DB stats cinder:SELECT=40,cinder:UPDATE=33,cinder:INSERT=12,cinder:DELETE=2 {{(pid=93912) stat_writer /opt/stack/data/venv/lib/python3.12/site-packages/dbcounter.py:115}}
Aug 18 15:57:29 devstack cinder-volume[93912]: DEBUG dbcounter [-] [93912] Writing DB stats cinder:SELECT=31,cinder:UPDATE=31,cinder:DELETE=4,cinder:INSERT=13 {{(pid=93912) stat_writer /opt/stack/data/venv/lib/python3.12/site-packages/dbcounter.py:115}}
Aug 18 15:57:29 devstack cinder-volume[93912]: DEBUG cinder.quota [None req-265e4a23-6c92-497f-b057-e27c88b32f47 tempest-ServersNegativeTestJSON-344681106 None] Created reservations ['c65f7271-dbe0-4706-8fee-1b4f5ea29d2f', '55b3574d-8651-48ee-a1da-4d9dcaab8ec2', 'bb618582-83e7-4c2e-afd7-0eb4343c6b27', '457db915-28dd-4a62-9b90-a0ae0195a8ef'] {{(pid=93912) reserve /opt/stack/cinder/cinder/quota.py:752}}
Aug 18 15:57:29 devstack cinder-volume[93912]: DEBUG oslo_concurrency.lockutils [None req-265e4a23-6c92-497f-b057-e27c88b32f47 tempest-ServersNegativeTestJSON-344681106 None] Acquiring lock "quobyte_ensure" by "cinder.volume.drivers.quobyte.QuobyteDriver._ensure_shares_mounted" {{(pid=93912) inner /opt/stack/data/venv/lib/python3.12/site-packages/oslo_concurrency/lockutils.py:512}}
Aug 18 15:57:29 devstack cinder-volume[93912]: DEBUG oslo_concurrency.lockutils [None req-265e4a23-6c92-497f-b057-e27c88b32f47 tempest-ServersNegativeTestJSON-344681106 None] Lock "quobyte_ensure" acquired by "cinder.volume.drivers.quobyte.QuobyteDriver._ensure_shares_mounted" :: waited 0.001s {{(pid=93912) inner /opt/stack/data/venv/lib/python3.12/site-packages/oslo_concurrency/lockutils.py:525}}
Aug 18 15:57:29 devstack cinder-volume[93912]: DEBUG cinder.volume.drivers.quobyte [None req-265e4a23-6c92-497f-b057-e27c88b32f47 tempest-ServersNegativeTestJSON-344681106 None] Quobyte Volume URL set to: {'osci02.corp.quobyte.com/cinder-vol-290bbe76-c350-4220-a431-f4936461f623': None} {{(pid=93912) _load_shares_config /opt/stack/cinder/cinder/volume/drivers/quobyte.py:617}}
Aug 18 15:57:29 devstack cinder-volume[93912]: DEBUG cinder.volume.drivers.quobyte [None req-265e4a23-6c92-497f-b057-e27c88b32f47 tempest-ServersNegativeTestJSON-344681106 None] Available shares ['osci02.corp.quobyte.com/cinder-vol-290bbe76-c350-4220-a431-f4936461f623'] {{(pid=93912) _ensure_shares_mounted /opt/stack/cinder/cinder/volume/drivers/quobyte.py:647}}
Aug 18 15:57:29 devstack cinder-volume[93912]: DEBUG oslo_concurrency.lockutils [None req-265e4a23-6c92-497f-b057-e27c88b32f47 tempest-ServersNegativeTestJSON-344681106 None] Lock "quobyte_ensure" "released" by "cinder.volume.drivers.quobyte.QuobyteDriver._ensure_shares_mounted" :: held 0.013s {{(pid=93912) inner /opt/stack/data/venv/lib/python3.12/site-packages/oslo_concurrency/lockutils.py:544}}
Aug 18 15:57:29 devstack cinder-volume[93912]: DEBUG oslo_concurrency.processutils [None req-265e4a23-6c92-497f-b057-e27c88b32f47 tempest-ServersNegativeTestJSON-344681106 None] Running cmd (subprocess): sudo cinder-rootwrap /etc/cinder/rootwrap.conf df --portability --block-size 1 /opt/stack/data/cinder/mnt/44ee6b1d887f9e6299d72c0fe4892869 {{(pid=93912) execute /opt/stack/data/venv/lib/python3.12/site-packages/oslo_concurrency/processutils.py:440}}
Aug 18 15:57:29 devstack sudo[99325]: quobyte : PWD=/ ; USER=root ; COMMAND=/opt/stack/data/venv/bin/cinder-rootwrap /etc/cinder/rootwrap.conf df --portability --block-size 1 /opt/stack/data/cinder/mnt/44ee6b1d887f9e6299d72c0fe4892869
Aug 18 15:57:29 devstack sudo[99325]: pam_unix(sudo:session): session opened for user root(uid=0) by (uid=1000)
Aug 18 15:57:30 devstack sudo[99325]: pam_unix(sudo:session): session closed for user root
Aug 18 15:57:30 devstack cinder-volume[93912]: DEBUG oslo_concurrency.processutils [None req-265e4a23-6c92-497f-b057-e27c88b32f47 tempest-ServersNegativeTestJSON-344681106 None] CMD "sudo cinder-rootwrap /etc/cinder/rootwrap.conf df --portability --block-size 1 /opt/stack/data/cinder/mnt/44ee6b1d887f9e6299d72c0fe4892869" returned: 0 in 0.594s {{(pid=93912) execute /opt/stack/data/venv/lib/python3.12/site-packages/oslo_concurrency/processutils.py:468}}
Aug 18 15:57:30 devstack cinder-volume[93912]: DEBUG cinder.manager [None req-265e4a23-6c92-497f-b057-e27c88b32f47 tempest-ServersNegativeTestJSON-344681106 None] Notifying Schedulers of capabilities ... {{(pid=93912) _publish_service_capabilities /opt/stack/cinder/cinder/manager.py:219}}
Aug 18 15:57:30 devstack cinder-volume[93912]: INFO cinder.volume.manager [None req-265e4a23-6c92-497f-b057-e27c88b32f47 tempest-ServersNegativeTestJSON-344681106 None] Deleted volume successfully.
Aug 18 15:57:30 devstack cinder-volume[93912]: DEBUG cinder.coordination [None req-265e4a23-6c92-497f-b057-e27c88b32f47 tempest-ServersNegativeTestJSON-344681106 None] Lock "cinder-7cde29ae-1560-4a97-b7ff-774194335502-delete_volume" released by "delete_volume" :: held 2.732s {{(pid=93912) __release /opt/stack/cinder/cinder/coordination.py:152}}
Aug 18 15:57:32 devstack cinder-volume[93912]: INFO cinder.volume.manager [req-856e8e16-6c8a-41be-b3d8-f8edef662566 req-04d94c79-e3d6-4a42-a3b8-3ccd623ecbfd tempest-ServerActionsTestOtherA-1950070221 None] Terminate volume connection completed successfully.
Aug 18 15:57:32 devstack cinder-volume[93912]: DEBUG cinder.volume.manager [req-856e8e16-6c8a-41be-b3d8-f8edef662566 req-04d94c79-e3d6-4a42-a3b8-3ccd623ecbfd tempest-ServerActionsTestOtherA-1950070221 None] Deleting attachment 0ef075e4-9339-40ce-9119-231cef755cb7. {{(pid=93912) attachment_delete /opt/stack/cinder/cinder/volume/manager.py:5055}}
Aug 18 15:57:34 devstack cinder-volume[93912]: DEBUG oslo_concurrency.lockutils [req-856e8e16-6c8a-41be-b3d8-f8edef662566 req-1f8a78d7-6ec1-4a27-a58b-a7c1e0146dc7 tempest-ServerActionsTestOtherA-1950070221 None] Acquiring lock "quobyte" by "cinder.volume.drivers.quobyte.QuobyteDriver.initialize_connection" {{(pid=93912) inner /opt/stack/data/venv/lib/python3.12/site-packages/oslo_concurrency/lockutils.py:512}}
Aug 18 15:57:34 devstack cinder-volume[93912]: DEBUG oslo_concurrency.lockutils [req-856e8e16-6c8a-41be-b3d8-f8edef662566 req-1f8a78d7-6ec1-4a27-a58b-a7c1e0146dc7 tempest-ServerActionsTestOtherA-1950070221 None] Lock "quobyte" acquired by "cinder.volume.drivers.quobyte.QuobyteDriver.initialize_connection" :: waited 0.002s {{(pid=93912) inner /opt/stack/data/venv/lib/python3.12/site-packages/oslo_concurrency/lockutils.py:525}}
Aug 18 15:57:34 devstack cinder-volume[93912]: DEBUG oslo.privsep.daemon [-] privsep: reply[1eb1007b-98fe-4cbc-8039-009b34946bbd]: (4, 'raw') {{(pid=94984) _call_back /opt/stack/data/venv/lib/python3.12/site-packages/oslo_privsep/daemon.py:580}}
Aug 18 15:57:34 devstack cinder-volume[93912]: DEBUG oslo_concurrency.processutils [req-856e8e16-6c8a-41be-b3d8-f8edef662566 req-1f8a78d7-6ec1-4a27-a58b-a7c1e0146dc7 tempest-ServerActionsTestOtherA-1950070221 None] Running cmd (subprocess): /opt/stack/data/venv/bin/python3.12 -m oslo_concurrency.prlimit --as=1073741824 --cpu=60 -- sudo cinder-rootwrap /etc/cinder/rootwrap.conf env LC_ALL=C qemu-img info -f raw --output=json --force-share /opt/stack/data/cinder/mnt/44ee6b1d887f9e6299d72c0fe4892869/volume-aafa955c-ffb5-41a9-a602-a45b23ef71b5 {{(pid=93912) execute /opt/stack/data/venv/lib/python3.12/site-packages/oslo_concurrency/processutils.py:440}}
Aug 18 15:57:34 devstack sudo[99422]: quobyte : PWD=/ ; USER=root ; COMMAND=/opt/stack/data/venv/bin/cinder-rootwrap /etc/cinder/rootwrap.conf env LC_ALL=C qemu-img info -f raw --output=json --force-share /opt/stack/data/cinder/mnt/44ee6b1d887f9e6299d72c0fe4892869/volume-aafa955c-ffb5-41a9-a602-a45b23ef71b5
Aug 18 15:57:34 devstack sudo[99422]: pam_unix(sudo:session): session opened for user root(uid=0) by (uid=1000)
Aug 18 15:57:35 devstack sudo[99422]: pam_unix(sudo:session): session closed for user root
Aug 18 15:57:35 devstack cinder-volume[93912]: DEBUG oslo_concurrency.processutils [req-856e8e16-6c8a-41be-b3d8-f8edef662566 req-1f8a78d7-6ec1-4a27-a58b-a7c1e0146dc7 tempest-ServerActionsTestOtherA-1950070221 None] CMD "/opt/stack/data/venv/bin/python3.12 -m oslo_concurrency.prlimit --as=1073741824 --cpu=60 -- sudo cinder-rootwrap /etc/cinder/rootwrap.conf env LC_ALL=C qemu-img info -f raw --output=json --force-share /opt/stack/data/cinder/mnt/44ee6b1d887f9e6299d72c0fe4892869/volume-aafa955c-ffb5-41a9-a602-a45b23ef71b5" returned: 0 in 0.391s {{(pid=93912) execute /opt/stack/data/venv/lib/python3.12/site-packages/oslo_concurrency/processutils.py:468}}
Aug 18 15:57:35 devstack cinder-volume[93912]: DEBUG oslo_concurrency.processutils [req-856e8e16-6c8a-41be-b3d8-f8edef662566 req-1f8a78d7-6ec1-4a27-a58b-a7c1e0146dc7 tempest-ServerActionsTestOtherA-1950070221 None] Running cmd (subprocess): /opt/stack/data/venv/bin/python3.12 -m oslo_concurrency.prlimit --as=1073741824 --cpu=60 -- sudo cinder-rootwrap /etc/cinder/rootwrap.conf env LC_ALL=C qemu-img info -f luks --output=json --force-share /opt/stack/data/cinder/mnt/44ee6b1d887f9e6299d72c0fe4892869/volume-aafa955c-ffb5-41a9-a602-a45b23ef71b5 {{(pid=93912) execute /opt/stack/data/venv/lib/python3.12/site-packages/oslo_concurrency/processutils.py:440}}
Aug 18 15:57:35 devstack sudo[99426]: quobyte : PWD=/ ; USER=root ; COMMAND=/opt/stack/data/venv/bin/cinder-rootwrap /etc/cinder/rootwrap.conf env LC_ALL=C qemu-img info -f luks --output=json --force-share /opt/stack/data/cinder/mnt/44ee6b1d887f9e6299d72c0fe4892869/volume-aafa955c-ffb5-41a9-a602-a45b23ef71b5
Aug 18 15:57:35 devstack sudo[99426]: pam_unix(sudo:session): session opened for user root(uid=0) by (uid=1000)
Aug 18 15:57:35 devstack sudo[99426]: pam_unix(sudo:session): session closed for user root
Aug 18 15:57:35 devstack cinder-volume[93912]: DEBUG oslo_concurrency.processutils [req-856e8e16-6c8a-41be-b3d8-f8edef662566 req-1f8a78d7-6ec1-4a27-a58b-a7c1e0146dc7 tempest-ServerActionsTestOtherA-1950070221 None] CMD "/opt/stack/data/venv/bin/python3.12 -m oslo_concurrency.prlimit --as=1073741824 --cpu=60 -- sudo cinder-rootwrap /etc/cinder/rootwrap.conf env LC_ALL=C qemu-img info -f luks --output=json --force-share /opt/stack/data/cinder/mnt/44ee6b1d887f9e6299d72c0fe4892869/volume-aafa955c-ffb5-41a9-a602-a45b23ef71b5" returned: 1 in 0.527s {{(pid=93912) execute /opt/stack/data/venv/lib/python3.12/site-packages/oslo_concurrency/processutils.py:468}}
Aug 18 15:57:35 devstack cinder-volume[93912]: DEBUG oslo_concurrency.processutils [req-856e8e16-6c8a-41be-b3d8-f8edef662566 req-1f8a78d7-6ec1-4a27-a58b-a7c1e0146dc7 tempest-ServerActionsTestOtherA-1950070221 None] '/opt/stack/data/venv/bin/python3.12 -m oslo_concurrency.prlimit --as=1073741824 --cpu=60 -- sudo cinder-rootwrap /etc/cinder/rootwrap.conf env LC_ALL=C qemu-img info -f luks --output=json --force-share /opt/stack/data/cinder/mnt/44ee6b1d887f9e6299d72c0fe4892869/volume-aafa955c-ffb5-41a9-a602-a45b23ef71b5' failed. Not Retrying. {{(pid=93912) execute /opt/stack/data/venv/lib/python3.12/site-packages/oslo_concurrency/processutils.py:543}}
Aug 18 15:57:35 devstack cinder-volume[93912]: DEBUG oslo_concurrency.lockutils [req-856e8e16-6c8a-41be-b3d8-f8edef662566 req-1f8a78d7-6ec1-4a27-a58b-a7c1e0146dc7 tempest-ServerActionsTestOtherA-1950070221 None] Lock "quobyte" "released" by "cinder.volume.drivers.quobyte.QuobyteDriver.initialize_connection" :: held 0.966s {{(pid=93912) inner /opt/stack/data/venv/lib/python3.12/site-packages/oslo_concurrency/lockutils.py:544}}
Aug 18 15:57:35 devstack cinder-volume[93912]: DEBUG cinder.volume.manager [req-856e8e16-6c8a-41be-b3d8-f8edef662566 req-1f8a78d7-6ec1-4a27-a58b-a7c1e0146dc7 tempest-ServerActionsTestOtherA-1950070221 None] Connection info returned from driver {'export': 'osci02.corp.quobyte.com/cinder-vol-290bbe76-c350-4220-a431-f4936461f623', 'name': 'volume-aafa955c-ffb5-41a9-a602-a45b23ef71b5', 'options': None, 'format': 'raw', 'qos_specs': None, 'access_mode': 'rw', 'encrypted': False, 'cacheable': False, 'driver_volume_type': 'quobyte', 'mount_point_base': '/opt/stack/data/cinder/mnt', 'attachment_id': '615e7762-079b-421e-a04c-1ac6b3061f6e', 'enforce_multipath': True} {{(pid=93912) _connection_create /opt/stack/cinder/cinder/volume/manager.py:4924}}
Aug 18 15:57:35 devstack cinder-volume[93912]: INFO cinder.volume.manager [req-856e8e16-6c8a-41be-b3d8-f8edef662566 req-1f8a78d7-6ec1-4a27-a58b-a7c1e0146dc7 tempest-ServerActionsTestOtherA-1950070221 None] attachment_update completed successfully.
Aug 18 15:57:45 devstack cinder-volume[93912]: DEBUG dbcounter [-] [93912] Writing DB stats cinder:INSERT=3,cinder:UPDATE=12,cinder:SELECT=7,cinder:DELETE=1 {{(pid=93912) stat_writer /opt/stack/data/venv/lib/python3.12/site-packages/dbcounter.py:115}}
Aug 18 15:57:45 devstack cinder-volume[93912]: DEBUG dbcounter [-] [93912] Writing DB stats cinder:SELECT=12,cinder:INSERT=1,cinder:UPDATE=6 {{(pid=93912) stat_writer /opt/stack/data/venv/lib/python3.12/site-packages/dbcounter.py:115}}
Aug 18 15:57:48 devstack cinder-volume[93912]: INFO cinder.volume.manager [req-32e10cd6-0049-4ac8-ae10-40bf310231ae req-e136e285-ae4a-4518-ac33-4fcd20bc849e tempest-ServerActionsTestOtherA-1950070221 None] Terminate volume connection completed successfully.
Aug 18 15:57:48 devstack cinder-volume[93912]: DEBUG cinder.volume.manager [req-32e10cd6-0049-4ac8-ae10-40bf310231ae req-e136e285-ae4a-4518-ac33-4fcd20bc849e tempest-ServerActionsTestOtherA-1950070221 None] Deleting attachment 615e7762-079b-421e-a04c-1ac6b3061f6e. {{(pid=93912) attachment_delete /opt/stack/cinder/cinder/volume/manager.py:5055}}
Aug 18 15:57:48 devstack cinder-volume[93912]: DEBUG cinder.coordination [req-32e10cd6-0049-4ac8-ae10-40bf310231ae req-3b6da6de-450c-4fca-89c1-8da957546f63 tempest-ServerActionsTestOtherA-1950070221 None] Acquiring lock "cinder-aafa955c-ffb5-41a9-a602-a45b23ef71b5-delete_volume" by "delete_volume" {{(pid=93912) __acquire /opt/stack/cinder/cinder/coordination.py:138}}
Aug 18 15:57:48 devstack cinder-volume[93912]: DEBUG cinder.coordination [req-32e10cd6-0049-4ac8-ae10-40bf310231ae req-3b6da6de-450c-4fca-89c1-8da957546f63 tempest-ServerActionsTestOtherA-1950070221 None] Lock "cinder-aafa955c-ffb5-41a9-a602-a45b23ef71b5-delete_volume" acquired by "delete_volume" :: waited 0.050s {{(pid=93912) __acquire /opt/stack/cinder/cinder/coordination.py:141}}
Aug 18 15:57:48 devstack cinder-volume[93912]: DEBUG cinder.coordination [req-32e10cd6-0049-4ac8-ae10-40bf310231ae req-3b6da6de-450c-4fca-89c1-8da957546f63 tempest-ServerActionsTestOtherA-1950070221 None] Acquiring lock "cinder-quobyte-aafa955c-ffb5-41a9-a602-a45b23ef71b5" by "delete_volume" {{(pid=93912) __acquire /opt/stack/cinder/cinder/coordination.py:138}}
Aug 18 15:57:48 devstack cinder-volume[93912]: DEBUG cinder.coordination [req-32e10cd6-0049-4ac8-ae10-40bf310231ae req-3b6da6de-450c-4fca-89c1-8da957546f63 tempest-ServerActionsTestOtherA-1950070221 None] Lock "cinder-quobyte-aafa955c-ffb5-41a9-a602-a45b23ef71b5" acquired by "delete_volume" :: waited 0.058s {{(pid=93912) __acquire /opt/stack/cinder/cinder/coordination.py:141}}
Aug 18 15:57:48 devstack cinder-volume[93912]: DEBUG oslo.privsep.daemon [-] privsep: reply[c1b5d067-0715-4e9e-85b1-06577154a45c]: (4, 'raw') {{(pid=94984) _call_back /opt/stack/data/venv/lib/python3.12/site-packages/oslo_privsep/daemon.py:580}}
Aug 18 15:57:48 devstack cinder-volume[93912]: DEBUG oslo_concurrency.processutils [req-32e10cd6-0049-4ac8-ae10-40bf310231ae req-3b6da6de-450c-4fca-89c1-8da957546f63 tempest-ServerActionsTestOtherA-1950070221 None] Running cmd (subprocess): /opt/stack/data/venv/bin/python3.12 -m oslo_concurrency.prlimit --as=1073741824 --cpu=60 -- sudo cinder-rootwrap /etc/cinder/rootwrap.conf env LC_ALL=C qemu-img info -f raw --output=json --force-share /opt/stack/data/cinder/mnt/44ee6b1d887f9e6299d72c0fe4892869/volume-aafa955c-ffb5-41a9-a602-a45b23ef71b5 {{(pid=93912) execute /opt/stack/data/venv/lib/python3.12/site-packages/oslo_concurrency/processutils.py:440}}
Aug 18 15:57:48 devstack sudo[100081]: quobyte : PWD=/ ; USER=root ; COMMAND=/opt/stack/data/venv/bin/cinder-rootwrap /etc/cinder/rootwrap.conf env LC_ALL=C qemu-img info -f raw --output=json --force-share /opt/stack/data/cinder/mnt/44ee6b1d887f9e6299d72c0fe4892869/volume-aafa955c-ffb5-41a9-a602-a45b23ef71b5
Aug 18 15:57:48 devstack sudo[100081]: pam_unix(sudo:session): session opened for user root(uid=0) by (uid=1000)
Aug 18 15:57:49 devstack sudo[100081]: pam_unix(sudo:session): session closed for user root
Aug 18 15:57:49 devstack cinder-volume[93912]: DEBUG oslo_concurrency.processutils [req-32e10cd6-0049-4ac8-ae10-40bf310231ae req-3b6da6de-450c-4fca-89c1-8da957546f63 tempest-ServerActionsTestOtherA-1950070221 None] CMD "/opt/stack/data/venv/bin/python3.12 -m oslo_concurrency.prlimit --as=1073741824 --cpu=60 -- sudo cinder-rootwrap /etc/cinder/rootwrap.conf env LC_ALL=C qemu-img info -f raw --output=json --force-share /opt/stack/data/cinder/mnt/44ee6b1d887f9e6299d72c0fe4892869/volume-aafa955c-ffb5-41a9-a602-a45b23ef71b5" returned: 0 in 0.665s {{(pid=93912) execute /opt/stack/data/venv/lib/python3.12/site-packages/oslo_concurrency/processutils.py:468}}
Aug 18 15:57:49 devstack cinder-volume[93912]: DEBUG oslo_concurrency.processutils [req-32e10cd6-0049-4ac8-ae10-40bf310231ae req-3b6da6de-450c-4fca-89c1-8da957546f63 tempest-ServerActionsTestOtherA-1950070221 None] Running cmd (subprocess): /opt/stack/data/venv/bin/python3.12 -m oslo_concurrency.prlimit --as=1073741824 --cpu=60 -- sudo cinder-rootwrap /etc/cinder/rootwrap.conf env LC_ALL=C qemu-img info -f luks --output=json --force-share /opt/stack/data/cinder/mnt/44ee6b1d887f9e6299d72c0fe4892869/volume-aafa955c-ffb5-41a9-a602-a45b23ef71b5 {{(pid=93912) execute /opt/stack/data/venv/lib/python3.12/site-packages/oslo_concurrency/processutils.py:440}}
Aug 18 15:57:49 devstack sudo[100085]: quobyte : PWD=/ ; USER=root ; COMMAND=/opt/stack/data/venv/bin/cinder-rootwrap /etc/cinder/rootwrap.conf env LC_ALL=C qemu-img info -f luks --output=json --force-share /opt/stack/data/cinder/mnt/44ee6b1d887f9e6299d72c0fe4892869/volume-aafa955c-ffb5-41a9-a602-a45b23ef71b5
Aug 18 15:57:49 devstack sudo[100085]: pam_unix(sudo:session): session opened for user root(uid=0) by (uid=1000)
Aug 18 15:57:50 devstack cinder-volume[93912]: DEBUG cinder.coordination [None req-2c660ae8-cb53-4d3e-92f1-fff20695f3e1 tempest-ServerActionsTestOtherA-1950070221 None] Acquiring lock "cinder-ee1b7709-0e9e-49d9-83a6-2749c302a8c2-delete_volume" by "delete_volume" {{(pid=93912) __acquire /opt/stack/cinder/cinder/coordination.py:138}}
Aug 18 15:57:50 devstack cinder-volume[93912]: DEBUG cinder.coordination [None req-2c660ae8-cb53-4d3e-92f1-fff20695f3e1 tempest-ServerActionsTestOtherA-1950070221 None] Lock "cinder-ee1b7709-0e9e-49d9-83a6-2749c302a8c2-delete_volume" acquired by "delete_volume" :: waited 0.070s {{(pid=93912) __acquire /opt/stack/cinder/cinder/coordination.py:141}}
Aug 18 15:57:50 devstack cinder-volume[93912]: DEBUG cinder.coordination [None req-2c660ae8-cb53-4d3e-92f1-fff20695f3e1 tempest-ServerActionsTestOtherA-1950070221 None] Acquiring lock "cinder-quobyte-ee1b7709-0e9e-49d9-83a6-2749c302a8c2" by "delete_volume" {{(pid=93912) __acquire /opt/stack/cinder/cinder/coordination.py:138}}
Aug 18 15:57:50 devstack cinder-volume[93912]: DEBUG cinder.coordination [None req-2c660ae8-cb53-4d3e-92f1-fff20695f3e1 tempest-ServerActionsTestOtherA-1950070221 None] Lock "cinder-quobyte-ee1b7709-0e9e-49d9-83a6-2749c302a8c2" acquired by "delete_volume" :: waited 0.027s {{(pid=93912) __acquire /opt/stack/cinder/cinder/coordination.py:141}}
Aug 18 15:57:50 devstack cinder-volume[93912]: DEBUG oslo.privsep.daemon [-] privsep: reply[0a4432c0-0520-4f63-993f-07d78fdc85c5]: (4, 'qcow2') {{(pid=94984) _call_back /opt/stack/data/venv/lib/python3.12/site-packages/oslo_privsep/daemon.py:580}}
Aug 18 15:57:50 devstack cinder-volume[93912]: DEBUG oslo_concurrency.processutils [None req-2c660ae8-cb53-4d3e-92f1-fff20695f3e1 tempest-ServerActionsTestOtherA-1950070221 None] Running cmd (subprocess): /opt/stack/data/venv/bin/python3.12 -m oslo_concurrency.prlimit --as=1073741824 --cpu=60 -- sudo cinder-rootwrap /etc/cinder/rootwrap.conf env LC_ALL=C qemu-img info -f qcow2 --output=json --force-share /opt/stack/data/cinder/mnt/44ee6b1d887f9e6299d72c0fe4892869/volume-ee1b7709-0e9e-49d9-83a6-2749c302a8c2 {{(pid=93912) execute /opt/stack/data/venv/lib/python3.12/site-packages/oslo_concurrency/processutils.py:440}}
Aug 18 15:57:50 devstack sudo[100085]: pam_unix(sudo:session): session closed for user root
Aug 18 15:57:50 devstack cinder-volume[93912]: DEBUG oslo_concurrency.processutils [req-32e10cd6-0049-4ac8-ae10-40bf310231ae req-3b6da6de-450c-4fca-89c1-8da957546f63 tempest-ServerActionsTestOtherA-1950070221 None] CMD "/opt/stack/data/venv/bin/python3.12 -m oslo_concurrency.prlimit --as=1073741824 --cpu=60 -- sudo cinder-rootwrap /etc/cinder/rootwrap.conf env LC_ALL=C qemu-img info -f luks --output=json --force-share /opt/stack/data/cinder/mnt/44ee6b1d887f9e6299d72c0fe4892869/volume-aafa955c-ffb5-41a9-a602-a45b23ef71b5" returned: 1 in 0.977s {{(pid=93912) execute /opt/stack/data/venv/lib/python3.12/site-packages/oslo_concurrency/processutils.py:468}}
Aug 18 15:57:50 devstack cinder-volume[93912]: DEBUG oslo_concurrency.processutils [req-32e10cd6-0049-4ac8-ae10-40bf310231ae req-3b6da6de-450c-4fca-89c1-8da957546f63 tempest-ServerActionsTestOtherA-1950070221 None] '/opt/stack/data/venv/bin/python3.12 -m oslo_concurrency.prlimit --as=1073741824 --cpu=60 -- sudo cinder-rootwrap /etc/cinder/rootwrap.conf env LC_ALL=C qemu-img info -f luks --output=json --force-share /opt/stack/data/cinder/mnt/44ee6b1d887f9e6299d72c0fe4892869/volume-aafa955c-ffb5-41a9-a602-a45b23ef71b5' failed. Not Retrying. {{(pid=93912) execute /opt/stack/data/venv/lib/python3.12/site-packages/oslo_concurrency/processutils.py:543}}
Aug 18 15:57:50 devstack cinder-volume[93912]: DEBUG oslo_concurrency.processutils [req-32e10cd6-0049-4ac8-ae10-40bf310231ae req-3b6da6de-450c-4fca-89c1-8da957546f63 tempest-ServerActionsTestOtherA-1950070221 None] Running cmd (subprocess): sudo cinder-rootwrap /etc/cinder/rootwrap.conf rm -f /opt/stack/data/cinder/mnt/44ee6b1d887f9e6299d72c0fe4892869/volume-aafa955c-ffb5-41a9-a602-a45b23ef71b5 {{(pid=93912) execute /opt/stack/data/venv/lib/python3.12/site-packages/oslo_concurrency/processutils.py:440}}
Aug 18 15:57:50 devstack sudo[100091]: quobyte : PWD=/ ; USER=root ; COMMAND=/opt/stack/data/venv/bin/cinder-rootwrap /etc/cinder/rootwrap.conf rm -f /opt/stack/data/cinder/mnt/44ee6b1d887f9e6299d72c0fe4892869/volume-aafa955c-ffb5-41a9-a602-a45b23ef71b5
Aug 18 15:57:50 devstack sudo[100091]: pam_unix(sudo:session): session opened for user root(uid=0) by (uid=1000)
Aug 18 15:57:50 devstack sudo[100090]: quobyte : PWD=/ ; USER=root ; COMMAND=/opt/stack/data/venv/bin/cinder-rootwrap /etc/cinder/rootwrap.conf env LC_ALL=C qemu-img info -f qcow2 --output=json --force-share /opt/stack/data/cinder/mnt/44ee6b1d887f9e6299d72c0fe4892869/volume-ee1b7709-0e9e-49d9-83a6-2749c302a8c2
Aug 18 15:57:50 devstack sudo[100090]: pam_unix(sudo:session): session opened for user root(uid=0) by (uid=1000)
Aug 18 15:57:50 devstack sudo[100091]: pam_unix(sudo:session): session closed for user root
Aug 18 15:57:50 devstack cinder-volume[93912]: DEBUG oslo_concurrency.processutils [req-32e10cd6-0049-4ac8-ae10-40bf310231ae req-3b6da6de-450c-4fca-89c1-8da957546f63 tempest-ServerActionsTestOtherA-1950070221 None] CMD "sudo cinder-rootwrap /etc/cinder/rootwrap.conf rm -f /opt/stack/data/cinder/mnt/44ee6b1d887f9e6299d72c0fe4892869/volume-aafa955c-ffb5-41a9-a602-a45b23ef71b5" returned: 0 in 0.403s {{(pid=93912) execute /opt/stack/data/venv/lib/python3.12/site-packages/oslo_concurrency/processutils.py:468}}
Aug 18 15:57:50 devstack cinder-volume[93912]: DEBUG cinder.coordination [req-32e10cd6-0049-4ac8-ae10-40bf310231ae req-3b6da6de-450c-4fca-89c1-8da957546f63 tempest-ServerActionsTestOtherA-1950070221 None] Lock "cinder-quobyte-aafa955c-ffb5-41a9-a602-a45b23ef71b5" released by "delete_volume" :: held 2.201s {{(pid=93912) __release /opt/stack/cinder/cinder/coordination.py:152}}
Aug 18 15:57:50 devstack cinder-volume[93912]: DEBUG cinder.quota [req-32e10cd6-0049-4ac8-ae10-40bf310231ae req-3b6da6de-450c-4fca-89c1-8da957546f63 tempest-ServerActionsTestOtherA-1950070221 None] Created reservations ['79faa376-2055-4629-b406-98331de1e7e8', '971b5f92-b774-4ee2-bda9-89a0e2533f34', 'd89d2c26-0301-4d65-b7be-544b96a32c40', 'af1bda04-262d-467e-99e0-c1aa15b58639'] {{(pid=93912) reserve /opt/stack/cinder/cinder/quota.py:752}}
Aug 18 15:57:51 devstack sudo[100090]: pam_unix(sudo:session): session closed for user root
Aug 18 15:57:51 devstack cinder-volume[93912]: DEBUG oslo_concurrency.processutils [None req-2c660ae8-cb53-4d3e-92f1-fff20695f3e1 tempest-ServerActionsTestOtherA-1950070221 None] CMD "/opt/stack/data/venv/bin/python3.12 -m oslo_concurrency.prlimit --as=1073741824 --cpu=60 -- sudo cinder-rootwrap /etc/cinder/rootwrap.conf env LC_ALL=C qemu-img info -f qcow2 --output=json --force-share /opt/stack/data/cinder/mnt/44ee6b1d887f9e6299d72c0fe4892869/volume-ee1b7709-0e9e-49d9-83a6-2749c302a8c2" returned: 0 in 0.765s {{(pid=93912) execute /opt/stack/data/venv/lib/python3.12/site-packages/oslo_concurrency/processutils.py:468}}
Aug 18 15:57:51 devstack cinder-volume[93912]: DEBUG oslo_concurrency.processutils [None req-2c660ae8-cb53-4d3e-92f1-fff20695f3e1 tempest-ServerActionsTestOtherA-1950070221 None] Running cmd (subprocess): sudo cinder-rootwrap /etc/cinder/rootwrap.conf rm -f /opt/stack/data/cinder/mnt/44ee6b1d887f9e6299d72c0fe4892869/volume-ee1b7709-0e9e-49d9-83a6-2749c302a8c2 {{(pid=93912) execute /opt/stack/data/venv/lib/python3.12/site-packages/oslo_concurrency/processutils.py:440}}
Aug 18 15:57:51 devstack cinder-volume[93912]: DEBUG oslo_concurrency.lockutils [req-32e10cd6-0049-4ac8-ae10-40bf310231ae req-3b6da6de-450c-4fca-89c1-8da957546f63 tempest-ServerActionsTestOtherA-1950070221 None] Acquiring lock "quobyte_ensure" by "cinder.volume.drivers.quobyte.QuobyteDriver._ensure_shares_mounted" {{(pid=93912) inner /opt/stack/data/venv/lib/python3.12/site-packages/oslo_concurrency/lockutils.py:512}}
Aug 18 15:57:51 devstack cinder-volume[93912]: DEBUG oslo_concurrency.lockutils [req-32e10cd6-0049-4ac8-ae10-40bf310231ae req-3b6da6de-450c-4fca-89c1-8da957546f63 tempest-ServerActionsTestOtherA-1950070221 None] Lock "quobyte_ensure" acquired by "cinder.volume.drivers.quobyte.QuobyteDriver._ensure_shares_mounted" :: waited 0.001s {{(pid=93912) inner /opt/stack/data/venv/lib/python3.12/site-packages/oslo_concurrency/lockutils.py:525}}
Aug 18 15:57:51 devstack cinder-volume[93912]: DEBUG cinder.volume.drivers.quobyte [req-32e10cd6-0049-4ac8-ae10-40bf310231ae req-3b6da6de-450c-4fca-89c1-8da957546f63 tempest-ServerActionsTestOtherA-1950070221 None] Quobyte Volume URL set to: {'osci02.corp.quobyte.com/cinder-vol-290bbe76-c350-4220-a431-f4936461f623': None} {{(pid=93912) _load_shares_config /opt/stack/cinder/cinder/volume/drivers/quobyte.py:617}}
Aug 18 15:57:51 devstack sudo[100099]: quobyte : PWD=/ ; USER=root ; COMMAND=/opt/stack/data/venv/bin/cinder-rootwrap /etc/cinder/rootwrap.conf rm -f /opt/stack/data/cinder/mnt/44ee6b1d887f9e6299d72c0fe4892869/volume-ee1b7709-0e9e-49d9-83a6-2749c302a8c2
Aug 18 15:57:51 devstack sudo[100099]: pam_unix(sudo:session): session opened for user root(uid=0) by (uid=1000)
Aug 18 15:57:51 devstack cinder-volume[93912]: DEBUG cinder.volume.drivers.quobyte [req-32e10cd6-0049-4ac8-ae10-40bf310231ae req-3b6da6de-450c-4fca-89c1-8da957546f63 tempest-ServerActionsTestOtherA-1950070221 None] Available shares ['osci02.corp.quobyte.com/cinder-vol-290bbe76-c350-4220-a431-f4936461f623'] {{(pid=93912) _ensure_shares_mounted /opt/stack/cinder/cinder/volume/drivers/quobyte.py:647}}
Aug 18 15:57:51 devstack cinder-volume[93912]: DEBUG oslo_concurrency.lockutils [req-32e10cd6-0049-4ac8-ae10-40bf310231ae req-3b6da6de-450c-4fca-89c1-8da957546f63 tempest-ServerActionsTestOtherA-1950070221 None] Lock "quobyte_ensure" "released" by "cinder.volume.drivers.quobyte.QuobyteDriver._ensure_shares_mounted" :: held 0.031s {{(pid=93912) inner /opt/stack/data/venv/lib/python3.12/site-packages/oslo_concurrency/lockutils.py:544}}
Aug 18 15:57:51 devstack cinder-volume[93912]: DEBUG oslo_concurrency.processutils [req-32e10cd6-0049-4ac8-ae10-40bf310231ae req-3b6da6de-450c-4fca-89c1-8da957546f63 tempest-ServerActionsTestOtherA-1950070221 None] Running cmd (subprocess): sudo cinder-rootwrap /etc/cinder/rootwrap.conf df --portability --block-size 1 /opt/stack/data/cinder/mnt/44ee6b1d887f9e6299d72c0fe4892869 {{(pid=93912) execute /opt/stack/data/venv/lib/python3.12/site-packages/oslo_concurrency/processutils.py:440}}
Aug 18 15:57:51 devstack sudo[100101]: quobyte : PWD=/ ; USER=root ; COMMAND=/opt/stack/data/venv/bin/cinder-rootwrap /etc/cinder/rootwrap.conf df --portability --block-size 1 /opt/stack/data/cinder/mnt/44ee6b1d887f9e6299d72c0fe4892869
Aug 18 15:57:51 devstack sudo[100101]: pam_unix(sudo:session): session opened for user root(uid=0) by (uid=1000)
Aug 18 15:57:51 devstack cinder-volume[93912]: DEBUG cinder.coordination [None req-5e6408c1-d61c-4ece-845d-4d66a6b12bca tempest-AttachVolumeShelveTestJSON-1798179211 None] Acquiring lock "cinder-780f9f78-99b2-4d25-8522-f3f0695c1aa9-delete_volume" by "delete_volume" {{(pid=93912) __acquire /opt/stack/cinder/cinder/coordination.py:138}}
Aug 18 15:57:51 devstack cinder-volume[93912]: DEBUG cinder.coordination [None req-5e6408c1-d61c-4ece-845d-4d66a6b12bca tempest-AttachVolumeShelveTestJSON-1798179211 None] Lock "cinder-780f9f78-99b2-4d25-8522-f3f0695c1aa9-delete_volume" acquired by "delete_volume" :: waited 0.052s {{(pid=93912) __acquire /opt/stack/cinder/cinder/coordination.py:141}}
Aug 18 15:57:51 devstack cinder-volume[93912]: DEBUG cinder.coordination [None req-5e6408c1-d61c-4ece-845d-4d66a6b12bca tempest-AttachVolumeShelveTestJSON-1798179211 None] Acquiring lock "cinder-quobyte-780f9f78-99b2-4d25-8522-f3f0695c1aa9" by "delete_volume" {{(pid=93912) __acquire /opt/stack/cinder/cinder/coordination.py:138}}
Aug 18 15:57:51 devstack cinder-volume[93912]: DEBUG cinder.coordination [None req-5e6408c1-d61c-4ece-845d-4d66a6b12bca tempest-AttachVolumeShelveTestJSON-1798179211 None] Lock "cinder-quobyte-780f9f78-99b2-4d25-8522-f3f0695c1aa9" acquired by "delete_volume" :: waited 0.032s {{(pid=93912) __acquire /opt/stack/cinder/cinder/coordination.py:141}}
Aug 18 15:57:51 devstack sudo[100099]: pam_unix(sudo:session): session closed for user root
Aug 18 15:57:51 devstack cinder-volume[93912]: DEBUG oslo_concurrency.processutils [None req-2c660ae8-cb53-4d3e-92f1-fff20695f3e1 tempest-ServerActionsTestOtherA-1950070221 None] CMD "sudo cinder-rootwrap /etc/cinder/rootwrap.conf rm -f /opt/stack/data/cinder/mnt/44ee6b1d887f9e6299d72c0fe4892869/volume-ee1b7709-0e9e-49d9-83a6-2749c302a8c2" returned: 0 in 0.503s {{(pid=93912) execute /opt/stack/data/venv/lib/python3.12/site-packages/oslo_concurrency/processutils.py:468}}
Aug 18 15:57:51 devstack cinder-volume[93912]: DEBUG oslo.privsep.daemon [-] privsep: reply[f6dbc9e1-3888-4113-a0da-340d141b5342]: (4, 'qcow2') {{(pid=94984) _call_back /opt/stack/data/venv/lib/python3.12/site-packages/oslo_privsep/daemon.py:580}}
Aug 18 15:57:51 devstack cinder-volume[93912]: DEBUG oslo_concurrency.processutils [None req-5e6408c1-d61c-4ece-845d-4d66a6b12bca tempest-AttachVolumeShelveTestJSON-1798179211 None] Running cmd (subprocess): /opt/stack/data/venv/bin/python3.12 -m oslo_concurrency.prlimit --as=1073741824 --cpu=60 -- sudo cinder-rootwrap /etc/cinder/rootwrap.conf env LC_ALL=C qemu-img info -f qcow2 --output=json --force-share /opt/stack/data/cinder/mnt/44ee6b1d887f9e6299d72c0fe4892869/volume-780f9f78-99b2-4d25-8522-f3f0695c1aa9 {{(pid=93912) execute /opt/stack/data/venv/lib/python3.12/site-packages/oslo_concurrency/processutils.py:440}}
Aug 18 15:57:51 devstack cinder-volume[93912]: DEBUG cinder.coordination [None req-2c660ae8-cb53-4d3e-92f1-fff20695f3e1 tempest-ServerActionsTestOtherA-1950070221 None] Lock "cinder-quobyte-ee1b7709-0e9e-49d9-83a6-2749c302a8c2" released by "delete_volume" :: held 1.364s {{(pid=93912) __release /opt/stack/cinder/cinder/coordination.py:152}}
Aug 18 15:57:51 devstack cinder-volume[93912]: DEBUG cinder.quota [None req-2c660ae8-cb53-4d3e-92f1-fff20695f3e1 tempest-ServerActionsTestOtherA-1950070221 None] Created reservations ['273c7779-5176-4c71-b257-0f34249fd88c', '0122fc94-1ee3-4de2-ab57-c4467c8e0265', 'aaaf7183-928d-4856-81c6-5850eb1c278b', 'd6b7c611-80c0-47f0-a4ad-510327d476ca'] {{(pid=93912) reserve /opt/stack/cinder/cinder/quota.py:752}}
Aug 18 15:57:51 devstack sudo[100101]: pam_unix(sudo:session): session closed for user root
Aug 18 15:57:51 devstack cinder-volume[93912]: DEBUG oslo_concurrency.processutils [req-32e10cd6-0049-4ac8-ae10-40bf310231ae req-3b6da6de-450c-4fca-89c1-8da957546f63 tempest-ServerActionsTestOtherA-1950070221 None] CMD "sudo cinder-rootwrap /etc/cinder/rootwrap.conf df --portability --block-size 1 /opt/stack/data/cinder/mnt/44ee6b1d887f9e6299d72c0fe4892869" returned: 0 in 0.568s {{(pid=93912) execute /opt/stack/data/venv/lib/python3.12/site-packages/oslo_concurrency/processutils.py:468}}
