Aug 18 15:59:17 devstack cinder-volume[93912]: DEBUG oslo_concurrency.processutils [None req-ed43cf0b-a8b7-49d3-98a3-aa8d7f115858 tempest-GroupSnapshotsTest-953814575 None] Running cmd (subprocess): /opt/stack/data/venv/bin/python3.12 -m oslo_concurrency.prlimit --as=1073741824 --cpu=60 -- sudo cinder-rootwrap /etc/cinder/rootwrap.conf env LC_ALL=C qemu-img info -f qcow2 --output=json --force-share /opt/stack/data/cinder/mnt/44ee6b1d887f9e6299d72c0fe4892869/volume-65df259c-b0fe-4659-ae7d-0a45ad26bd14 {{(pid=93912) execute /opt/stack/data/venv/lib/python3.12/site-packages/oslo_concurrency/processutils.py:440}}
Aug 18 15:59:17 devstack cinder-volume[93912]: INFO cinder.volume.manager [None req-399d6588-274f-4a70-89c1-10afc316d7fc tempest-VolumesListAdminTestJSON-131985195 None] Created volume successfully.
Aug 18 15:59:17 devstack sudo[102258]: quobyte : PWD=/ ; USER=root ; COMMAND=/opt/stack/data/venv/bin/cinder-rootwrap /etc/cinder/rootwrap.conf env LC_ALL=C qemu-img info -f qcow2 --output=json --force-share /opt/stack/data/cinder/mnt/44ee6b1d887f9e6299d72c0fe4892869/volume-65df259c-b0fe-4659-ae7d-0a45ad26bd14
Aug 18 15:59:17 devstack sudo[102258]: pam_unix(sudo:session): session opened for user root(uid=0) by (uid=1000)
Aug 18 15:59:17 devstack sudo[102258]: pam_unix(sudo:session): session closed for user root
Aug 18 15:59:17 devstack cinder-volume[93912]: DEBUG oslo_concurrency.processutils [None req-ed43cf0b-a8b7-49d3-98a3-aa8d7f115858 tempest-GroupSnapshotsTest-953814575 None] CMD "/opt/stack/data/venv/bin/python3.12 -m oslo_concurrency.prlimit --as=1073741824 --cpu=60 -- sudo cinder-rootwrap /etc/cinder/rootwrap.conf env LC_ALL=C qemu-img info -f qcow2 --output=json --force-share /opt/stack/data/cinder/mnt/44ee6b1d887f9e6299d72c0fe4892869/volume-65df259c-b0fe-4659-ae7d-0a45ad26bd14" returned: 0 in 0.465s {{(pid=93912) execute /opt/stack/data/venv/lib/python3.12/site-packages/oslo_concurrency/processutils.py:468}}
Aug 18 15:59:17 devstack cinder-volume[93912]: DEBUG oslo_concurrency.processutils [None req-ed43cf0b-a8b7-49d3-98a3-aa8d7f115858 tempest-GroupSnapshotsTest-953814575 None] Running cmd (subprocess): sudo cinder-rootwrap /etc/cinder/rootwrap.conf qemu-img create -f qcow2 -o backing_file=/opt/stack/data/cinder/mnt/44ee6b1d887f9e6299d72c0fe4892869/volume-65df259c-b0fe-4659-ae7d-0a45ad26bd14,backing_fmt=qcow2 /opt/stack/data/cinder/mnt/44ee6b1d887f9e6299d72c0fe4892869/volume-65df259c-b0fe-4659-ae7d-0a45ad26bd14.8121b7eb-2774-408a-8887-1315e91574e0 1G {{(pid=93912) execute /opt/stack/data/venv/lib/python3.12/site-packages/oslo_concurrency/processutils.py:440}}
Aug 18 15:59:17 devstack sudo[102265]: quobyte : PWD=/ ; USER=root ; COMMAND=/opt/stack/data/venv/bin/cinder-rootwrap /etc/cinder/rootwrap.conf qemu-img create -f qcow2 -o backing_file=/opt/stack/data/cinder/mnt/44ee6b1d887f9e6299d72c0fe4892869/volume-65df259c-b0fe-4659-ae7d-0a45ad26bd14,backing_fmt=qcow2 /opt/stack/data/cinder/mnt/44ee6b1d887f9e6299d72c0fe4892869/volume-65df259c-b0fe-4659-ae7d-0a45ad26bd14.8121b7eb-2774-408a-8887-1315e91574e0 1G
Aug 18 15:59:17 devstack sudo[102265]: pam_unix(sudo:session): session opened for user root(uid=0) by (uid=1000)
Aug 18 15:59:18 devstack sudo[102265]: pam_unix(sudo:session): session closed for user root
Aug 18 15:59:18 devstack cinder-volume[93912]: DEBUG oslo_concurrency.processutils [None req-ed43cf0b-a8b7-49d3-98a3-aa8d7f115858 tempest-GroupSnapshotsTest-953814575 None] CMD "sudo cinder-rootwrap /etc/cinder/rootwrap.conf qemu-img create -f qcow2 -o backing_file=/opt/stack/data/cinder/mnt/44ee6b1d887f9e6299d72c0fe4892869/volume-65df259c-b0fe-4659-ae7d-0a45ad26bd14,backing_fmt=qcow2 /opt/stack/data/cinder/mnt/44ee6b1d887f9e6299d72c0fe4892869/volume-65df259c-b0fe-4659-ae7d-0a45ad26bd14.8121b7eb-2774-408a-8887-1315e91574e0 1G" returned: 0 in 0.772s {{(pid=93912) execute /opt/stack/data/venv/lib/python3.12/site-packages/oslo_concurrency/processutils.py:468}}
Aug 18 15:59:18 devstack cinder-volume[93912]: DEBUG oslo_concurrency.processutils [None req-ed43cf0b-a8b7-49d3-98a3-aa8d7f115858 tempest-GroupSnapshotsTest-953814575 None] Running cmd (subprocess): sudo cinder-rootwrap /etc/cinder/rootwrap.conf qemu-img rebase -u -b volume-65df259c-b0fe-4659-ae7d-0a45ad26bd14 -F qcow2 /opt/stack/data/cinder/mnt/44ee6b1d887f9e6299d72c0fe4892869/volume-65df259c-b0fe-4659-ae7d-0a45ad26bd14.8121b7eb-2774-408a-8887-1315e91574e0 {{(pid=93912) execute /opt/stack/data/venv/lib/python3.12/site-packages/oslo_concurrency/processutils.py:440}}
Aug 18 15:59:18 devstack sudo[102285]: quobyte : PWD=/ ; USER=root ; COMMAND=/opt/stack/data/venv/bin/cinder-rootwrap /etc/cinder/rootwrap.conf qemu-img rebase -u -b volume-65df259c-b0fe-4659-ae7d-0a45ad26bd14 -F qcow2 /opt/stack/data/cinder/mnt/44ee6b1d887f9e6299d72c0fe4892869/volume-65df259c-b0fe-4659-ae7d-0a45ad26bd14.8121b7eb-2774-408a-8887-1315e91574e0
Aug 18 15:59:18 devstack sudo[102285]: pam_unix(sudo:session): session opened for user root(uid=0) by (uid=1000)
Aug 18 15:59:18 devstack sudo[102285]: pam_unix(sudo:session): session closed for user root
Aug 18 15:59:19 devstack cinder-volume[93912]: DEBUG oslo_concurrency.processutils [None req-ed43cf0b-a8b7-49d3-98a3-aa8d7f115858 tempest-GroupSnapshotsTest-953814575 None] CMD "sudo cinder-rootwrap /etc/cinder/rootwrap.conf qemu-img rebase -u -b volume-65df259c-b0fe-4659-ae7d-0a45ad26bd14 -F qcow2 /opt/stack/data/cinder/mnt/44ee6b1d887f9e6299d72c0fe4892869/volume-65df259c-b0fe-4659-ae7d-0a45ad26bd14.8121b7eb-2774-408a-8887-1315e91574e0" returned: 0 in 0.503s {{(pid=93912) execute /opt/stack/data/venv/lib/python3.12/site-packages/oslo_concurrency/processutils.py:468}}
Aug 18 15:59:19 devstack cinder-volume[93912]: WARNING cinder.volume.drivers.remotefs [None req-ed43cf0b-a8b7-49d3-98a3-aa8d7f115858 tempest-GroupSnapshotsTest-953814575 None] /opt/stack/data/cinder/mnt/44ee6b1d887f9e6299d72c0fe4892869/volume-65df259c-b0fe-4659-ae7d-0a45ad26bd14.8121b7eb-2774-408a-8887-1315e91574e0 is being set with open permissions: ugo+rw: NotImplementedError
Aug 18 15:59:19 devstack cinder-volume[93912]: DEBUG oslo_concurrency.processutils [None req-ed43cf0b-a8b7-49d3-98a3-aa8d7f115858 tempest-GroupSnapshotsTest-953814575 None] Running cmd (subprocess): sudo cinder-rootwrap /etc/cinder/rootwrap.conf chmod ugo+rw /opt/stack/data/cinder/mnt/44ee6b1d887f9e6299d72c0fe4892869/volume-65df259c-b0fe-4659-ae7d-0a45ad26bd14.8121b7eb-2774-408a-8887-1315e91574e0 {{(pid=93912) execute /opt/stack/data/venv/lib/python3.12/site-packages/oslo_concurrency/processutils.py:440}}
Aug 18 15:59:19 devstack sudo[102307]: quobyte : PWD=/ ; USER=root ; COMMAND=/opt/stack/data/venv/bin/cinder-rootwrap /etc/cinder/rootwrap.conf chmod ugo+rw /opt/stack/data/cinder/mnt/44ee6b1d887f9e6299d72c0fe4892869/volume-65df259c-b0fe-4659-ae7d-0a45ad26bd14.8121b7eb-2774-408a-8887-1315e91574e0
Aug 18 15:59:19 devstack sudo[102307]: pam_unix(sudo:session): session opened for user root(uid=0) by (uid=1000)
Aug 18 15:59:19 devstack cinder-volume[93912]: DEBUG cinder.volume.flows.manager.create_volume [None req-ba4ecd68-fbde-476c-90e3-52f2f6b3597e tempest-VolumesListAdminTestJSON-131985195 None] Volume reschedule parameters: True retry: {'num_attempts': 1, 'backends': ['devstack@QuobyteHD#QuobyteHD'], 'hosts': ['devstack@QuobyteHD#QuobyteHD']} {{(pid=93912) get_flow /opt/stack/cinder/cinder/volume/flows/manager/create_volume.py:1397}}
Aug 18 15:59:19 devstack cinder-volume[93912]: DEBUG cinder.volume.manager [None req-ba4ecd68-fbde-476c-90e3-52f2f6b3597e tempest-VolumesListAdminTestJSON-131985195 None] Flow 'volume_create_manager' (8e943cd2-ac7d-48b5-a225-7177b0204929) transitioned into state 'RUNNING' from state 'PENDING' {{(pid=93912) _flow_receiver /opt/stack/data/venv/lib/python3.12/site-packages/taskflow/listeners/logging.py:160}}
Aug 18 15:59:19 devstack cinder-volume[93912]: DEBUG cinder.volume.manager [None req-ba4ecd68-fbde-476c-90e3-52f2f6b3597e tempest-VolumesListAdminTestJSON-131985195 None] Task 'cinder.volume.flows.manager.create_volume.ExtractVolumeRefTask;volume:create' (3cd755bd-e03e-46dd-bf73-1ced3f67240d) transitioned into state 'RUNNING' from state 'PENDING' {{(pid=93912) _task_receiver /opt/stack/data/venv/lib/python3.12/site-packages/taskflow/listeners/logging.py:242}}
Aug 18 15:59:19 devstack cinder-volume[93912]: DEBUG cinder.volume.manager [None req-ba4ecd68-fbde-476c-90e3-52f2f6b3597e tempest-VolumesListAdminTestJSON-131985195 None] Task 'cinder.volume.flows.manager.create_volume.ExtractVolumeRefTask;volume:create' (3cd755bd-e03e-46dd-bf73-1ced3f67240d) transitioned into state 'SUCCESS' from state 'RUNNING' with result 'Volume(_name_id=None,admin_metadata=,attach_status='detached',availability_zone='nova',bootable=False,cluster=,cluster_name=None,consistencygroup=,consistencygroup_id=None,created_at=2026-08-18T13:59:18Z,deleted=False,deleted_at=None,display_description=None,display_name='tempest-VolumesListAdminTestJSON-Volume-906315205',ec2_id=None,encryption_key_id=None,glance_metadata=,group=,group_id=None,host='devstack@QuobyteHD#QuobyteHD',id=3d13a5e6-50bf-4f9d-b0cd-e36199b75f57,launched_at=None,metadata={},migration_status=None,multiattach=False,previous_status=None,project_id='5fd9b36389f242609bbff08865a79a9d',provider_auth=None,provider_geometry=None,provider_id=None,provider_location=None,replication_driver_data=None,replication_extended_status=None,replication_status=None,scheduled_at=2026-08-18T13:59:19Z,service_uuid=None,shared_targets=True,size=1,snapshot_id=None,snapshots=,source_volid=None,status='creating',terminated_at=None,updated_at=2026-08-18T13:59:19Z,use_quota=True,user_id='6c1b5e4a034143e39dbc02e41900fde1',volume_attachment=VolumeAttachmentList,volume_type=VolumeType(a20c132a-35af-4745-b94c-a2227806d201),volume_type_id=a20c132a-35af-4745-b94c-a2227806d201)' {{(pid=93912) _task_receiver /opt/stack/data/venv/lib/python3.12/site-packages/taskflow/listeners/logging.py:218}}
Aug 18 15:59:19 devstack cinder-volume[93912]: DEBUG cinder.volume.manager [None req-ba4ecd68-fbde-476c-90e3-52f2f6b3597e tempest-VolumesListAdminTestJSON-131985195 None] Task 'cinder.volume.flows.manager.create_volume.OnFailureRescheduleTask;volume:create' (7b01c11e-d451-4083-a3b0-9cbed28cf2b8) transitioned into state 'RUNNING' from state 'PENDING' {{(pid=93912) _task_receiver /opt/stack/data/venv/lib/python3.12/site-packages/taskflow/listeners/logging.py:242}}
Aug 18 15:59:19 devstack cinder-volume[93912]: DEBUG cinder.volume.manager [None req-ba4ecd68-fbde-476c-90e3-52f2f6b3597e tempest-VolumesListAdminTestJSON-131985195 None] Task 'cinder.volume.flows.manager.create_volume.OnFailureRescheduleTask;volume:create' (7b01c11e-d451-4083-a3b0-9cbed28cf2b8) transitioned into state 'SUCCESS' from state 'RUNNING' with result 'None' {{(pid=93912) _task_receiver /opt/stack/data/venv/lib/python3.12/site-packages/taskflow/listeners/logging.py:218}}
Aug 18 15:59:19 devstack cinder-volume[93912]: DEBUG cinder.volume.manager [None req-ba4ecd68-fbde-476c-90e3-52f2f6b3597e tempest-VolumesListAdminTestJSON-131985195 None] Task 'cinder.volume.flows.manager.create_volume.ExtractVolumeSpecTask;volume:create' (b40a59fb-501c-44df-9b6f-77c280c81119) transitioned into state 'RUNNING' from state 'PENDING' {{(pid=93912) _task_receiver /opt/stack/data/venv/lib/python3.12/site-packages/taskflow/listeners/logging.py:242}}
Aug 18 15:59:19 devstack cinder-volume[93912]: DEBUG cinder.volume.manager [None req-ba4ecd68-fbde-476c-90e3-52f2f6b3597e tempest-VolumesListAdminTestJSON-131985195 None] Task 'cinder.volume.flows.manager.create_volume.ExtractVolumeSpecTask;volume:create' (b40a59fb-501c-44df-9b6f-77c280c81119) transitioned into state 'SUCCESS' from state 'RUNNING' with result '{'status': 'creating', 'type': 'raw', 'volume_id': '3d13a5e6-50bf-4f9d-b0cd-e36199b75f57', 'volume_name': 'volume-3d13a5e6-50bf-4f9d-b0cd-e36199b75f57', 'volume_size': 1}' {{(pid=93912) _task_receiver /opt/stack/data/venv/lib/python3.12/site-packages/taskflow/listeners/logging.py:218}}
Aug 18 15:59:19 devstack cinder-volume[93912]: DEBUG cinder.volume.manager [None req-ba4ecd68-fbde-476c-90e3-52f2f6b3597e tempest-VolumesListAdminTestJSON-131985195 None] Task 'cinder.volume.flows.manager.create_volume.NotifyVolumeActionTask;volume:create, create.start' (a380622c-7fd9-4056-b09f-5fb8f64d6c68) transitioned into state 'RUNNING' from state 'PENDING' {{(pid=93912) _task_receiver /opt/stack/data/venv/lib/python3.12/site-packages/taskflow/listeners/logging.py:242}}
Aug 18 15:59:19 devstack cinder-volume[93912]: DEBUG cinder.volume.manager [None req-ba4ecd68-fbde-476c-90e3-52f2f6b3597e tempest-VolumesListAdminTestJSON-131985195 None] Task 'cinder.volume.flows.manager.create_volume.NotifyVolumeActionTask;volume:create, create.start' (a380622c-7fd9-4056-b09f-5fb8f64d6c68) transitioned into state 'SUCCESS' from state 'RUNNING' with result 'None' {{(pid=93912) _task_receiver /opt/stack/data/venv/lib/python3.12/site-packages/taskflow/listeners/logging.py:218}}
Aug 18 15:59:19 devstack cinder-volume[93912]: DEBUG cinder.volume.manager [None req-ba4ecd68-fbde-476c-90e3-52f2f6b3597e tempest-VolumesListAdminTestJSON-131985195 None] Task 'cinder.volume.flows.manager.create_volume.CreateVolumeFromSpecTask;volume:create' (9b3e6c99-ce10-4676-ae92-d0d2d6f28232) transitioned into state 'RUNNING' from state 'PENDING' {{(pid=93912) _task_receiver /opt/stack/data/venv/lib/python3.12/site-packages/taskflow/listeners/logging.py:242}}
Aug 18 15:59:19 devstack cinder-volume[93912]: INFO cinder.volume.flows.manager.create_volume [None req-ba4ecd68-fbde-476c-90e3-52f2f6b3597e tempest-VolumesListAdminTestJSON-131985195 None] Volume 3d13a5e6-50bf-4f9d-b0cd-e36199b75f57: being created as raw with specification: {'status': 'creating', 'volume_name': 'volume-3d13a5e6-50bf-4f9d-b0cd-e36199b75f57', 'volume_size': 1}
Aug 18 15:59:19 devstack cinder-volume[93912]: DEBUG oslo_concurrency.lockutils [None req-ba4ecd68-fbde-476c-90e3-52f2f6b3597e tempest-VolumesListAdminTestJSON-131985195 None] Acquiring lock "quobyte" by "cinder.volume.drivers.quobyte.QuobyteDriver.create_volume" {{(pid=93912) inner /opt/stack/data/venv/lib/python3.12/site-packages/oslo_concurrency/lockutils.py:512}}
Aug 18 15:59:19 devstack sudo[102307]: pam_unix(sudo:session): session closed for user root
Aug 18 15:59:19 devstack cinder-volume[93912]: DEBUG oslo_concurrency.processutils [None req-ed43cf0b-a8b7-49d3-98a3-aa8d7f115858 tempest-GroupSnapshotsTest-953814575 None] CMD "sudo cinder-rootwrap /etc/cinder/rootwrap.conf chmod ugo+rw /opt/stack/data/cinder/mnt/44ee6b1d887f9e6299d72c0fe4892869/volume-65df259c-b0fe-4659-ae7d-0a45ad26bd14.8121b7eb-2774-408a-8887-1315e91574e0" returned: 0 in 0.374s {{(pid=93912) execute /opt/stack/data/venv/lib/python3.12/site-packages/oslo_concurrency/processutils.py:468}}
Aug 18 15:59:19 devstack cinder-volume[93912]: DEBUG oslo_concurrency.processutils [None req-ed43cf0b-a8b7-49d3-98a3-aa8d7f115858 tempest-GroupSnapshotsTest-953814575 None] Running cmd (subprocess): sudo cinder-rootwrap /etc/cinder/rootwrap.conf truncate -s0 /opt/stack/data/cinder/mnt/44ee6b1d887f9e6299d72c0fe4892869/volume-65df259c-b0fe-4659-ae7d-0a45ad26bd14.info {{(pid=93912) execute /opt/stack/data/venv/lib/python3.12/site-packages/oslo_concurrency/processutils.py:440}}
Aug 18 15:59:19 devstack sudo[102317]: quobyte : PWD=/ ; USER=root ; COMMAND=/opt/stack/data/venv/bin/cinder-rootwrap /etc/cinder/rootwrap.conf truncate -s0 /opt/stack/data/cinder/mnt/44ee6b1d887f9e6299d72c0fe4892869/volume-65df259c-b0fe-4659-ae7d-0a45ad26bd14.info
Aug 18 15:59:19 devstack sudo[102317]: pam_unix(sudo:session): session opened for user root(uid=0) by (uid=1000)
Aug 18 15:59:19 devstack sudo[102317]: pam_unix(sudo:session): session closed for user root
Aug 18 15:59:19 devstack cinder-volume[93912]: DEBUG oslo_concurrency.processutils [None req-ed43cf0b-a8b7-49d3-98a3-aa8d7f115858 tempest-GroupSnapshotsTest-953814575 None] CMD "sudo cinder-rootwrap /etc/cinder/rootwrap.conf truncate -s0 /opt/stack/data/cinder/mnt/44ee6b1d887f9e6299d72c0fe4892869/volume-65df259c-b0fe-4659-ae7d-0a45ad26bd14.info" returned: 0 in 0.337s {{(pid=93912) execute /opt/stack/data/venv/lib/python3.12/site-packages/oslo_concurrency/processutils.py:468}}
Aug 18 15:59:19 devstack cinder-volume[93912]: WARNING cinder.volume.drivers.remotefs [None req-ed43cf0b-a8b7-49d3-98a3-aa8d7f115858 tempest-GroupSnapshotsTest-953814575 None] /opt/stack/data/cinder/mnt/44ee6b1d887f9e6299d72c0fe4892869/volume-65df259c-b0fe-4659-ae7d-0a45ad26bd14.info is being set with open permissions: ugo+rw: NotImplementedError
Aug 18 15:59:19 devstack cinder-volume[93912]: DEBUG oslo_concurrency.processutils [None req-ed43cf0b-a8b7-49d3-98a3-aa8d7f115858 tempest-GroupSnapshotsTest-953814575 None] Running cmd (subprocess): sudo cinder-rootwrap /etc/cinder/rootwrap.conf chmod ugo+rw /opt/stack/data/cinder/mnt/44ee6b1d887f9e6299d72c0fe4892869/volume-65df259c-b0fe-4659-ae7d-0a45ad26bd14.info {{(pid=93912) execute /opt/stack/data/venv/lib/python3.12/site-packages/oslo_concurrency/processutils.py:440}}
Aug 18 15:59:19 devstack sudo[102340]: quobyte : PWD=/ ; USER=root ; COMMAND=/opt/stack/data/venv/bin/cinder-rootwrap /etc/cinder/rootwrap.conf chmod ugo+rw /opt/stack/data/cinder/mnt/44ee6b1d887f9e6299d72c0fe4892869/volume-65df259c-b0fe-4659-ae7d-0a45ad26bd14.info
Aug 18 15:59:19 devstack sudo[102340]: pam_unix(sudo:session): session opened for user root(uid=0) by (uid=1000)
Aug 18 15:59:20 devstack sudo[102340]: pam_unix(sudo:session): session closed for user root
Aug 18 15:59:20 devstack cinder-volume[93912]: DEBUG oslo_concurrency.processutils [None req-ed43cf0b-a8b7-49d3-98a3-aa8d7f115858 tempest-GroupSnapshotsTest-953814575 None] CMD "sudo cinder-rootwrap /etc/cinder/rootwrap.conf chmod ugo+rw /opt/stack/data/cinder/mnt/44ee6b1d887f9e6299d72c0fe4892869/volume-65df259c-b0fe-4659-ae7d-0a45ad26bd14.info" returned: 0 in 0.300s {{(pid=93912) execute /opt/stack/data/venv/lib/python3.12/site-packages/oslo_concurrency/processutils.py:468}}
Aug 18 15:59:20 devstack cinder-volume[93912]: DEBUG oslo_concurrency.lockutils [None req-ed43cf0b-a8b7-49d3-98a3-aa8d7f115858 tempest-GroupSnapshotsTest-953814575 None] Lock "quobyte" "released" by "cinder.volume.drivers.quobyte.QuobyteDriver.create_snapshot" :: held 2.907s {{(pid=93912) inner /opt/stack/data/venv/lib/python3.12/site-packages/oslo_concurrency/lockutils.py:544}}
Aug 18 15:59:20 devstack cinder-volume[93912]: DEBUG oslo_concurrency.lockutils [None req-ed43cf0b-a8b7-49d3-98a3-aa8d7f115858 tempest-GroupSnapshotsTest-953814575 None] Acquiring lock "quobyte" by "cinder.volume.drivers.quobyte.QuobyteDriver.create_snapshot" {{(pid=93912) inner /opt/stack/data/venv/lib/python3.12/site-packages/oslo_concurrency/lockutils.py:512}}
Aug 18 15:59:20 devstack cinder-volume[93912]: DEBUG oslo_concurrency.lockutils [None req-ed43cf0b-a8b7-49d3-98a3-aa8d7f115858 tempest-GroupSnapshotsTest-953814575 None] Lock "quobyte" acquired by "cinder.volume.drivers.quobyte.QuobyteDriver.create_snapshot" :: waited 0.000s {{(pid=93912) inner /opt/stack/data/venv/lib/python3.12/site-packages/oslo_concurrency/lockutils.py:525}}
Aug 18 15:59:20 devstack cinder-volume[93912]: DEBUG cinder.volume.drivers.remotefs [None req-ed43cf0b-a8b7-49d3-98a3-aa8d7f115858 tempest-GroupSnapshotsTest-953814575 None] Creating offline snapshot 9f740902-0c21-43dc-93b5-90b7f821038f of volume 580a383f-7f36-4426-a6ad-a870fc9ee3e9 {{(pid=93912) _create_snapshot /opt/stack/cinder/cinder/volume/drivers/remotefs.py:1816}}
Aug 18 15:59:20 devstack cinder-volume[93912]: DEBUG oslo.privsep.daemon [-] privsep: reply[966e0302-7081-442e-b6b8-180473f92344]: (4, 'qcow2') {{(pid=94984) _call_back /opt/stack/data/venv/lib/python3.12/site-packages/oslo_privsep/daemon.py:580}}
Aug 18 15:59:20 devstack cinder-volume[93912]: DEBUG oslo_concurrency.processutils [None req-ed43cf0b-a8b7-49d3-98a3-aa8d7f115858 tempest-GroupSnapshotsTest-953814575 None] Running cmd (subprocess): /opt/stack/data/venv/bin/python3.12 -m oslo_concurrency.prlimit --as=1073741824 --cpu=60 -- sudo cinder-rootwrap /etc/cinder/rootwrap.conf env LC_ALL=C qemu-img info -f qcow2 --output=json --force-share /opt/stack/data/cinder/mnt/44ee6b1d887f9e6299d72c0fe4892869/volume-580a383f-7f36-4426-a6ad-a870fc9ee3e9 {{(pid=93912) execute /opt/stack/data/venv/lib/python3.12/site-packages/oslo_concurrency/processutils.py:440}}
Aug 18 15:59:20 devstack sudo[102344]: quobyte : PWD=/ ; USER=root ; COMMAND=/opt/stack/data/venv/bin/cinder-rootwrap /etc/cinder/rootwrap.conf env LC_ALL=C qemu-img info -f qcow2 --output=json --force-share /opt/stack/data/cinder/mnt/44ee6b1d887f9e6299d72c0fe4892869/volume-580a383f-7f36-4426-a6ad-a870fc9ee3e9
Aug 18 15:59:20 devstack sudo[102344]: pam_unix(sudo:session): session opened for user root(uid=0) by (uid=1000)
Aug 18 15:59:20 devstack sudo[102344]: pam_unix(sudo:session): session closed for user root
Aug 18 15:59:20 devstack cinder-volume[93912]: DEBUG oslo_concurrency.processutils [None req-ed43cf0b-a8b7-49d3-98a3-aa8d7f115858 tempest-GroupSnapshotsTest-953814575 None] CMD "/opt/stack/data/venv/bin/python3.12 -m oslo_concurrency.prlimit --as=1073741824 --cpu=60 -- sudo cinder-rootwrap /etc/cinder/rootwrap.conf env LC_ALL=C qemu-img info -f qcow2 --output=json --force-share /opt/stack/data/cinder/mnt/44ee6b1d887f9e6299d72c0fe4892869/volume-580a383f-7f36-4426-a6ad-a870fc9ee3e9" returned: 0 in 0.538s {{(pid=93912) execute /opt/stack/data/venv/lib/python3.12/site-packages/oslo_concurrency/processutils.py:468}}
Aug 18 15:59:20 devstack cinder-volume[93912]: DEBUG oslo_concurrency.processutils [None req-ed43cf0b-a8b7-49d3-98a3-aa8d7f115858 tempest-GroupSnapshotsTest-953814575 None] Running cmd (subprocess): sudo cinder-rootwrap /etc/cinder/rootwrap.conf qemu-img create -f qcow2 -o backing_file=/opt/stack/data/cinder/mnt/44ee6b1d887f9e6299d72c0fe4892869/volume-580a383f-7f36-4426-a6ad-a870fc9ee3e9,backing_fmt=qcow2 /opt/stack/data/cinder/mnt/44ee6b1d887f9e6299d72c0fe4892869/volume-580a383f-7f36-4426-a6ad-a870fc9ee3e9.9f740902-0c21-43dc-93b5-90b7f821038f 1G {{(pid=93912) execute /opt/stack/data/venv/lib/python3.12/site-packages/oslo_concurrency/processutils.py:440}}
Aug 18 15:59:20 devstack sudo[102358]: quobyte : PWD=/ ; USER=root ; COMMAND=/opt/stack/data/venv/bin/cinder-rootwrap /etc/cinder/rootwrap.conf qemu-img create -f qcow2 -o backing_file=/opt/stack/data/cinder/mnt/44ee6b1d887f9e6299d72c0fe4892869/volume-580a383f-7f36-4426-a6ad-a870fc9ee3e9,backing_fmt=qcow2 /opt/stack/data/cinder/mnt/44ee6b1d887f9e6299d72c0fe4892869/volume-580a383f-7f36-4426-a6ad-a870fc9ee3e9.9f740902-0c21-43dc-93b5-90b7f821038f 1G
Aug 18 15:59:20 devstack sudo[102358]: pam_unix(sudo:session): session opened for user root(uid=0) by (uid=1000)
Aug 18 15:59:21 devstack sudo[102358]: pam_unix(sudo:session): session closed for user root
Aug 18 15:59:21 devstack cinder-volume[93912]: DEBUG oslo_concurrency.processutils [None req-ed43cf0b-a8b7-49d3-98a3-aa8d7f115858 tempest-GroupSnapshotsTest-953814575 None] CMD "sudo cinder-rootwrap /etc/cinder/rootwrap.conf qemu-img create -f qcow2 -o backing_file=/opt/stack/data/cinder/mnt/44ee6b1d887f9e6299d72c0fe4892869/volume-580a383f-7f36-4426-a6ad-a870fc9ee3e9,backing_fmt=qcow2 /opt/stack/data/cinder/mnt/44ee6b1d887f9e6299d72c0fe4892869/volume-580a383f-7f36-4426-a6ad-a870fc9ee3e9.9f740902-0c21-43dc-93b5-90b7f821038f 1G" returned: 0 in 0.929s {{(pid=93912) execute /opt/stack/data/venv/lib/python3.12/site-packages/oslo_concurrency/processutils.py:468}}
Aug 18 15:59:21 devstack cinder-volume[93912]: DEBUG oslo_concurrency.processutils [None req-ed43cf0b-a8b7-49d3-98a3-aa8d7f115858 tempest-GroupSnapshotsTest-953814575 None] Running cmd (subprocess): sudo cinder-rootwrap /etc/cinder/rootwrap.conf qemu-img rebase -u -b volume-580a383f-7f36-4426-a6ad-a870fc9ee3e9 -F qcow2 /opt/stack/data/cinder/mnt/44ee6b1d887f9e6299d72c0fe4892869/volume-580a383f-7f36-4426-a6ad-a870fc9ee3e9.9f740902-0c21-43dc-93b5-90b7f821038f {{(pid=93912) execute /opt/stack/data/venv/lib/python3.12/site-packages/oslo_concurrency/processutils.py:440}}
Aug 18 15:59:21 devstack sudo[102386]: quobyte : PWD=/ ; USER=root ; COMMAND=/opt/stack/data/venv/bin/cinder-rootwrap /etc/cinder/rootwrap.conf qemu-img rebase -u -b volume-580a383f-7f36-4426-a6ad-a870fc9ee3e9 -F qcow2 /opt/stack/data/cinder/mnt/44ee6b1d887f9e6299d72c0fe4892869/volume-580a383f-7f36-4426-a6ad-a870fc9ee3e9.9f740902-0c21-43dc-93b5-90b7f821038f
Aug 18 15:59:21 devstack sudo[102386]: pam_unix(sudo:session): session opened for user root(uid=0) by (uid=1000)
Aug 18 15:59:22 devstack sudo[102386]: pam_unix(sudo:session): session closed for user root
Aug 18 15:59:22 devstack cinder-volume[93912]: DEBUG oslo_concurrency.processutils [None req-ed43cf0b-a8b7-49d3-98a3-aa8d7f115858 tempest-GroupSnapshotsTest-953814575 None] CMD "sudo cinder-rootwrap /etc/cinder/rootwrap.conf qemu-img rebase -u -b volume-580a383f-7f36-4426-a6ad-a870fc9ee3e9 -F qcow2 /opt/stack/data/cinder/mnt/44ee6b1d887f9e6299d72c0fe4892869/volume-580a383f-7f36-4426-a6ad-a870fc9ee3e9.9f740902-0c21-43dc-93b5-90b7f821038f" returned: 0 in 0.510s {{(pid=93912) execute /opt/stack/data/venv/lib/python3.12/site-packages/oslo_concurrency/processutils.py:468}}
Aug 18 15:59:22 devstack cinder-volume[93912]: WARNING cinder.volume.drivers.remotefs [None req-ed43cf0b-a8b7-49d3-98a3-aa8d7f115858 tempest-GroupSnapshotsTest-953814575 None] /opt/stack/data/cinder/mnt/44ee6b1d887f9e6299d72c0fe4892869/volume-580a383f-7f36-4426-a6ad-a870fc9ee3e9.9f740902-0c21-43dc-93b5-90b7f821038f is being set with open permissions: ugo+rw: NotImplementedError
Aug 18 15:59:22 devstack cinder-volume[93912]: DEBUG oslo_concurrency.processutils [None req-ed43cf0b-a8b7-49d3-98a3-aa8d7f115858 tempest-GroupSnapshotsTest-953814575 None] Running cmd (subprocess): sudo cinder-rootwrap /etc/cinder/rootwrap.conf chmod ugo+rw /opt/stack/data/cinder/mnt/44ee6b1d887f9e6299d72c0fe4892869/volume-580a383f-7f36-4426-a6ad-a870fc9ee3e9.9f740902-0c21-43dc-93b5-90b7f821038f {{(pid=93912) execute /opt/stack/data/venv/lib/python3.12/site-packages/oslo_concurrency/processutils.py:440}}
Aug 18 15:59:22 devstack sudo[102391]: quobyte : PWD=/ ; USER=root ; COMMAND=/opt/stack/data/venv/bin/cinder-rootwrap /etc/cinder/rootwrap.conf chmod ugo+rw /opt/stack/data/cinder/mnt/44ee6b1d887f9e6299d72c0fe4892869/volume-580a383f-7f36-4426-a6ad-a870fc9ee3e9.9f740902-0c21-43dc-93b5-90b7f821038f
Aug 18 15:59:22 devstack sudo[102391]: pam_unix(sudo:session): session opened for user root(uid=0) by (uid=1000)
Aug 18 15:59:22 devstack sudo[102391]: pam_unix(sudo:session): session closed for user root
Aug 18 15:59:22 devstack cinder-volume[93912]: DEBUG oslo_concurrency.processutils [None req-ed43cf0b-a8b7-49d3-98a3-aa8d7f115858 tempest-GroupSnapshotsTest-953814575 None] CMD "sudo cinder-rootwrap /etc/cinder/rootwrap.conf chmod ugo+rw /opt/stack/data/cinder/mnt/44ee6b1d887f9e6299d72c0fe4892869/volume-580a383f-7f36-4426-a6ad-a870fc9ee3e9.9f740902-0c21-43dc-93b5-90b7f821038f" returned: 0 in 0.455s {{(pid=93912) execute /opt/stack/data/venv/lib/python3.12/site-packages/oslo_concurrency/processutils.py:468}}
Aug 18 15:59:22 devstack cinder-volume[93912]: DEBUG oslo_concurrency.processutils [None req-ed43cf0b-a8b7-49d3-98a3-aa8d7f115858 tempest-GroupSnapshotsTest-953814575 None] Running cmd (subprocess): sudo cinder-rootwrap /etc/cinder/rootwrap.conf truncate -s0 /opt/stack/data/cinder/mnt/44ee6b1d887f9e6299d72c0fe4892869/volume-580a383f-7f36-4426-a6ad-a870fc9ee3e9.info {{(pid=93912) execute /opt/stack/data/venv/lib/python3.12/site-packages/oslo_concurrency/processutils.py:440}}
Aug 18 15:59:22 devstack sudo[102395]: quobyte : PWD=/ ; USER=root ; COMMAND=/opt/stack/data/venv/bin/cinder-rootwrap /etc/cinder/rootwrap.conf truncate -s0 /opt/stack/data/cinder/mnt/44ee6b1d887f9e6299d72c0fe4892869/volume-580a383f-7f36-4426-a6ad-a870fc9ee3e9.info
Aug 18 15:59:22 devstack sudo[102395]: pam_unix(sudo:session): session opened for user root(uid=0) by (uid=1000)
Aug 18 15:59:22 devstack sudo[102395]: pam_unix(sudo:session): session closed for user root
Aug 18 15:59:22 devstack cinder-volume[93912]: DEBUG oslo_concurrency.processutils [None req-ed43cf0b-a8b7-49d3-98a3-aa8d7f115858 tempest-GroupSnapshotsTest-953814575 None] CMD "sudo cinder-rootwrap /etc/cinder/rootwrap.conf truncate -s0 /opt/stack/data/cinder/mnt/44ee6b1d887f9e6299d72c0fe4892869/volume-580a383f-7f36-4426-a6ad-a870fc9ee3e9.info" returned: 0 in 0.348s {{(pid=93912) execute /opt/stack/data/venv/lib/python3.12/site-packages/oslo_concurrency/processutils.py:468}}
Aug 18 15:59:22 devstack cinder-volume[93912]: WARNING cinder.volume.drivers.remotefs [None req-ed43cf0b-a8b7-49d3-98a3-aa8d7f115858 tempest-GroupSnapshotsTest-953814575 None] /opt/stack/data/cinder/mnt/44ee6b1d887f9e6299d72c0fe4892869/volume-580a383f-7f36-4426-a6ad-a870fc9ee3e9.info is being set with open permissions: ugo+rw: NotImplementedError
Aug 18 15:59:22 devstack cinder-volume[93912]: DEBUG oslo_concurrency.processutils [None req-ed43cf0b-a8b7-49d3-98a3-aa8d7f115858 tempest-GroupSnapshotsTest-953814575 None] Running cmd (subprocess): sudo cinder-rootwrap /etc/cinder/rootwrap.conf chmod ugo+rw /opt/stack/data/cinder/mnt/44ee6b1d887f9e6299d72c0fe4892869/volume-580a383f-7f36-4426-a6ad-a870fc9ee3e9.info {{(pid=93912) execute /opt/stack/data/venv/lib/python3.12/site-packages/oslo_concurrency/processutils.py:440}}
Aug 18 15:59:23 devstack sudo[102399]: quobyte : PWD=/ ; USER=root ; COMMAND=/opt/stack/data/venv/bin/cinder-rootwrap /etc/cinder/rootwrap.conf chmod ugo+rw /opt/stack/data/cinder/mnt/44ee6b1d887f9e6299d72c0fe4892869/volume-580a383f-7f36-4426-a6ad-a870fc9ee3e9.info
Aug 18 15:59:23 devstack sudo[102399]: pam_unix(sudo:session): session opened for user root(uid=0) by (uid=1000)
Aug 18 15:59:23 devstack sudo[102399]: pam_unix(sudo:session): session closed for user root
Aug 18 15:59:23 devstack cinder-volume[93912]: DEBUG oslo_concurrency.processutils [None req-ed43cf0b-a8b7-49d3-98a3-aa8d7f115858 tempest-GroupSnapshotsTest-953814575 None] CMD "sudo cinder-rootwrap /etc/cinder/rootwrap.conf chmod ugo+rw /opt/stack/data/cinder/mnt/44ee6b1d887f9e6299d72c0fe4892869/volume-580a383f-7f36-4426-a6ad-a870fc9ee3e9.info" returned: 0 in 0.618s {{(pid=93912) execute /opt/stack/data/venv/lib/python3.12/site-packages/oslo_concurrency/processutils.py:468}}
Aug 18 15:59:23 devstack cinder-volume[93912]: DEBUG oslo_concurrency.lockutils [None req-ed43cf0b-a8b7-49d3-98a3-aa8d7f115858 tempest-GroupSnapshotsTest-953814575 None] Lock "quobyte" "released" by "cinder.volume.drivers.quobyte.QuobyteDriver.create_snapshot" :: held 3.543s {{(pid=93912) inner /opt/stack/data/venv/lib/python3.12/site-packages/oslo_concurrency/lockutils.py:544}}
Aug 18 15:59:23 devstack cinder-volume[93912]: DEBUG oslo_concurrency.lockutils [None req-ba4ecd68-fbde-476c-90e3-52f2f6b3597e tempest-VolumesListAdminTestJSON-131985195 None] Lock "quobyte" acquired by "cinder.volume.drivers.quobyte.QuobyteDriver.create_volume" :: waited 4.415s {{(pid=93912) inner /opt/stack/data/venv/lib/python3.12/site-packages/oslo_concurrency/lockutils.py:525}}
Aug 18 15:59:23 devstack cinder-volume[93912]: DEBUG cinder.volume.drivers.quobyte [None req-ba4ecd68-fbde-476c-90e3-52f2f6b3597e tempest-VolumesListAdminTestJSON-131985195 None] ==> create_volume: call "{'self': , 'volume': Volume(_name_id=None,admin_metadata=,attach_status='detached',availability_zone='nova',bootable=False,cluster=,cluster_name=None,consistencygroup=,consistencygroup_id=None,created_at=2026-08-18T13:59:18Z,deleted=False,deleted_at=None,display_description=None,display_name='tempest-VolumesListAdminTestJSON-Volume-906315205',ec2_id=None,encryption_key_id=None,glance_metadata=,group=,group_id=None,host='devstack@QuobyteHD#QuobyteHD',id=3d13a5e6-50bf-4f9d-b0cd-e36199b75f57,launched_at=None,metadata={},migration_status=None,multiattach=False,previous_status=None,project_id='5fd9b36389f242609bbff08865a79a9d',provider_auth=None,provider_geometry=None,provider_id=None,provider_location=None,replication_driver_data=None,replication_extended_status=None,replication_status=None,scheduled_at=2026-08-18T13:59:19Z,service_uuid=None,shared_targets=True,size=1,snapshot_id=None,snapshots=,source_volid=None,status='creating',terminated_at=None,updated_at=2026-08-18T13:59:19Z,use_quota=True,user_id='6c1b5e4a034143e39dbc02e41900fde1',volume_attachment=VolumeAttachmentList,volume_type=VolumeType(a20c132a-35af-4745-b94c-a2227806d201),volume_type_id=a20c132a-35af-4745-b94c-a2227806d201)}" {{(pid=93912) trace_logging_wrapper /opt/stack/cinder/cinder/volume/volume_utils.py:1497}}
Aug 18 15:59:23 devstack cinder-volume[93912]: DEBUG cinder.volume.drivers.remotefs [None req-ba4ecd68-fbde-476c-90e3-52f2f6b3597e tempest-VolumesListAdminTestJSON-131985195 None] Creating volume 3d13a5e6-50bf-4f9d-b0cd-e36199b75f57 {{(pid=93912) create_volume /opt/stack/cinder/cinder/volume/drivers/remotefs.py:292}}
Aug 18 15:59:23 devstack cinder-volume[93912]: DEBUG oslo_concurrency.lockutils [None req-ba4ecd68-fbde-476c-90e3-52f2f6b3597e tempest-VolumesListAdminTestJSON-131985195 None] Acquiring lock "quobyte_ensure" by "cinder.volume.drivers.quobyte.QuobyteDriver._ensure_shares_mounted" {{(pid=93912) inner /opt/stack/data/venv/lib/python3.12/site-packages/oslo_concurrency/lockutils.py:512}}
Aug 18 15:59:23 devstack cinder-volume[93912]: DEBUG oslo_concurrency.lockutils [None req-ba4ecd68-fbde-476c-90e3-52f2f6b3597e tempest-VolumesListAdminTestJSON-131985195 None] Lock "quobyte_ensure" acquired by "cinder.volume.drivers.quobyte.QuobyteDriver._ensure_shares_mounted" :: waited 0.001s {{(pid=93912) inner /opt/stack/data/venv/lib/python3.12/site-packages/oslo_concurrency/lockutils.py:525}}
Aug 18 15:59:23 devstack cinder-volume[93912]: DEBUG cinder.volume.drivers.quobyte [None req-ba4ecd68-fbde-476c-90e3-52f2f6b3597e tempest-VolumesListAdminTestJSON-131985195 None] Quobyte Volume URL set to: {'osci02.corp.quobyte.com/cinder-vol-290bbe76-c350-4220-a431-f4936461f623': None} {{(pid=93912) _load_shares_config /opt/stack/cinder/cinder/volume/drivers/quobyte.py:617}}
Aug 18 15:59:23 devstack cinder-volume[93912]: DEBUG cinder.volume.drivers.quobyte [None req-ba4ecd68-fbde-476c-90e3-52f2f6b3597e tempest-VolumesListAdminTestJSON-131985195 None] Available shares ['osci02.corp.quobyte.com/cinder-vol-290bbe76-c350-4220-a431-f4936461f623'] {{(pid=93912) _ensure_shares_mounted /opt/stack/cinder/cinder/volume/drivers/quobyte.py:647}}
Aug 18 15:59:23 devstack cinder-volume[93912]: DEBUG oslo_concurrency.lockutils [None req-ba4ecd68-fbde-476c-90e3-52f2f6b3597e tempest-VolumesListAdminTestJSON-131985195 None] Lock "quobyte_ensure" "released" by "cinder.volume.drivers.quobyte.QuobyteDriver._ensure_shares_mounted" :: held 0.010s {{(pid=93912) inner /opt/stack/data/venv/lib/python3.12/site-packages/oslo_concurrency/lockutils.py:544}}
Aug 18 15:59:23 devstack cinder-volume[93912]: DEBUG cinder.volume.drivers.quobyte [None req-ba4ecd68-fbde-476c-90e3-52f2f6b3597e tempest-VolumesListAdminTestJSON-131985195 None] Selected osci02.corp.quobyte.com/cinder-vol-290bbe76-c350-4220-a431-f4936461f623 as target Quobyte volume. {{(pid=93912) _find_share /opt/stack/cinder/cinder/volume/drivers/quobyte.py:668}}
Aug 18 15:59:23 devstack cinder-volume[93912]: INFO cinder.volume.drivers.remotefs [None req-ba4ecd68-fbde-476c-90e3-52f2f6b3597e tempest-VolumesListAdminTestJSON-131985195 None] casted to osci02.corp.quobyte.com/cinder-vol-290bbe76-c350-4220-a431-f4936461f623
Aug 18 15:59:23 devstack cinder-volume[93912]: DEBUG oslo_concurrency.processutils [None req-ba4ecd68-fbde-476c-90e3-52f2f6b3597e tempest-VolumesListAdminTestJSON-131985195 None] Running cmd (subprocess): sudo cinder-rootwrap /etc/cinder/rootwrap.conf qemu-img create -f qcow2 -o preallocation=metadata /opt/stack/data/cinder/mnt/44ee6b1d887f9e6299d72c0fe4892869/volume-3d13a5e6-50bf-4f9d-b0cd-e36199b75f57 1073741824 {{(pid=93912) execute /opt/stack/data/venv/lib/python3.12/site-packages/oslo_concurrency/processutils.py:440}}
Aug 18 15:59:23 devstack sudo[102403]: quobyte : PWD=/ ; USER=root ; COMMAND=/opt/stack/data/venv/bin/cinder-rootwrap /etc/cinder/rootwrap.conf qemu-img create -f qcow2 -o preallocation=metadata /opt/stack/data/cinder/mnt/44ee6b1d887f9e6299d72c0fe4892869/volume-3d13a5e6-50bf-4f9d-b0cd-e36199b75f57 1073741824
Aug 18 15:59:23 devstack sudo[102403]: pam_unix(sudo:session): session opened for user root(uid=0) by (uid=1000)
Aug 18 15:59:23 devstack cinder-volume[93912]: INFO cinder.volume.manager [None req-ed43cf0b-a8b7-49d3-98a3-aa8d7f115858 tempest-GroupSnapshotsTest-953814575 None] group_snapshot 4314e79b-b532-4650-81fa-50f5470f8424: created successfully
Aug 18 15:59:24 devstack sudo[102403]: pam_unix(sudo:session): session closed for user root
Aug 18 15:59:24 devstack cinder-volume[93912]: DEBUG oslo_concurrency.processutils [None req-ba4ecd68-fbde-476c-90e3-52f2f6b3597e tempest-VolumesListAdminTestJSON-131985195 None] CMD "sudo cinder-rootwrap /etc/cinder/rootwrap.conf qemu-img create -f qcow2 -o preallocation=metadata /opt/stack/data/cinder/mnt/44ee6b1d887f9e6299d72c0fe4892869/volume-3d13a5e6-50bf-4f9d-b0cd-e36199b75f57 1073741824" returned: 0 in 0.729s {{(pid=93912) execute /opt/stack/data/venv/lib/python3.12/site-packages/oslo_concurrency/processutils.py:468}}
Aug 18 15:59:24 devstack cinder-volume[93912]: DEBUG oslo_concurrency.processutils [None req-ba4ecd68-fbde-476c-90e3-52f2f6b3597e tempest-VolumesListAdminTestJSON-131985195 None] Running cmd (subprocess): sudo cinder-rootwrap /etc/cinder/rootwrap.conf chmod ugo+rw /opt/stack/data/cinder/mnt/44ee6b1d887f9e6299d72c0fe4892869/volume-3d13a5e6-50bf-4f9d-b0cd-e36199b75f57 {{(pid=93912) execute /opt/stack/data/venv/lib/python3.12/site-packages/oslo_concurrency/processutils.py:440}}
Aug 18 15:59:24 devstack sudo[102410]: quobyte : PWD=/ ; USER=root ; COMMAND=/opt/stack/data/venv/bin/cinder-rootwrap /etc/cinder/rootwrap.conf chmod ugo+rw /opt/stack/data/cinder/mnt/44ee6b1d887f9e6299d72c0fe4892869/volume-3d13a5e6-50bf-4f9d-b0cd-e36199b75f57
Aug 18 15:59:24 devstack sudo[102410]: pam_unix(sudo:session): session opened for user root(uid=0) by (uid=1000)
Aug 18 15:59:24 devstack cinder-volume[93912]: INFO cinder.volume.manager [None req-1f3e86c8-6090-4e7e-8910-14ef682e07ba tempest-GroupSnapshotsTest-953814575 None] group_snapshot 4314e79b-b532-4650-81fa-50f5470f8424: deleting
Aug 18 15:59:24 devstack cinder-volume[93912]: DEBUG cinder.volume.manager [None req-1f3e86c8-6090-4e7e-8910-14ef682e07ba tempest-GroupSnapshotsTest-953814575 None] group_snapshot 4314e79b-b532-4650-81fa-50f5470f8424: deleting {{(pid=93912) delete_group_snapshot /opt/stack/cinder/cinder/volume/manager.py:4350}}
Aug 18 15:59:24 devstack cinder-volume[93912]: DEBUG cinder.coordination [None req-1f3e86c8-6090-4e7e-8910-14ef682e07ba tempest-GroupSnapshotsTest-953814575 None] Acquiring lock "cinder-quobyte-65df259c-b0fe-4659-ae7d-0a45ad26bd14" by "delete_snapshot" {{(pid=93912) __acquire /opt/stack/cinder/cinder/coordination.py:138}}
Aug 18 15:59:24 devstack cinder-volume[93912]: DEBUG cinder.coordination [None req-1f3e86c8-6090-4e7e-8910-14ef682e07ba tempest-GroupSnapshotsTest-953814575 None] Lock "cinder-quobyte-65df259c-b0fe-4659-ae7d-0a45ad26bd14" acquired by "delete_snapshot" :: waited 0.040s {{(pid=93912) __acquire /opt/stack/cinder/cinder/coordination.py:141}}
Aug 18 15:59:24 devstack cinder-volume[93912]: DEBUG cinder.coordination [None req-1f3e86c8-6090-4e7e-8910-14ef682e07ba tempest-GroupSnapshotsTest-953814575 None] Acquiring lock "cinder-quobyte-8121b7eb-2774-408a-8887-1315e91574e0" by "_delete_snapshot" {{(pid=93912) __acquire /opt/stack/cinder/cinder/coordination.py:138}}
Aug 18 15:59:25 devstack sudo[102410]: pam_unix(sudo:session): session closed for user root
Aug 18 15:59:25 devstack cinder-volume[93912]: DEBUG cinder.coordination [None req-1f3e86c8-6090-4e7e-8910-14ef682e07ba tempest-GroupSnapshotsTest-953814575 None] Lock "cinder-quobyte-8121b7eb-2774-408a-8887-1315e91574e0" acquired by "_delete_snapshot" :: waited 0.026s {{(pid=93912) __acquire /opt/stack/cinder/cinder/coordination.py:141}}
Aug 18 15:59:25 devstack cinder-volume[93912]: DEBUG cinder.volume.drivers.remotefs [None req-1f3e86c8-6090-4e7e-8910-14ef682e07ba tempest-GroupSnapshotsTest-953814575 None] Deleting offline snapshot 8121b7eb-2774-408a-8887-1315e91574e0 of volume 65df259c-b0fe-4659-ae7d-0a45ad26bd14 {{(pid=93912) _delete_snapshot /opt/stack/cinder/cinder/volume/drivers/remotefs.py:1288}}
Aug 18 15:59:25 devstack cinder-volume[93912]: DEBUG cinder.volume.drivers.remotefs [None req-1f3e86c8-6090-4e7e-8910-14ef682e07ba tempest-GroupSnapshotsTest-953814575 None] snapshot_file for this snap is: volume-65df259c-b0fe-4659-ae7d-0a45ad26bd14.8121b7eb-2774-408a-8887-1315e91574e0 {{(pid=93912) _delete_snapshot /opt/stack/cinder/cinder/volume/drivers/remotefs.py:1317}}
Aug 18 15:59:25 devstack cinder-volume[93912]: DEBUG oslo_concurrency.processutils [None req-ba4ecd68-fbde-476c-90e3-52f2f6b3597e tempest-VolumesListAdminTestJSON-131985195 None] CMD "sudo cinder-rootwrap /etc/cinder/rootwrap.conf chmod ugo+rw /opt/stack/data/cinder/mnt/44ee6b1d887f9e6299d72c0fe4892869/volume-3d13a5e6-50bf-4f9d-b0cd-e36199b75f57" returned: 0 in 0.596s {{(pid=93912) execute /opt/stack/data/venv/lib/python3.12/site-packages/oslo_concurrency/processutils.py:468}}
Aug 18 15:59:25 devstack cinder-volume[93912]: DEBUG cinder.volume.drivers.quobyte [None req-ba4ecd68-fbde-476c-90e3-52f2f6b3597e tempest-VolumesListAdminTestJSON-131985195 None] <== create_volume: return (1394ms) {'provider_location': 'osci02.corp.quobyte.com/cinder-vol-290bbe76-c350-4220-a431-f4936461f623'} {{(pid=93912) trace_logging_wrapper /opt/stack/cinder/cinder/volume/volume_utils.py:1522}}
Aug 18 15:59:25 devstack cinder-volume[93912]: DEBUG oslo_concurrency.lockutils [None req-ba4ecd68-fbde-476c-90e3-52f2f6b3597e tempest-VolumesListAdminTestJSON-131985195 None] Lock "quobyte" "released" by "cinder.volume.drivers.quobyte.QuobyteDriver.create_volume" :: held 1.407s {{(pid=93912) inner /opt/stack/data/venv/lib/python3.12/site-packages/oslo_concurrency/lockutils.py:544}}
Aug 18 15:59:25 devstack cinder-volume[93912]: DEBUG oslo.privsep.daemon [-] privsep: reply[969dcab3-bf26-4699-b215-bced7093e10e]: (4, 'qcow2') {{(pid=94984) _call_back /opt/stack/data/venv/lib/python3.12/site-packages/oslo_privsep/daemon.py:580}}
Aug 18 15:59:25 devstack cinder-volume[93912]: DEBUG oslo_concurrency.processutils [None req-1f3e86c8-6090-4e7e-8910-14ef682e07ba tempest-GroupSnapshotsTest-953814575 None] Running cmd (subprocess): /opt/stack/data/venv/bin/python3.12 -m oslo_concurrency.prlimit --as=1073741824 --cpu=60 -- sudo cinder-rootwrap /etc/cinder/rootwrap.conf env LC_ALL=C qemu-img info -f qcow2 --output=json --force-share /opt/stack/data/cinder/mnt/44ee6b1d887f9e6299d72c0fe4892869/volume-65df259c-b0fe-4659-ae7d-0a45ad26bd14.8121b7eb-2774-408a-8887-1315e91574e0 {{(pid=93912) execute /opt/stack/data/venv/lib/python3.12/site-packages/oslo_concurrency/processutils.py:440}}
Aug 18 15:59:25 devstack cinder-volume[93912]: DEBUG cinder.volume.manager [None req-ba4ecd68-fbde-476c-90e3-52f2f6b3597e tempest-VolumesListAdminTestJSON-131985195 None] Task 'cinder.volume.flows.manager.create_volume.CreateVolumeFromSpecTask;volume:create' (9b3e6c99-ce10-4676-ae92-d0d2d6f28232) transitioned into state 'SUCCESS' from state 'RUNNING' with result '{'status': 'creating', 'volume_name': 'volume-3d13a5e6-50bf-4f9d-b0cd-e36199b75f57', 'volume_size': 1}' {{(pid=93912) _task_receiver /opt/stack/data/venv/lib/python3.12/site-packages/taskflow/listeners/logging.py:218}}
Aug 18 15:59:25 devstack cinder-volume[93912]: DEBUG cinder.volume.manager [None req-ba4ecd68-fbde-476c-90e3-52f2f6b3597e tempest-VolumesListAdminTestJSON-131985195 None] Task 'cinder.volume.flows.manager.create_volume.CreateVolumeOnFinishTask;volume:create, create.end' (9ed7943d-5a6f-4034-8006-0d9922183174) transitioned into state 'RUNNING' from state 'PENDING' {{(pid=93912) _task_receiver /opt/stack/data/venv/lib/python3.12/site-packages/taskflow/listeners/logging.py:242}}
Aug 18 15:59:25 devstack cinder-volume[93912]: INFO cinder.volume.flows.manager.create_volume [None req-ba4ecd68-fbde-476c-90e3-52f2f6b3597e tempest-VolumesListAdminTestJSON-131985195 None] Volume volume-3d13a5e6-50bf-4f9d-b0cd-e36199b75f57 (3d13a5e6-50bf-4f9d-b0cd-e36199b75f57): created successfully
Aug 18 15:59:25 devstack cinder-volume[93912]: DEBUG cinder.volume.manager [None req-ba4ecd68-fbde-476c-90e3-52f2f6b3597e tempest-VolumesListAdminTestJSON-131985195 None] Task 'cinder.volume.flows.manager.create_volume.CreateVolumeOnFinishTask;volume:create, create.end' (9ed7943d-5a6f-4034-8006-0d9922183174) transitioned into state 'SUCCESS' from state 'RUNNING' with result 'None' {{(pid=93912) _task_receiver /opt/stack/data/venv/lib/python3.12/site-packages/taskflow/listeners/logging.py:218}}
Aug 18 15:59:25 devstack cinder-volume[93912]: DEBUG cinder.volume.manager [None req-ba4ecd68-fbde-476c-90e3-52f2f6b3597e tempest-VolumesListAdminTestJSON-131985195 None] Flow 'volume_create_manager' (8e943cd2-ac7d-48b5-a225-7177b0204929) transitioned into state 'SUCCESS' from state 'RUNNING' {{(pid=93912) _flow_receiver /opt/stack/data/venv/lib/python3.12/site-packages/taskflow/listeners/logging.py:160}}
Aug 18 15:59:25 devstack cinder-volume[93912]: INFO cinder.volume.manager [None req-ba4ecd68-fbde-476c-90e3-52f2f6b3597e tempest-VolumesListAdminTestJSON-131985195 None] Created volume successfully.
Aug 18 15:59:25 devstack sudo[102414]: quobyte : PWD=/ ; USER=root ; COMMAND=/opt/stack/data/venv/bin/cinder-rootwrap /etc/cinder/rootwrap.conf env LC_ALL=C qemu-img info -f qcow2 --output=json --force-share /opt/stack/data/cinder/mnt/44ee6b1d887f9e6299d72c0fe4892869/volume-65df259c-b0fe-4659-ae7d-0a45ad26bd14.8121b7eb-2774-408a-8887-1315e91574e0
Aug 18 15:59:25 devstack sudo[102414]: pam_unix(sudo:session): session opened for user root(uid=0) by (uid=1000)
Aug 18 15:59:26 devstack sudo[102414]: pam_unix(sudo:session): session closed for user root
Aug 18 15:59:26 devstack cinder-volume[93912]: DEBUG oslo_concurrency.processutils [None req-1f3e86c8-6090-4e7e-8910-14ef682e07ba tempest-GroupSnapshotsTest-953814575 None] CMD "/opt/stack/data/venv/bin/python3.12 -m oslo_concurrency.prlimit --as=1073741824 --cpu=60 -- sudo cinder-rootwrap /etc/cinder/rootwrap.conf env LC_ALL=C qemu-img info -f qcow2 --output=json --force-share /opt/stack/data/cinder/mnt/44ee6b1d887f9e6299d72c0fe4892869/volume-65df259c-b0fe-4659-ae7d-0a45ad26bd14.8121b7eb-2774-408a-8887-1315e91574e0" returned: 0 in 1.078s {{(pid=93912) execute /opt/stack/data/venv/lib/python3.12/site-packages/oslo_concurrency/processutils.py:468}}
Aug 18 15:59:26 devstack cinder-volume[93912]: DEBUG cinder.volume.drivers.remotefs [None req-1f3e86c8-6090-4e7e-8910-14ef682e07ba tempest-GroupSnapshotsTest-953814575 None] Fetching qemu-img info with special backing_file_template: (/opt/stack/data/cinder/mnt/[0-9a-f]+/)?(volume-65df259c-b0fe-4659-ae7d-0a45ad26bd14(.(tmp-snap-)?[0-9a-f-]+)?|volume_from_snapshot_cache/(tmp-snap-)?[0-9a-f-]+(.(child-|parent-)[0-9a-f-]+)?)$ {{(pid=93912) _qemu_img_info_base /opt/stack/cinder/cinder/volume/drivers/remotefs.py:896}}
Aug 18 15:59:26 devstack cinder-volume[93912]: DEBUG oslo.privsep.daemon [-] privsep: reply[d12c1e6f-441b-4782-94da-611cfc7cb630]: (4, 'qcow2') {{(pid=94984) _call_back /opt/stack/data/venv/lib/python3.12/site-packages/oslo_privsep/daemon.py:580}}
Aug 18 15:59:26 devstack cinder-volume[93912]: DEBUG oslo_concurrency.processutils [None req-1f3e86c8-6090-4e7e-8910-14ef682e07ba tempest-GroupSnapshotsTest-953814575 None] Running cmd (subprocess): /opt/stack/data/venv/bin/python3.12 -m oslo_concurrency.prlimit --as=1073741824 --cpu=60 -- sudo cinder-rootwrap /etc/cinder/rootwrap.conf env LC_ALL=C qemu-img info -f qcow2 --output=json --force-share /opt/stack/data/cinder/mnt/44ee6b1d887f9e6299d72c0fe4892869/volume-65df259c-b0fe-4659-ae7d-0a45ad26bd14 {{(pid=93912) execute /opt/stack/data/venv/lib/python3.12/site-packages/oslo_concurrency/processutils.py:440}}
Aug 18 15:59:26 devstack sudo[102421]: quobyte : PWD=/ ; USER=root ; COMMAND=/opt/stack/data/venv/bin/cinder-rootwrap /etc/cinder/rootwrap.conf env LC_ALL=C qemu-img info -f qcow2 --output=json --force-share /opt/stack/data/cinder/mnt/44ee6b1d887f9e6299d72c0fe4892869/volume-65df259c-b0fe-4659-ae7d-0a45ad26bd14
Aug 18 15:59:26 devstack sudo[102421]: pam_unix(sudo:session): session opened for user root(uid=0) by (uid=1000)
Aug 18 15:59:26 devstack cinder-volume[93912]: DEBUG cinder.volume.flows.manager.create_volume [None req-7b5106ef-b46e-44b7-9910-6d5496e487b2 tempest-VolumesListAdminTestJSON-573977843 None] Volume reschedule parameters: True retry: {'num_attempts': 1, 'backends': ['devstack@QuobyteHD#QuobyteHD'], 'hosts': ['devstack@QuobyteHD#QuobyteHD']} {{(pid=93912) get_flow /opt/stack/cinder/cinder/volume/flows/manager/create_volume.py:1397}}
Aug 18 15:59:26 devstack cinder-volume[93912]: DEBUG cinder.volume.manager [None req-7b5106ef-b46e-44b7-9910-6d5496e487b2 tempest-VolumesListAdminTestJSON-573977843 None] Flow 'volume_create_manager' (32391a13-514a-4da6-9b75-fd1ed9160ee6) transitioned into state 'RUNNING' from state 'PENDING' {{(pid=93912) _flow_receiver /opt/stack/data/venv/lib/python3.12/site-packages/taskflow/listeners/logging.py:160}}
Aug 18 15:59:26 devstack cinder-volume[93912]: DEBUG cinder.volume.manager [None req-7b5106ef-b46e-44b7-9910-6d5496e487b2 tempest-VolumesListAdminTestJSON-573977843 None] Task 'cinder.volume.flows.manager.create_volume.ExtractVolumeRefTask;volume:create' (c1f28591-b358-473c-af3f-af1c508e9339) transitioned into state 'RUNNING' from state 'PENDING' {{(pid=93912) _task_receiver /opt/stack/data/venv/lib/python3.12/site-packages/taskflow/listeners/logging.py:242}}
Aug 18 15:59:26 devstack sudo[102421]: pam_unix(sudo:session): session closed for user root
