Aug 18 15:47:52 devstack devstack@g-api.service[83568]: DEBUG glance.common.config [None req-efc5d2a6-65b2-4efe-81b5-eeef7450e064 None None] barbican_service_user.certfile = None {{(pid=83568) log_opt_values /opt/stack/data/venv/lib/python3.12/site-packages/oslo_config/cfg.py:3560}}
Aug 18 15:47:52 devstack devstack@g-api.service[83568]: DEBUG glance.common.config [None req-efc5d2a6-65b2-4efe-81b5-eeef7450e064 None None] barbican_service_user.collect_timing = False {{(pid=83568) log_opt_values /opt/stack/data/venv/lib/python3.12/site-packages/oslo_config/cfg.py:3560}}
Aug 18 15:47:52 devstack devstack@g-api.service[83568]: DEBUG glance.common.config [None req-efc5d2a6-65b2-4efe-81b5-eeef7450e064 None None] barbican_service_user.insecure = False {{(pid=83568) log_opt_values /opt/stack/data/venv/lib/python3.12/site-packages/oslo_config/cfg.py:3560}}
Aug 18 15:47:52 devstack devstack@g-api.service[83568]: DEBUG glance.common.config [None req-efc5d2a6-65b2-4efe-81b5-eeef7450e064 None None] barbican_service_user.keyfile = None {{(pid=83568) log_opt_values /opt/stack/data/venv/lib/python3.12/site-packages/oslo_config/cfg.py:3560}}
Aug 18 15:47:52 devstack devstack@g-api.service[83568]: DEBUG glance.common.config [None req-efc5d2a6-65b2-4efe-81b5-eeef7450e064 None None] barbican_service_user.split_loggers = False {{(pid=83568) log_opt_values /opt/stack/data/venv/lib/python3.12/site-packages/oslo_config/cfg.py:3560}}
Aug 18 15:47:52 devstack devstack@g-api.service[83568]: DEBUG glance.common.config [None req-efc5d2a6-65b2-4efe-81b5-eeef7450e064 None None] barbican_service_user.timeout = None {{(pid=83568) log_opt_values /opt/stack/data/venv/lib/python3.12/site-packages/oslo_config/cfg.py:3560}}
Aug 18 15:47:52 devstack devstack@g-api.service[83568]: DEBUG glance.common.config [None req-efc5d2a6-65b2-4efe-81b5-eeef7450e064 None None] database.asyncio_connection = **** {{(pid=83568) log_opt_values /opt/stack/data/venv/lib/python3.12/site-packages/oslo_config/cfg.py:3560}}
Aug 18 15:47:52 devstack devstack@g-api.service[83568]: DEBUG glance.common.config [None req-efc5d2a6-65b2-4efe-81b5-eeef7450e064 None None] database.asyncio_slave_connection = **** {{(pid=83568) log_opt_values /opt/stack/data/venv/lib/python3.12/site-packages/oslo_config/cfg.py:3560}}
Aug 18 15:47:52 devstack devstack@g-api.service[83568]: DEBUG glance.common.config [None req-efc5d2a6-65b2-4efe-81b5-eeef7450e064 None None] database.backend = sqlalchemy {{(pid=83568) log_opt_values /opt/stack/data/venv/lib/python3.12/site-packages/oslo_config/cfg.py:3560}}
Aug 18 15:47:52 devstack devstack@g-api.service[83568]: DEBUG glance.common.config [None req-efc5d2a6-65b2-4efe-81b5-eeef7450e064 None None] database.connection = **** {{(pid=83568) log_opt_values /opt/stack/data/venv/lib/python3.12/site-packages/oslo_config/cfg.py:3560}}
Aug 18 15:47:52 devstack devstack@g-api.service[83568]: DEBUG glance.common.config [None req-efc5d2a6-65b2-4efe-81b5-eeef7450e064 None None] database.connection_debug = 0 {{(pid=83568) log_opt_values /opt/stack/data/venv/lib/python3.12/site-packages/oslo_config/cfg.py:3560}}
Aug 18 15:47:52 devstack devstack@g-api.service[83568]: DEBUG glance.common.config [None req-efc5d2a6-65b2-4efe-81b5-eeef7450e064 None None] database.connection_parameters = {{(pid=83568) log_opt_values /opt/stack/data/venv/lib/python3.12/site-packages/oslo_config/cfg.py:3560}}
Aug 18 15:47:52 devstack devstack@g-api.service[83568]: DEBUG glance.common.config [None req-efc5d2a6-65b2-4efe-81b5-eeef7450e064 None None] database.connection_recycle_time = 3600 {{(pid=83568) log_opt_values /opt/stack/data/venv/lib/python3.12/site-packages/oslo_config/cfg.py:3560}}
Aug 18 15:47:52 devstack devstack@g-api.service[83568]: DEBUG glance.common.config [None req-efc5d2a6-65b2-4efe-81b5-eeef7450e064 None None] database.connection_trace = False {{(pid=83568) log_opt_values /opt/stack/data/venv/lib/python3.12/site-packages/oslo_config/cfg.py:3560}}
Aug 18 15:47:52 devstack devstack@g-api.service[83568]: DEBUG glance.common.config [None req-efc5d2a6-65b2-4efe-81b5-eeef7450e064 None None] database.db_inc_retry_interval = True {{(pid=83568) log_opt_values /opt/stack/data/venv/lib/python3.12/site-packages/oslo_config/cfg.py:3560}}
Aug 18 15:47:52 devstack devstack@g-api.service[83568]: DEBUG glance.common.config [None req-efc5d2a6-65b2-4efe-81b5-eeef7450e064 None None] database.db_max_retries = 20 {{(pid=83568) log_opt_values /opt/stack/data/venv/lib/python3.12/site-packages/oslo_config/cfg.py:3560}}
Aug 18 15:47:52 devstack devstack@g-api.service[83568]: DEBUG glance.common.config [None req-efc5d2a6-65b2-4efe-81b5-eeef7450e064 None None] database.db_max_retry_interval = 10 {{(pid=83568) log_opt_values /opt/stack/data/venv/lib/python3.12/site-packages/oslo_config/cfg.py:3560}}
Aug 18 15:47:52 devstack devstack@g-api.service[83568]: DEBUG glance.common.config [None req-efc5d2a6-65b2-4efe-81b5-eeef7450e064 None None] database.db_retry_interval = 1 {{(pid=83568) log_opt_values /opt/stack/data/venv/lib/python3.12/site-packages/oslo_config/cfg.py:3560}}
Aug 18 15:47:52 devstack devstack@g-api.service[83568]: DEBUG glance.common.config [None req-efc5d2a6-65b2-4efe-81b5-eeef7450e064 None None] database.max_overflow = 50 {{(pid=83568) log_opt_values /opt/stack/data/venv/lib/python3.12/site-packages/oslo_config/cfg.py:3560}}
Aug 18 15:47:52 devstack devstack@g-api.service[83568]: DEBUG glance.common.config [None req-efc5d2a6-65b2-4efe-81b5-eeef7450e064 None None] database.max_pool_size = 5 {{(pid=83568) log_opt_values /opt/stack/data/venv/lib/python3.12/site-packages/oslo_config/cfg.py:3560}}
Aug 18 15:47:52 devstack devstack@g-api.service[83568]: DEBUG glance.common.config [None req-efc5d2a6-65b2-4efe-81b5-eeef7450e064 None None] database.max_retries = 10 {{(pid=83568) log_opt_values /opt/stack/data/venv/lib/python3.12/site-packages/oslo_config/cfg.py:3560}}
Aug 18 15:47:52 devstack devstack@g-api.service[83568]: DEBUG glance.common.config [None req-efc5d2a6-65b2-4efe-81b5-eeef7450e064 None None] database.mysql_sql_mode = TRADITIONAL {{(pid=83568) log_opt_values /opt/stack/data/venv/lib/python3.12/site-packages/oslo_config/cfg.py:3560}}
Aug 18 15:47:52 devstack devstack@g-api.service[83568]: DEBUG glance.common.config [None req-efc5d2a6-65b2-4efe-81b5-eeef7450e064 None None] database.mysql_wsrep_sync_wait = None {{(pid=83568) log_opt_values /opt/stack/data/venv/lib/python3.12/site-packages/oslo_config/cfg.py:3560}}
Aug 18 15:47:52 devstack devstack@g-api.service[83568]: DEBUG glance.common.config [None req-efc5d2a6-65b2-4efe-81b5-eeef7450e064 None None] database.pool_timeout = None {{(pid=83568) log_opt_values /opt/stack/data/venv/lib/python3.12/site-packages/oslo_config/cfg.py:3560}}
Aug 18 15:47:52 devstack devstack@g-api.service[83568]: DEBUG glance.common.config [None req-efc5d2a6-65b2-4efe-81b5-eeef7450e064 None None] database.retry_interval = 10 {{(pid=83568) log_opt_values /opt/stack/data/venv/lib/python3.12/site-packages/oslo_config/cfg.py:3560}}
Aug 18 15:47:52 devstack devstack@g-api.service[83568]: DEBUG glance.common.config [None req-efc5d2a6-65b2-4efe-81b5-eeef7450e064 None None] database.slave_connection = **** {{(pid=83568) log_opt_values /opt/stack/data/venv/lib/python3.12/site-packages/oslo_config/cfg.py:3560}}
Aug 18 15:47:52 devstack devstack@g-api.service[83568]: DEBUG glance.common.config [None req-efc5d2a6-65b2-4efe-81b5-eeef7450e064 None None] database.sqlite_synchronous = True {{(pid=83568) log_opt_values /opt/stack/data/venv/lib/python3.12/site-packages/oslo_config/cfg.py:3560}}
Aug 18 15:47:52 devstack devstack@g-api.service[83568]: DEBUG glance.common.config [None req-efc5d2a6-65b2-4efe-81b5-eeef7450e064 None None] database.synchronous_reader = True {{(pid=83568) log_opt_values /opt/stack/data/venv/lib/python3.12/site-packages/oslo_config/cfg.py:3560}}
Aug 18 15:47:52 devstack devstack@g-api.service[83568]: DEBUG glance.common.config [None req-efc5d2a6-65b2-4efe-81b5-eeef7450e064 None None] database.use_db_reconnect = False {{(pid=83568) log_opt_values /opt/stack/data/venv/lib/python3.12/site-packages/oslo_config/cfg.py:3560}}
Aug 18 15:47:52 devstack devstack@g-api.service[83568]: DEBUG glance.common.config [None req-efc5d2a6-65b2-4efe-81b5-eeef7450e064 None None] healthcheck.allowed_source_ranges = [] {{(pid=83568) log_opt_values /opt/stack/data/venv/lib/python3.12/site-packages/oslo_config/cfg.py:3560}}
Aug 18 15:47:52 devstack devstack@g-api.service[83568]: DEBUG glance.common.config [None req-efc5d2a6-65b2-4efe-81b5-eeef7450e064 None None] healthcheck.backends = ['disable_by_file'] {{(pid=83568) log_opt_values /opt/stack/data/venv/lib/python3.12/site-packages/oslo_config/cfg.py:3560}}
Aug 18 15:47:52 devstack devstack@g-api.service[83568]: DEBUG glance.common.config [None req-efc5d2a6-65b2-4efe-81b5-eeef7450e064 None None] healthcheck.detailed = False {{(pid=83568) log_opt_values /opt/stack/data/venv/lib/python3.12/site-packages/oslo_config/cfg.py:3560}}
Aug 18 15:47:52 devstack devstack@g-api.service[83568]: DEBUG glance.common.config [None req-efc5d2a6-65b2-4efe-81b5-eeef7450e064 None None] healthcheck.disable_by_file_path = None {{(pid=83568) log_opt_values /opt/stack/data/venv/lib/python3.12/site-packages/oslo_config/cfg.py:3560}}
Aug 18 15:47:52 devstack devstack@g-api.service[83568]: DEBUG glance.common.config [None req-efc5d2a6-65b2-4efe-81b5-eeef7450e064 None None] healthcheck.ignore_proxied_requests = False {{(pid=83568) log_opt_values /opt/stack/data/venv/lib/python3.12/site-packages/oslo_config/cfg.py:3560}}
Aug 18 15:47:52 devstack devstack@g-api.service[83568]: DEBUG glance.common.config [None req-efc5d2a6-65b2-4efe-81b5-eeef7450e064 None None] ******************************************************************************** {{(pid=83568) log_opt_values /opt/stack/data/venv/lib/python3.12/site-packages/oslo_config/cfg.py:3567}}
Aug 18 15:47:52 devstack devstack@g-api.service[83568]: WSGI app 0 (mountpoint='') ready in 6 seconds on interpreter 0x79d8c3aa4668 pid: 83568 (default app)
Aug 18 15:47:56 devstack devstack@g-api.service[83566]: DEBUG glance.api.middleware.version_negotiation [None req-5facc6ce-03da-4c80-9604-489187fc2476 None None] Determining version of request: GET / Accept: application/json {{(pid=83566) process_request /opt/stack/glance/glance/api/middleware/version_negotiation.py:44}}
Aug 18 15:47:56 devstack devstack@g-api.service[83566]: DEBUG glance.api.middleware.version_negotiation [None req-5facc6ce-03da-4c80-9604-489187fc2476 None None] Using url versioning {{(pid=83566) process_request /opt/stack/glance/glance/api/middleware/version_negotiation.py:57}}
Aug 18 15:47:56 devstack devstack@g-api.service[83566]: DEBUG glance.api.middleware.version_negotiation [None req-5facc6ce-03da-4c80-9604-489187fc2476 None None] Unknown version. Returning version choices. {{(pid=83566) process_request /opt/stack/glance/glance/api/middleware/version_negotiation.py:64}}
Aug 18 15:47:56 devstack devstack@g-api.service[83566]: [pid: 83566|app: 0|req: 2/2] 127.0.0.1 () {34 vars in 519 bytes} [Tue Aug 18 15:47:56 2026] GET / => generated 1571 bytes in 3 msecs (HTTP/1.1 300) 3 headers in 106 bytes (1 switches on core 0)
Aug 18 15:47:56 devstack devstack@g-api.service[83568]: DEBUG glance.api.middleware.version_negotiation [None req-efc5d2a6-65b2-4efe-81b5-eeef7450e064 None None] Determining version of request: POST /v2/images Accept: */* {{(pid=83568) process_request /opt/stack/glance/glance/api/middleware/version_negotiation.py:44}}
Aug 18 15:47:56 devstack devstack@g-api.service[83568]: DEBUG glance.api.middleware.version_negotiation [None req-efc5d2a6-65b2-4efe-81b5-eeef7450e064 None None] Using url versioning {{(pid=83568) process_request /opt/stack/glance/glance/api/middleware/version_negotiation.py:57}}
Aug 18 15:47:56 devstack devstack@g-api.service[83568]: DEBUG glance.api.middleware.version_negotiation [None req-efc5d2a6-65b2-4efe-81b5-eeef7450e064 None None] Matched version: v2 {{(pid=83568) process_request /opt/stack/glance/glance/api/middleware/version_negotiation.py:69}}
Aug 18 15:47:56 devstack devstack@g-api.service[83568]: DEBUG glance.api.middleware.version_negotiation [None req-efc5d2a6-65b2-4efe-81b5-eeef7450e064 None None] new path /v2/images {{(pid=83568) process_request /opt/stack/glance/glance/api/middleware/version_negotiation.py:70}}
Aug 18 15:47:57 devstack devstack@g-api.service[83568]: [pid: 83568|app: 0|req: 1/3] 127.0.0.1 () {40 vars in 782 bytes} [Tue Aug 18 15:47:56 2026] POST /v2/images => generated 807 bytes in 1239 msecs (HTTP/1.1 201) 6 headers in 314 bytes (1 switches on core 0)
Aug 18 15:47:57 devstack devstack@g-api.service[83566]: DEBUG glance.api.middleware.version_negotiation [None req-5facc6ce-03da-4c80-9604-489187fc2476 None None] Determining version of request: PUT /v2/images/e2f40e36-b8a5-4bf7-9a41-6a83cab75ab4/file Accept: {{(pid=83566) process_request /opt/stack/glance/glance/api/middleware/version_negotiation.py:44}}
Aug 18 15:47:57 devstack devstack@g-api.service[83566]: DEBUG glance.api.middleware.version_negotiation [None req-5facc6ce-03da-4c80-9604-489187fc2476 None None] Using url versioning {{(pid=83566) process_request /opt/stack/glance/glance/api/middleware/version_negotiation.py:57}}
Aug 18 15:47:57 devstack devstack@g-api.service[83566]: DEBUG glance.api.middleware.version_negotiation [None req-5facc6ce-03da-4c80-9604-489187fc2476 None None] Matched version: v2 {{(pid=83566) process_request /opt/stack/glance/glance/api/middleware/version_negotiation.py:69}}
Aug 18 15:47:57 devstack devstack@g-api.service[83566]: DEBUG glance.api.middleware.version_negotiation [None req-5facc6ce-03da-4c80-9604-489187fc2476 None None] new path /v2/images/e2f40e36-b8a5-4bf7-9a41-6a83cab75ab4/file {{(pid=83566) process_request /opt/stack/glance/glance/api/middleware/version_negotiation.py:70}}
Aug 18 15:47:58 devstack devstack@g-api.service[83566]: INFO glance.api.v2.image_data [None req-3d6a5574-e510-48df-8920-198d01d9951b admin admin] Unable to create trust: no such option collect_timing in group [keystone_authtoken] Use the existing user token.
Aug 18 15:47:58 devstack devstack@g-api.service[83566]: DEBUG glance.location [None req-3d6a5574-e510-48df-8920-198d01d9951b admin admin] Enabling in-flight format inspection for qcow2 {{(pid=83566) set_data /opt/stack/glance/glance/location.py:596}}
Aug 18 15:47:58 devstack devstack@g-api.service[83566]: DEBUG oslo_utils.imageutils.format_inspector [None req-3d6a5574-e510-48df-8920-198d01d9951b admin admin] Format inspector for vmdk does not match, excluding from consideration (Signature KDMV not found: b'QFI\xfb') {{(pid=83566) _process_chunk /opt/stack/data/venv/lib/python3.12/site-packages/oslo_utils/imageutils/format_inspector.py:1758}}
Aug 18 15:47:58 devstack devstack@g-api.service[83566]: DEBUG oslo_utils.imageutils.format_inspector [None req-3d6a5574-e510-48df-8920-198d01d9951b admin admin] Format inspector for vhdx does not match, excluding from consideration (Region signature not found at 30000) {{(pid=83566) _process_chunk /opt/stack/data/venv/lib/python3.12/site-packages/oslo_utils/imageutils/format_inspector.py:1758}}
Aug 18 15:47:59 devstack devstack@g-api.service[83566]: DEBUG glance_store._drivers.filesystem [None req-3d6a5574-e510-48df-8920-198d01d9951b admin admin] Wrote 21692416 bytes to /opt/stack/data/glance/images/e2f40e36-b8a5-4bf7-9a41-6a83cab75ab4 with checksum 87617e24a5e30cb3b87fda8c0764838f and multihash 9a9bce0083a00939ec17c11febbfc767aa211aaa54f51e75c5a8b271a9b5637c77205a518b7a2007cb391d23cceb01e0e4e8d64832317151bc85b734b92a7be0 {{(pid=83566) add /opt/stack/data/venv/lib/python3.12/site-packages/glance_store/_drivers/filesystem.py:899}}
Aug 18 15:47:59 devstack devstack@g-api.service[83566]: INFO glance.location [None req-3d6a5574-e510-48df-8920-198d01d9951b admin admin] Image format matched and virtual size computed: 117440512
Aug 18 15:47:59 devstack devstack@g-api.service[83566]: DEBUG glance_store.backend [None req-3d6a5574-e510-48df-8920-198d01d9951b admin admin] Skipping store.set_acls... not implemented. {{(pid=83566) set_acls /opt/stack/data/venv/lib/python3.12/site-packages/glance_store/backend.py:507}}
Aug 18 15:47:59 devstack devstack@g-api.service[83566]: [pid: 83566|app: 0|req: 3/4] 127.0.0.1 () {42 vars in 914 bytes} [Tue Aug 18 15:47:57 2026] PUT /v2/images/e2f40e36-b8a5-4bf7-9a41-6a83cab75ab4/file => generated 0 bytes in 1796 msecs (HTTP/1.1 204) 4 headers in 171 bytes (1 switches on core 0)
Aug 18 15:47:59 devstack devstack@g-api.service[83568]: DEBUG glance.api.middleware.version_negotiation [None req-416d46ca-4d64-4057-b40c-cd3269a4b556 admin admin] Determining version of request: GET /v2/images/e2f40e36-b8a5-4bf7-9a41-6a83cab75ab4 Accept: */* {{(pid=83568) process_request /opt/stack/glance/glance/api/middleware/version_negotiation.py:44}}
Aug 18 15:47:59 devstack devstack@g-api.service[83568]: DEBUG glance.api.middleware.version_negotiation [None req-416d46ca-4d64-4057-b40c-cd3269a4b556 admin admin] Using url versioning {{(pid=83568) process_request /opt/stack/glance/glance/api/middleware/version_negotiation.py:57}}
Aug 18 15:47:59 devstack devstack@g-api.service[83568]: DEBUG glance.api.middleware.version_negotiation [None req-416d46ca-4d64-4057-b40c-cd3269a4b556 admin admin] Matched version: v2 {{(pid=83568) process_request /opt/stack/glance/glance/api/middleware/version_negotiation.py:69}}
Aug 18 15:47:59 devstack devstack@g-api.service[83568]: DEBUG glance.api.middleware.version_negotiation [None req-416d46ca-4d64-4057-b40c-cd3269a4b556 admin admin] new path /v2/images/e2f40e36-b8a5-4bf7-9a41-6a83cab75ab4 {{(pid=83568) process_request /opt/stack/glance/glance/api/middleware/version_negotiation.py:70}}
Aug 18 15:47:59 devstack devstack@g-api.service[83568]: [pid: 83568|app: 0|req: 2/5] 127.0.0.1 () {36 vars in 802 bytes} [Tue Aug 18 15:47:59 2026] GET /v2/images/e2f40e36-b8a5-4bf7-9a41-6a83cab75ab4 => generated 976 bytes in 22 msecs (HTTP/1.1 200) 4 headers in 157 bytes (1 switches on core 0)
Aug 18 15:48:09 devstack devstack@g-api.service[83566]: DEBUG dbcounter [-] [83566] Writing DB stats glance:INSERT=5,glance:SELECT=16,glance:UPDATE=2 {{(pid=83566) stat_writer /opt/stack/data/venv/lib/python3.12/site-packages/dbcounter.py:115}}
Aug 18 15:48:09 devstack devstack@g-api.service[83568]: DEBUG dbcounter [-] [83568] Writing DB stats glance:INSERT=9,glance:SELECT=6 {{(pid=83568) stat_writer /opt/stack/data/venv/lib/python3.12/site-packages/dbcounter.py:115}}
Aug 18 15:48:42 devstack devstack@g-api.service[83566]: DEBUG glance.api.middleware.version_negotiation [None req-3d6a5574-e510-48df-8920-198d01d9951b admin admin] Determining version of request: GET / Accept: application/json {{(pid=83566) process_request /opt/stack/glance/glance/api/middleware/version_negotiation.py:44}}
Aug 18 15:48:42 devstack devstack@g-api.service[83566]: DEBUG glance.api.middleware.version_negotiation [None req-3d6a5574-e510-48df-8920-198d01d9951b admin admin] Using url versioning {{(pid=83566) process_request /opt/stack/glance/glance/api/middleware/version_negotiation.py:57}}
Aug 18 15:48:42 devstack devstack@g-api.service[83566]: DEBUG glance.api.middleware.version_negotiation [None req-3d6a5574-e510-48df-8920-198d01d9951b admin admin] Unknown version. Returning version choices. {{(pid=83566) process_request /opt/stack/glance/glance/api/middleware/version_negotiation.py:64}}
Aug 18 15:48:42 devstack devstack@g-api.service[83566]: [pid: 83566|app: 0|req: 4/6] 127.0.0.1 () {34 vars in 519 bytes} [Tue Aug 18 15:48:42 2026] GET / => generated 1571 bytes in 4 msecs (HTTP/1.1 300) 3 headers in 106 bytes (1 switches on core 0)
Aug 18 15:48:42 devstack devstack@g-api.service[83568]: DEBUG glance.api.middleware.version_negotiation [None req-a66b809b-97a1-4145-a957-aed262faa208 admin admin] Determining version of request: GET /v2/images Accept: application/json {{(pid=83568) process_request /opt/stack/glance/glance/api/middleware/version_negotiation.py:44}}
Aug 18 15:48:42 devstack devstack@g-api.service[83568]: DEBUG glance.api.middleware.version_negotiation [None req-a66b809b-97a1-4145-a957-aed262faa208 admin admin] Using url versioning {{(pid=83568) process_request /opt/stack/glance/glance/api/middleware/version_negotiation.py:57}}
Aug 18 15:48:42 devstack devstack@g-api.service[83568]: DEBUG glance.api.middleware.version_negotiation [None req-a66b809b-97a1-4145-a957-aed262faa208 admin admin] Matched version: v2 {{(pid=83568) process_request /opt/stack/glance/glance/api/middleware/version_negotiation.py:69}}
Aug 18 15:48:42 devstack devstack@g-api.service[83568]: DEBUG glance.api.middleware.version_negotiation [None req-a66b809b-97a1-4145-a957-aed262faa208 admin admin] new path /v2/images {{(pid=83568) process_request /opt/stack/glance/glance/api/middleware/version_negotiation.py:70}}
Aug 18 15:48:42 devstack devstack@g-api.service[83568]: [pid: 83568|app: 0|req: 3/7] 127.0.0.1 () {36 vars in 741 bytes} [Tue Aug 18 15:48:42 2026] GET /v2/images => generated 1045 bytes in 98 msecs (HTTP/1.1 200) 4 headers in 158 bytes (1 switches on core 0)
Aug 18 15:48:52 devstack devstack@g-api.service[83566]: DEBUG glance.api.middleware.version_negotiation [None req-3d6a5574-e510-48df-8920-198d01d9951b admin admin] Determining version of request: GET / Accept: application/json {{(pid=83566) process_request /opt/stack/glance/glance/api/middleware/version_negotiation.py:44}}
Aug 18 15:48:52 devstack devstack@g-api.service[83566]: DEBUG glance.api.middleware.version_negotiation [None req-3d6a5574-e510-48df-8920-198d01d9951b admin admin] Using url versioning {{(pid=83566) process_request /opt/stack/glance/glance/api/middleware/version_negotiation.py:57}}
Aug 18 15:48:52 devstack devstack@g-api.service[83566]: DEBUG glance.api.middleware.version_negotiation [None req-3d6a5574-e510-48df-8920-198d01d9951b admin admin] Unknown version. Returning version choices. {{(pid=83566) process_request /opt/stack/glance/glance/api/middleware/version_negotiation.py:64}}
Aug 18 15:48:52 devstack devstack@g-api.service[83566]: [pid: 83566|app: 0|req: 5/8] 127.0.0.1 () {34 vars in 519 bytes} [Tue Aug 18 15:48:52 2026] GET / => generated 1571 bytes in 2 msecs (HTTP/1.1 300) 3 headers in 106 bytes (1 switches on core 0)
Aug 18 15:48:52 devstack devstack@g-api.service[83568]: DEBUG glance.api.middleware.version_negotiation [None req-c8a60d9b-0532-4589-a59c-34fdb2f0ff3a admin admin] Determining version of request: GET /v2/images/e2f40e36-b8a5-4bf7-9a41-6a83cab75ab4 Accept: */* {{(pid=83568) process_request /opt/stack/glance/glance/api/middleware/version_negotiation.py:44}}
Aug 18 15:48:52 devstack devstack@g-api.service[83568]: DEBUG glance.api.middleware.version_negotiation [None req-c8a60d9b-0532-4589-a59c-34fdb2f0ff3a admin admin] Using url versioning {{(pid=83568) process_request /opt/stack/glance/glance/api/middleware/version_negotiation.py:57}}
Aug 18 15:48:52 devstack devstack@g-api.service[83568]: DEBUG glance.api.middleware.version_negotiation [None req-c8a60d9b-0532-4589-a59c-34fdb2f0ff3a admin admin] Matched version: v2 {{(pid=83568) process_request /opt/stack/glance/glance/api/middleware/version_negotiation.py:69}}
Aug 18 15:48:52 devstack devstack@g-api.service[83568]: DEBUG glance.api.middleware.version_negotiation [None req-c8a60d9b-0532-4589-a59c-34fdb2f0ff3a admin admin] new path /v2/images/e2f40e36-b8a5-4bf7-9a41-6a83cab75ab4 {{(pid=83568) process_request /opt/stack/glance/glance/api/middleware/version_negotiation.py:70}}
Aug 18 15:48:52 devstack devstack@g-api.service[83568]: [pid: 83568|app: 0|req: 4/9] 127.0.0.1 () {36 vars in 802 bytes} [Tue Aug 18 15:48:52 2026] GET /v2/images/e2f40e36-b8a5-4bf7-9a41-6a83cab75ab4 => generated 976 bytes in 75 msecs (HTTP/1.1 200) 4 headers in 157 bytes (1 switches on core 0)
Aug 18 15:48:58 devstack devstack@g-api.service[83566]: DEBUG glance.api.middleware.version_negotiation [None req-3d6a5574-e510-48df-8920-198d01d9951b admin admin] Determining version of request: GET / Accept: application/json {{(pid=83566) process_request /opt/stack/glance/glance/api/middleware/version_negotiation.py:44}}
Aug 18 15:48:58 devstack devstack@g-api.service[83566]: DEBUG glance.api.middleware.version_negotiation [None req-3d6a5574-e510-48df-8920-198d01d9951b admin admin] Using url versioning {{(pid=83566) process_request /opt/stack/glance/glance/api/middleware/version_negotiation.py:57}}
Aug 18 15:48:58 devstack devstack@g-api.service[83566]: DEBUG glance.api.middleware.version_negotiation [None req-3d6a5574-e510-48df-8920-198d01d9951b admin admin] Unknown version. Returning version choices. {{(pid=83566) process_request /opt/stack/glance/glance/api/middleware/version_negotiation.py:64}}
Aug 18 15:48:58 devstack devstack@g-api.service[83566]: [pid: 83566|app: 0|req: 6/10] 127.0.0.1 () {34 vars in 519 bytes} [Tue Aug 18 15:48:58 2026] GET / => generated 1571 bytes in 2 msecs (HTTP/1.1 300) 3 headers in 106 bytes (1 switches on core 0)
Aug 18 15:48:58 devstack devstack@g-api.service[83568]: DEBUG glance.api.middleware.version_negotiation [None req-da53e4d2-64f9-4501-91e9-200798c0e863 admin admin] Determining version of request: GET /v2/images/e2f40e36-b8a5-4bf7-9a41-6a83cab75ab4 Accept: */* {{(pid=83568) process_request /opt/stack/glance/glance/api/middleware/version_negotiation.py:44}}
Aug 18 15:48:58 devstack devstack@g-api.service[83568]: DEBUG glance.api.middleware.version_negotiation [None req-da53e4d2-64f9-4501-91e9-200798c0e863 admin admin] Using url versioning {{(pid=83568) process_request /opt/stack/glance/glance/api/middleware/version_negotiation.py:57}}
Aug 18 15:48:58 devstack devstack@g-api.service[83568]: DEBUG glance.api.middleware.version_negotiation [None req-da53e4d2-64f9-4501-91e9-200798c0e863 admin admin] Matched version: v2 {{(pid=83568) process_request /opt/stack/glance/glance/api/middleware/version_negotiation.py:69}}
Aug 18 15:48:58 devstack devstack@g-api.service[83568]: DEBUG glance.api.middleware.version_negotiation [None req-da53e4d2-64f9-4501-91e9-200798c0e863 admin admin] new path /v2/images/e2f40e36-b8a5-4bf7-9a41-6a83cab75ab4 {{(pid=83568) process_request /opt/stack/glance/glance/api/middleware/version_negotiation.py:70}}
Aug 18 15:48:59 devstack devstack@g-api.service[83568]: [pid: 83568|app: 0|req: 5/11] 127.0.0.1 () {36 vars in 802 bytes} [Tue Aug 18 15:48:58 2026] GET /v2/images/e2f40e36-b8a5-4bf7-9a41-6a83cab75ab4 => generated 976 bytes in 71 msecs (HTTP/1.1 200) 4 headers in 157 bytes (1 switches on core 0)
Aug 18 15:49:09 devstack devstack@g-api.service[83568]: DEBUG dbcounter [-] [83568] Writing DB stats glance:SELECT=5 {{(pid=83568) stat_writer /opt/stack/data/venv/lib/python3.12/site-packages/dbcounter.py:115}}
Aug 18 15:50:15 devstack devstack@g-api.service[83566]: DEBUG glance.api.middleware.version_negotiation [None req-3d6a5574-e510-48df-8920-198d01d9951b admin admin] Determining version of request: GET / Accept: application/json {{(pid=83566) process_request /opt/stack/glance/glance/api/middleware/version_negotiation.py:44}}
Aug 18 15:50:15 devstack devstack@g-api.service[83566]: DEBUG glance.api.middleware.version_negotiation [None req-3d6a5574-e510-48df-8920-198d01d9951b admin admin] Using url versioning {{(pid=83566) process_request /opt/stack/glance/glance/api/middleware/version_negotiation.py:57}}
Aug 18 15:50:15 devstack devstack@g-api.service[83566]: DEBUG glance.api.middleware.version_negotiation [None req-3d6a5574-e510-48df-8920-198d01d9951b admin admin] Unknown version. Returning version choices. {{(pid=83566) process_request /opt/stack/glance/glance/api/middleware/version_negotiation.py:64}}
Aug 18 15:50:15 devstack devstack@g-api.service[83566]: [pid: 83566|app: 0|req: 7/12] 127.0.0.1 () {36 vars in 488 bytes} [Tue Aug 18 15:50:15 2026] GET / => generated 1571 bytes in 3 msecs (HTTP/1.1 300) 3 headers in 106 bytes (1 switches on core 0)
Aug 18 15:53:03 devstack devstack@g-api.service[83568]: DEBUG glance.api.middleware.version_negotiation [None req-15273c2e-69c8-4485-81ca-a726c51a123c admin admin] Determining version of request: GET / Accept: application/json {{(pid=83568) process_request /opt/stack/glance/glance/api/middleware/version_negotiation.py:44}}
Aug 18 15:53:03 devstack devstack@g-api.service[83568]: DEBUG glance.api.middleware.version_negotiation [None req-15273c2e-69c8-4485-81ca-a726c51a123c admin admin] Using url versioning {{(pid=83568) process_request /opt/stack/glance/glance/api/middleware/version_negotiation.py:57}}
Aug 18 15:53:03 devstack devstack@g-api.service[83568]: DEBUG glance.api.middleware.version_negotiation [None req-15273c2e-69c8-4485-81ca-a726c51a123c admin admin] Unknown version. Returning version choices. {{(pid=83568) process_request /opt/stack/glance/glance/api/middleware/version_negotiation.py:64}}
Aug 18 15:53:03 devstack devstack@g-api.service[83568]: [pid: 83568|app: 0|req: 6/13] 127.0.0.1 () {34 vars in 505 bytes} [Tue Aug 18 15:53:03 2026] GET / => generated 1571 bytes in 3 msecs (HTTP/1.1 300) 3 headers in 106 bytes (1 switches on core 0)
Aug 18 15:53:03 devstack devstack@g-api.service[83566]: DEBUG glance.api.middleware.version_negotiation [None req-3d6a5574-e510-48df-8920-198d01d9951b admin admin] Determining version of request: GET /v2/images/e2f40e36-b8a5-4bf7-9a41-6a83cab75ab4 Accept: */* {{(pid=83566) process_request /opt/stack/glance/glance/api/middleware/version_negotiation.py:44}}
Aug 18 15:53:03 devstack devstack@g-api.service[83566]: DEBUG glance.api.middleware.version_negotiation [None req-3d6a5574-e510-48df-8920-198d01d9951b admin admin] Using url versioning {{(pid=83566) process_request /opt/stack/glance/glance/api/middleware/version_negotiation.py:57}}
Aug 18 15:53:03 devstack devstack@g-api.service[83566]: DEBUG glance.api.middleware.version_negotiation [None req-3d6a5574-e510-48df-8920-198d01d9951b admin admin] Matched version: v2 {{(pid=83566) process_request /opt/stack/glance/glance/api/middleware/version_negotiation.py:69}}
Aug 18 15:53:03 devstack devstack@g-api.service[83566]: DEBUG glance.api.middleware.version_negotiation [None req-3d6a5574-e510-48df-8920-198d01d9951b admin admin] new path /v2/images/e2f40e36-b8a5-4bf7-9a41-6a83cab75ab4 {{(pid=83566) process_request /opt/stack/glance/glance/api/middleware/version_negotiation.py:70}}
Aug 18 15:53:04 devstack devstack@g-api.service[83566]: [pid: 83566|app: 0|req: 8/14] 127.0.0.1 () {42 vars in 1061 bytes} [Tue Aug 18 15:53:03 2026] GET /v2/images/e2f40e36-b8a5-4bf7-9a41-6a83cab75ab4 => generated 976 bytes in 346 msecs (HTTP/1.1 200) 4 headers in 157 bytes (1 switches on core 0)
Aug 18 15:53:04 devstack devstack@g-api.service[83568]: DEBUG glance.api.middleware.version_negotiation [None req-15273c2e-69c8-4485-81ca-a726c51a123c admin admin] Determining version of request: GET /v2/schemas/image Accept: */* {{(pid=83568) process_request /opt/stack/glance/glance/api/middleware/version_negotiation.py:44}}
Aug 18 15:53:04 devstack devstack@g-api.service[83568]: DEBUG glance.api.middleware.version_negotiation [None req-15273c2e-69c8-4485-81ca-a726c51a123c admin admin] Using url versioning {{(pid=83568) process_request /opt/stack/glance/glance/api/middleware/version_negotiation.py:57}}
Aug 18 15:53:04 devstack devstack@g-api.service[83568]: DEBUG glance.api.middleware.version_negotiation [None req-15273c2e-69c8-4485-81ca-a726c51a123c admin admin] Matched version: v2 {{(pid=83568) process_request /opt/stack/glance/glance/api/middleware/version_negotiation.py:69}}
Aug 18 15:53:04 devstack devstack@g-api.service[83568]: DEBUG glance.api.middleware.version_negotiation [None req-15273c2e-69c8-4485-81ca-a726c51a123c admin admin] new path /v2/schemas/image {{(pid=83568) process_request /opt/stack/glance/glance/api/middleware/version_negotiation.py:70}}
Aug 18 15:53:04 devstack devstack@g-api.service[83568]: [pid: 83568|app: 0|req: 7/15] 127.0.0.1 () {42 vars in 1001 bytes} [Tue Aug 18 15:53:04 2026] GET /v2/schemas/image => generated 6083 bytes in 10 msecs (HTTP/1.1 200) 4 headers in 158 bytes (1 switches on core 0)
Aug 18 15:53:14 devstack devstack@g-api.service[83566]: DEBUG dbcounter [-] [83566] Writing DB stats glance:SELECT=2 {{(pid=83566) stat_writer /opt/stack/data/venv/lib/python3.12/site-packages/dbcounter.py:115}}
Aug 18 15:53:23 devstack devstack@g-api.service[83566]: DEBUG glance.api.middleware.version_negotiation [None req-0045742c-2c94-4a68-b7dc-5b8e4bf089d7 tempest-DeleteServersTestJSON-1705546371 tempest-DeleteServersTestJSON-1705546371-project-member] Determining version of request: GET / Accept: application/json {{(pid=83566) process_request /opt/stack/glance/glance/api/middleware/version_negotiation.py:44}}
Aug 18 15:53:23 devstack devstack@g-api.service[83566]: DEBUG glance.api.middleware.version_negotiation [None req-0045742c-2c94-4a68-b7dc-5b8e4bf089d7 tempest-DeleteServersTestJSON-1705546371 tempest-DeleteServersTestJSON-1705546371-project-member] Using url versioning {{(pid=83566) process_request /opt/stack/glance/glance/api/middleware/version_negotiation.py:57}}
Aug 18 15:53:23 devstack devstack@g-api.service[83566]: DEBUG glance.api.middleware.version_negotiation [None req-0045742c-2c94-4a68-b7dc-5b8e4bf089d7 tempest-DeleteServersTestJSON-1705546371 tempest-DeleteServersTestJSON-1705546371-project-member] Unknown version. Returning version choices. {{(pid=83566) process_request /opt/stack/glance/glance/api/middleware/version_negotiation.py:64}}
Aug 18 15:53:23 devstack devstack@g-api.service[83566]: [pid: 83566|app: 0|req: 9/16] 127.0.0.1 () {34 vars in 505 bytes} [Tue Aug 18 15:53:23 2026] GET / => generated 1571 bytes in 6 msecs (HTTP/1.1 300) 3 headers in 106 bytes (1 switches on core 0)
Aug 18 15:53:23 devstack devstack@g-api.service[83568]: DEBUG glance.api.middleware.version_negotiation [None req-0045742c-2c94-4a68-b7dc-5b8e4bf089d7 tempest-DeleteServersTestJSON-1705546371 tempest-DeleteServersTestJSON-1705546371-project-member] Determining version of request: GET /v2/images/e2f40e36-b8a5-4bf7-9a41-6a83cab75ab4 Accept: */* {{(pid=83568) process_request /opt/stack/glance/glance/api/middleware/version_negotiation.py:44}}
Aug 18 15:53:23 devstack devstack@g-api.service[83568]: DEBUG glance.api.middleware.version_negotiation [None req-0045742c-2c94-4a68-b7dc-5b8e4bf089d7 tempest-DeleteServersTestJSON-1705546371 tempest-DeleteServersTestJSON-1705546371-project-member] Using url versioning {{(pid=83568) process_request /opt/stack/glance/glance/api/middleware/version_negotiation.py:57}}
Aug 18 15:53:23 devstack devstack@g-api.service[83568]: DEBUG glance.api.middleware.version_negotiation [None req-0045742c-2c94-4a68-b7dc-5b8e4bf089d7 tempest-DeleteServersTestJSON-1705546371 tempest-DeleteServersTestJSON-1705546371-project-member] Matched version: v2 {{(pid=83568) process_request /opt/stack/glance/glance/api/middleware/version_negotiation.py:69}}
Aug 18 15:53:23 devstack devstack@g-api.service[83568]: DEBUG glance.api.middleware.version_negotiation [None req-0045742c-2c94-4a68-b7dc-5b8e4bf089d7 tempest-DeleteServersTestJSON-1705546371 tempest-DeleteServersTestJSON-1705546371-project-member] new path /v2/images/e2f40e36-b8a5-4bf7-9a41-6a83cab75ab4 {{(pid=83568) process_request /opt/stack/glance/glance/api/middleware/version_negotiation.py:70}}
Aug 18 15:53:23 devstack devstack@g-api.service[83568]: [pid: 83568|app: 0|req: 8/17] 127.0.0.1 () {42 vars in 1061 bytes} [Tue Aug 18 15:53:23 2026] GET /v2/images/e2f40e36-b8a5-4bf7-9a41-6a83cab75ab4 => generated 976 bytes in 69 msecs (HTTP/1.1 200) 4 headers in 157 bytes (1 switches on core 0)
Aug 18 15:53:23 devstack devstack@g-api.service[83566]: DEBUG glance.api.middleware.version_negotiation [None req-0045742c-2c94-4a68-b7dc-5b8e4bf089d7 tempest-DeleteServersTestJSON-1705546371 tempest-DeleteServersTestJSON-1705546371-project-member] Determining version of request: GET /v2/schemas/image Accept: */* {{(pid=83566) process_request /opt/stack/glance/glance/api/middleware/version_negotiation.py:44}}
Aug 18 15:53:23 devstack devstack@g-api.service[83566]: DEBUG glance.api.middleware.version_negotiation [None req-0045742c-2c94-4a68-b7dc-5b8e4bf089d7 tempest-DeleteServersTestJSON-1705546371 tempest-DeleteServersTestJSON-1705546371-project-member] Using url versioning {{(pid=83566) process_request /opt/stack/glance/glance/api/middleware/version_negotiation.py:57}}
Aug 18 15:53:23 devstack devstack@g-api.service[83566]: DEBUG glance.api.middleware.version_negotiation [None req-0045742c-2c94-4a68-b7dc-5b8e4bf089d7 tempest-DeleteServersTestJSON-1705546371 tempest-DeleteServersTestJSON-1705546371-project-member] Matched version: v2 {{(pid=83566) process_request /opt/stack/glance/glance/api/middleware/version_negotiation.py:69}}
Aug 18 15:53:23 devstack devstack@g-api.service[83566]: DEBUG glance.api.middleware.version_negotiation [None req-0045742c-2c94-4a68-b7dc-5b8e4bf089d7 tempest-DeleteServersTestJSON-1705546371 tempest-DeleteServersTestJSON-1705546371-project-member] new path /v2/schemas/image {{(pid=83566) process_request /opt/stack/glance/glance/api/middleware/version_negotiation.py:70}}
Aug 18 15:53:23 devstack devstack@g-api.service[83566]: [pid: 83566|app: 0|req: 10/18] 127.0.0.1 () {42 vars in 1001 bytes} [Tue Aug 18 15:53:23 2026] GET /v2/schemas/image => generated 6083 bytes in 7 msecs (HTTP/1.1 200) 4 headers in 158 bytes (1 switches on core 0)
Aug 18 15:53:25 devstack devstack@g-api.service[83568]: DEBUG glance.api.middleware.version_negotiation [None req-a5bddb94-ed76-4430-a1cd-09c4d79182ae tempest-ServerActionsTestOtherA-1950070221 tempest-ServerActionsTestOtherA-1950070221-project-member] Determining version of request: GET /v2/images/e2f40e36-b8a5-4bf7-9a41-6a83cab75ab4 Accept: */* {{(pid=83568) process_request /opt/stack/glance/glance/api/middleware/version_negotiation.py:44}}
Aug 18 15:53:25 devstack devstack@g-api.service[83568]: DEBUG glance.api.middleware.version_negotiation [None req-a5bddb94-ed76-4430-a1cd-09c4d79182ae tempest-ServerActionsTestOtherA-1950070221 tempest-ServerActionsTestOtherA-1950070221-project-member] Using url versioning {{(pid=83568) process_request /opt/stack/glance/glance/api/middleware/version_negotiation.py:57}}
Aug 18 15:53:25 devstack devstack@g-api.service[83568]: DEBUG glance.api.middleware.version_negotiation [None req-a5bddb94-ed76-4430-a1cd-09c4d79182ae tempest-ServerActionsTestOtherA-1950070221 tempest-ServerActionsTestOtherA-1950070221-project-member] Matched version: v2 {{(pid=83568) process_request /opt/stack/glance/glance/api/middleware/version_negotiation.py:69}}
Aug 18 15:53:25 devstack devstack@g-api.service[83568]: DEBUG glance.api.middleware.version_negotiation [None req-a5bddb94-ed76-4430-a1cd-09c4d79182ae tempest-ServerActionsTestOtherA-1950070221 tempest-ServerActionsTestOtherA-1950070221-project-member] new path /v2/images/e2f40e36-b8a5-4bf7-9a41-6a83cab75ab4 {{(pid=83568) process_request /opt/stack/glance/glance/api/middleware/version_negotiation.py:70}}
Aug 18 15:53:25 devstack devstack@g-api.service[83568]: [pid: 83568|app: 0|req: 9/19] 127.0.0.1 () {42 vars in 1061 bytes} [Tue Aug 18 15:53:25 2026] GET /v2/images/e2f40e36-b8a5-4bf7-9a41-6a83cab75ab4 => generated 976 bytes in 281 msecs (HTTP/1.1 200) 4 headers in 157 bytes (1 switches on core 0)
Aug 18 15:53:25 devstack devstack@g-api.service[83566]: DEBUG glance.api.middleware.version_negotiation [None req-a5bddb94-ed76-4430-a1cd-09c4d79182ae tempest-ServerActionsTestOtherA-1950070221 tempest-ServerActionsTestOtherA-1950070221-project-member] Determining version of request: GET /v2/images/e2f40e36-b8a5-4bf7-9a41-6a83cab75ab4/file Accept: */* {{(pid=83566) process_request /opt/stack/glance/glance/api/middleware/version_negotiation.py:44}}
Aug 18 15:53:25 devstack devstack@g-api.service[83566]: DEBUG glance.api.middleware.version_negotiation [None req-a5bddb94-ed76-4430-a1cd-09c4d79182ae tempest-ServerActionsTestOtherA-1950070221 tempest-ServerActionsTestOtherA-1950070221-project-member] Using url versioning {{(pid=83566) process_request /opt/stack/glance/glance/api/middleware/version_negotiation.py:57}}
Aug 18 15:53:25 devstack devstack@g-api.service[83566]: DEBUG glance.api.middleware.version_negotiation [None req-a5bddb94-ed76-4430-a1cd-09c4d79182ae tempest-ServerActionsTestOtherA-1950070221 tempest-ServerActionsTestOtherA-1950070221-project-member] Matched version: v2 {{(pid=83566) process_request /opt/stack/glance/glance/api/middleware/version_negotiation.py:69}}
Aug 18 15:53:25 devstack devstack@g-api.service[83566]: DEBUG glance.api.middleware.version_negotiation [None req-a5bddb94-ed76-4430-a1cd-09c4d79182ae tempest-ServerActionsTestOtherA-1950070221 tempest-ServerActionsTestOtherA-1950070221-project-member] new path /v2/images/e2f40e36-b8a5-4bf7-9a41-6a83cab75ab4/file {{(pid=83566) process_request /opt/stack/glance/glance/api/middleware/version_negotiation.py:70}}
Aug 18 15:53:25 devstack devstack@g-api.service[83566]: DEBUG glance_store._drivers.filesystem [None req-0045742c-2c94-4a68-b7dc-5b8e4bf089d7 tempest-DeleteServersTestJSON-1705546371 tempest-DeleteServersTestJSON-1705546371-project-member] Found image at /opt/stack/data/glance/images/e2f40e36-b8a5-4bf7-9a41-6a83cab75ab4. Returning in ChunkedFile. {{(pid=83566) get /opt/stack/data/venv/lib/python3.12/site-packages/glance_store/_drivers/filesystem.py:724}}
Aug 18 15:53:25 devstack devstack@g-api.service[83566]: DEBUG glance.image_cache [None req-0045742c-2c94-4a68-b7dc-5b8e4bf089d7 tempest-DeleteServersTestJSON-1705546371 tempest-DeleteServersTestJSON-1705546371-project-member] Tee'ing image 'e2f40e36-b8a5-4bf7-9a41-6a83cab75ab4' into cache {{(pid=83566) get_caching_iter /opt/stack/glance/glance/image_cache/__init__.py:356}}
Aug 18 15:53:25 devstack devstack@g-api.service[83566]: DEBUG glance.image_cache.drivers.centralized_db [None req-0045742c-2c94-4a68-b7dc-5b8e4bf089d7 tempest-DeleteServersTestJSON-1705546371 tempest-DeleteServersTestJSON-1705546371-project-member] Fetch finished, moving '/opt/stack/data/glance/cache/incomplete/e2f40e36-b8a5-4bf7-9a41-6a83cab75ab4' to '/opt/stack/data/glance/cache/e2f40e36-b8a5-4bf7-9a41-6a83cab75ab4' {{(pid=83566) commit /opt/stack/glance/glance/image_cache/drivers/centralized_db.py:243}}
Aug 18 15:53:25 devstack devstack@g-api.service[83566]: DEBUG glance.image_cache.drivers.centralized_db [None req-0045742c-2c94-4a68-b7dc-5b8e4bf089d7 tempest-DeleteServersTestJSON-1705546371 tempest-DeleteServersTestJSON-1705546371-project-member] Image cached successfully. {{(pid=83566) commit /opt/stack/glance/glance/image_cache/drivers/centralized_db.py:258}}
Aug 18 15:53:25 devstack devstack@g-api.service[83566]: [pid: 83566|app: 0|req: 11/20] 127.0.0.1 () {42 vars in 1071 bytes} [Tue Aug 18 15:53:25 2026] GET /v2/images/e2f40e36-b8a5-4bf7-9a41-6a83cab75ab4/file => generated 21692416 bytes in 508 msecs (HTTP/1.1 200) 4 headers in 191 bytes (336 switches on core 0)
Aug 18 15:53:26 devstack devstack@g-api.service[83568]: DEBUG glance.api.middleware.version_negotiation [None req-0045742c-2c94-4a68-b7dc-5b8e4bf089d7 tempest-DeleteServersTestJSON-1705546371 tempest-DeleteServersTestJSON-1705546371-project-member] Determining version of request: GET /v2/images/e2f40e36-b8a5-4bf7-9a41-6a83cab75ab4 Accept: */* {{(pid=83568) process_request /opt/stack/glance/glance/api/middleware/version_negotiation.py:44}}
Aug 18 15:53:26 devstack devstack@g-api.service[83568]: DEBUG glance.api.middleware.version_negotiation [None req-0045742c-2c94-4a68-b7dc-5b8e4bf089d7 tempest-DeleteServersTestJSON-1705546371 tempest-DeleteServersTestJSON-1705546371-project-member] Using url versioning {{(pid=83568) process_request /opt/stack/glance/glance/api/middleware/version_negotiation.py:57}}
Aug 18 15:53:26 devstack devstack@g-api.service[83568]: DEBUG glance.api.middleware.version_negotiation [None req-0045742c-2c94-4a68-b7dc-5b8e4bf089d7 tempest-DeleteServersTestJSON-1705546371 tempest-DeleteServersTestJSON-1705546371-project-member] Matched version: v2 {{(pid=83568) process_request /opt/stack/glance/glance/api/middleware/version_negotiation.py:69}}
Aug 18 15:53:26 devstack devstack@g-api.service[83568]: DEBUG glance.api.middleware.version_negotiation [None req-0045742c-2c94-4a68-b7dc-5b8e4bf089d7 tempest-DeleteServersTestJSON-1705546371 tempest-DeleteServersTestJSON-1705546371-project-member] new path /v2/images/e2f40e36-b8a5-4bf7-9a41-6a83cab75ab4 {{(pid=83568) process_request /opt/stack/glance/glance/api/middleware/version_negotiation.py:70}}
Aug 18 15:53:26 devstack devstack@g-api.service[83568]: [pid: 83568|app: 0|req: 10/21] 127.0.0.1 () {42 vars in 1061 bytes} [Tue Aug 18 15:53:26 2026] GET /v2/images/e2f40e36-b8a5-4bf7-9a41-6a83cab75ab4 => generated 976 bytes in 24 msecs (HTTP/1.1 200) 4 headers in 157 bytes (1 switches on core 0)
Aug 18 15:53:26 devstack devstack@g-api.service[83566]: DEBUG glance.api.middleware.version_negotiation [None req-0045742c-2c94-4a68-b7dc-5b8e4bf089d7 tempest-DeleteServersTestJSON-1705546371 tempest-DeleteServersTestJSON-1705546371-project-member] Determining version of request: GET /v2/schemas/image Accept: */* {{(pid=83566) process_request /opt/stack/glance/glance/api/middleware/version_negotiation.py:44}}
Aug 18 15:53:26 devstack devstack@g-api.service[83566]: DEBUG glance.api.middleware.version_negotiation [None req-0045742c-2c94-4a68-b7dc-5b8e4bf089d7 tempest-DeleteServersTestJSON-1705546371 tempest-DeleteServersTestJSON-1705546371-project-member] Using url versioning {{(pid=83566) process_request /opt/stack/glance/glance/api/middleware/version_negotiation.py:57}}
Aug 18 15:53:26 devstack devstack@g-api.service[83566]: DEBUG glance.api.middleware.version_negotiation [None req-0045742c-2c94-4a68-b7dc-5b8e4bf089d7 tempest-DeleteServersTestJSON-1705546371 tempest-DeleteServersTestJSON-1705546371-project-member] Matched version: v2 {{(pid=83566) process_request /opt/stack/glance/glance/api/middleware/version_negotiation.py:69}}
Aug 18 15:53:26 devstack devstack@g-api.service[83566]: DEBUG glance.api.middleware.version_negotiation [None req-0045742c-2c94-4a68-b7dc-5b8e4bf089d7 tempest-DeleteServersTestJSON-1705546371 tempest-DeleteServersTestJSON-1705546371-project-member] new path /v2/schemas/image {{(pid=83566) process_request /opt/stack/glance/glance/api/middleware/version_negotiation.py:70}}
Aug 18 15:53:26 devstack devstack@g-api.service[83566]: [pid: 83566|app: 0|req: 12/22] 127.0.0.1 () {42 vars in 1001 bytes} [Tue Aug 18 15:53:26 2026] GET /v2/schemas/image => generated 6083 bytes in 8 msecs (HTTP/1.1 200) 4 headers in 158 bytes (1 switches on core 0)
Aug 18 15:53:35 devstack devstack@g-api.service[83566]: DEBUG dbcounter [-] [83566] Writing DB stats glance:SELECT=5,glance:INSERT=1 {{(pid=83566) stat_writer /opt/stack/data/venv/lib/python3.12/site-packages/dbcounter.py:115}}
Aug 18 15:53:36 devstack devstack@g-api.service[83568]: DEBUG dbcounter [-] [83568] Writing DB stats glance:SELECT=6 {{(pid=83568) stat_writer /opt/stack/data/venv/lib/python3.12/site-packages/dbcounter.py:115}}
Aug 18 15:53:42 devstack devstack@g-api.service[83568]: DEBUG glance.api.middleware.version_negotiation [None req-0045742c-2c94-4a68-b7dc-5b8e4bf089d7 tempest-DeleteServersTestJSON-1705546371 tempest-DeleteServersTestJSON-1705546371-project-member] Determining version of request: GET /v2/images/e2f40e36-b8a5-4bf7-9a41-6a83cab75ab4 Accept: */* {{(pid=83568) process_request /opt/stack/glance/glance/api/middleware/version_negotiation.py:44}}
Aug 18 15:53:42 devstack devstack@g-api.service[83568]: DEBUG glance.api.middleware.version_negotiation [None req-0045742c-2c94-4a68-b7dc-5b8e4bf089d7 tempest-DeleteServersTestJSON-1705546371 tempest-DeleteServersTestJSON-1705546371-project-member] Using url versioning {{(pid=83568) process_request /opt/stack/glance/glance/api/middleware/version_negotiation.py:57}}
Aug 18 15:53:42 devstack devstack@g-api.service[83568]: DEBUG glance.api.middleware.version_negotiation [None req-0045742c-2c94-4a68-b7dc-5b8e4bf089d7 tempest-DeleteServersTestJSON-1705546371 tempest-DeleteServersTestJSON-1705546371-project-member] Matched version: v2 {{(pid=83568) process_request /opt/stack/glance/glance/api/middleware/version_negotiation.py:69}}
Aug 18 15:53:42 devstack devstack@g-api.service[83568]: DEBUG glance.api.middleware.version_negotiation [None req-0045742c-2c94-4a68-b7dc-5b8e4bf089d7 tempest-DeleteServersTestJSON-1705546371 tempest-DeleteServersTestJSON-1705546371-project-member] new path /v2/images/e2f40e36-b8a5-4bf7-9a41-6a83cab75ab4 {{(pid=83568) process_request /opt/stack/glance/glance/api/middleware/version_negotiation.py:70}}
Aug 18 15:53:42 devstack devstack@g-api.service[83568]: [pid: 83568|app: 0|req: 11/23] 127.0.0.1 () {42 vars in 1061 bytes} [Tue Aug 18 15:53:42 2026] GET /v2/images/e2f40e36-b8a5-4bf7-9a41-6a83cab75ab4 => generated 976 bytes in 29 msecs (HTTP/1.1 200) 4 headers in 157 bytes (1 switches on core 0)
Aug 18 15:53:42 devstack devstack@g-api.service[83566]: DEBUG glance.api.middleware.version_negotiation [None req-0045742c-2c94-4a68-b7dc-5b8e4bf089d7 tempest-DeleteServersTestJSON-1705546371 tempest-DeleteServersTestJSON-1705546371-project-member] Determining version of request: GET /v2/schemas/image Accept: */* {{(pid=83566) process_request /opt/stack/glance/glance/api/middleware/version_negotiation.py:44}}
Aug 18 15:53:42 devstack devstack@g-api.service[83566]: DEBUG glance.api.middleware.version_negotiation [None req-0045742c-2c94-4a68-b7dc-5b8e4bf089d7 tempest-DeleteServersTestJSON-1705546371 tempest-DeleteServersTestJSON-1705546371-project-member] Using url versioning {{(pid=83566) process_request /opt/stack/glance/glance/api/middleware/version_negotiation.py:57}}
