Feb 25 15:55:18 devstack cinder-volume[83528]: DEBUG oslo_concurrency.lockutils [None req-43c5c69b-befb-4315-8779-45f65845f7f8 tempest-VolumeRetypeWithoutMigrationTest-1169426313 None] Lock "quobyte_ensure" "released" by "cinder.volume.drivers.quobyte.QuobyteDriver._ensure_shares_mounted" :: held 0.004s {{(pid=83528) inner /opt/stack/data/venv/lib/python3.10/site-packages/oslo_concurrency/lockutils.py:538}}
Feb 25 15:55:18 devstack cinder-volume[83528]: DEBUG oslo_concurrency.processutils [None req-43c5c69b-befb-4315-8779-45f65845f7f8 tempest-VolumeRetypeWithoutMigrationTest-1169426313 None] Running cmd (subprocess): sudo cinder-rootwrap /etc/cinder/rootwrap.conf df --portability --block-size 1 /opt/stack/data/cinder/mnt/fe6dd0cf8e7563f40de9c85fe900fd85 {{(pid=83528) execute /opt/stack/data/venv/lib/python3.10/site-packages/oslo_concurrency/processutils.py:440}}
Feb 25 15:55:18 devstack sudo[87215]: quobyte : PWD=/ ; USER=root ; COMMAND=/opt/stack/data/venv/bin/cinder-rootwrap /etc/cinder/rootwrap.conf df --portability --block-size 1 /opt/stack/data/cinder/mnt/fe6dd0cf8e7563f40de9c85fe900fd85
Feb 25 15:55:18 devstack sudo[87215]: pam_unix(sudo:session): session opened for user root(uid=0) by (uid=1000)
Feb 25 15:55:18 devstack sudo[87213]: pam_unix(sudo:session): session closed for user root
Feb 25 15:55:18 devstack cinder-volume[83528]: DEBUG oslo_concurrency.processutils [None req-42843643-0cf1-4bb1-9bda-802c2228cc0d tempest-SnapshotsActionsTest-65651383 None] CMD "/opt/stack/data/venv/bin/python3.10 -m oslo_concurrency.prlimit --as=1073741824 --cpu=60 -- sudo cinder-rootwrap /etc/cinder/rootwrap.conf env LC_ALL=C qemu-img info -f qcow2 --output=json --force-share /opt/stack/data/cinder/mnt/fe6dd0cf8e7563f40de9c85fe900fd85/volume-fa2da276-994a-452f-950a-05721f695adb.cf48a71a-46a9-4cb3-9a49-261772e1aa50" returned: 0 in 0.587s {{(pid=83528) execute /opt/stack/data/venv/lib/python3.10/site-packages/oslo_concurrency/processutils.py:468}}
Feb 25 15:55:18 devstack cinder-volume[83528]: DEBUG cinder.volume.drivers.remotefs [None req-42843643-0cf1-4bb1-9bda-802c2228cc0d tempest-SnapshotsActionsTest-65651383 None] Fetching qemu-img info with special backing_file_template: (/opt/stack/data/cinder/mnt/[0-9a-f]+/)?(volume-fa2da276-994a-452f-950a-05721f695adb(.(tmp-snap-)?[0-9a-f-]+)?|volume_from_snapshot_cache/(tmp-snap-)?[0-9a-f-]+(.(child-|parent-)[0-9a-f-]+)?)$ {{(pid=83528) _qemu_img_info_base /opt/stack/cinder/cinder/volume/drivers/remotefs.py:896}}
Feb 25 15:55:18 devstack cinder-volume[83528]: DEBUG oslo_concurrency.processutils [None req-42843643-0cf1-4bb1-9bda-802c2228cc0d tempest-SnapshotsActionsTest-65651383 None] Running cmd (subprocess): sudo cinder-rootwrap /etc/cinder/rootwrap.conf qemu-img commit -d /opt/stack/data/cinder/mnt/fe6dd0cf8e7563f40de9c85fe900fd85/volume-fa2da276-994a-452f-950a-05721f695adb.b8c27d68-ccca-4f87-95b9-17ef0d3362ad {{(pid=83528) execute /opt/stack/data/venv/lib/python3.10/site-packages/oslo_concurrency/processutils.py:440}}
Feb 25 15:55:18 devstack sudo[87220]: quobyte : PWD=/ ; USER=root ; COMMAND=/opt/stack/data/venv/bin/cinder-rootwrap /etc/cinder/rootwrap.conf qemu-img commit -d /opt/stack/data/cinder/mnt/fe6dd0cf8e7563f40de9c85fe900fd85/volume-fa2da276-994a-452f-950a-05721f695adb.b8c27d68-ccca-4f87-95b9-17ef0d3362ad
Feb 25 15:55:18 devstack sudo[87220]: pam_unix(sudo:session): session opened for user root(uid=0) by (uid=1000)
Feb 25 15:55:18 devstack sudo[87215]: pam_unix(sudo:session): session closed for user root
Feb 25 15:55:18 devstack cinder-volume[83528]: DEBUG oslo_concurrency.processutils [None req-43c5c69b-befb-4315-8779-45f65845f7f8 tempest-VolumeRetypeWithoutMigrationTest-1169426313 None] CMD "sudo cinder-rootwrap /etc/cinder/rootwrap.conf df --portability --block-size 1 /opt/stack/data/cinder/mnt/fe6dd0cf8e7563f40de9c85fe900fd85" returned: 0 in 0.538s {{(pid=83528) execute /opt/stack/data/venv/lib/python3.10/site-packages/oslo_concurrency/processutils.py:468}}
Feb 25 15:55:18 devstack cinder-volume[83528]: DEBUG cinder.manager [None req-43c5c69b-befb-4315-8779-45f65845f7f8 tempest-VolumeRetypeWithoutMigrationTest-1169426313 None] Notifying Schedulers of capabilities ... {{(pid=83528) _publish_service_capabilities /opt/stack/cinder/cinder/manager.py:202}}
Feb 25 15:55:18 devstack cinder-volume[83528]: INFO cinder.volume.manager [None req-43c5c69b-befb-4315-8779-45f65845f7f8 tempest-VolumeRetypeWithoutMigrationTest-1169426313 None] Retype volume completed successfully.
Feb 25 15:55:19 devstack sudo[87220]: pam_unix(sudo:session): session closed for user root
Feb 25 15:55:19 devstack cinder-volume[83528]: DEBUG oslo_concurrency.processutils [None req-42843643-0cf1-4bb1-9bda-802c2228cc0d tempest-SnapshotsActionsTest-65651383 None] CMD "sudo cinder-rootwrap /etc/cinder/rootwrap.conf qemu-img commit -d /opt/stack/data/cinder/mnt/fe6dd0cf8e7563f40de9c85fe900fd85/volume-fa2da276-994a-452f-950a-05721f695adb.b8c27d68-ccca-4f87-95b9-17ef0d3362ad" returned: 0 in 0.692s {{(pid=83528) execute /opt/stack/data/venv/lib/python3.10/site-packages/oslo_concurrency/processutils.py:468}}
Feb 25 15:55:19 devstack cinder-volume[83528]: DEBUG oslo_concurrency.processutils [None req-42843643-0cf1-4bb1-9bda-802c2228cc0d tempest-SnapshotsActionsTest-65651383 None] Running cmd (subprocess): sudo cinder-rootwrap /etc/cinder/rootwrap.conf rm -f /opt/stack/data/cinder/mnt/fe6dd0cf8e7563f40de9c85fe900fd85/volume-fa2da276-994a-452f-950a-05721f695adb.b8c27d68-ccca-4f87-95b9-17ef0d3362ad {{(pid=83528) execute /opt/stack/data/venv/lib/python3.10/site-packages/oslo_concurrency/processutils.py:440}}
Feb 25 15:55:19 devstack sudo[87228]: quobyte : PWD=/ ; USER=root ; COMMAND=/opt/stack/data/venv/bin/cinder-rootwrap /etc/cinder/rootwrap.conf rm -f /opt/stack/data/cinder/mnt/fe6dd0cf8e7563f40de9c85fe900fd85/volume-fa2da276-994a-452f-950a-05721f695adb.b8c27d68-ccca-4f87-95b9-17ef0d3362ad
Feb 25 15:55:19 devstack sudo[87228]: pam_unix(sudo:session): session opened for user root(uid=0) by (uid=1000)
Feb 25 15:55:19 devstack cinder-volume[83528]: DEBUG cinder.coordination [None req-ee4c4744-0975-4fcc-b82b-1efbf4963918 tempest-VolumeRetypeWithoutMigrationTest-1169426313 None] Acquiring lock "cinder-0e884cc0-e150-4579-a4d8-1a51c1a89f3f-delete_volume" by "delete_volume" {{(pid=83528) __acquire /opt/stack/cinder/cinder/coordination.py:138}}
Feb 25 15:55:19 devstack cinder-volume[83528]: DEBUG cinder.coordination [None req-ee4c4744-0975-4fcc-b82b-1efbf4963918 tempest-VolumeRetypeWithoutMigrationTest-1169426313 None] Lock "cinder-0e884cc0-e150-4579-a4d8-1a51c1a89f3f-delete_volume" acquired by "delete_volume" :: waited 0.011s {{(pid=83528) __acquire /opt/stack/cinder/cinder/coordination.py:141}}
Feb 25 15:55:19 devstack cinder-volume[83528]: DEBUG cinder.coordination [None req-ee4c4744-0975-4fcc-b82b-1efbf4963918 tempest-VolumeRetypeWithoutMigrationTest-1169426313 None] Acquiring lock "cinder-quobyte-0e884cc0-e150-4579-a4d8-1a51c1a89f3f" by "delete_volume" {{(pid=83528) __acquire /opt/stack/cinder/cinder/coordination.py:138}}
Feb 25 15:55:19 devstack cinder-volume[83528]: DEBUG cinder.coordination [None req-ee4c4744-0975-4fcc-b82b-1efbf4963918 tempest-VolumeRetypeWithoutMigrationTest-1169426313 None] Lock "cinder-quobyte-0e884cc0-e150-4579-a4d8-1a51c1a89f3f" acquired by "delete_volume" :: waited 0.008s {{(pid=83528) __acquire /opt/stack/cinder/cinder/coordination.py:141}}
Feb 25 15:55:19 devstack cinder-volume[83528]: DEBUG oslo.privsep.daemon [-] privsep: reply[f6927862-5ae9-4bf9-ae19-3945ba580934]: (4, 'qcow2') {{(pid=84389) _call_back /opt/stack/data/venv/lib/python3.10/site-packages/oslo_privsep/daemon.py:573}}
Feb 25 15:55:19 devstack cinder-volume[83528]: DEBUG oslo_concurrency.processutils [None req-ee4c4744-0975-4fcc-b82b-1efbf4963918 tempest-VolumeRetypeWithoutMigrationTest-1169426313 None] Running cmd (subprocess): /opt/stack/data/venv/bin/python3.10 -m oslo_concurrency.prlimit --as=1073741824 --cpu=60 -- sudo cinder-rootwrap /etc/cinder/rootwrap.conf env LC_ALL=C qemu-img info -f qcow2 --output=json --force-share /opt/stack/data/cinder/mnt/fe6dd0cf8e7563f40de9c85fe900fd85/volume-0e884cc0-e150-4579-a4d8-1a51c1a89f3f {{(pid=83528) execute /opt/stack/data/venv/lib/python3.10/site-packages/oslo_concurrency/processutils.py:440}}
Feb 25 15:55:19 devstack sudo[87230]: quobyte : PWD=/ ; USER=root ; COMMAND=/opt/stack/data/venv/bin/cinder-rootwrap /etc/cinder/rootwrap.conf env LC_ALL=C qemu-img info -f qcow2 --output=json --force-share /opt/stack/data/cinder/mnt/fe6dd0cf8e7563f40de9c85fe900fd85/volume-0e884cc0-e150-4579-a4d8-1a51c1a89f3f
Feb 25 15:55:19 devstack sudo[87230]: pam_unix(sudo:session): session opened for user root(uid=0) by (uid=1000)
Feb 25 15:55:19 devstack sudo[87228]: pam_unix(sudo:session): session closed for user root
Feb 25 15:55:19 devstack cinder-volume[83528]: DEBUG oslo_concurrency.processutils [None req-42843643-0cf1-4bb1-9bda-802c2228cc0d tempest-SnapshotsActionsTest-65651383 None] CMD "sudo cinder-rootwrap /etc/cinder/rootwrap.conf rm -f /opt/stack/data/cinder/mnt/fe6dd0cf8e7563f40de9c85fe900fd85/volume-fa2da276-994a-452f-950a-05721f695adb.b8c27d68-ccca-4f87-95b9-17ef0d3362ad" returned: 0 in 0.547s {{(pid=83528) execute /opt/stack/data/venv/lib/python3.10/site-packages/oslo_concurrency/processutils.py:468}}
Feb 25 15:55:19 devstack cinder-volume[83528]: DEBUG cinder.coordination [None req-42843643-0cf1-4bb1-9bda-802c2228cc0d tempest-SnapshotsActionsTest-65651383 None] Lock "cinder-quobyte-b8c27d68-ccca-4f87-95b9-17ef0d3362ad" released by "_delete_snapshot" :: held 2.628s {{(pid=83528) __release /opt/stack/cinder/cinder/coordination.py:152}}
Feb 25 15:55:19 devstack cinder-volume[83528]: DEBUG cinder.coordination [None req-42843643-0cf1-4bb1-9bda-802c2228cc0d tempest-SnapshotsActionsTest-65651383 None] Lock "cinder-quobyte-fa2da276-994a-452f-950a-05721f695adb" released by "delete_snapshot" :: held 2.655s {{(pid=83528) __release /opt/stack/cinder/cinder/coordination.py:152}}
Feb 25 15:55:19 devstack cinder-volume[83528]: DEBUG cinder.quota [None req-42843643-0cf1-4bb1-9bda-802c2228cc0d tempest-SnapshotsActionsTest-65651383 None] Created reservations ['0de0b65a-a535-42da-990d-0876e8a6709a', '77eff73e-492d-437c-9bbf-8d182e376d86', 'c653caa1-7a31-44a5-8395-8a11657ddd78', '1558dd18-c232-4c2e-9c10-dfa255faf6f2'] {{(pid=83528) reserve /opt/stack/cinder/cinder/quota.py:752}}
Feb 25 15:55:19 devstack cinder-volume[83528]: INFO cinder.volume.manager [None req-42843643-0cf1-4bb1-9bda-802c2228cc0d tempest-SnapshotsActionsTest-65651383 None] Delete snapshot completed successfully.
Feb 25 15:55:19 devstack cinder-volume[83528]: DEBUG cinder.coordination [None req-42843643-0cf1-4bb1-9bda-802c2228cc0d tempest-SnapshotsActionsTest-65651383 None] Lock "cinder-b8c27d68-ccca-4f87-95b9-17ef0d3362ad-delete_snapshot" released by "delete_snapshot" :: held 2.753s {{(pid=83528) __release /opt/stack/cinder/cinder/coordination.py:152}}
Feb 25 15:55:20 devstack sudo[87230]: pam_unix(sudo:session): session closed for user root
Feb 25 15:55:20 devstack cinder-volume[83528]: DEBUG oslo_concurrency.processutils [None req-ee4c4744-0975-4fcc-b82b-1efbf4963918 tempest-VolumeRetypeWithoutMigrationTest-1169426313 None] CMD "/opt/stack/data/venv/bin/python3.10 -m oslo_concurrency.prlimit --as=1073741824 --cpu=60 -- sudo cinder-rootwrap /etc/cinder/rootwrap.conf env LC_ALL=C qemu-img info -f qcow2 --output=json --force-share /opt/stack/data/cinder/mnt/fe6dd0cf8e7563f40de9c85fe900fd85/volume-0e884cc0-e150-4579-a4d8-1a51c1a89f3f" returned: 0 in 0.555s {{(pid=83528) execute /opt/stack/data/venv/lib/python3.10/site-packages/oslo_concurrency/processutils.py:468}}
Feb 25 15:55:20 devstack cinder-volume[83528]: DEBUG oslo_concurrency.processutils [None req-ee4c4744-0975-4fcc-b82b-1efbf4963918 tempest-VolumeRetypeWithoutMigrationTest-1169426313 None] Running cmd (subprocess): sudo cinder-rootwrap /etc/cinder/rootwrap.conf rm -f /opt/stack/data/cinder/mnt/fe6dd0cf8e7563f40de9c85fe900fd85/volume-0e884cc0-e150-4579-a4d8-1a51c1a89f3f {{(pid=83528) execute /opt/stack/data/venv/lib/python3.10/site-packages/oslo_concurrency/processutils.py:440}}
Feb 25 15:55:20 devstack sudo[87236]: quobyte : PWD=/ ; USER=root ; COMMAND=/opt/stack/data/venv/bin/cinder-rootwrap /etc/cinder/rootwrap.conf rm -f /opt/stack/data/cinder/mnt/fe6dd0cf8e7563f40de9c85fe900fd85/volume-0e884cc0-e150-4579-a4d8-1a51c1a89f3f
Feb 25 15:55:20 devstack sudo[87236]: pam_unix(sudo:session): session opened for user root(uid=0) by (uid=1000)
Feb 25 15:55:20 devstack cinder-volume[83528]: DEBUG oslo_concurrency.lockutils [None req-a2489a12-4140-442a-927d-cf36c6877f71 tempest-SnapshotsActionsTest-738507698 None] Acquiring lock "quobyte" by "cinder.volume.drivers.quobyte.QuobyteDriver.create_snapshot" {{(pid=83528) inner /opt/stack/data/venv/lib/python3.10/site-packages/oslo_concurrency/lockutils.py:506}}
Feb 25 15:55:20 devstack cinder-volume[83528]: DEBUG oslo_concurrency.lockutils [None req-a2489a12-4140-442a-927d-cf36c6877f71 tempest-SnapshotsActionsTest-738507698 None] Lock "quobyte" acquired by "cinder.volume.drivers.quobyte.QuobyteDriver.create_snapshot" :: waited 0.001s {{(pid=83528) inner /opt/stack/data/venv/lib/python3.10/site-packages/oslo_concurrency/lockutils.py:519}}
Feb 25 15:55:20 devstack sudo[87236]: pam_unix(sudo:session): session closed for user root
Feb 25 15:55:20 devstack cinder-volume[83528]: DEBUG oslo_concurrency.processutils [None req-ee4c4744-0975-4fcc-b82b-1efbf4963918 tempest-VolumeRetypeWithoutMigrationTest-1169426313 None] CMD "sudo cinder-rootwrap /etc/cinder/rootwrap.conf rm -f /opt/stack/data/cinder/mnt/fe6dd0cf8e7563f40de9c85fe900fd85/volume-0e884cc0-e150-4579-a4d8-1a51c1a89f3f" returned: 0 in 0.575s {{(pid=83528) execute /opt/stack/data/venv/lib/python3.10/site-packages/oslo_concurrency/processutils.py:468}}
Feb 25 15:55:20 devstack cinder-volume[83528]: DEBUG cinder.volume.drivers.remotefs [None req-a2489a12-4140-442a-927d-cf36c6877f71 tempest-SnapshotsActionsTest-738507698 None] Creating offline snapshot f3db4c18-2fa6-46be-8e83-366bd9ffa5c3 of volume fa2da276-994a-452f-950a-05721f695adb {{(pid=83528) _create_snapshot /opt/stack/cinder/cinder/volume/drivers/remotefs.py:1815}}
Feb 25 15:55:20 devstack cinder-volume[83528]: DEBUG cinder.coordination [None req-ee4c4744-0975-4fcc-b82b-1efbf4963918 tempest-VolumeRetypeWithoutMigrationTest-1169426313 None] Lock "cinder-quobyte-0e884cc0-e150-4579-a4d8-1a51c1a89f3f" released by "delete_volume" :: held 1.202s {{(pid=83528) __release /opt/stack/cinder/cinder/coordination.py:152}}
Feb 25 15:55:20 devstack cinder-volume[83528]: DEBUG oslo.privsep.daemon [-] privsep: reply[f0c347be-f231-466b-a5d9-c3c394c3297b]: (4, 'qcow2') {{(pid=84389) _call_back /opt/stack/data/venv/lib/python3.10/site-packages/oslo_privsep/daemon.py:573}}
Feb 25 15:55:20 devstack cinder-volume[83528]: DEBUG oslo_concurrency.processutils [None req-a2489a12-4140-442a-927d-cf36c6877f71 tempest-SnapshotsActionsTest-738507698 None] Running cmd (subprocess): /opt/stack/data/venv/bin/python3.10 -m oslo_concurrency.prlimit --as=1073741824 --cpu=60 -- sudo cinder-rootwrap /etc/cinder/rootwrap.conf env LC_ALL=C qemu-img info -f qcow2 --output=json --force-share /opt/stack/data/cinder/mnt/fe6dd0cf8e7563f40de9c85fe900fd85/volume-fa2da276-994a-452f-950a-05721f695adb.cf48a71a-46a9-4cb3-9a49-261772e1aa50 {{(pid=83528) execute /opt/stack/data/venv/lib/python3.10/site-packages/oslo_concurrency/processutils.py:440}}
Feb 25 15:55:20 devstack cinder-volume[83528]: WARNING cinder.quota [None req-ee4c4744-0975-4fcc-b82b-1efbf4963918 tempest-VolumeRetypeWithoutMigrationTest-1169426313 None] Deprecated: Default quota for resource: volumes_volume-type-2 is set by the default quota flag: quota_volumes_volume-type-2, it is now deprecated. Please use the default quota class for default quota.
Feb 25 15:55:20 devstack cinder-volume[83528]: WARNING cinder.quota [None req-ee4c4744-0975-4fcc-b82b-1efbf4963918 tempest-VolumeRetypeWithoutMigrationTest-1169426313 None] Deprecated: Default quota for resource: gigabytes_volume-type-2 is set by the default quota flag: quota_gigabytes_volume-type-2, it is now deprecated. Please use the default quota class for default quota.
Feb 25 15:55:20 devstack cinder-volume[83528]: DEBUG cinder.quota [None req-ee4c4744-0975-4fcc-b82b-1efbf4963918 tempest-VolumeRetypeWithoutMigrationTest-1169426313 None] Created reservations ['d3dae06f-ab28-468b-a937-63952282d50c', '3e2cf19a-8db8-4301-8183-89c54eb3cf10', 'aafa722a-9cdb-44c7-a430-2332cdd01902', '9bd1e9fe-7a8e-46c9-9c55-08b3804a98f0'] {{(pid=83528) reserve /opt/stack/cinder/cinder/quota.py:752}}
Feb 25 15:55:20 devstack sudo[87239]: quobyte : PWD=/ ; USER=root ; COMMAND=/opt/stack/data/venv/bin/cinder-rootwrap /etc/cinder/rootwrap.conf env LC_ALL=C qemu-img info -f qcow2 --output=json --force-share /opt/stack/data/cinder/mnt/fe6dd0cf8e7563f40de9c85fe900fd85/volume-fa2da276-994a-452f-950a-05721f695adb.cf48a71a-46a9-4cb3-9a49-261772e1aa50
Feb 25 15:55:20 devstack sudo[87239]: pam_unix(sudo:session): session opened for user root(uid=0) by (uid=1000)
Feb 25 15:55:20 devstack cinder-volume[83528]: DEBUG oslo_concurrency.lockutils [None req-ee4c4744-0975-4fcc-b82b-1efbf4963918 tempest-VolumeRetypeWithoutMigrationTest-1169426313 None] Acquiring lock "quobyte_ensure" by "cinder.volume.drivers.quobyte.QuobyteDriver._ensure_shares_mounted" {{(pid=83528) inner /opt/stack/data/venv/lib/python3.10/site-packages/oslo_concurrency/lockutils.py:506}}
Feb 25 15:55:20 devstack cinder-volume[83528]: DEBUG oslo_concurrency.lockutils [None req-ee4c4744-0975-4fcc-b82b-1efbf4963918 tempest-VolumeRetypeWithoutMigrationTest-1169426313 None] Lock "quobyte_ensure" acquired by "cinder.volume.drivers.quobyte.QuobyteDriver._ensure_shares_mounted" :: waited 0.001s {{(pid=83528) inner /opt/stack/data/venv/lib/python3.10/site-packages/oslo_concurrency/lockutils.py:519}}
Feb 25 15:55:20 devstack cinder-volume[83528]: DEBUG cinder.volume.drivers.quobyte [None req-ee4c4744-0975-4fcc-b82b-1efbf4963918 tempest-VolumeRetypeWithoutMigrationTest-1169426313 None] Quobyte Volume URL set to: {'osci02.corp.quobyte.com/cinder-vol-23e9d725-3e04-4cd9-bfe0-c8ef43305589': None} {{(pid=83528) _load_shares_config /opt/stack/cinder/cinder/volume/drivers/quobyte.py:617}}
Feb 25 15:55:20 devstack cinder-volume[83528]: DEBUG cinder.volume.drivers.quobyte [None req-ee4c4744-0975-4fcc-b82b-1efbf4963918 tempest-VolumeRetypeWithoutMigrationTest-1169426313 None] Available shares ['osci02.corp.quobyte.com/cinder-vol-23e9d725-3e04-4cd9-bfe0-c8ef43305589'] {{(pid=83528) _ensure_shares_mounted /opt/stack/cinder/cinder/volume/drivers/quobyte.py:647}}
Feb 25 15:55:20 devstack cinder-volume[83528]: DEBUG oslo_concurrency.lockutils [None req-ee4c4744-0975-4fcc-b82b-1efbf4963918 tempest-VolumeRetypeWithoutMigrationTest-1169426313 None] Lock "quobyte_ensure" "released" by "cinder.volume.drivers.quobyte.QuobyteDriver._ensure_shares_mounted" :: held 0.005s {{(pid=83528) inner /opt/stack/data/venv/lib/python3.10/site-packages/oslo_concurrency/lockutils.py:538}}
Feb 25 15:55:20 devstack cinder-volume[83528]: DEBUG oslo_concurrency.processutils [None req-ee4c4744-0975-4fcc-b82b-1efbf4963918 tempest-VolumeRetypeWithoutMigrationTest-1169426313 None] Running cmd (subprocess): sudo cinder-rootwrap /etc/cinder/rootwrap.conf df --portability --block-size 1 /opt/stack/data/cinder/mnt/fe6dd0cf8e7563f40de9c85fe900fd85 {{(pid=83528) execute /opt/stack/data/venv/lib/python3.10/site-packages/oslo_concurrency/processutils.py:440}}
Feb 25 15:55:20 devstack sudo[87241]: quobyte : PWD=/ ; USER=root ; COMMAND=/opt/stack/data/venv/bin/cinder-rootwrap /etc/cinder/rootwrap.conf df --portability --block-size 1 /opt/stack/data/cinder/mnt/fe6dd0cf8e7563f40de9c85fe900fd85
Feb 25 15:55:20 devstack sudo[87241]: pam_unix(sudo:session): session opened for user root(uid=0) by (uid=1000)
Feb 25 15:55:21 devstack sudo[87241]: pam_unix(sudo:session): session closed for user root
Feb 25 15:55:21 devstack cinder-volume[83528]: DEBUG oslo_concurrency.processutils [None req-ee4c4744-0975-4fcc-b82b-1efbf4963918 tempest-VolumeRetypeWithoutMigrationTest-1169426313 None] CMD "sudo cinder-rootwrap /etc/cinder/rootwrap.conf df --portability --block-size 1 /opt/stack/data/cinder/mnt/fe6dd0cf8e7563f40de9c85fe900fd85" returned: 0 in 0.451s {{(pid=83528) execute /opt/stack/data/venv/lib/python3.10/site-packages/oslo_concurrency/processutils.py:468}}
Feb 25 15:55:21 devstack cinder-volume[83528]: DEBUG cinder.manager [None req-ee4c4744-0975-4fcc-b82b-1efbf4963918 tempest-VolumeRetypeWithoutMigrationTest-1169426313 None] Notifying Schedulers of capabilities ... {{(pid=83528) _publish_service_capabilities /opt/stack/cinder/cinder/manager.py:202}}
Feb 25 15:55:21 devstack cinder-volume[83528]: INFO cinder.volume.manager [None req-ee4c4744-0975-4fcc-b82b-1efbf4963918 tempest-VolumeRetypeWithoutMigrationTest-1169426313 None] Deleted volume successfully.
Feb 25 15:55:21 devstack cinder-volume[83528]: DEBUG cinder.coordination [None req-ee4c4744-0975-4fcc-b82b-1efbf4963918 tempest-VolumeRetypeWithoutMigrationTest-1169426313 None] Lock "cinder-0e884cc0-e150-4579-a4d8-1a51c1a89f3f-delete_volume" released by "delete_volume" :: held 1.820s {{(pid=83528) __release /opt/stack/cinder/cinder/coordination.py:152}}
Feb 25 15:55:21 devstack sudo[87239]: pam_unix(sudo:session): session closed for user root
Feb 25 15:55:21 devstack cinder-volume[83528]: DEBUG oslo_concurrency.processutils [None req-a2489a12-4140-442a-927d-cf36c6877f71 tempest-SnapshotsActionsTest-738507698 None] CMD "/opt/stack/data/venv/bin/python3.10 -m oslo_concurrency.prlimit --as=1073741824 --cpu=60 -- sudo cinder-rootwrap /etc/cinder/rootwrap.conf env LC_ALL=C qemu-img info -f qcow2 --output=json --force-share /opt/stack/data/cinder/mnt/fe6dd0cf8e7563f40de9c85fe900fd85/volume-fa2da276-994a-452f-950a-05721f695adb.cf48a71a-46a9-4cb3-9a49-261772e1aa50" returned: 0 in 0.600s {{(pid=83528) execute /opt/stack/data/venv/lib/python3.10/site-packages/oslo_concurrency/processutils.py:468}}
Feb 25 15:55:21 devstack cinder-volume[83528]: DEBUG cinder.volume.drivers.remotefs [None req-a2489a12-4140-442a-927d-cf36c6877f71 tempest-SnapshotsActionsTest-738507698 None] Fetching qemu-img info with special backing_file_template: (/opt/stack/data/cinder/mnt/[0-9a-f]+/)?(volume-fa2da276-994a-452f-950a-05721f695adb(.(tmp-snap-)?[0-9a-f-]+)?|volume_from_snapshot_cache/(tmp-snap-)?[0-9a-f-]+(.(child-|parent-)[0-9a-f-]+)?)$ {{(pid=83528) _qemu_img_info_base /opt/stack/cinder/cinder/volume/drivers/remotefs.py:896}}
Feb 25 15:55:21 devstack cinder-volume[83528]: DEBUG oslo_concurrency.processutils [None req-a2489a12-4140-442a-927d-cf36c6877f71 tempest-SnapshotsActionsTest-738507698 None] Running cmd (subprocess): sudo cinder-rootwrap /etc/cinder/rootwrap.conf qemu-img create -f qcow2 -o backing_file=/opt/stack/data/cinder/mnt/fe6dd0cf8e7563f40de9c85fe900fd85/volume-fa2da276-994a-452f-950a-05721f695adb.cf48a71a-46a9-4cb3-9a49-261772e1aa50,backing_fmt=qcow2 /opt/stack/data/cinder/mnt/fe6dd0cf8e7563f40de9c85fe900fd85/volume-fa2da276-994a-452f-950a-05721f695adb.f3db4c18-2fa6-46be-8e83-366bd9ffa5c3 1G {{(pid=83528) execute /opt/stack/data/venv/lib/python3.10/site-packages/oslo_concurrency/processutils.py:440}}
Feb 25 15:55:21 devstack sudo[87247]: quobyte : PWD=/ ; USER=root ; COMMAND=/opt/stack/data/venv/bin/cinder-rootwrap /etc/cinder/rootwrap.conf qemu-img create -f qcow2 -o backing_file=/opt/stack/data/cinder/mnt/fe6dd0cf8e7563f40de9c85fe900fd85/volume-fa2da276-994a-452f-950a-05721f695adb.cf48a71a-46a9-4cb3-9a49-261772e1aa50,backing_fmt=qcow2 /opt/stack/data/cinder/mnt/fe6dd0cf8e7563f40de9c85fe900fd85/volume-fa2da276-994a-452f-950a-05721f695adb.f3db4c18-2fa6-46be-8e83-366bd9ffa5c3 1G
Feb 25 15:55:21 devstack sudo[87247]: pam_unix(sudo:session): session opened for user root(uid=0) by (uid=1000)
Feb 25 15:55:22 devstack sudo[87247]: pam_unix(sudo:session): session closed for user root
Feb 25 15:55:22 devstack cinder-volume[83528]: DEBUG oslo_concurrency.processutils [None req-a2489a12-4140-442a-927d-cf36c6877f71 tempest-SnapshotsActionsTest-738507698 None] CMD "sudo cinder-rootwrap /etc/cinder/rootwrap.conf qemu-img create -f qcow2 -o backing_file=/opt/stack/data/cinder/mnt/fe6dd0cf8e7563f40de9c85fe900fd85/volume-fa2da276-994a-452f-950a-05721f695adb.cf48a71a-46a9-4cb3-9a49-261772e1aa50,backing_fmt=qcow2 /opt/stack/data/cinder/mnt/fe6dd0cf8e7563f40de9c85fe900fd85/volume-fa2da276-994a-452f-950a-05721f695adb.f3db4c18-2fa6-46be-8e83-366bd9ffa5c3 1G" returned: 0 in 0.866s {{(pid=83528) execute /opt/stack/data/venv/lib/python3.10/site-packages/oslo_concurrency/processutils.py:468}}
Feb 25 15:55:22 devstack cinder-volume[83528]: DEBUG oslo_concurrency.processutils [None req-a2489a12-4140-442a-927d-cf36c6877f71 tempest-SnapshotsActionsTest-738507698 None] Running cmd (subprocess): sudo cinder-rootwrap /etc/cinder/rootwrap.conf qemu-img rebase -u -b volume-fa2da276-994a-452f-950a-05721f695adb.cf48a71a-46a9-4cb3-9a49-261772e1aa50 -F qcow2 /opt/stack/data/cinder/mnt/fe6dd0cf8e7563f40de9c85fe900fd85/volume-fa2da276-994a-452f-950a-05721f695adb.f3db4c18-2fa6-46be-8e83-366bd9ffa5c3 {{(pid=83528) execute /opt/stack/data/venv/lib/python3.10/site-packages/oslo_concurrency/processutils.py:440}}
Feb 25 15:55:22 devstack sudo[87252]: quobyte : PWD=/ ; USER=root ; COMMAND=/opt/stack/data/venv/bin/cinder-rootwrap /etc/cinder/rootwrap.conf qemu-img rebase -u -b volume-fa2da276-994a-452f-950a-05721f695adb.cf48a71a-46a9-4cb3-9a49-261772e1aa50 -F qcow2 /opt/stack/data/cinder/mnt/fe6dd0cf8e7563f40de9c85fe900fd85/volume-fa2da276-994a-452f-950a-05721f695adb.f3db4c18-2fa6-46be-8e83-366bd9ffa5c3
Feb 25 15:55:22 devstack sudo[87252]: pam_unix(sudo:session): session opened for user root(uid=0) by (uid=1000)
Feb 25 15:55:22 devstack sudo[87252]: pam_unix(sudo:session): session closed for user root
Feb 25 15:55:22 devstack cinder-volume[83528]: DEBUG oslo_concurrency.processutils [None req-a2489a12-4140-442a-927d-cf36c6877f71 tempest-SnapshotsActionsTest-738507698 None] CMD "sudo cinder-rootwrap /etc/cinder/rootwrap.conf qemu-img rebase -u -b volume-fa2da276-994a-452f-950a-05721f695adb.cf48a71a-46a9-4cb3-9a49-261772e1aa50 -F qcow2 /opt/stack/data/cinder/mnt/fe6dd0cf8e7563f40de9c85fe900fd85/volume-fa2da276-994a-452f-950a-05721f695adb.f3db4c18-2fa6-46be-8e83-366bd9ffa5c3" returned: 0 in 0.637s {{(pid=83528) execute /opt/stack/data/venv/lib/python3.10/site-packages/oslo_concurrency/processutils.py:468}}
Feb 25 15:55:22 devstack cinder-volume[83528]: WARNING cinder.volume.drivers.remotefs [None req-a2489a12-4140-442a-927d-cf36c6877f71 tempest-SnapshotsActionsTest-738507698 None] /opt/stack/data/cinder/mnt/fe6dd0cf8e7563f40de9c85fe900fd85/volume-fa2da276-994a-452f-950a-05721f695adb.f3db4c18-2fa6-46be-8e83-366bd9ffa5c3 is being set with open permissions: ugo+rw
Feb 25 15:55:22 devstack cinder-volume[83528]: DEBUG oslo_concurrency.processutils [None req-a2489a12-4140-442a-927d-cf36c6877f71 tempest-SnapshotsActionsTest-738507698 None] Running cmd (subprocess): sudo cinder-rootwrap /etc/cinder/rootwrap.conf chmod ugo+rw /opt/stack/data/cinder/mnt/fe6dd0cf8e7563f40de9c85fe900fd85/volume-fa2da276-994a-452f-950a-05721f695adb.f3db4c18-2fa6-46be-8e83-366bd9ffa5c3 {{(pid=83528) execute /opt/stack/data/venv/lib/python3.10/site-packages/oslo_concurrency/processutils.py:440}}
Feb 25 15:55:22 devstack sudo[87257]: quobyte : PWD=/ ; USER=root ; COMMAND=/opt/stack/data/venv/bin/cinder-rootwrap /etc/cinder/rootwrap.conf chmod ugo+rw /opt/stack/data/cinder/mnt/fe6dd0cf8e7563f40de9c85fe900fd85/volume-fa2da276-994a-452f-950a-05721f695adb.f3db4c18-2fa6-46be-8e83-366bd9ffa5c3
Feb 25 15:55:22 devstack sudo[87257]: pam_unix(sudo:session): session opened for user root(uid=0) by (uid=1000)
Feb 25 15:55:23 devstack cinder-volume[83528]: DEBUG oslo_concurrency.processutils [None req-a2489a12-4140-442a-927d-cf36c6877f71 tempest-SnapshotsActionsTest-738507698 None] CMD "sudo cinder-rootwrap /etc/cinder/rootwrap.conf chmod ugo+rw /opt/stack/data/cinder/mnt/fe6dd0cf8e7563f40de9c85fe900fd85/volume-fa2da276-994a-452f-950a-05721f695adb.f3db4c18-2fa6-46be-8e83-366bd9ffa5c3" returned: 0 in 0.613s {{(pid=83528) execute /opt/stack/data/venv/lib/python3.10/site-packages/oslo_concurrency/processutils.py:468}}
Feb 25 15:55:23 devstack cinder-volume[83528]: DEBUG oslo_concurrency.lockutils [None req-a2489a12-4140-442a-927d-cf36c6877f71 tempest-SnapshotsActionsTest-738507698 None] Lock "quobyte" "released" by "cinder.volume.drivers.quobyte.QuobyteDriver.create_snapshot" :: held 2.805s {{(pid=83528) inner /opt/stack/data/venv/lib/python3.10/site-packages/oslo_concurrency/lockutils.py:538}}
Feb 25 15:55:23 devstack sudo[87257]: pam_unix(sudo:session): session closed for user root
Feb 25 15:55:23 devstack cinder-volume[83528]: INFO cinder.volume.manager [None req-a2489a12-4140-442a-927d-cf36c6877f71 tempest-SnapshotsActionsTest-738507698 None] Create snapshot completed successfully
Feb 25 15:55:23 devstack cinder-volume[83528]: DEBUG cinder.coordination [None req-761ee5e5-768d-465e-a298-167ffd450cc4 tempest-SnapshotsActionsTest-65651383 None] Acquiring lock "cinder-f3db4c18-2fa6-46be-8e83-366bd9ffa5c3-delete_snapshot" by "delete_snapshot" {{(pid=83528) __acquire /opt/stack/cinder/cinder/coordination.py:138}}
Feb 25 15:55:23 devstack cinder-volume[83528]: DEBUG cinder.coordination [None req-761ee5e5-768d-465e-a298-167ffd450cc4 tempest-SnapshotsActionsTest-65651383 None] Lock "cinder-f3db4c18-2fa6-46be-8e83-366bd9ffa5c3-delete_snapshot" acquired by "delete_snapshot" :: waited 0.020s {{(pid=83528) __acquire /opt/stack/cinder/cinder/coordination.py:141}}
Feb 25 15:55:23 devstack cinder-volume[83528]: DEBUG cinder.coordination [None req-761ee5e5-768d-465e-a298-167ffd450cc4 tempest-SnapshotsActionsTest-65651383 None] Acquiring lock "cinder-quobyte-fa2da276-994a-452f-950a-05721f695adb" by "delete_snapshot" {{(pid=83528) __acquire /opt/stack/cinder/cinder/coordination.py:138}}
Feb 25 15:55:23 devstack cinder-volume[83528]: DEBUG cinder.coordination [None req-761ee5e5-768d-465e-a298-167ffd450cc4 tempest-SnapshotsActionsTest-65651383 None] Lock "cinder-quobyte-fa2da276-994a-452f-950a-05721f695adb" acquired by "delete_snapshot" :: waited 0.017s {{(pid=83528) __acquire /opt/stack/cinder/cinder/coordination.py:141}}
Feb 25 15:55:23 devstack cinder-volume[83528]: DEBUG cinder.coordination [None req-761ee5e5-768d-465e-a298-167ffd450cc4 tempest-SnapshotsActionsTest-65651383 None] Acquiring lock "cinder-quobyte-f3db4c18-2fa6-46be-8e83-366bd9ffa5c3" by "_delete_snapshot" {{(pid=83528) __acquire /opt/stack/cinder/cinder/coordination.py:138}}
Feb 25 15:55:23 devstack cinder-volume[83528]: DEBUG cinder.coordination [None req-761ee5e5-768d-465e-a298-167ffd450cc4 tempest-SnapshotsActionsTest-65651383 None] Lock "cinder-quobyte-f3db4c18-2fa6-46be-8e83-366bd9ffa5c3" acquired by "_delete_snapshot" :: waited 0.017s {{(pid=83528) __acquire /opt/stack/cinder/cinder/coordination.py:141}}
Feb 25 15:55:23 devstack cinder-volume[83528]: DEBUG cinder.volume.drivers.remotefs [None req-761ee5e5-768d-465e-a298-167ffd450cc4 tempest-SnapshotsActionsTest-65651383 None] Deleting offline snapshot f3db4c18-2fa6-46be-8e83-366bd9ffa5c3 of volume fa2da276-994a-452f-950a-05721f695adb {{(pid=83528) _delete_snapshot /opt/stack/cinder/cinder/volume/drivers/remotefs.py:1288}}
Feb 25 15:55:23 devstack cinder-volume[83528]: DEBUG cinder.volume.drivers.remotefs [None req-761ee5e5-768d-465e-a298-167ffd450cc4 tempest-SnapshotsActionsTest-65651383 None] snapshot_file for this snap is: volume-fa2da276-994a-452f-950a-05721f695adb.f3db4c18-2fa6-46be-8e83-366bd9ffa5c3 {{(pid=83528) _delete_snapshot /opt/stack/cinder/cinder/volume/drivers/remotefs.py:1317}}
Feb 25 15:55:23 devstack cinder-volume[83528]: DEBUG oslo.privsep.daemon [-] privsep: reply[501df6de-5c10-4c93-ae2a-78f31770cb42]: (4, 'qcow2') {{(pid=84389) _call_back /opt/stack/data/venv/lib/python3.10/site-packages/oslo_privsep/daemon.py:573}}
Feb 25 15:55:23 devstack cinder-volume[83528]: DEBUG oslo_concurrency.processutils [None req-761ee5e5-768d-465e-a298-167ffd450cc4 tempest-SnapshotsActionsTest-65651383 None] Running cmd (subprocess): /opt/stack/data/venv/bin/python3.10 -m oslo_concurrency.prlimit --as=1073741824 --cpu=60 -- sudo cinder-rootwrap /etc/cinder/rootwrap.conf env LC_ALL=C qemu-img info -f qcow2 --output=json --force-share /opt/stack/data/cinder/mnt/fe6dd0cf8e7563f40de9c85fe900fd85/volume-fa2da276-994a-452f-950a-05721f695adb.f3db4c18-2fa6-46be-8e83-366bd9ffa5c3 {{(pid=83528) execute /opt/stack/data/venv/lib/python3.10/site-packages/oslo_concurrency/processutils.py:440}}
Feb 25 15:55:24 devstack sudo[87262]: quobyte : PWD=/ ; USER=root ; COMMAND=/opt/stack/data/venv/bin/cinder-rootwrap /etc/cinder/rootwrap.conf env LC_ALL=C qemu-img info -f qcow2 --output=json --force-share /opt/stack/data/cinder/mnt/fe6dd0cf8e7563f40de9c85fe900fd85/volume-fa2da276-994a-452f-950a-05721f695adb.f3db4c18-2fa6-46be-8e83-366bd9ffa5c3
Feb 25 15:55:24 devstack sudo[87262]: pam_unix(sudo:session): session opened for user root(uid=0) by (uid=1000)
Feb 25 15:55:24 devstack sudo[87262]: pam_unix(sudo:session): session closed for user root
Feb 25 15:55:24 devstack cinder-volume[83528]: DEBUG oslo_concurrency.processutils [None req-761ee5e5-768d-465e-a298-167ffd450cc4 tempest-SnapshotsActionsTest-65651383 None] CMD "/opt/stack/data/venv/bin/python3.10 -m oslo_concurrency.prlimit --as=1073741824 --cpu=60 -- sudo cinder-rootwrap /etc/cinder/rootwrap.conf env LC_ALL=C qemu-img info -f qcow2 --output=json --force-share /opt/stack/data/cinder/mnt/fe6dd0cf8e7563f40de9c85fe900fd85/volume-fa2da276-994a-452f-950a-05721f695adb.f3db4c18-2fa6-46be-8e83-366bd9ffa5c3" returned: 0 in 0.769s {{(pid=83528) execute /opt/stack/data/venv/lib/python3.10/site-packages/oslo_concurrency/processutils.py:468}}
Feb 25 15:55:24 devstack cinder-volume[83528]: DEBUG cinder.volume.drivers.remotefs [None req-761ee5e5-768d-465e-a298-167ffd450cc4 tempest-SnapshotsActionsTest-65651383 None] Fetching qemu-img info with special backing_file_template: (/opt/stack/data/cinder/mnt/[0-9a-f]+/)?(volume-fa2da276-994a-452f-950a-05721f695adb(.(tmp-snap-)?[0-9a-f-]+)?|volume_from_snapshot_cache/(tmp-snap-)?[0-9a-f-]+(.(child-|parent-)[0-9a-f-]+)?)$ {{(pid=83528) _qemu_img_info_base /opt/stack/cinder/cinder/volume/drivers/remotefs.py:896}}
Feb 25 15:55:24 devstack cinder-volume[83528]: DEBUG oslo.privsep.daemon [-] privsep: reply[d3d2bb9f-ad76-4dc3-8fbe-e7f85fb4c72b]: (4, 'qcow2') {{(pid=84389) _call_back /opt/stack/data/venv/lib/python3.10/site-packages/oslo_privsep/daemon.py:573}}
Feb 25 15:55:24 devstack cinder-volume[83528]: DEBUG oslo_concurrency.processutils [None req-761ee5e5-768d-465e-a298-167ffd450cc4 tempest-SnapshotsActionsTest-65651383 None] Running cmd (subprocess): /opt/stack/data/venv/bin/python3.10 -m oslo_concurrency.prlimit --as=1073741824 --cpu=60 -- sudo cinder-rootwrap /etc/cinder/rootwrap.conf env LC_ALL=C qemu-img info -f qcow2 --output=json --force-share /opt/stack/data/cinder/mnt/fe6dd0cf8e7563f40de9c85fe900fd85/volume-fa2da276-994a-452f-950a-05721f695adb.cf48a71a-46a9-4cb3-9a49-261772e1aa50 {{(pid=83528) execute /opt/stack/data/venv/lib/python3.10/site-packages/oslo_concurrency/processutils.py:440}}
Feb 25 15:55:24 devstack sudo[87271]: quobyte : PWD=/ ; USER=root ; COMMAND=/opt/stack/data/venv/bin/cinder-rootwrap /etc/cinder/rootwrap.conf env LC_ALL=C qemu-img info -f qcow2 --output=json --force-share /opt/stack/data/cinder/mnt/fe6dd0cf8e7563f40de9c85fe900fd85/volume-fa2da276-994a-452f-950a-05721f695adb.cf48a71a-46a9-4cb3-9a49-261772e1aa50
Feb 25 15:55:24 devstack sudo[87271]: pam_unix(sudo:session): session opened for user root(uid=0) by (uid=1000)
Feb 25 15:55:25 devstack sudo[87271]: pam_unix(sudo:session): session closed for user root
Feb 25 15:55:25 devstack cinder-volume[83528]: DEBUG oslo_concurrency.processutils [None req-761ee5e5-768d-465e-a298-167ffd450cc4 tempest-SnapshotsActionsTest-65651383 None] CMD "/opt/stack/data/venv/bin/python3.10 -m oslo_concurrency.prlimit --as=1073741824 --cpu=60 -- sudo cinder-rootwrap /etc/cinder/rootwrap.conf env LC_ALL=C qemu-img info -f qcow2 --output=json --force-share /opt/stack/data/cinder/mnt/fe6dd0cf8e7563f40de9c85fe900fd85/volume-fa2da276-994a-452f-950a-05721f695adb.cf48a71a-46a9-4cb3-9a49-261772e1aa50" returned: 0 in 0.617s {{(pid=83528) execute /opt/stack/data/venv/lib/python3.10/site-packages/oslo_concurrency/processutils.py:468}}
Feb 25 15:55:25 devstack cinder-volume[83528]: DEBUG cinder.volume.drivers.remotefs [None req-761ee5e5-768d-465e-a298-167ffd450cc4 tempest-SnapshotsActionsTest-65651383 None] Fetching qemu-img info with special backing_file_template: (/opt/stack/data/cinder/mnt/[0-9a-f]+/)?(volume-fa2da276-994a-452f-950a-05721f695adb(.(tmp-snap-)?[0-9a-f-]+)?|volume_from_snapshot_cache/(tmp-snap-)?[0-9a-f-]+(.(child-|parent-)[0-9a-f-]+)?)$ {{(pid=83528) _qemu_img_info_base /opt/stack/cinder/cinder/volume/drivers/remotefs.py:896}}
Feb 25 15:55:25 devstack cinder-volume[83528]: DEBUG oslo_concurrency.processutils [None req-761ee5e5-768d-465e-a298-167ffd450cc4 tempest-SnapshotsActionsTest-65651383 None] Running cmd (subprocess): sudo cinder-rootwrap /etc/cinder/rootwrap.conf qemu-img commit -d /opt/stack/data/cinder/mnt/fe6dd0cf8e7563f40de9c85fe900fd85/volume-fa2da276-994a-452f-950a-05721f695adb.f3db4c18-2fa6-46be-8e83-366bd9ffa5c3 {{(pid=83528) execute /opt/stack/data/venv/lib/python3.10/site-packages/oslo_concurrency/processutils.py:440}}
Feb 25 15:55:25 devstack sudo[87276]: quobyte : PWD=/ ; USER=root ; COMMAND=/opt/stack/data/venv/bin/cinder-rootwrap /etc/cinder/rootwrap.conf qemu-img commit -d /opt/stack/data/cinder/mnt/fe6dd0cf8e7563f40de9c85fe900fd85/volume-fa2da276-994a-452f-950a-05721f695adb.f3db4c18-2fa6-46be-8e83-366bd9ffa5c3
Feb 25 15:55:25 devstack sudo[87276]: pam_unix(sudo:session): session opened for user root(uid=0) by (uid=1000)
Feb 25 15:55:26 devstack sudo[87276]: pam_unix(sudo:session): session closed for user root
Feb 25 15:55:26 devstack cinder-volume[83528]: DEBUG oslo_concurrency.processutils [None req-761ee5e5-768d-465e-a298-167ffd450cc4 tempest-SnapshotsActionsTest-65651383 None] CMD "sudo cinder-rootwrap /etc/cinder/rootwrap.conf qemu-img commit -d /opt/stack/data/cinder/mnt/fe6dd0cf8e7563f40de9c85fe900fd85/volume-fa2da276-994a-452f-950a-05721f695adb.f3db4c18-2fa6-46be-8e83-366bd9ffa5c3" returned: 0 in 0.669s {{(pid=83528) execute /opt/stack/data/venv/lib/python3.10/site-packages/oslo_concurrency/processutils.py:468}}
Feb 25 15:55:26 devstack cinder-volume[83528]: DEBUG oslo_concurrency.processutils [None req-761ee5e5-768d-465e-a298-167ffd450cc4 tempest-SnapshotsActionsTest-65651383 None] Running cmd (subprocess): sudo cinder-rootwrap /etc/cinder/rootwrap.conf rm -f /opt/stack/data/cinder/mnt/fe6dd0cf8e7563f40de9c85fe900fd85/volume-fa2da276-994a-452f-950a-05721f695adb.f3db4c18-2fa6-46be-8e83-366bd9ffa5c3 {{(pid=83528) execute /opt/stack/data/venv/lib/python3.10/site-packages/oslo_concurrency/processutils.py:440}}
Feb 25 15:55:26 devstack sudo[87281]: quobyte : PWD=/ ; USER=root ; COMMAND=/opt/stack/data/venv/bin/cinder-rootwrap /etc/cinder/rootwrap.conf rm -f /opt/stack/data/cinder/mnt/fe6dd0cf8e7563f40de9c85fe900fd85/volume-fa2da276-994a-452f-950a-05721f695adb.f3db4c18-2fa6-46be-8e83-366bd9ffa5c3
Feb 25 15:55:26 devstack sudo[87281]: pam_unix(sudo:session): session opened for user root(uid=0) by (uid=1000)
Feb 25 15:55:26 devstack sudo[87281]: pam_unix(sudo:session): session closed for user root
Feb 25 15:55:26 devstack cinder-volume[83528]: DEBUG oslo_concurrency.processutils [None req-761ee5e5-768d-465e-a298-167ffd450cc4 tempest-SnapshotsActionsTest-65651383 None] CMD "sudo cinder-rootwrap /etc/cinder/rootwrap.conf rm -f /opt/stack/data/cinder/mnt/fe6dd0cf8e7563f40de9c85fe900fd85/volume-fa2da276-994a-452f-950a-05721f695adb.f3db4c18-2fa6-46be-8e83-366bd9ffa5c3" returned: 0 in 0.594s {{(pid=83528) execute /opt/stack/data/venv/lib/python3.10/site-packages/oslo_concurrency/processutils.py:468}}
Feb 25 15:55:26 devstack cinder-volume[83528]: DEBUG cinder.coordination [None req-761ee5e5-768d-465e-a298-167ffd450cc4 tempest-SnapshotsActionsTest-65651383 None] Lock "cinder-quobyte-f3db4c18-2fa6-46be-8e83-366bd9ffa5c3" released by "_delete_snapshot" :: held 2.722s {{(pid=83528) __release /opt/stack/cinder/cinder/coordination.py:152}}
Feb 25 15:55:26 devstack cinder-volume[83528]: DEBUG cinder.coordination [None req-761ee5e5-768d-465e-a298-167ffd450cc4 tempest-SnapshotsActionsTest-65651383 None] Lock "cinder-quobyte-fa2da276-994a-452f-950a-05721f695adb" released by "delete_snapshot" :: held 2.745s {{(pid=83528) __release /opt/stack/cinder/cinder/coordination.py:152}}
Feb 25 15:55:26 devstack cinder-volume[83528]: DEBUG cinder.quota [None req-761ee5e5-768d-465e-a298-167ffd450cc4 tempest-SnapshotsActionsTest-65651383 None] Created reservations ['a4600e1d-ef23-4309-84ff-0d8497f29c26', '69b4f01d-8caa-4304-bfdd-b8655eea6c2c', '389c18b7-aff1-4363-b1ee-9ed7ba4b6634', '5e6133c7-80fd-4bf3-9f51-83ded93e0b2c'] {{(pid=83528) reserve /opt/stack/cinder/cinder/quota.py:752}}
Feb 25 15:55:26 devstack cinder-volume[83528]: INFO cinder.volume.manager [None req-761ee5e5-768d-465e-a298-167ffd450cc4 tempest-SnapshotsActionsTest-65651383 None] Delete snapshot completed successfully.
Feb 25 15:55:26 devstack cinder-volume[83528]: DEBUG cinder.coordination [None req-761ee5e5-768d-465e-a298-167ffd450cc4 tempest-SnapshotsActionsTest-65651383 None] Lock "cinder-f3db4c18-2fa6-46be-8e83-366bd9ffa5c3-delete_snapshot" released by "delete_snapshot" :: held 2.863s {{(pid=83528) __release /opt/stack/cinder/cinder/coordination.py:152}}
Feb 25 15:55:27 devstack cinder-volume[83528]: DEBUG oslo_concurrency.lockutils [None req-c2b1d2bb-6d2c-46d0-a86f-9e49cbdc043c tempest-SnapshotsActionsTest-738507698 None] Acquiring lock "quobyte" by "cinder.volume.drivers.quobyte.QuobyteDriver.create_snapshot" {{(pid=83528) inner /opt/stack/data/venv/lib/python3.10/site-packages/oslo_concurrency/lockutils.py:506}}
Feb 25 15:55:27 devstack cinder-volume[83528]: DEBUG oslo_concurrency.lockutils [None req-c2b1d2bb-6d2c-46d0-a86f-9e49cbdc043c tempest-SnapshotsActionsTest-738507698 None] Lock "quobyte" acquired by "cinder.volume.drivers.quobyte.QuobyteDriver.create_snapshot" :: waited 0.001s {{(pid=83528) inner /opt/stack/data/venv/lib/python3.10/site-packages/oslo_concurrency/lockutils.py:519}}
Feb 25 15:55:27 devstack cinder-volume[83528]: DEBUG cinder.volume.drivers.remotefs [None req-c2b1d2bb-6d2c-46d0-a86f-9e49cbdc043c tempest-SnapshotsActionsTest-738507698 None] Creating offline snapshot 95e85573-458e-434b-aa8d-c13eb7bea72b of volume fa2da276-994a-452f-950a-05721f695adb {{(pid=83528) _create_snapshot /opt/stack/cinder/cinder/volume/drivers/remotefs.py:1815}}
Feb 25 15:55:27 devstack cinder-volume[83528]: DEBUG oslo.privsep.daemon [-] privsep: reply[e4e3b3cf-49a8-41b1-a375-b8785041baa5]: (4, 'qcow2') {{(pid=84389) _call_back /opt/stack/data/venv/lib/python3.10/site-packages/oslo_privsep/daemon.py:573}}
Feb 25 15:55:27 devstack cinder-volume[83528]: DEBUG oslo_concurrency.processutils [None req-c2b1d2bb-6d2c-46d0-a86f-9e49cbdc043c tempest-SnapshotsActionsTest-738507698 None] Running cmd (subprocess): /opt/stack/data/venv/bin/python3.10 -m oslo_concurrency.prlimit --as=1073741824 --cpu=60 -- sudo cinder-rootwrap /etc/cinder/rootwrap.conf env LC_ALL=C qemu-img info -f qcow2 --output=json --force-share /opt/stack/data/cinder/mnt/fe6dd0cf8e7563f40de9c85fe900fd85/volume-fa2da276-994a-452f-950a-05721f695adb.cf48a71a-46a9-4cb3-9a49-261772e1aa50 {{(pid=83528) execute /opt/stack/data/venv/lib/python3.10/site-packages/oslo_concurrency/processutils.py:440}}
Feb 25 15:55:27 devstack sudo[87285]: quobyte : PWD=/ ; USER=root ; COMMAND=/opt/stack/data/venv/bin/cinder-rootwrap /etc/cinder/rootwrap.conf env LC_ALL=C qemu-img info -f qcow2 --output=json --force-share /opt/stack/data/cinder/mnt/fe6dd0cf8e7563f40de9c85fe900fd85/volume-fa2da276-994a-452f-950a-05721f695adb.cf48a71a-46a9-4cb3-9a49-261772e1aa50
Feb 25 15:55:27 devstack sudo[87285]: pam_unix(sudo:session): session opened for user root(uid=0) by (uid=1000)
Feb 25 15:55:27 devstack sudo[87285]: pam_unix(sudo:session): session closed for user root
Feb 25 15:55:27 devstack cinder-volume[83528]: DEBUG oslo_concurrency.processutils [None req-c2b1d2bb-6d2c-46d0-a86f-9e49cbdc043c tempest-SnapshotsActionsTest-738507698 None] CMD "/opt/stack/data/venv/bin/python3.10 -m oslo_concurrency.prlimit --as=1073741824 --cpu=60 -- sudo cinder-rootwrap /etc/cinder/rootwrap.conf env LC_ALL=C qemu-img info -f qcow2 --output=json --force-share /opt/stack/data/cinder/mnt/fe6dd0cf8e7563f40de9c85fe900fd85/volume-fa2da276-994a-452f-950a-05721f695adb.cf48a71a-46a9-4cb3-9a49-261772e1aa50" returned: 0 in 0.585s {{(pid=83528) execute /opt/stack/data/venv/lib/python3.10/site-packages/oslo_concurrency/processutils.py:468}}
Feb 25 15:55:27 devstack cinder-volume[83528]: DEBUG cinder.volume.drivers.remotefs [None req-c2b1d2bb-6d2c-46d0-a86f-9e49cbdc043c tempest-SnapshotsActionsTest-738507698 None] Fetching qemu-img info with special backing_file_template: (/opt/stack/data/cinder/mnt/[0-9a-f]+/)?(volume-fa2da276-994a-452f-950a-05721f695adb(.(tmp-snap-)?[0-9a-f-]+)?|volume_from_snapshot_cache/(tmp-snap-)?[0-9a-f-]+(.(child-|parent-)[0-9a-f-]+)?)$ {{(pid=83528) _qemu_img_info_base /opt/stack/cinder/cinder/volume/drivers/remotefs.py:896}}
Feb 25 15:55:27 devstack cinder-volume[83528]: DEBUG oslo_concurrency.processutils [None req-c2b1d2bb-6d2c-46d0-a86f-9e49cbdc043c tempest-SnapshotsActionsTest-738507698 None] Running cmd (subprocess): sudo cinder-rootwrap /etc/cinder/rootwrap.conf qemu-img create -f qcow2 -o backing_file=/opt/stack/data/cinder/mnt/fe6dd0cf8e7563f40de9c85fe900fd85/volume-fa2da276-994a-452f-950a-05721f695adb.cf48a71a-46a9-4cb3-9a49-261772e1aa50,backing_fmt=qcow2 /opt/stack/data/cinder/mnt/fe6dd0cf8e7563f40de9c85fe900fd85/volume-fa2da276-994a-452f-950a-05721f695adb.95e85573-458e-434b-aa8d-c13eb7bea72b 1G {{(pid=83528) execute /opt/stack/data/venv/lib/python3.10/site-packages/oslo_concurrency/processutils.py:440}}
Feb 25 15:55:27 devstack sudo[87290]: quobyte : PWD=/ ; USER=root ; COMMAND=/opt/stack/data/venv/bin/cinder-rootwrap /etc/cinder/rootwrap.conf qemu-img create -f qcow2 -o backing_file=/opt/stack/data/cinder/mnt/fe6dd0cf8e7563f40de9c85fe900fd85/volume-fa2da276-994a-452f-950a-05721f695adb.cf48a71a-46a9-4cb3-9a49-261772e1aa50,backing_fmt=qcow2 /opt/stack/data/cinder/mnt/fe6dd0cf8e7563f40de9c85fe900fd85/volume-fa2da276-994a-452f-950a-05721f695adb.95e85573-458e-434b-aa8d-c13eb7bea72b 1G
Feb 25 15:55:27 devstack sudo[87290]: pam_unix(sudo:session): session opened for user root(uid=0) by (uid=1000)
Feb 25 15:55:28 devstack sudo[87290]: pam_unix(sudo:session): session closed for user root
Feb 25 15:55:28 devstack cinder-volume[83528]: DEBUG oslo_concurrency.processutils [None req-c2b1d2bb-6d2c-46d0-a86f-9e49cbdc043c tempest-SnapshotsActionsTest-738507698 None] CMD "sudo cinder-rootwrap /etc/cinder/rootwrap.conf qemu-img create -f qcow2 -o backing_file=/opt/stack/data/cinder/mnt/fe6dd0cf8e7563f40de9c85fe900fd85/volume-fa2da276-994a-452f-950a-05721f695adb.cf48a71a-46a9-4cb3-9a49-261772e1aa50,backing_fmt=qcow2 /opt/stack/data/cinder/mnt/fe6dd0cf8e7563f40de9c85fe900fd85/volume-fa2da276-994a-452f-950a-05721f695adb.95e85573-458e-434b-aa8d-c13eb7bea72b 1G" returned: 0 in 0.647s {{(pid=83528) execute /opt/stack/data/venv/lib/python3.10/site-packages/oslo_concurrency/processutils.py:468}}
Feb 25 15:55:28 devstack cinder-volume[83528]: DEBUG oslo_concurrency.processutils [None req-c2b1d2bb-6d2c-46d0-a86f-9e49cbdc043c tempest-SnapshotsActionsTest-738507698 None] Running cmd (subprocess): sudo cinder-rootwrap /etc/cinder/rootwrap.conf qemu-img rebase -u -b volume-fa2da276-994a-452f-950a-05721f695adb.cf48a71a-46a9-4cb3-9a49-261772e1aa50 -F qcow2 /opt/stack/data/cinder/mnt/fe6dd0cf8e7563f40de9c85fe900fd85/volume-fa2da276-994a-452f-950a-05721f695adb.95e85573-458e-434b-aa8d-c13eb7bea72b {{(pid=83528) execute /opt/stack/data/venv/lib/python3.10/site-packages/oslo_concurrency/processutils.py:440}}
Feb 25 15:55:28 devstack sudo[87296]: quobyte : PWD=/ ; USER=root ; COMMAND=/opt/stack/data/venv/bin/cinder-rootwrap /etc/cinder/rootwrap.conf qemu-img rebase -u -b volume-fa2da276-994a-452f-950a-05721f695adb.cf48a71a-46a9-4cb3-9a49-261772e1aa50 -F qcow2 /opt/stack/data/cinder/mnt/fe6dd0cf8e7563f40de9c85fe900fd85/volume-fa2da276-994a-452f-950a-05721f695adb.95e85573-458e-434b-aa8d-c13eb7bea72b
Feb 25 15:55:28 devstack sudo[87296]: pam_unix(sudo:session): session opened for user root(uid=0) by (uid=1000)
Feb 25 15:55:29 devstack sudo[87296]: pam_unix(sudo:session): session closed for user root
Feb 25 15:55:29 devstack cinder-volume[83528]: DEBUG oslo_concurrency.processutils [None req-c2b1d2bb-6d2c-46d0-a86f-9e49cbdc043c tempest-SnapshotsActionsTest-738507698 None] CMD "sudo cinder-rootwrap /etc/cinder/rootwrap.conf qemu-img rebase -u -b volume-fa2da276-994a-452f-950a-05721f695adb.cf48a71a-46a9-4cb3-9a49-261772e1aa50 -F qcow2 /opt/stack/data/cinder/mnt/fe6dd0cf8e7563f40de9c85fe900fd85/volume-fa2da276-994a-452f-950a-05721f695adb.95e85573-458e-434b-aa8d-c13eb7bea72b" returned: 0 in 0.506s {{(pid=83528) execute /opt/stack/data/venv/lib/python3.10/site-packages/oslo_concurrency/processutils.py:468}}
Feb 25 15:55:29 devstack cinder-volume[83528]: WARNING cinder.volume.drivers.remotefs [None req-c2b1d2bb-6d2c-46d0-a86f-9e49cbdc043c tempest-SnapshotsActionsTest-738507698 None] /opt/stack/data/cinder/mnt/fe6dd0cf8e7563f40de9c85fe900fd85/volume-fa2da276-994a-452f-950a-05721f695adb.95e85573-458e-434b-aa8d-c13eb7bea72b is being set with open permissions: ugo+rw
