Aug 24 09:16:09 devstack devstack@g-api.service[84280]: DEBUG glance.common.config [None req-394387f3-b950-4ff1-b41a-313037f00b85 None None] barbican_service_user.collect_timing = False {{(pid=84280) log_opt_values /opt/stack/data/venv/lib/python3.12/site-packages/oslo_config/cfg.py:3560}}
Aug 24 09:16:09 devstack devstack@g-api.service[84280]: DEBUG glance.common.config [None req-394387f3-b950-4ff1-b41a-313037f00b85 None None] barbican_service_user.insecure = False {{(pid=84280) log_opt_values /opt/stack/data/venv/lib/python3.12/site-packages/oslo_config/cfg.py:3560}}
Aug 24 09:16:09 devstack devstack@g-api.service[84280]: DEBUG glance.common.config [None req-394387f3-b950-4ff1-b41a-313037f00b85 None None] barbican_service_user.keyfile = None {{(pid=84280) log_opt_values /opt/stack/data/venv/lib/python3.12/site-packages/oslo_config/cfg.py:3560}}
Aug 24 09:16:09 devstack devstack@g-api.service[84280]: DEBUG glance.common.config [None req-394387f3-b950-4ff1-b41a-313037f00b85 None None] barbican_service_user.split_loggers = False {{(pid=84280) log_opt_values /opt/stack/data/venv/lib/python3.12/site-packages/oslo_config/cfg.py:3560}}
Aug 24 09:16:09 devstack devstack@g-api.service[84280]: DEBUG glance.common.config [None req-394387f3-b950-4ff1-b41a-313037f00b85 None None] barbican_service_user.timeout = None {{(pid=84280) log_opt_values /opt/stack/data/venv/lib/python3.12/site-packages/oslo_config/cfg.py:3560}}
Aug 24 09:16:09 devstack devstack@g-api.service[84280]: DEBUG glance.common.config [None req-394387f3-b950-4ff1-b41a-313037f00b85 None None] database.asyncio_connection = **** {{(pid=84280) log_opt_values /opt/stack/data/venv/lib/python3.12/site-packages/oslo_config/cfg.py:3560}}
Aug 24 09:16:09 devstack devstack@g-api.service[84280]: DEBUG glance.common.config [None req-394387f3-b950-4ff1-b41a-313037f00b85 None None] database.asyncio_slave_connection = **** {{(pid=84280) log_opt_values /opt/stack/data/venv/lib/python3.12/site-packages/oslo_config/cfg.py:3560}}
Aug 24 09:16:09 devstack devstack@g-api.service[84280]: DEBUG glance.common.config [None req-394387f3-b950-4ff1-b41a-313037f00b85 None None] database.backend = sqlalchemy {{(pid=84280) log_opt_values /opt/stack/data/venv/lib/python3.12/site-packages/oslo_config/cfg.py:3560}}
Aug 24 09:16:09 devstack devstack@g-api.service[84280]: DEBUG glance.common.config [None req-394387f3-b950-4ff1-b41a-313037f00b85 None None] database.connection = **** {{(pid=84280) log_opt_values /opt/stack/data/venv/lib/python3.12/site-packages/oslo_config/cfg.py:3560}}
Aug 24 09:16:09 devstack devstack@g-api.service[84280]: DEBUG glance.common.config [None req-394387f3-b950-4ff1-b41a-313037f00b85 None None] database.connection_debug = 0 {{(pid=84280) log_opt_values /opt/stack/data/venv/lib/python3.12/site-packages/oslo_config/cfg.py:3560}}
Aug 24 09:16:09 devstack devstack@g-api.service[84280]: DEBUG glance.common.config [None req-394387f3-b950-4ff1-b41a-313037f00b85 None None] database.connection_parameters = {{(pid=84280) log_opt_values /opt/stack/data/venv/lib/python3.12/site-packages/oslo_config/cfg.py:3560}}
Aug 24 09:16:09 devstack devstack@g-api.service[84280]: DEBUG glance.common.config [None req-394387f3-b950-4ff1-b41a-313037f00b85 None None] database.connection_recycle_time = 3600 {{(pid=84280) log_opt_values /opt/stack/data/venv/lib/python3.12/site-packages/oslo_config/cfg.py:3560}}
Aug 24 09:16:09 devstack devstack@g-api.service[84280]: DEBUG glance.common.config [None req-394387f3-b950-4ff1-b41a-313037f00b85 None None] database.connection_trace = False {{(pid=84280) log_opt_values /opt/stack/data/venv/lib/python3.12/site-packages/oslo_config/cfg.py:3560}}
Aug 24 09:16:09 devstack devstack@g-api.service[84280]: DEBUG glance.common.config [None req-394387f3-b950-4ff1-b41a-313037f00b85 None None] database.db_inc_retry_interval = True {{(pid=84280) log_opt_values /opt/stack/data/venv/lib/python3.12/site-packages/oslo_config/cfg.py:3560}}
Aug 24 09:16:09 devstack devstack@g-api.service[84280]: DEBUG glance.common.config [None req-394387f3-b950-4ff1-b41a-313037f00b85 None None] database.db_max_retries = 20 {{(pid=84280) log_opt_values /opt/stack/data/venv/lib/python3.12/site-packages/oslo_config/cfg.py:3560}}
Aug 24 09:16:09 devstack devstack@g-api.service[84280]: DEBUG glance.common.config [None req-394387f3-b950-4ff1-b41a-313037f00b85 None None] database.db_max_retry_interval = 10 {{(pid=84280) log_opt_values /opt/stack/data/venv/lib/python3.12/site-packages/oslo_config/cfg.py:3560}}
Aug 24 09:16:09 devstack devstack@g-api.service[84280]: DEBUG glance.common.config [None req-394387f3-b950-4ff1-b41a-313037f00b85 None None] database.db_retry_interval = 1 {{(pid=84280) log_opt_values /opt/stack/data/venv/lib/python3.12/site-packages/oslo_config/cfg.py:3560}}
Aug 24 09:16:09 devstack devstack@g-api.service[84280]: DEBUG glance.common.config [None req-394387f3-b950-4ff1-b41a-313037f00b85 None None] database.max_overflow = 50 {{(pid=84280) log_opt_values /opt/stack/data/venv/lib/python3.12/site-packages/oslo_config/cfg.py:3560}}
Aug 24 09:16:09 devstack devstack@g-api.service[84280]: DEBUG glance.common.config [None req-394387f3-b950-4ff1-b41a-313037f00b85 None None] database.max_pool_size = 5 {{(pid=84280) log_opt_values /opt/stack/data/venv/lib/python3.12/site-packages/oslo_config/cfg.py:3560}}
Aug 24 09:16:09 devstack devstack@g-api.service[84280]: DEBUG glance.common.config [None req-394387f3-b950-4ff1-b41a-313037f00b85 None None] database.max_retries = 10 {{(pid=84280) log_opt_values /opt/stack/data/venv/lib/python3.12/site-packages/oslo_config/cfg.py:3560}}
Aug 24 09:16:09 devstack devstack@g-api.service[84280]: DEBUG glance.common.config [None req-394387f3-b950-4ff1-b41a-313037f00b85 None None] database.mysql_sql_mode = TRADITIONAL {{(pid=84280) log_opt_values /opt/stack/data/venv/lib/python3.12/site-packages/oslo_config/cfg.py:3560}}
Aug 24 09:16:09 devstack devstack@g-api.service[84280]: DEBUG glance.common.config [None req-394387f3-b950-4ff1-b41a-313037f00b85 None None] database.mysql_wsrep_sync_wait = None {{(pid=84280) log_opt_values /opt/stack/data/venv/lib/python3.12/site-packages/oslo_config/cfg.py:3560}}
Aug 24 09:16:09 devstack devstack@g-api.service[84280]: DEBUG glance.common.config [None req-394387f3-b950-4ff1-b41a-313037f00b85 None None] database.pool_timeout = None {{(pid=84280) log_opt_values /opt/stack/data/venv/lib/python3.12/site-packages/oslo_config/cfg.py:3560}}
Aug 24 09:16:09 devstack devstack@g-api.service[84280]: DEBUG glance.common.config [None req-394387f3-b950-4ff1-b41a-313037f00b85 None None] database.retry_interval = 10 {{(pid=84280) log_opt_values /opt/stack/data/venv/lib/python3.12/site-packages/oslo_config/cfg.py:3560}}
Aug 24 09:16:09 devstack devstack@g-api.service[84280]: DEBUG glance.common.config [None req-394387f3-b950-4ff1-b41a-313037f00b85 None None] database.slave_connection = **** {{(pid=84280) log_opt_values /opt/stack/data/venv/lib/python3.12/site-packages/oslo_config/cfg.py:3560}}
Aug 24 09:16:09 devstack devstack@g-api.service[84280]: DEBUG glance.common.config [None req-394387f3-b950-4ff1-b41a-313037f00b85 None None] database.sqlite_synchronous = True {{(pid=84280) log_opt_values /opt/stack/data/venv/lib/python3.12/site-packages/oslo_config/cfg.py:3560}}
Aug 24 09:16:09 devstack devstack@g-api.service[84280]: DEBUG glance.common.config [None req-394387f3-b950-4ff1-b41a-313037f00b85 None None] database.synchronous_reader = True {{(pid=84280) log_opt_values /opt/stack/data/venv/lib/python3.12/site-packages/oslo_config/cfg.py:3560}}
Aug 24 09:16:09 devstack devstack@g-api.service[84280]: DEBUG glance.common.config [None req-394387f3-b950-4ff1-b41a-313037f00b85 None None] database.use_db_reconnect = False {{(pid=84280) log_opt_values /opt/stack/data/venv/lib/python3.12/site-packages/oslo_config/cfg.py:3560}}
Aug 24 09:16:09 devstack devstack@g-api.service[84280]: DEBUG glance.common.config [None req-394387f3-b950-4ff1-b41a-313037f00b85 None None] healthcheck.allowed_source_ranges = [] {{(pid=84280) log_opt_values /opt/stack/data/venv/lib/python3.12/site-packages/oslo_config/cfg.py:3560}}
Aug 24 09:16:09 devstack devstack@g-api.service[84280]: DEBUG glance.common.config [None req-394387f3-b950-4ff1-b41a-313037f00b85 None None] healthcheck.backends = ['disable_by_file'] {{(pid=84280) log_opt_values /opt/stack/data/venv/lib/python3.12/site-packages/oslo_config/cfg.py:3560}}
Aug 24 09:16:09 devstack devstack@g-api.service[84280]: DEBUG glance.common.config [None req-394387f3-b950-4ff1-b41a-313037f00b85 None None] healthcheck.detailed = False {{(pid=84280) log_opt_values /opt/stack/data/venv/lib/python3.12/site-packages/oslo_config/cfg.py:3560}}
Aug 24 09:16:09 devstack devstack@g-api.service[84280]: DEBUG glance.common.config [None req-394387f3-b950-4ff1-b41a-313037f00b85 None None] healthcheck.disable_by_file_path = None {{(pid=84280) log_opt_values /opt/stack/data/venv/lib/python3.12/site-packages/oslo_config/cfg.py:3560}}
Aug 24 09:16:09 devstack devstack@g-api.service[84280]: DEBUG glance.common.config [None req-394387f3-b950-4ff1-b41a-313037f00b85 None None] healthcheck.ignore_proxied_requests = False {{(pid=84280) log_opt_values /opt/stack/data/venv/lib/python3.12/site-packages/oslo_config/cfg.py:3560}}
Aug 24 09:16:09 devstack devstack@g-api.service[84280]: DEBUG glance.common.config [None req-394387f3-b950-4ff1-b41a-313037f00b85 None None] ******************************************************************************** {{(pid=84280) log_opt_values /opt/stack/data/venv/lib/python3.12/site-packages/oslo_config/cfg.py:3567}}
Aug 24 09:16:09 devstack devstack@g-api.service[84280]: WSGI app 0 (mountpoint='') ready in 6 seconds on interpreter 0x761bb02a4668 pid: 84280 (default app)
Aug 24 09:16:12 devstack devstack@g-api.service[84281]: DEBUG glance.api.middleware.version_negotiation [None req-56a75d14-772a-4130-92df-bd5ab69c2ab9 None None] Determining version of request: GET / Accept: application/json {{(pid=84281) process_request /opt/stack/glance/glance/api/middleware/version_negotiation.py:44}}
Aug 24 09:16:12 devstack devstack@g-api.service[84281]: DEBUG glance.api.middleware.version_negotiation [None req-56a75d14-772a-4130-92df-bd5ab69c2ab9 None None] Using url versioning {{(pid=84281) process_request /opt/stack/glance/glance/api/middleware/version_negotiation.py:57}}
Aug 24 09:16:12 devstack devstack@g-api.service[84281]: DEBUG glance.api.middleware.version_negotiation [None req-56a75d14-772a-4130-92df-bd5ab69c2ab9 None None] Unknown version. Returning version choices. {{(pid=84281) process_request /opt/stack/glance/glance/api/middleware/version_negotiation.py:64}}
Aug 24 09:16:12 devstack devstack@g-api.service[84281]: [pid: 84281|app: 0|req: 2/2] 127.0.0.1 () {34 vars in 519 bytes} [Mon Aug 24 09:16:12 2026] GET / => generated 1571 bytes in 2 msecs (HTTP/1.1 300) 3 headers in 106 bytes (1 switches on core 0)
Aug 24 09:16:12 devstack devstack@g-api.service[84280]: DEBUG glance.api.middleware.version_negotiation [None req-394387f3-b950-4ff1-b41a-313037f00b85 None None] Determining version of request: POST /v2/images Accept: */* {{(pid=84280) process_request /opt/stack/glance/glance/api/middleware/version_negotiation.py:44}}
Aug 24 09:16:12 devstack devstack@g-api.service[84280]: DEBUG glance.api.middleware.version_negotiation [None req-394387f3-b950-4ff1-b41a-313037f00b85 None None] Using url versioning {{(pid=84280) process_request /opt/stack/glance/glance/api/middleware/version_negotiation.py:57}}
Aug 24 09:16:12 devstack devstack@g-api.service[84280]: DEBUG glance.api.middleware.version_negotiation [None req-394387f3-b950-4ff1-b41a-313037f00b85 None None] Matched version: v2 {{(pid=84280) process_request /opt/stack/glance/glance/api/middleware/version_negotiation.py:69}}
Aug 24 09:16:12 devstack devstack@g-api.service[84280]: DEBUG glance.api.middleware.version_negotiation [None req-394387f3-b950-4ff1-b41a-313037f00b85 None None] new path /v2/images {{(pid=84280) process_request /opt/stack/glance/glance/api/middleware/version_negotiation.py:70}}
Aug 24 09:16:13 devstack devstack@g-api.service[84280]: [pid: 84280|app: 0|req: 1/3] 127.0.0.1 () {40 vars in 782 bytes} [Mon Aug 24 09:16:12 2026] POST /v2/images => generated 807 bytes in 1157 msecs (HTTP/1.1 201) 6 headers in 314 bytes (1 switches on core 0)
Aug 24 09:16:13 devstack devstack@g-api.service[84281]: DEBUG glance.api.middleware.version_negotiation [None req-56a75d14-772a-4130-92df-bd5ab69c2ab9 None None] Determining version of request: PUT /v2/images/9290445d-a3a0-4889-bf9d-e177f2b3edf9/file Accept: {{(pid=84281) process_request /opt/stack/glance/glance/api/middleware/version_negotiation.py:44}}
Aug 24 09:16:13 devstack devstack@g-api.service[84281]: DEBUG glance.api.middleware.version_negotiation [None req-56a75d14-772a-4130-92df-bd5ab69c2ab9 None None] Using url versioning {{(pid=84281) process_request /opt/stack/glance/glance/api/middleware/version_negotiation.py:57}}
Aug 24 09:16:13 devstack devstack@g-api.service[84281]: DEBUG glance.api.middleware.version_negotiation [None req-56a75d14-772a-4130-92df-bd5ab69c2ab9 None None] Matched version: v2 {{(pid=84281) process_request /opt/stack/glance/glance/api/middleware/version_negotiation.py:69}}
Aug 24 09:16:13 devstack devstack@g-api.service[84281]: DEBUG glance.api.middleware.version_negotiation [None req-56a75d14-772a-4130-92df-bd5ab69c2ab9 None None] new path /v2/images/9290445d-a3a0-4889-bf9d-e177f2b3edf9/file {{(pid=84281) process_request /opt/stack/glance/glance/api/middleware/version_negotiation.py:70}}
Aug 24 09:16:14 devstack devstack@g-api.service[84281]: INFO glance.api.v2.image_data [None req-f796efc1-89c0-4743-95aa-a22f1030710f admin admin] Unable to create trust: no such option collect_timing in group [keystone_authtoken] Use the existing user token.
Aug 24 09:16:15 devstack devstack@g-api.service[84281]: DEBUG glance.location [None req-f796efc1-89c0-4743-95aa-a22f1030710f admin admin] Enabling in-flight format inspection for qcow2 {{(pid=84281) set_data /opt/stack/glance/glance/location.py:596}}
Aug 24 09:16:15 devstack devstack@g-api.service[84281]: DEBUG oslo_utils.imageutils.format_inspector [None req-f796efc1-89c0-4743-95aa-a22f1030710f admin admin] Format inspector for vmdk does not match, excluding from consideration (Signature KDMV not found: b'QFI\xfb') {{(pid=84281) _process_chunk /opt/stack/data/venv/lib/python3.12/site-packages/oslo_utils/imageutils/format_inspector.py:1758}}
Aug 24 09:16:15 devstack devstack@g-api.service[84281]: DEBUG oslo_utils.imageutils.format_inspector [None req-f796efc1-89c0-4743-95aa-a22f1030710f admin admin] Format inspector for vhdx does not match, excluding from consideration (Region signature not found at 30000) {{(pid=84281) _process_chunk /opt/stack/data/venv/lib/python3.12/site-packages/oslo_utils/imageutils/format_inspector.py:1758}}
Aug 24 09:16:15 devstack devstack@g-api.service[84281]: DEBUG glance_store._drivers.filesystem [None req-f796efc1-89c0-4743-95aa-a22f1030710f admin admin] Wrote 21692416 bytes to /opt/stack/data/glance/images/9290445d-a3a0-4889-bf9d-e177f2b3edf9 with checksum 87617e24a5e30cb3b87fda8c0764838f and multihash 9a9bce0083a00939ec17c11febbfc767aa211aaa54f51e75c5a8b271a9b5637c77205a518b7a2007cb391d23cceb01e0e4e8d64832317151bc85b734b92a7be0 {{(pid=84281) add /opt/stack/data/venv/lib/python3.12/site-packages/glance_store/_drivers/filesystem.py:899}}
Aug 24 09:16:15 devstack devstack@g-api.service[84281]: INFO glance.location [None req-f796efc1-89c0-4743-95aa-a22f1030710f admin admin] Image format matched and virtual size computed: 117440512
Aug 24 09:16:15 devstack devstack@g-api.service[84281]: DEBUG glance_store.backend [None req-f796efc1-89c0-4743-95aa-a22f1030710f admin admin] Skipping store.set_acls... not implemented. {{(pid=84281) set_acls /opt/stack/data/venv/lib/python3.12/site-packages/glance_store/backend.py:507}}
Aug 24 09:16:15 devstack devstack@g-api.service[84281]: [pid: 84281|app: 0|req: 3/4] 127.0.0.1 () {42 vars in 914 bytes} [Mon Aug 24 09:16:13 2026] PUT /v2/images/9290445d-a3a0-4889-bf9d-e177f2b3edf9/file => generated 0 bytes in 1724 msecs (HTTP/1.1 204) 4 headers in 171 bytes (1 switches on core 0)
Aug 24 09:16:15 devstack devstack@g-api.service[84280]: DEBUG glance.api.middleware.version_negotiation [None req-15f082fd-4b06-4f12-89db-67ad7a051183 admin admin] Determining version of request: GET /v2/images/9290445d-a3a0-4889-bf9d-e177f2b3edf9 Accept: */* {{(pid=84280) process_request /opt/stack/glance/glance/api/middleware/version_negotiation.py:44}}
Aug 24 09:16:15 devstack devstack@g-api.service[84280]: DEBUG glance.api.middleware.version_negotiation [None req-15f082fd-4b06-4f12-89db-67ad7a051183 admin admin] Using url versioning {{(pid=84280) process_request /opt/stack/glance/glance/api/middleware/version_negotiation.py:57}}
Aug 24 09:16:15 devstack devstack@g-api.service[84280]: DEBUG glance.api.middleware.version_negotiation [None req-15f082fd-4b06-4f12-89db-67ad7a051183 admin admin] Matched version: v2 {{(pid=84280) process_request /opt/stack/glance/glance/api/middleware/version_negotiation.py:69}}
Aug 24 09:16:15 devstack devstack@g-api.service[84280]: DEBUG glance.api.middleware.version_negotiation [None req-15f082fd-4b06-4f12-89db-67ad7a051183 admin admin] new path /v2/images/9290445d-a3a0-4889-bf9d-e177f2b3edf9 {{(pid=84280) process_request /opt/stack/glance/glance/api/middleware/version_negotiation.py:70}}
Aug 24 09:16:15 devstack devstack@g-api.service[84280]: [pid: 84280|app: 0|req: 2/5] 127.0.0.1 () {36 vars in 802 bytes} [Mon Aug 24 09:16:15 2026] GET /v2/images/9290445d-a3a0-4889-bf9d-e177f2b3edf9 => generated 976 bytes in 22 msecs (HTTP/1.1 200) 4 headers in 157 bytes (1 switches on core 0)
Aug 24 09:16:25 devstack devstack@g-api.service[84281]: DEBUG dbcounter [-] [84281] Writing DB stats glance:INSERT=5,glance:SELECT=16,glance:UPDATE=2 {{(pid=84281) stat_writer /opt/stack/data/venv/lib/python3.12/site-packages/dbcounter.py:115}}
Aug 24 09:16:25 devstack devstack@g-api.service[84280]: DEBUG dbcounter [-] [84280] Writing DB stats glance:INSERT=9,glance:SELECT=6 {{(pid=84280) stat_writer /opt/stack/data/venv/lib/python3.12/site-packages/dbcounter.py:115}}
Aug 24 09:16:58 devstack devstack@g-api.service[84281]: DEBUG glance.api.middleware.version_negotiation [None req-f796efc1-89c0-4743-95aa-a22f1030710f admin admin] Determining version of request: GET / Accept: application/json {{(pid=84281) process_request /opt/stack/glance/glance/api/middleware/version_negotiation.py:44}}
Aug 24 09:16:58 devstack devstack@g-api.service[84281]: DEBUG glance.api.middleware.version_negotiation [None req-f796efc1-89c0-4743-95aa-a22f1030710f admin admin] Using url versioning {{(pid=84281) process_request /opt/stack/glance/glance/api/middleware/version_negotiation.py:57}}
Aug 24 09:16:58 devstack devstack@g-api.service[84281]: DEBUG glance.api.middleware.version_negotiation [None req-f796efc1-89c0-4743-95aa-a22f1030710f admin admin] Unknown version. Returning version choices. {{(pid=84281) process_request /opt/stack/glance/glance/api/middleware/version_negotiation.py:64}}
Aug 24 09:16:58 devstack devstack@g-api.service[84281]: [pid: 84281|app: 0|req: 4/6] 127.0.0.1 () {34 vars in 519 bytes} [Mon Aug 24 09:16:58 2026] GET / => generated 1571 bytes in 4 msecs (HTTP/1.1 300) 3 headers in 106 bytes (1 switches on core 0)
Aug 24 09:16:58 devstack devstack@g-api.service[84280]: DEBUG glance.api.middleware.version_negotiation [None req-1e222bb6-ada0-4981-9c5b-13c284ea94db admin admin] Determining version of request: GET /v2/images Accept: application/json {{(pid=84280) process_request /opt/stack/glance/glance/api/middleware/version_negotiation.py:44}}
Aug 24 09:16:58 devstack devstack@g-api.service[84280]: DEBUG glance.api.middleware.version_negotiation [None req-1e222bb6-ada0-4981-9c5b-13c284ea94db admin admin] Using url versioning {{(pid=84280) process_request /opt/stack/glance/glance/api/middleware/version_negotiation.py:57}}
Aug 24 09:16:58 devstack devstack@g-api.service[84280]: DEBUG glance.api.middleware.version_negotiation [None req-1e222bb6-ada0-4981-9c5b-13c284ea94db admin admin] Matched version: v2 {{(pid=84280) process_request /opt/stack/glance/glance/api/middleware/version_negotiation.py:69}}
Aug 24 09:16:58 devstack devstack@g-api.service[84280]: DEBUG glance.api.middleware.version_negotiation [None req-1e222bb6-ada0-4981-9c5b-13c284ea94db admin admin] new path /v2/images {{(pid=84280) process_request /opt/stack/glance/glance/api/middleware/version_negotiation.py:70}}
Aug 24 09:16:58 devstack devstack@g-api.service[84280]: [pid: 84280|app: 0|req: 3/7] 127.0.0.1 () {36 vars in 741 bytes} [Mon Aug 24 09:16:58 2026] GET /v2/images => generated 1045 bytes in 91 msecs (HTTP/1.1 200) 4 headers in 158 bytes (1 switches on core 0)
Aug 24 09:17:08 devstack devstack@g-api.service[84281]: DEBUG glance.api.middleware.version_negotiation [None req-f796efc1-89c0-4743-95aa-a22f1030710f admin admin] Determining version of request: GET / Accept: application/json {{(pid=84281) process_request /opt/stack/glance/glance/api/middleware/version_negotiation.py:44}}
Aug 24 09:17:08 devstack devstack@g-api.service[84281]: DEBUG glance.api.middleware.version_negotiation [None req-f796efc1-89c0-4743-95aa-a22f1030710f admin admin] Using url versioning {{(pid=84281) process_request /opt/stack/glance/glance/api/middleware/version_negotiation.py:57}}
Aug 24 09:17:08 devstack devstack@g-api.service[84281]: DEBUG glance.api.middleware.version_negotiation [None req-f796efc1-89c0-4743-95aa-a22f1030710f admin admin] Unknown version. Returning version choices. {{(pid=84281) process_request /opt/stack/glance/glance/api/middleware/version_negotiation.py:64}}
Aug 24 09:17:08 devstack devstack@g-api.service[84281]: [pid: 84281|app: 0|req: 5/8] 127.0.0.1 () {34 vars in 519 bytes} [Mon Aug 24 09:17:08 2026] GET / => generated 1571 bytes in 3 msecs (HTTP/1.1 300) 3 headers in 106 bytes (1 switches on core 0)
Aug 24 09:17:08 devstack devstack@g-api.service[84280]: DEBUG glance.api.middleware.version_negotiation [None req-bf85e932-f08d-4ca0-8ae1-5aa0aa794217 admin admin] Determining version of request: GET /v2/images/9290445d-a3a0-4889-bf9d-e177f2b3edf9 Accept: */* {{(pid=84280) process_request /opt/stack/glance/glance/api/middleware/version_negotiation.py:44}}
Aug 24 09:17:08 devstack devstack@g-api.service[84280]: DEBUG glance.api.middleware.version_negotiation [None req-bf85e932-f08d-4ca0-8ae1-5aa0aa794217 admin admin] Using url versioning {{(pid=84280) process_request /opt/stack/glance/glance/api/middleware/version_negotiation.py:57}}
Aug 24 09:17:08 devstack devstack@g-api.service[84280]: DEBUG glance.api.middleware.version_negotiation [None req-bf85e932-f08d-4ca0-8ae1-5aa0aa794217 admin admin] Matched version: v2 {{(pid=84280) process_request /opt/stack/glance/glance/api/middleware/version_negotiation.py:69}}
Aug 24 09:17:08 devstack devstack@g-api.service[84280]: DEBUG glance.api.middleware.version_negotiation [None req-bf85e932-f08d-4ca0-8ae1-5aa0aa794217 admin admin] new path /v2/images/9290445d-a3a0-4889-bf9d-e177f2b3edf9 {{(pid=84280) process_request /opt/stack/glance/glance/api/middleware/version_negotiation.py:70}}
Aug 24 09:17:08 devstack devstack@g-api.service[84280]: [pid: 84280|app: 0|req: 4/9] 127.0.0.1 () {36 vars in 802 bytes} [Mon Aug 24 09:17:08 2026] GET /v2/images/9290445d-a3a0-4889-bf9d-e177f2b3edf9 => generated 976 bytes in 69 msecs (HTTP/1.1 200) 4 headers in 157 bytes (1 switches on core 0)
Aug 24 09:17:14 devstack devstack@g-api.service[84281]: DEBUG glance.api.middleware.version_negotiation [None req-f796efc1-89c0-4743-95aa-a22f1030710f admin admin] Determining version of request: GET / Accept: application/json {{(pid=84281) process_request /opt/stack/glance/glance/api/middleware/version_negotiation.py:44}}
Aug 24 09:17:14 devstack devstack@g-api.service[84281]: DEBUG glance.api.middleware.version_negotiation [None req-f796efc1-89c0-4743-95aa-a22f1030710f admin admin] Using url versioning {{(pid=84281) process_request /opt/stack/glance/glance/api/middleware/version_negotiation.py:57}}
Aug 24 09:17:14 devstack devstack@g-api.service[84281]: DEBUG glance.api.middleware.version_negotiation [None req-f796efc1-89c0-4743-95aa-a22f1030710f admin admin] Unknown version. Returning version choices. {{(pid=84281) process_request /opt/stack/glance/glance/api/middleware/version_negotiation.py:64}}
Aug 24 09:17:14 devstack devstack@g-api.service[84281]: [pid: 84281|app: 0|req: 6/10] 127.0.0.1 () {34 vars in 519 bytes} [Mon Aug 24 09:17:14 2026] GET / => generated 1571 bytes in 2 msecs (HTTP/1.1 300) 3 headers in 106 bytes (1 switches on core 0)
Aug 24 09:17:14 devstack devstack@g-api.service[84280]: DEBUG glance.api.middleware.version_negotiation [None req-93d2fc6a-b5ff-4ed3-a477-13d76f041def admin admin] Determining version of request: GET /v2/images/9290445d-a3a0-4889-bf9d-e177f2b3edf9 Accept: */* {{(pid=84280) process_request /opt/stack/glance/glance/api/middleware/version_negotiation.py:44}}
Aug 24 09:17:14 devstack devstack@g-api.service[84280]: DEBUG glance.api.middleware.version_negotiation [None req-93d2fc6a-b5ff-4ed3-a477-13d76f041def admin admin] Using url versioning {{(pid=84280) process_request /opt/stack/glance/glance/api/middleware/version_negotiation.py:57}}
Aug 24 09:17:14 devstack devstack@g-api.service[84280]: DEBUG glance.api.middleware.version_negotiation [None req-93d2fc6a-b5ff-4ed3-a477-13d76f041def admin admin] Matched version: v2 {{(pid=84280) process_request /opt/stack/glance/glance/api/middleware/version_negotiation.py:69}}
Aug 24 09:17:14 devstack devstack@g-api.service[84280]: DEBUG glance.api.middleware.version_negotiation [None req-93d2fc6a-b5ff-4ed3-a477-13d76f041def admin admin] new path /v2/images/9290445d-a3a0-4889-bf9d-e177f2b3edf9 {{(pid=84280) process_request /opt/stack/glance/glance/api/middleware/version_negotiation.py:70}}
Aug 24 09:17:14 devstack devstack@g-api.service[84280]: [pid: 84280|app: 0|req: 5/11] 127.0.0.1 () {36 vars in 802 bytes} [Mon Aug 24 09:17:14 2026] GET /v2/images/9290445d-a3a0-4889-bf9d-e177f2b3edf9 => generated 976 bytes in 67 msecs (HTTP/1.1 200) 4 headers in 157 bytes (1 switches on core 0)
Aug 24 09:17:24 devstack devstack@g-api.service[84280]: DEBUG dbcounter [-] [84280] Writing DB stats glance:SELECT=5 {{(pid=84280) stat_writer /opt/stack/data/venv/lib/python3.12/site-packages/dbcounter.py:115}}
Aug 24 09:18:29 devstack devstack@g-api.service[84281]: DEBUG glance.api.middleware.version_negotiation [None req-f796efc1-89c0-4743-95aa-a22f1030710f admin admin] Determining version of request: GET / Accept: application/json {{(pid=84281) process_request /opt/stack/glance/glance/api/middleware/version_negotiation.py:44}}
Aug 24 09:18:29 devstack devstack@g-api.service[84281]: DEBUG glance.api.middleware.version_negotiation [None req-f796efc1-89c0-4743-95aa-a22f1030710f admin admin] Using url versioning {{(pid=84281) process_request /opt/stack/glance/glance/api/middleware/version_negotiation.py:57}}
Aug 24 09:18:29 devstack devstack@g-api.service[84281]: DEBUG glance.api.middleware.version_negotiation [None req-f796efc1-89c0-4743-95aa-a22f1030710f admin admin] Unknown version. Returning version choices. {{(pid=84281) process_request /opt/stack/glance/glance/api/middleware/version_negotiation.py:64}}
Aug 24 09:18:29 devstack devstack@g-api.service[84281]: [pid: 84281|app: 0|req: 7/12] 127.0.0.1 () {36 vars in 488 bytes} [Mon Aug 24 09:18:29 2026] GET / => generated 1571 bytes in 2 msecs (HTTP/1.1 300) 3 headers in 106 bytes (1 switches on core 0)
Aug 24 09:21:22 devstack devstack@g-api.service[84280]: DEBUG glance.api.middleware.version_negotiation [None req-a7d16bbf-749d-4ea6-963a-2ccc9c7d2896 admin admin] Determining version of request: GET / Accept: application/json {{(pid=84280) process_request /opt/stack/glance/glance/api/middleware/version_negotiation.py:44}}
Aug 24 09:21:22 devstack devstack@g-api.service[84280]: DEBUG glance.api.middleware.version_negotiation [None req-a7d16bbf-749d-4ea6-963a-2ccc9c7d2896 admin admin] Using url versioning {{(pid=84280) process_request /opt/stack/glance/glance/api/middleware/version_negotiation.py:57}}
Aug 24 09:21:22 devstack devstack@g-api.service[84280]: DEBUG glance.api.middleware.version_negotiation [None req-a7d16bbf-749d-4ea6-963a-2ccc9c7d2896 admin admin] Unknown version. Returning version choices. {{(pid=84280) process_request /opt/stack/glance/glance/api/middleware/version_negotiation.py:64}}
Aug 24 09:21:22 devstack devstack@g-api.service[84280]: [pid: 84280|app: 0|req: 6/13] 127.0.0.1 () {34 vars in 505 bytes} [Mon Aug 24 09:21:22 2026] GET / => generated 1571 bytes in 5 msecs (HTTP/1.1 300) 3 headers in 106 bytes (1 switches on core 0)
Aug 24 09:21:22 devstack devstack@g-api.service[84281]: DEBUG glance.api.middleware.version_negotiation [None req-f796efc1-89c0-4743-95aa-a22f1030710f admin admin] Determining version of request: GET /v2/images/9290445d-a3a0-4889-bf9d-e177f2b3edf9 Accept: */* {{(pid=84281) process_request /opt/stack/glance/glance/api/middleware/version_negotiation.py:44}}
Aug 24 09:21:22 devstack devstack@g-api.service[84281]: DEBUG glance.api.middleware.version_negotiation [None req-f796efc1-89c0-4743-95aa-a22f1030710f admin admin] Using url versioning {{(pid=84281) process_request /opt/stack/glance/glance/api/middleware/version_negotiation.py:57}}
Aug 24 09:21:22 devstack devstack@g-api.service[84281]: DEBUG glance.api.middleware.version_negotiation [None req-f796efc1-89c0-4743-95aa-a22f1030710f admin admin] Matched version: v2 {{(pid=84281) process_request /opt/stack/glance/glance/api/middleware/version_negotiation.py:69}}
Aug 24 09:21:22 devstack devstack@g-api.service[84281]: DEBUG glance.api.middleware.version_negotiation [None req-f796efc1-89c0-4743-95aa-a22f1030710f admin admin] new path /v2/images/9290445d-a3a0-4889-bf9d-e177f2b3edf9 {{(pid=84281) process_request /opt/stack/glance/glance/api/middleware/version_negotiation.py:70}}
Aug 24 09:21:23 devstack devstack@g-api.service[84281]: [pid: 84281|app: 0|req: 8/14] 127.0.0.1 () {42 vars in 1061 bytes} [Mon Aug 24 09:21:22 2026] GET /v2/images/9290445d-a3a0-4889-bf9d-e177f2b3edf9 => generated 976 bytes in 347 msecs (HTTP/1.1 200) 4 headers in 157 bytes (1 switches on core 0)
Aug 24 09:21:23 devstack devstack@g-api.service[84280]: DEBUG glance.api.middleware.version_negotiation [None req-a7d16bbf-749d-4ea6-963a-2ccc9c7d2896 admin admin] Determining version of request: GET /v2/schemas/image Accept: */* {{(pid=84280) process_request /opt/stack/glance/glance/api/middleware/version_negotiation.py:44}}
Aug 24 09:21:23 devstack devstack@g-api.service[84280]: DEBUG glance.api.middleware.version_negotiation [None req-a7d16bbf-749d-4ea6-963a-2ccc9c7d2896 admin admin] Using url versioning {{(pid=84280) process_request /opt/stack/glance/glance/api/middleware/version_negotiation.py:57}}
Aug 24 09:21:23 devstack devstack@g-api.service[84280]: DEBUG glance.api.middleware.version_negotiation [None req-a7d16bbf-749d-4ea6-963a-2ccc9c7d2896 admin admin] Matched version: v2 {{(pid=84280) process_request /opt/stack/glance/glance/api/middleware/version_negotiation.py:69}}
Aug 24 09:21:23 devstack devstack@g-api.service[84280]: DEBUG glance.api.middleware.version_negotiation [None req-a7d16bbf-749d-4ea6-963a-2ccc9c7d2896 admin admin] new path /v2/schemas/image {{(pid=84280) process_request /opt/stack/glance/glance/api/middleware/version_negotiation.py:70}}
Aug 24 09:21:23 devstack devstack@g-api.service[84280]: [pid: 84280|app: 0|req: 7/15] 127.0.0.1 () {42 vars in 1001 bytes} [Mon Aug 24 09:21:23 2026] GET /v2/schemas/image => generated 6083 bytes in 7 msecs (HTTP/1.1 200) 4 headers in 158 bytes (1 switches on core 0)
Aug 24 09:21:24 devstack devstack@g-api.service[84281]: DEBUG glance.api.middleware.version_negotiation [None req-20802eba-a5bd-4aa0-ab04-65e8221a7038 tempest-ServerRescueNegativeTestJSON-1856736916 tempest-ServerRescueNegativeTestJSON-1856736916-project-member] Determining version of request: GET / Accept: application/json {{(pid=84281) process_request /opt/stack/glance/glance/api/middleware/version_negotiation.py:44}}
Aug 24 09:21:24 devstack devstack@g-api.service[84281]: DEBUG glance.api.middleware.version_negotiation [None req-20802eba-a5bd-4aa0-ab04-65e8221a7038 tempest-ServerRescueNegativeTestJSON-1856736916 tempest-ServerRescueNegativeTestJSON-1856736916-project-member] Using url versioning {{(pid=84281) process_request /opt/stack/glance/glance/api/middleware/version_negotiation.py:57}}
Aug 24 09:21:24 devstack devstack@g-api.service[84281]: DEBUG glance.api.middleware.version_negotiation [None req-20802eba-a5bd-4aa0-ab04-65e8221a7038 tempest-ServerRescueNegativeTestJSON-1856736916 tempest-ServerRescueNegativeTestJSON-1856736916-project-member] Unknown version. Returning version choices. {{(pid=84281) process_request /opt/stack/glance/glance/api/middleware/version_negotiation.py:64}}
Aug 24 09:21:24 devstack devstack@g-api.service[84281]: [pid: 84281|app: 0|req: 9/16] 127.0.0.1 () {34 vars in 505 bytes} [Mon Aug 24 09:21:24 2026] GET / => generated 1571 bytes in 4 msecs (HTTP/1.1 300) 3 headers in 106 bytes (1 switches on core 0)
Aug 24 09:21:24 devstack devstack@g-api.service[84280]: DEBUG glance.api.middleware.version_negotiation [None req-20802eba-a5bd-4aa0-ab04-65e8221a7038 tempest-ServerRescueNegativeTestJSON-1856736916 tempest-ServerRescueNegativeTestJSON-1856736916-project-member] Determining version of request: GET /v2/images/9290445d-a3a0-4889-bf9d-e177f2b3edf9 Accept: */* {{(pid=84280) process_request /opt/stack/glance/glance/api/middleware/version_negotiation.py:44}}
Aug 24 09:21:24 devstack devstack@g-api.service[84280]: DEBUG glance.api.middleware.version_negotiation [None req-20802eba-a5bd-4aa0-ab04-65e8221a7038 tempest-ServerRescueNegativeTestJSON-1856736916 tempest-ServerRescueNegativeTestJSON-1856736916-project-member] Using url versioning {{(pid=84280) process_request /opt/stack/glance/glance/api/middleware/version_negotiation.py:57}}
Aug 24 09:21:24 devstack devstack@g-api.service[84280]: DEBUG glance.api.middleware.version_negotiation [None req-20802eba-a5bd-4aa0-ab04-65e8221a7038 tempest-ServerRescueNegativeTestJSON-1856736916 tempest-ServerRescueNegativeTestJSON-1856736916-project-member] Matched version: v2 {{(pid=84280) process_request /opt/stack/glance/glance/api/middleware/version_negotiation.py:69}}
Aug 24 09:21:24 devstack devstack@g-api.service[84280]: DEBUG glance.api.middleware.version_negotiation [None req-20802eba-a5bd-4aa0-ab04-65e8221a7038 tempest-ServerRescueNegativeTestJSON-1856736916 tempest-ServerRescueNegativeTestJSON-1856736916-project-member] new path /v2/images/9290445d-a3a0-4889-bf9d-e177f2b3edf9 {{(pid=84280) process_request /opt/stack/glance/glance/api/middleware/version_negotiation.py:70}}
Aug 24 09:21:25 devstack devstack@g-api.service[84280]: [pid: 84280|app: 0|req: 8/17] 127.0.0.1 () {42 vars in 1061 bytes} [Mon Aug 24 09:21:24 2026] GET /v2/images/9290445d-a3a0-4889-bf9d-e177f2b3edf9 => generated 976 bytes in 127 msecs (HTTP/1.1 200) 4 headers in 157 bytes (1 switches on core 0)
Aug 24 09:21:25 devstack devstack@g-api.service[84281]: DEBUG glance.api.middleware.version_negotiation [None req-20802eba-a5bd-4aa0-ab04-65e8221a7038 tempest-ServerRescueNegativeTestJSON-1856736916 tempest-ServerRescueNegativeTestJSON-1856736916-project-member] Determining version of request: GET /v2/schemas/image Accept: */* {{(pid=84281) process_request /opt/stack/glance/glance/api/middleware/version_negotiation.py:44}}
Aug 24 09:21:25 devstack devstack@g-api.service[84281]: DEBUG glance.api.middleware.version_negotiation [None req-20802eba-a5bd-4aa0-ab04-65e8221a7038 tempest-ServerRescueNegativeTestJSON-1856736916 tempest-ServerRescueNegativeTestJSON-1856736916-project-member] Using url versioning {{(pid=84281) process_request /opt/stack/glance/glance/api/middleware/version_negotiation.py:57}}
Aug 24 09:21:25 devstack devstack@g-api.service[84281]: DEBUG glance.api.middleware.version_negotiation [None req-20802eba-a5bd-4aa0-ab04-65e8221a7038 tempest-ServerRescueNegativeTestJSON-1856736916 tempest-ServerRescueNegativeTestJSON-1856736916-project-member] Matched version: v2 {{(pid=84281) process_request /opt/stack/glance/glance/api/middleware/version_negotiation.py:69}}
Aug 24 09:21:25 devstack devstack@g-api.service[84281]: DEBUG glance.api.middleware.version_negotiation [None req-20802eba-a5bd-4aa0-ab04-65e8221a7038 tempest-ServerRescueNegativeTestJSON-1856736916 tempest-ServerRescueNegativeTestJSON-1856736916-project-member] new path /v2/schemas/image {{(pid=84281) process_request /opt/stack/glance/glance/api/middleware/version_negotiation.py:70}}
Aug 24 09:21:25 devstack devstack@g-api.service[84281]: [pid: 84281|app: 0|req: 10/18] 127.0.0.1 () {42 vars in 1001 bytes} [Mon Aug 24 09:21:25 2026] GET /v2/schemas/image => generated 6083 bytes in 10 msecs (HTTP/1.1 200) 4 headers in 158 bytes (1 switches on core 0)
Aug 24 09:21:27 devstack devstack@g-api.service[84280]: DEBUG glance.api.middleware.version_negotiation [None req-da5aea31-3a18-4fe6-98f0-57ccef3df43e tempest-AttachVolumeShelveTestJSON-1964986957 tempest-AttachVolumeShelveTestJSON-1964986957-project-member] Determining version of request: GET /v2/images/9290445d-a3a0-4889-bf9d-e177f2b3edf9 Accept: */* {{(pid=84280) process_request /opt/stack/glance/glance/api/middleware/version_negotiation.py:44}}
Aug 24 09:21:27 devstack devstack@g-api.service[84280]: DEBUG glance.api.middleware.version_negotiation [None req-da5aea31-3a18-4fe6-98f0-57ccef3df43e tempest-AttachVolumeShelveTestJSON-1964986957 tempest-AttachVolumeShelveTestJSON-1964986957-project-member] Using url versioning {{(pid=84280) process_request /opt/stack/glance/glance/api/middleware/version_negotiation.py:57}}
Aug 24 09:21:27 devstack devstack@g-api.service[84280]: DEBUG glance.api.middleware.version_negotiation [None req-da5aea31-3a18-4fe6-98f0-57ccef3df43e tempest-AttachVolumeShelveTestJSON-1964986957 tempest-AttachVolumeShelveTestJSON-1964986957-project-member] Matched version: v2 {{(pid=84280) process_request /opt/stack/glance/glance/api/middleware/version_negotiation.py:69}}
Aug 24 09:21:27 devstack devstack@g-api.service[84280]: DEBUG glance.api.middleware.version_negotiation [None req-da5aea31-3a18-4fe6-98f0-57ccef3df43e tempest-AttachVolumeShelveTestJSON-1964986957 tempest-AttachVolumeShelveTestJSON-1964986957-project-member] new path /v2/images/9290445d-a3a0-4889-bf9d-e177f2b3edf9 {{(pid=84280) process_request /opt/stack/glance/glance/api/middleware/version_negotiation.py:70}}
Aug 24 09:21:27 devstack devstack@g-api.service[84280]: [pid: 84280|app: 0|req: 9/19] 127.0.0.1 () {42 vars in 1061 bytes} [Mon Aug 24 09:21:27 2026] GET /v2/images/9290445d-a3a0-4889-bf9d-e177f2b3edf9 => generated 976 bytes in 34 msecs (HTTP/1.1 200) 4 headers in 157 bytes (1 switches on core 0)
Aug 24 09:21:27 devstack devstack@g-api.service[84281]: DEBUG glance.api.middleware.version_negotiation [None req-da5aea31-3a18-4fe6-98f0-57ccef3df43e tempest-AttachVolumeShelveTestJSON-1964986957 tempest-AttachVolumeShelveTestJSON-1964986957-project-member] Determining version of request: GET /v2/schemas/image Accept: */* {{(pid=84281) process_request /opt/stack/glance/glance/api/middleware/version_negotiation.py:44}}
Aug 24 09:21:27 devstack devstack@g-api.service[84281]: DEBUG glance.api.middleware.version_negotiation [None req-da5aea31-3a18-4fe6-98f0-57ccef3df43e tempest-AttachVolumeShelveTestJSON-1964986957 tempest-AttachVolumeShelveTestJSON-1964986957-project-member] Using url versioning {{(pid=84281) process_request /opt/stack/glance/glance/api/middleware/version_negotiation.py:57}}
Aug 24 09:21:27 devstack devstack@g-api.service[84281]: DEBUG glance.api.middleware.version_negotiation [None req-da5aea31-3a18-4fe6-98f0-57ccef3df43e tempest-AttachVolumeShelveTestJSON-1964986957 tempest-AttachVolumeShelveTestJSON-1964986957-project-member] Matched version: v2 {{(pid=84281) process_request /opt/stack/glance/glance/api/middleware/version_negotiation.py:69}}
Aug 24 09:21:27 devstack devstack@g-api.service[84281]: DEBUG glance.api.middleware.version_negotiation [None req-da5aea31-3a18-4fe6-98f0-57ccef3df43e tempest-AttachVolumeShelveTestJSON-1964986957 tempest-AttachVolumeShelveTestJSON-1964986957-project-member] new path /v2/schemas/image {{(pid=84281) process_request /opt/stack/glance/glance/api/middleware/version_negotiation.py:70}}
Aug 24 09:21:27 devstack devstack@g-api.service[84281]: [pid: 84281|app: 0|req: 11/20] 127.0.0.1 () {42 vars in 1001 bytes} [Mon Aug 24 09:21:27 2026] GET /v2/schemas/image => generated 6083 bytes in 9 msecs (HTTP/1.1 200) 4 headers in 158 bytes (1 switches on core 0)
Aug 24 09:21:30 devstack devstack@g-api.service[84280]: DEBUG glance.api.middleware.version_negotiation [None req-36f31c9d-7722-4831-a58a-8fcbe626629a tempest-ServerActionsTestOtherA-1009224279 tempest-ServerActionsTestOtherA-1009224279-project-member] Determining version of request: GET /v2/images/9290445d-a3a0-4889-bf9d-e177f2b3edf9 Accept: */* {{(pid=84280) process_request /opt/stack/glance/glance/api/middleware/version_negotiation.py:44}}
Aug 24 09:21:30 devstack devstack@g-api.service[84280]: DEBUG glance.api.middleware.version_negotiation [None req-36f31c9d-7722-4831-a58a-8fcbe626629a tempest-ServerActionsTestOtherA-1009224279 tempest-ServerActionsTestOtherA-1009224279-project-member] Using url versioning {{(pid=84280) process_request /opt/stack/glance/glance/api/middleware/version_negotiation.py:57}}
Aug 24 09:21:30 devstack devstack@g-api.service[84280]: DEBUG glance.api.middleware.version_negotiation [None req-36f31c9d-7722-4831-a58a-8fcbe626629a tempest-ServerActionsTestOtherA-1009224279 tempest-ServerActionsTestOtherA-1009224279-project-member] Matched version: v2 {{(pid=84280) process_request /opt/stack/glance/glance/api/middleware/version_negotiation.py:69}}
Aug 24 09:21:30 devstack devstack@g-api.service[84280]: DEBUG glance.api.middleware.version_negotiation [None req-36f31c9d-7722-4831-a58a-8fcbe626629a tempest-ServerActionsTestOtherA-1009224279 tempest-ServerActionsTestOtherA-1009224279-project-member] new path /v2/images/9290445d-a3a0-4889-bf9d-e177f2b3edf9 {{(pid=84280) process_request /opt/stack/glance/glance/api/middleware/version_negotiation.py:70}}
Aug 24 09:21:30 devstack devstack@g-api.service[84280]: [pid: 84280|app: 0|req: 10/21] 127.0.0.1 () {42 vars in 1061 bytes} [Mon Aug 24 09:21:30 2026] GET /v2/images/9290445d-a3a0-4889-bf9d-e177f2b3edf9 => generated 976 bytes in 54 msecs (HTTP/1.1 200) 4 headers in 157 bytes (1 switches on core 0)
Aug 24 09:21:30 devstack devstack@g-api.service[84281]: DEBUG glance.api.middleware.version_negotiation [None req-36f31c9d-7722-4831-a58a-8fcbe626629a tempest-ServerActionsTestOtherA-1009224279 tempest-ServerActionsTestOtherA-1009224279-project-member] Determining version of request: GET /v2/schemas/image Accept: */* {{(pid=84281) process_request /opt/stack/glance/glance/api/middleware/version_negotiation.py:44}}
Aug 24 09:21:30 devstack devstack@g-api.service[84281]: DEBUG glance.api.middleware.version_negotiation [None req-36f31c9d-7722-4831-a58a-8fcbe626629a tempest-ServerActionsTestOtherA-1009224279 tempest-ServerActionsTestOtherA-1009224279-project-member] Using url versioning {{(pid=84281) process_request /opt/stack/glance/glance/api/middleware/version_negotiation.py:57}}
Aug 24 09:21:30 devstack devstack@g-api.service[84281]: DEBUG glance.api.middleware.version_negotiation [None req-36f31c9d-7722-4831-a58a-8fcbe626629a tempest-ServerActionsTestOtherA-1009224279 tempest-ServerActionsTestOtherA-1009224279-project-member] Matched version: v2 {{(pid=84281) process_request /opt/stack/glance/glance/api/middleware/version_negotiation.py:69}}
Aug 24 09:21:30 devstack devstack@g-api.service[84281]: DEBUG glance.api.middleware.version_negotiation [None req-36f31c9d-7722-4831-a58a-8fcbe626629a tempest-ServerActionsTestOtherA-1009224279 tempest-ServerActionsTestOtherA-1009224279-project-member] new path /v2/schemas/image {{(pid=84281) process_request /opt/stack/glance/glance/api/middleware/version_negotiation.py:70}}
Aug 24 09:21:30 devstack devstack@g-api.service[84281]: [pid: 84281|app: 0|req: 12/22] 127.0.0.1 () {42 vars in 1001 bytes} [Mon Aug 24 09:21:30 2026] GET /v2/schemas/image => generated 6083 bytes in 8 msecs (HTTP/1.1 200) 4 headers in 158 bytes (1 switches on core 0)
Aug 24 09:21:31 devstack devstack@g-api.service[84280]: DEBUG glance.api.middleware.version_negotiation [None req-749cc982-a946-47f8-8eea-b3aa77e623b1 tempest-ServerRescueNegativeTestJSON-1856736916 tempest-ServerRescueNegativeTestJSON-1856736916-project-member] Determining version of request: GET /v2/images/9290445d-a3a0-4889-bf9d-e177f2b3edf9 Accept: */* {{(pid=84280) process_request /opt/stack/glance/glance/api/middleware/version_negotiation.py:44}}
Aug 24 09:21:31 devstack devstack@g-api.service[84280]: DEBUG glance.api.middleware.version_negotiation [None req-749cc982-a946-47f8-8eea-b3aa77e623b1 tempest-ServerRescueNegativeTestJSON-1856736916 tempest-ServerRescueNegativeTestJSON-1856736916-project-member] Using url versioning {{(pid=84280) process_request /opt/stack/glance/glance/api/middleware/version_negotiation.py:57}}
Aug 24 09:21:31 devstack devstack@g-api.service[84280]: DEBUG glance.api.middleware.version_negotiation [None req-749cc982-a946-47f8-8eea-b3aa77e623b1 tempest-ServerRescueNegativeTestJSON-1856736916 tempest-ServerRescueNegativeTestJSON-1856736916-project-member] Matched version: v2 {{(pid=84280) process_request /opt/stack/glance/glance/api/middleware/version_negotiation.py:69}}
Aug 24 09:21:31 devstack devstack@g-api.service[84280]: DEBUG glance.api.middleware.version_negotiation [None req-749cc982-a946-47f8-8eea-b3aa77e623b1 tempest-ServerRescueNegativeTestJSON-1856736916 tempest-ServerRescueNegativeTestJSON-1856736916-project-member] new path /v2/images/9290445d-a3a0-4889-bf9d-e177f2b3edf9 {{(pid=84280) process_request /opt/stack/glance/glance/api/middleware/version_negotiation.py:70}}
Aug 24 09:21:31 devstack devstack@g-api.service[84280]: [pid: 84280|app: 0|req: 11/23] 127.0.0.1 () {42 vars in 1061 bytes} [Mon Aug 24 09:21:31 2026] GET /v2/images/9290445d-a3a0-4889-bf9d-e177f2b3edf9 => generated 976 bytes in 99 msecs (HTTP/1.1 200) 4 headers in 157 bytes (1 switches on core 0)
Aug 24 09:21:31 devstack devstack@g-api.service[84281]: DEBUG glance.api.middleware.version_negotiation [None req-749cc982-a946-47f8-8eea-b3aa77e623b1 tempest-ServerRescueNegativeTestJSON-1856736916 tempest-ServerRescueNegativeTestJSON-1856736916-project-member] Determining version of request: GET /v2/images/9290445d-a3a0-4889-bf9d-e177f2b3edf9/file Accept: */* {{(pid=84281) process_request /opt/stack/glance/glance/api/middleware/version_negotiation.py:44}}
Aug 24 09:21:31 devstack devstack@g-api.service[84281]: DEBUG glance.api.middleware.version_negotiation [None req-749cc982-a946-47f8-8eea-b3aa77e623b1 tempest-ServerRescueNegativeTestJSON-1856736916 tempest-ServerRescueNegativeTestJSON-1856736916-project-member] Using url versioning {{(pid=84281) process_request /opt/stack/glance/glance/api/middleware/version_negotiation.py:57}}
Aug 24 09:21:31 devstack devstack@g-api.service[84281]: DEBUG glance.api.middleware.version_negotiation [None req-749cc982-a946-47f8-8eea-b3aa77e623b1 tempest-ServerRescueNegativeTestJSON-1856736916 tempest-ServerRescueNegativeTestJSON-1856736916-project-member] Matched version: v2 {{(pid=84281) process_request /opt/stack/glance/glance/api/middleware/version_negotiation.py:69}}
Aug 24 09:21:31 devstack devstack@g-api.service[84281]: DEBUG glance.api.middleware.version_negotiation [None req-749cc982-a946-47f8-8eea-b3aa77e623b1 tempest-ServerRescueNegativeTestJSON-1856736916 tempest-ServerRescueNegativeTestJSON-1856736916-project-member] new path /v2/images/9290445d-a3a0-4889-bf9d-e177f2b3edf9/file {{(pid=84281) process_request /opt/stack/glance/glance/api/middleware/version_negotiation.py:70}}
Aug 24 09:21:31 devstack devstack@g-api.service[84281]: DEBUG glance_store._drivers.filesystem [None req-20802eba-a5bd-4aa0-ab04-65e8221a7038 tempest-ServerRescueNegativeTestJSON-1856736916 tempest-ServerRescueNegativeTestJSON-1856736916-project-member] Found image at /opt/stack/data/glance/images/9290445d-a3a0-4889-bf9d-e177f2b3edf9. Returning in ChunkedFile. {{(pid=84281) get /opt/stack/data/venv/lib/python3.12/site-packages/glance_store/_drivers/filesystem.py:724}}
Aug 24 09:21:31 devstack devstack@g-api.service[84281]: DEBUG glance.image_cache [None req-20802eba-a5bd-4aa0-ab04-65e8221a7038 tempest-ServerRescueNegativeTestJSON-1856736916 tempest-ServerRescueNegativeTestJSON-1856736916-project-member] Tee'ing image '9290445d-a3a0-4889-bf9d-e177f2b3edf9' into cache {{(pid=84281) get_caching_iter /opt/stack/glance/glance/image_cache/__init__.py:356}}
Aug 24 09:21:32 devstack devstack@g-api.service[84281]: DEBUG glance.image_cache.drivers.centralized_db [None req-20802eba-a5bd-4aa0-ab04-65e8221a7038 tempest-ServerRescueNegativeTestJSON-1856736916 tempest-ServerRescueNegativeTestJSON-1856736916-project-member] Fetch finished, moving '/opt/stack/data/glance/cache/incomplete/9290445d-a3a0-4889-bf9d-e177f2b3edf9' to '/opt/stack/data/glance/cache/9290445d-a3a0-4889-bf9d-e177f2b3edf9' {{(pid=84281) commit /opt/stack/glance/glance/image_cache/drivers/centralized_db.py:243}}
Aug 24 09:21:32 devstack devstack@g-api.service[84281]: DEBUG glance.image_cache.drivers.centralized_db [None req-20802eba-a5bd-4aa0-ab04-65e8221a7038 tempest-ServerRescueNegativeTestJSON-1856736916 tempest-ServerRescueNegativeTestJSON-1856736916-project-member] Image cached successfully. {{(pid=84281) commit /opt/stack/glance/glance/image_cache/drivers/centralized_db.py:258}}
