Aug 24 09:13:25 devstack devstack@n-api.service[69017]: DEBUG nova.api.openstack.wsgi_app [None req-648c113b-be97-44e3-9df3-350b1e0a1ed3 None None] keystone_authtoken.memcache_pool_maxsize = 10 {{(pid=69017) log_opt_values /opt/stack/data/venv/lib/python3.12/site-packages/oslo_config/cfg.py:3560}}
Aug 24 09:13:25 devstack devstack@n-api.service[69018]: DEBUG nova.api.openstack.wsgi_app [None req-e0c709e3-475d-46b5-8d14-7d5042d1b7a9 None None] keystone_authtoken.memcache_password = {{(pid=69018) log_opt_values /opt/stack/data/venv/lib/python3.12/site-packages/oslo_config/cfg.py:3560}}
Aug 24 09:13:25 devstack devstack@n-api.service[69017]: DEBUG nova.api.openstack.wsgi_app [None req-648c113b-be97-44e3-9df3-350b1e0a1ed3 None None] keystone_authtoken.memcache_pool_socket_timeout = 3 {{(pid=69017) log_opt_values /opt/stack/data/venv/lib/python3.12/site-packages/oslo_config/cfg.py:3560}}
Aug 24 09:13:25 devstack devstack@n-api.service[69018]: DEBUG nova.api.openstack.wsgi_app [None req-e0c709e3-475d-46b5-8d14-7d5042d1b7a9 None None] keystone_authtoken.memcache_pool_conn_get_timeout = 10 {{(pid=69018) log_opt_values /opt/stack/data/venv/lib/python3.12/site-packages/oslo_config/cfg.py:3560}}
Aug 24 09:13:25 devstack devstack@n-api.service[69017]: DEBUG nova.api.openstack.wsgi_app [None req-648c113b-be97-44e3-9df3-350b1e0a1ed3 None None] keystone_authtoken.memcache_pool_unused_timeout = 60 {{(pid=69017) log_opt_values /opt/stack/data/venv/lib/python3.12/site-packages/oslo_config/cfg.py:3560}}
Aug 24 09:13:25 devstack devstack@n-api.service[69018]: DEBUG nova.api.openstack.wsgi_app [None req-e0c709e3-475d-46b5-8d14-7d5042d1b7a9 None None] keystone_authtoken.memcache_pool_dead_retry = 300 {{(pid=69018) log_opt_values /opt/stack/data/venv/lib/python3.12/site-packages/oslo_config/cfg.py:3560}}
Aug 24 09:13:25 devstack devstack@n-api.service[69017]: DEBUG nova.api.openstack.wsgi_app [None req-648c113b-be97-44e3-9df3-350b1e0a1ed3 None None] keystone_authtoken.memcache_sasl_enabled = False {{(pid=69017) log_opt_values /opt/stack/data/venv/lib/python3.12/site-packages/oslo_config/cfg.py:3560}}
Aug 24 09:13:25 devstack devstack@n-api.service[69018]: DEBUG nova.api.openstack.wsgi_app [None req-e0c709e3-475d-46b5-8d14-7d5042d1b7a9 None None] keystone_authtoken.memcache_pool_maxsize = 10 {{(pid=69018) log_opt_values /opt/stack/data/venv/lib/python3.12/site-packages/oslo_config/cfg.py:3560}}
Aug 24 09:13:25 devstack devstack@n-api.service[69017]: DEBUG nova.api.openstack.wsgi_app [None req-648c113b-be97-44e3-9df3-350b1e0a1ed3 None None] keystone_authtoken.memcache_secret_key = **** {{(pid=69017) log_opt_values /opt/stack/data/venv/lib/python3.12/site-packages/oslo_config/cfg.py:3560}}
Aug 24 09:13:25 devstack devstack@n-api.service[69018]: DEBUG nova.api.openstack.wsgi_app [None req-e0c709e3-475d-46b5-8d14-7d5042d1b7a9 None None] keystone_authtoken.memcache_pool_socket_timeout = 3 {{(pid=69018) log_opt_values /opt/stack/data/venv/lib/python3.12/site-packages/oslo_config/cfg.py:3560}}
Aug 24 09:13:25 devstack devstack@n-api.service[69017]: DEBUG nova.api.openstack.wsgi_app [None req-648c113b-be97-44e3-9df3-350b1e0a1ed3 None None] keystone_authtoken.memcache_security_strategy = None {{(pid=69017) log_opt_values /opt/stack/data/venv/lib/python3.12/site-packages/oslo_config/cfg.py:3560}}
Aug 24 09:13:25 devstack devstack@n-api.service[69018]: DEBUG nova.api.openstack.wsgi_app [None req-e0c709e3-475d-46b5-8d14-7d5042d1b7a9 None None] keystone_authtoken.memcache_pool_unused_timeout = 60 {{(pid=69018) log_opt_values /opt/stack/data/venv/lib/python3.12/site-packages/oslo_config/cfg.py:3560}}
Aug 24 09:13:25 devstack devstack@n-api.service[69017]: DEBUG nova.api.openstack.wsgi_app [None req-648c113b-be97-44e3-9df3-350b1e0a1ed3 None None] keystone_authtoken.memcache_tls_allowed_ciphers = None {{(pid=69017) log_opt_values /opt/stack/data/venv/lib/python3.12/site-packages/oslo_config/cfg.py:3560}}
Aug 24 09:13:25 devstack devstack@n-api.service[69017]: DEBUG nova.api.openstack.wsgi_app [None req-648c113b-be97-44e3-9df3-350b1e0a1ed3 None None] keystone_authtoken.memcache_tls_cafile = None {{(pid=69017) log_opt_values /opt/stack/data/venv/lib/python3.12/site-packages/oslo_config/cfg.py:3560}}
Aug 24 09:13:25 devstack devstack@n-api.service[69018]: DEBUG nova.api.openstack.wsgi_app [None req-e0c709e3-475d-46b5-8d14-7d5042d1b7a9 None None] keystone_authtoken.memcache_sasl_enabled = False {{(pid=69018) log_opt_values /opt/stack/data/venv/lib/python3.12/site-packages/oslo_config/cfg.py:3560}}
Aug 24 09:13:25 devstack devstack@n-api.service[69017]: DEBUG nova.api.openstack.wsgi_app [None req-648c113b-be97-44e3-9df3-350b1e0a1ed3 None None] keystone_authtoken.memcache_tls_certfile = None {{(pid=69017) log_opt_values /opt/stack/data/venv/lib/python3.12/site-packages/oslo_config/cfg.py:3560}}
Aug 24 09:13:25 devstack devstack@n-api.service[69018]: DEBUG nova.api.openstack.wsgi_app [None req-e0c709e3-475d-46b5-8d14-7d5042d1b7a9 None None] keystone_authtoken.memcache_secret_key = **** {{(pid=69018) log_opt_values /opt/stack/data/venv/lib/python3.12/site-packages/oslo_config/cfg.py:3560}}
Aug 24 09:13:25 devstack devstack@n-api.service[69017]: DEBUG nova.api.openstack.wsgi_app [None req-648c113b-be97-44e3-9df3-350b1e0a1ed3 None None] keystone_authtoken.memcache_tls_enabled = False {{(pid=69017) log_opt_values /opt/stack/data/venv/lib/python3.12/site-packages/oslo_config/cfg.py:3560}}
Aug 24 09:13:25 devstack devstack@n-api.service[69018]: DEBUG nova.api.openstack.wsgi_app [None req-e0c709e3-475d-46b5-8d14-7d5042d1b7a9 None None] keystone_authtoken.memcache_security_strategy = None {{(pid=69018) log_opt_values /opt/stack/data/venv/lib/python3.12/site-packages/oslo_config/cfg.py:3560}}
Aug 24 09:13:25 devstack devstack@n-api.service[69017]: DEBUG nova.api.openstack.wsgi_app [None req-648c113b-be97-44e3-9df3-350b1e0a1ed3 None None] keystone_authtoken.memcache_tls_keyfile = None {{(pid=69017) log_opt_values /opt/stack/data/venv/lib/python3.12/site-packages/oslo_config/cfg.py:3560}}
Aug 24 09:13:25 devstack devstack@n-api.service[69018]: DEBUG nova.api.openstack.wsgi_app [None req-e0c709e3-475d-46b5-8d14-7d5042d1b7a9 None None] keystone_authtoken.memcache_tls_allowed_ciphers = None {{(pid=69018) log_opt_values /opt/stack/data/venv/lib/python3.12/site-packages/oslo_config/cfg.py:3560}}
Aug 24 09:13:25 devstack devstack@n-api.service[69017]: DEBUG nova.api.openstack.wsgi_app [None req-648c113b-be97-44e3-9df3-350b1e0a1ed3 None None] keystone_authtoken.memcache_use_advanced_pool = True {{(pid=69017) log_opt_values /opt/stack/data/venv/lib/python3.12/site-packages/oslo_config/cfg.py:3560}}
Aug 24 09:13:25 devstack devstack@n-api.service[69018]: DEBUG nova.api.openstack.wsgi_app [None req-e0c709e3-475d-46b5-8d14-7d5042d1b7a9 None None] keystone_authtoken.memcache_tls_cafile = None {{(pid=69018) log_opt_values /opt/stack/data/venv/lib/python3.12/site-packages/oslo_config/cfg.py:3560}}
Aug 24 09:13:25 devstack devstack@n-api.service[69017]: DEBUG nova.api.openstack.wsgi_app [None req-648c113b-be97-44e3-9df3-350b1e0a1ed3 None None] keystone_authtoken.memcache_username = {{(pid=69017) log_opt_values /opt/stack/data/venv/lib/python3.12/site-packages/oslo_config/cfg.py:3560}}
Aug 24 09:13:25 devstack devstack@n-api.service[69018]: DEBUG nova.api.openstack.wsgi_app [None req-e0c709e3-475d-46b5-8d14-7d5042d1b7a9 None None] keystone_authtoken.memcache_tls_certfile = None {{(pid=69018) log_opt_values /opt/stack/data/venv/lib/python3.12/site-packages/oslo_config/cfg.py:3560}}
Aug 24 09:13:25 devstack devstack@n-api.service[69017]: DEBUG nova.api.openstack.wsgi_app [None req-648c113b-be97-44e3-9df3-350b1e0a1ed3 None None] keystone_authtoken.memcached_servers = ['localhost:11211'] {{(pid=69017) log_opt_values /opt/stack/data/venv/lib/python3.12/site-packages/oslo_config/cfg.py:3560}}
Aug 24 09:13:25 devstack devstack@n-api.service[69018]: DEBUG nova.api.openstack.wsgi_app [None req-e0c709e3-475d-46b5-8d14-7d5042d1b7a9 None None] keystone_authtoken.memcache_tls_enabled = False {{(pid=69018) log_opt_values /opt/stack/data/venv/lib/python3.12/site-packages/oslo_config/cfg.py:3560}}
Aug 24 09:13:25 devstack devstack@n-api.service[69017]: DEBUG nova.api.openstack.wsgi_app [None req-648c113b-be97-44e3-9df3-350b1e0a1ed3 None None] keystone_authtoken.password = **** {{(pid=69017) log_opt_values /opt/stack/data/venv/lib/python3.12/site-packages/oslo_config/cfg.py:3560}}
Aug 24 09:13:25 devstack devstack@n-api.service[69018]: DEBUG nova.api.openstack.wsgi_app [None req-e0c709e3-475d-46b5-8d14-7d5042d1b7a9 None None] keystone_authtoken.memcache_tls_keyfile = None {{(pid=69018) log_opt_values /opt/stack/data/venv/lib/python3.12/site-packages/oslo_config/cfg.py:3560}}
Aug 24 09:13:25 devstack devstack@n-api.service[69017]: DEBUG nova.api.openstack.wsgi_app [None req-648c113b-be97-44e3-9df3-350b1e0a1ed3 None None] keystone_authtoken.project_domain_id = None {{(pid=69017) log_opt_values /opt/stack/data/venv/lib/python3.12/site-packages/oslo_config/cfg.py:3560}}
Aug 24 09:13:25 devstack devstack@n-api.service[69018]: DEBUG nova.api.openstack.wsgi_app [None req-e0c709e3-475d-46b5-8d14-7d5042d1b7a9 None None] keystone_authtoken.memcache_use_advanced_pool = True {{(pid=69018) log_opt_values /opt/stack/data/venv/lib/python3.12/site-packages/oslo_config/cfg.py:3560}}
Aug 24 09:13:25 devstack devstack@n-api.service[69017]: DEBUG nova.api.openstack.wsgi_app [None req-648c113b-be97-44e3-9df3-350b1e0a1ed3 None None] keystone_authtoken.project_domain_name = Default {{(pid=69017) log_opt_values /opt/stack/data/venv/lib/python3.12/site-packages/oslo_config/cfg.py:3560}}
Aug 24 09:13:25 devstack devstack@n-api.service[69018]: DEBUG nova.api.openstack.wsgi_app [None req-e0c709e3-475d-46b5-8d14-7d5042d1b7a9 None None] keystone_authtoken.memcache_username = {{(pid=69018) log_opt_values /opt/stack/data/venv/lib/python3.12/site-packages/oslo_config/cfg.py:3560}}
Aug 24 09:13:25 devstack devstack@n-api.service[69017]: DEBUG nova.api.openstack.wsgi_app [None req-648c113b-be97-44e3-9df3-350b1e0a1ed3 None None] keystone_authtoken.project_id = None {{(pid=69017) log_opt_values /opt/stack/data/venv/lib/python3.12/site-packages/oslo_config/cfg.py:3560}}
Aug 24 09:13:25 devstack devstack@n-api.service[69018]: DEBUG nova.api.openstack.wsgi_app [None req-e0c709e3-475d-46b5-8d14-7d5042d1b7a9 None None] keystone_authtoken.memcached_servers = ['localhost:11211'] {{(pid=69018) log_opt_values /opt/stack/data/venv/lib/python3.12/site-packages/oslo_config/cfg.py:3560}}
Aug 24 09:13:25 devstack devstack@n-api.service[69017]: DEBUG nova.api.openstack.wsgi_app [None req-648c113b-be97-44e3-9df3-350b1e0a1ed3 None None] keystone_authtoken.project_name = service {{(pid=69017) log_opt_values /opt/stack/data/venv/lib/python3.12/site-packages/oslo_config/cfg.py:3560}}
Aug 24 09:13:25 devstack devstack@n-api.service[69018]: DEBUG nova.api.openstack.wsgi_app [None req-e0c709e3-475d-46b5-8d14-7d5042d1b7a9 None None] keystone_authtoken.password = **** {{(pid=69018) log_opt_values /opt/stack/data/venv/lib/python3.12/site-packages/oslo_config/cfg.py:3560}}
Aug 24 09:13:25 devstack devstack@n-api.service[69017]: DEBUG nova.api.openstack.wsgi_app [None req-648c113b-be97-44e3-9df3-350b1e0a1ed3 None None] keystone_authtoken.region_name = None {{(pid=69017) log_opt_values /opt/stack/data/venv/lib/python3.12/site-packages/oslo_config/cfg.py:3560}}
Aug 24 09:13:25 devstack devstack@n-api.service[69018]: DEBUG nova.api.openstack.wsgi_app [None req-e0c709e3-475d-46b5-8d14-7d5042d1b7a9 None None] keystone_authtoken.project_domain_id = None {{(pid=69018) log_opt_values /opt/stack/data/venv/lib/python3.12/site-packages/oslo_config/cfg.py:3560}}
Aug 24 09:13:25 devstack devstack@n-api.service[69017]: DEBUG nova.api.openstack.wsgi_app [None req-648c113b-be97-44e3-9df3-350b1e0a1ed3 None None] keystone_authtoken.service_token_roles = ['service'] {{(pid=69017) log_opt_values /opt/stack/data/venv/lib/python3.12/site-packages/oslo_config/cfg.py:3560}}
Aug 24 09:13:25 devstack devstack@n-api.service[69018]: DEBUG nova.api.openstack.wsgi_app [None req-e0c709e3-475d-46b5-8d14-7d5042d1b7a9 None None] keystone_authtoken.project_domain_name = Default {{(pid=69018) log_opt_values /opt/stack/data/venv/lib/python3.12/site-packages/oslo_config/cfg.py:3560}}
Aug 24 09:13:25 devstack devstack@n-api.service[69017]: DEBUG nova.api.openstack.wsgi_app [None req-648c113b-be97-44e3-9df3-350b1e0a1ed3 None None] keystone_authtoken.service_token_roles_required = True {{(pid=69017) log_opt_values /opt/stack/data/venv/lib/python3.12/site-packages/oslo_config/cfg.py:3560}}
Aug 24 09:13:25 devstack devstack@n-api.service[69018]: DEBUG nova.api.openstack.wsgi_app [None req-e0c709e3-475d-46b5-8d14-7d5042d1b7a9 None None] keystone_authtoken.project_id = None {{(pid=69018) log_opt_values /opt/stack/data/venv/lib/python3.12/site-packages/oslo_config/cfg.py:3560}}
Aug 24 09:13:25 devstack devstack@n-api.service[69017]: DEBUG nova.api.openstack.wsgi_app [None req-648c113b-be97-44e3-9df3-350b1e0a1ed3 None None] keystone_authtoken.service_type = None {{(pid=69017) log_opt_values /opt/stack/data/venv/lib/python3.12/site-packages/oslo_config/cfg.py:3560}}
Aug 24 09:13:25 devstack devstack@n-api.service[69018]: DEBUG nova.api.openstack.wsgi_app [None req-e0c709e3-475d-46b5-8d14-7d5042d1b7a9 None None] keystone_authtoken.project_name = service {{(pid=69018) log_opt_values /opt/stack/data/venv/lib/python3.12/site-packages/oslo_config/cfg.py:3560}}
Aug 24 09:13:25 devstack devstack@n-api.service[69017]: DEBUG nova.api.openstack.wsgi_app [None req-648c113b-be97-44e3-9df3-350b1e0a1ed3 None None] keystone_authtoken.system_scope = None {{(pid=69017) log_opt_values /opt/stack/data/venv/lib/python3.12/site-packages/oslo_config/cfg.py:3560}}
Aug 24 09:13:25 devstack devstack@n-api.service[69018]: DEBUG nova.api.openstack.wsgi_app [None req-e0c709e3-475d-46b5-8d14-7d5042d1b7a9 None None] keystone_authtoken.region_name = None {{(pid=69018) log_opt_values /opt/stack/data/venv/lib/python3.12/site-packages/oslo_config/cfg.py:3560}}
Aug 24 09:13:25 devstack devstack@n-api.service[69017]: DEBUG nova.api.openstack.wsgi_app [None req-648c113b-be97-44e3-9df3-350b1e0a1ed3 None None] keystone_authtoken.token_cache_time = 300 {{(pid=69017) log_opt_values /opt/stack/data/venv/lib/python3.12/site-packages/oslo_config/cfg.py:3560}}
Aug 24 09:13:25 devstack devstack@n-api.service[69018]: DEBUG nova.api.openstack.wsgi_app [None req-e0c709e3-475d-46b5-8d14-7d5042d1b7a9 None None] keystone_authtoken.service_token_roles = ['service'] {{(pid=69018) log_opt_values /opt/stack/data/venv/lib/python3.12/site-packages/oslo_config/cfg.py:3560}}
Aug 24 09:13:25 devstack devstack@n-api.service[69017]: DEBUG nova.api.openstack.wsgi_app [None req-648c113b-be97-44e3-9df3-350b1e0a1ed3 None None] keystone_authtoken.trust_id = None {{(pid=69017) log_opt_values /opt/stack/data/venv/lib/python3.12/site-packages/oslo_config/cfg.py:3560}}
Aug 24 09:13:25 devstack devstack@n-api.service[69018]: DEBUG nova.api.openstack.wsgi_app [None req-e0c709e3-475d-46b5-8d14-7d5042d1b7a9 None None] keystone_authtoken.service_token_roles_required = True {{(pid=69018) log_opt_values /opt/stack/data/venv/lib/python3.12/site-packages/oslo_config/cfg.py:3560}}
Aug 24 09:13:25 devstack devstack@n-api.service[69017]: DEBUG nova.api.openstack.wsgi_app [None req-648c113b-be97-44e3-9df3-350b1e0a1ed3 None None] keystone_authtoken.user_domain_id = None {{(pid=69017) log_opt_values /opt/stack/data/venv/lib/python3.12/site-packages/oslo_config/cfg.py:3560}}
Aug 24 09:13:25 devstack devstack@n-api.service[69018]: DEBUG nova.api.openstack.wsgi_app [None req-e0c709e3-475d-46b5-8d14-7d5042d1b7a9 None None] keystone_authtoken.service_type = None {{(pid=69018) log_opt_values /opt/stack/data/venv/lib/python3.12/site-packages/oslo_config/cfg.py:3560}}
Aug 24 09:13:25 devstack devstack@n-api.service[69017]: DEBUG nova.api.openstack.wsgi_app [None req-648c113b-be97-44e3-9df3-350b1e0a1ed3 None None] keystone_authtoken.user_domain_name = Default {{(pid=69017) log_opt_values /opt/stack/data/venv/lib/python3.12/site-packages/oslo_config/cfg.py:3560}}
Aug 24 09:13:25 devstack devstack@n-api.service[69018]: DEBUG nova.api.openstack.wsgi_app [None req-e0c709e3-475d-46b5-8d14-7d5042d1b7a9 None None] keystone_authtoken.system_scope = None {{(pid=69018) log_opt_values /opt/stack/data/venv/lib/python3.12/site-packages/oslo_config/cfg.py:3560}}
Aug 24 09:13:25 devstack devstack@n-api.service[69017]: DEBUG nova.api.openstack.wsgi_app [None req-648c113b-be97-44e3-9df3-350b1e0a1ed3 None None] keystone_authtoken.user_id = None {{(pid=69017) log_opt_values /opt/stack/data/venv/lib/python3.12/site-packages/oslo_config/cfg.py:3560}}
Aug 24 09:13:25 devstack devstack@n-api.service[69018]: DEBUG nova.api.openstack.wsgi_app [None req-e0c709e3-475d-46b5-8d14-7d5042d1b7a9 None None] keystone_authtoken.token_cache_time = 300 {{(pid=69018) log_opt_values /opt/stack/data/venv/lib/python3.12/site-packages/oslo_config/cfg.py:3560}}
Aug 24 09:13:25 devstack devstack@n-api.service[69017]: DEBUG nova.api.openstack.wsgi_app [None req-648c113b-be97-44e3-9df3-350b1e0a1ed3 None None] keystone_authtoken.username = nova {{(pid=69017) log_opt_values /opt/stack/data/venv/lib/python3.12/site-packages/oslo_config/cfg.py:3560}}
Aug 24 09:13:25 devstack devstack@n-api.service[69018]: DEBUG nova.api.openstack.wsgi_app [None req-e0c709e3-475d-46b5-8d14-7d5042d1b7a9 None None] keystone_authtoken.trust_id = None {{(pid=69018) log_opt_values /opt/stack/data/venv/lib/python3.12/site-packages/oslo_config/cfg.py:3560}}
Aug 24 09:13:25 devstack devstack@n-api.service[69017]: DEBUG nova.api.openstack.wsgi_app [None req-648c113b-be97-44e3-9df3-350b1e0a1ed3 None None] keystone_authtoken.www_authenticate_uri = http://192.168.122.249/identity {{(pid=69017) log_opt_values /opt/stack/data/venv/lib/python3.12/site-packages/oslo_config/cfg.py:3560}}
Aug 24 09:13:25 devstack devstack@n-api.service[69018]: DEBUG nova.api.openstack.wsgi_app [None req-e0c709e3-475d-46b5-8d14-7d5042d1b7a9 None None] keystone_authtoken.user_domain_id = None {{(pid=69018) log_opt_values /opt/stack/data/venv/lib/python3.12/site-packages/oslo_config/cfg.py:3560}}
Aug 24 09:13:25 devstack devstack@n-api.service[69017]: DEBUG nova.api.openstack.wsgi_app [None req-648c113b-be97-44e3-9df3-350b1e0a1ed3 None None] ******************************************************************************** {{(pid=69017) log_opt_values /opt/stack/data/venv/lib/python3.12/site-packages/oslo_config/cfg.py:3567}}
Aug 24 09:13:25 devstack devstack@n-api.service[69017]: WSGI app 0 (mountpoint='') ready in 6 seconds on interpreter 0x75dc8e8a4668 pid: 69017 (default app)
Aug 24 09:13:25 devstack devstack@n-api.service[69018]: DEBUG nova.api.openstack.wsgi_app [None req-e0c709e3-475d-46b5-8d14-7d5042d1b7a9 None None] keystone_authtoken.user_domain_name = Default {{(pid=69018) log_opt_values /opt/stack/data/venv/lib/python3.12/site-packages/oslo_config/cfg.py:3560}}
Aug 24 09:13:25 devstack devstack@n-api.service[69018]: DEBUG nova.api.openstack.wsgi_app [None req-e0c709e3-475d-46b5-8d14-7d5042d1b7a9 None None] keystone_authtoken.user_id = None {{(pid=69018) log_opt_values /opt/stack/data/venv/lib/python3.12/site-packages/oslo_config/cfg.py:3560}}
Aug 24 09:13:25 devstack devstack@n-api.service[69018]: DEBUG nova.api.openstack.wsgi_app [None req-e0c709e3-475d-46b5-8d14-7d5042d1b7a9 None None] keystone_authtoken.username = nova {{(pid=69018) log_opt_values /opt/stack/data/venv/lib/python3.12/site-packages/oslo_config/cfg.py:3560}}
Aug 24 09:13:25 devstack devstack@n-api.service[69018]: DEBUG nova.api.openstack.wsgi_app [None req-e0c709e3-475d-46b5-8d14-7d5042d1b7a9 None None] keystone_authtoken.www_authenticate_uri = http://192.168.122.249/identity {{(pid=69018) log_opt_values /opt/stack/data/venv/lib/python3.12/site-packages/oslo_config/cfg.py:3560}}
Aug 24 09:13:25 devstack devstack@n-api.service[69018]: DEBUG nova.api.openstack.wsgi_app [None req-e0c709e3-475d-46b5-8d14-7d5042d1b7a9 None None] ******************************************************************************** {{(pid=69018) log_opt_values /opt/stack/data/venv/lib/python3.12/site-packages/oslo_config/cfg.py:3567}}
Aug 24 09:13:25 devstack devstack@n-api.service[69017]: DEBUG nova.api.openstack.wsgi [None req-648c113b-be97-44e3-9df3-350b1e0a1ed3 None None] Calling method '>' {{(pid=69017) _process_stack /opt/stack/nova/nova/api/openstack/wsgi.py:551}}
Aug 24 09:13:25 devstack devstack@n-api.service[69018]: WSGI app 0 (mountpoint='') ready in 6 seconds on interpreter 0x75dc8e8a4668 pid: 69018 (default app)
Aug 24 09:13:25 devstack devstack@n-api.service[69017]: INFO nova.api.openstack.requestlog [None req-648c113b-be97-44e3-9df3-350b1e0a1ed3 None None] 192.168.122.249 "GET /compute/v2.1/" status: 200 len: 393 microversion: 2.1 time: 0.005584
Aug 24 09:13:25 devstack devstack@n-api.service[69017]: [pid: 69017|app: 0|req: 1/1] 192.168.122.249 () {50 vars in 791 bytes} [Mon Aug 24 09:13:25 2026] GET /compute/v2.1/ => generated 393 bytes in 7 msecs (HTTP/1.1 200) 9 headers in 357 bytes (1 switches on core 0)
Aug 24 09:13:32 devstack devstack@n-api.service[69017]: DEBUG dbcounter [-] [69017] Writing DB stats nova_api:SELECT=1 {{(pid=69017) stat_writer /opt/stack/data/venv/lib/python3.12/site-packages/dbcounter.py:115}}
Aug 24 09:13:32 devstack devstack@n-api.service[69018]: DEBUG dbcounter [-] [69018] Writing DB stats nova_api:SELECT=1 {{(pid=69018) stat_writer /opt/stack/data/venv/lib/python3.12/site-packages/dbcounter.py:115}}
Aug 24 09:13:33 devstack devstack@n-api.service[69017]: DEBUG dbcounter [-] [69017] Writing DB stats nova_cell1:SELECT=1 {{(pid=69017) stat_writer /opt/stack/data/venv/lib/python3.12/site-packages/dbcounter.py:115}}
Aug 24 09:13:33 devstack devstack@n-api.service[69017]: DEBUG dbcounter [-] [69017] Writing DB stats nova_cell0:SELECT=1 {{(pid=69017) stat_writer /opt/stack/data/venv/lib/python3.12/site-packages/dbcounter.py:115}}
Aug 24 09:13:33 devstack devstack@n-api.service[69018]: DEBUG dbcounter [-] [69018] Writing DB stats nova_cell1:SELECT=1 {{(pid=69018) stat_writer /opt/stack/data/venv/lib/python3.12/site-packages/dbcounter.py:115}}
Aug 24 09:13:33 devstack devstack@n-api.service[69018]: DEBUG dbcounter [-] [69018] Writing DB stats nova_cell0:SELECT=1 {{(pid=69018) stat_writer /opt/stack/data/venv/lib/python3.12/site-packages/dbcounter.py:115}}
Aug 24 09:13:33 devstack devstack@n-api.service[69017]: DEBUG dbcounter [-] [69017] Writing DB stats nova_cell0:SELECT=2,nova_cell0:INSERT=1 {{(pid=69017) stat_writer /opt/stack/data/venv/lib/python3.12/site-packages/dbcounter.py:115}}
Aug 24 09:13:33 devstack devstack@n-api.service[69018]: DEBUG dbcounter [-] [69018] Writing DB stats nova_cell0:SELECT=1 {{(pid=69018) stat_writer /opt/stack/data/venv/lib/python3.12/site-packages/dbcounter.py:115}}
Aug 24 09:15:46 devstack devstack@n-api.service[69018]: DEBUG nova.api.openstack.wsgi [None req-e0c709e3-475d-46b5-8d14-7d5042d1b7a9 None None] Calling method '>' {{(pid=69018) _process_stack /opt/stack/nova/nova/api/openstack/wsgi.py:551}}
Aug 24 09:15:46 devstack devstack@n-api.service[69018]: INFO nova.api.openstack.requestlog [None req-e0c709e3-475d-46b5-8d14-7d5042d1b7a9 None None] 192.168.122.249 "GET /compute/v2.1" status: 200 len: 393 microversion: 2.1 time: 0.007500
Aug 24 09:15:46 devstack devstack@n-api.service[69018]: [pid: 69018|app: 0|req: 1/2] 192.168.122.249 () {54 vars in 935 bytes} [Mon Aug 24 09:15:46 2026] GET /compute/v2.1 => generated 393 bytes in 9 msecs (HTTP/1.1 200) 9 headers in 357 bytes (1 switches on core 0)
Aug 24 09:15:46 devstack devstack@n-api.service[69017]: DEBUG oslo_concurrency.lockutils [None req-f6d7d355-2350-46d3-88e2-5a5a70cff4ba admin admin] Acquiring lock "nova-policy-init" {{(pid=69017) lock /opt/stack/data/venv/lib/python3.12/site-packages/oslo_concurrency/lockutils.py:396}}
Aug 24 09:15:46 devstack devstack@n-api.service[69017]: DEBUG oslo_concurrency.lockutils [None req-f6d7d355-2350-46d3-88e2-5a5a70cff4ba admin admin] Acquired lock "nova-policy-init" {{(pid=69017) lock /opt/stack/data/venv/lib/python3.12/site-packages/oslo_concurrency/lockutils.py:399}}
Aug 24 09:15:46 devstack devstack@n-api.service[69017]: DEBUG oslo_concurrency.lockutils [None req-f6d7d355-2350-46d3-88e2-5a5a70cff4ba admin admin] Releasing lock "nova-policy-init" {{(pid=69017) lock /opt/stack/data/venv/lib/python3.12/site-packages/oslo_concurrency/lockutils.py:419}}
Aug 24 09:15:46 devstack devstack@n-api.service[69017]: DEBUG nova.api.openstack.wsgi [None req-f6d7d355-2350-46d3-88e2-5a5a70cff4ba admin admin] Calling method '>' {{(pid=69017) _process_stack /opt/stack/nova/nova/api/openstack/wsgi.py:551}}
Aug 24 09:15:46 devstack devstack@n-api.service[69017]: INFO nova.api.openstack.requestlog [None req-f6d7d355-2350-46d3-88e2-5a5a70cff4ba admin admin] 192.168.122.249 "GET /compute/v2.1/flavors/detail?is_public=True" status: 200 len: 15 microversion: 2.61 time: 0.563338
Aug 24 09:15:46 devstack devstack@n-api.service[69017]: [pid: 69017|app: 0|req: 2/3] 192.168.122.249 () {60 vars in 1296 bytes} [Mon Aug 24 09:15:46 2026] GET /compute/v2.1/flavors/detail?is_public=True => generated 15 bytes in 565 msecs (HTTP/1.1 200) 9 headers in 358 bytes (1 switches on core 0)
Aug 24 09:15:49 devstack devstack@n-api.service[69018]: DEBUG nova.api.openstack.wsgi [None req-e0c709e3-475d-46b5-8d14-7d5042d1b7a9 None None] Calling method '>' {{(pid=69018) _process_stack /opt/stack/nova/nova/api/openstack/wsgi.py:551}}
Aug 24 09:15:49 devstack devstack@n-api.service[69018]: INFO nova.api.openstack.requestlog [None req-e0c709e3-475d-46b5-8d14-7d5042d1b7a9 None None] 192.168.122.249 "GET /compute/v2.1" status: 200 len: 393 microversion: 2.1 time: 0.013081
Aug 24 09:15:49 devstack devstack@n-api.service[69018]: [pid: 69018|app: 0|req: 2/4] 192.168.122.249 () {54 vars in 935 bytes} [Mon Aug 24 09:15:49 2026] GET /compute/v2.1 => generated 393 bytes in 28 msecs (HTTP/1.1 200) 9 headers in 357 bytes (1 switches on core 0)
Aug 24 09:15:49 devstack devstack@n-api.service[69017]: DEBUG nova.api.openstack.wsgi [None req-29d0977a-44d3-43f6-9357-08e6fd7755d8 admin admin] Action: 'create', calling method: >, body: {"flavor": {"ram": 256, "swap": 0, "disk": 1, "vcpus": 1, "os-flavor-access:is_public": true, "id": "c1", "OS-FLV-EXT-DATA:ephemeral": 0, "name": "cirros256"}} {{(pid=69017) _process_stack /opt/stack/nova/nova/api/openstack/wsgi.py:549}}
Aug 24 09:15:49 devstack devstack@n-api.service[69017]: INFO nova.api.openstack.requestlog [None req-29d0977a-44d3-43f6-9357-08e6fd7755d8 admin admin] 192.168.122.249 "POST /compute/v2.1/flavors" status: 200 len: 415 microversion: 2.61 time: 0.200915
Aug 24 09:15:49 devstack devstack@n-api.service[69017]: [pid: 69017|app: 0|req: 3/5] 192.168.122.249 () {64 vars in 1287 bytes} [Mon Aug 24 09:15:49 2026] POST /compute/v2.1/flavors => generated 415 bytes in 203 msecs (HTTP/1.1 200) 9 headers in 359 bytes (1 switches on core 0)
Aug 24 09:15:49 devstack devstack@n-api.service[69018]: DEBUG oslo_concurrency.lockutils [None req-17678730-497b-4a1c-8794-bb656293383e admin admin] Acquiring lock "nova-policy-init" {{(pid=69018) lock /opt/stack/data/venv/lib/python3.12/site-packages/oslo_concurrency/lockutils.py:396}}
Aug 24 09:15:49 devstack devstack@n-api.service[69018]: DEBUG oslo_concurrency.lockutils [None req-17678730-497b-4a1c-8794-bb656293383e admin admin] Acquired lock "nova-policy-init" {{(pid=69018) lock /opt/stack/data/venv/lib/python3.12/site-packages/oslo_concurrency/lockutils.py:399}}
Aug 24 09:15:49 devstack devstack@n-api.service[69018]: DEBUG oslo_concurrency.lockutils [None req-17678730-497b-4a1c-8794-bb656293383e admin admin] Releasing lock "nova-policy-init" {{(pid=69018) lock /opt/stack/data/venv/lib/python3.12/site-packages/oslo_concurrency/lockutils.py:419}}
Aug 24 09:15:50 devstack devstack@n-api.service[69018]: DEBUG nova.api.openstack.wsgi [None req-17678730-497b-4a1c-8794-bb656293383e admin admin] Action: 'create', calling method: >, body: {"extra_specs": {"hw_rng:allowed": "True"}} {{(pid=69018) _process_stack /opt/stack/nova/nova/api/openstack/wsgi.py:549}}
Aug 24 09:15:50 devstack devstack@n-api.service[69018]: INFO nova.api.openstack.requestlog [None req-17678730-497b-4a1c-8794-bb656293383e admin admin] 192.168.122.249 "POST /compute/v2.1/flavors/c1/os-extra_specs" status: 200 len: 43 microversion: 2.61 time: 0.417201
Aug 24 09:15:50 devstack devstack@n-api.service[69018]: [pid: 69018|app: 0|req: 3/6] 192.168.122.249 () {64 vars in 1340 bytes} [Mon Aug 24 09:15:49 2026] POST /compute/v2.1/flavors/c1/os-extra_specs => generated 43 bytes in 418 msecs (HTTP/1.1 200) 9 headers in 358 bytes (1 switches on core 0)
Aug 24 09:15:53 devstack devstack@n-api.service[69017]: DEBUG nova.api.openstack.wsgi [None req-29d0977a-44d3-43f6-9357-08e6fd7755d8 admin admin] Calling method '>' {{(pid=69017) _process_stack /opt/stack/nova/nova/api/openstack/wsgi.py:551}}
Aug 24 09:15:53 devstack devstack@n-api.service[69017]: INFO nova.api.openstack.requestlog [None req-29d0977a-44d3-43f6-9357-08e6fd7755d8 admin admin] 192.168.122.249 "GET /compute/v2.1" status: 200 len: 393 microversion: 2.1 time: 0.007068
Aug 24 09:15:53 devstack devstack@n-api.service[69017]: [pid: 69017|app: 0|req: 4/7] 192.168.122.249 () {54 vars in 935 bytes} [Mon Aug 24 09:15:53 2026] GET /compute/v2.1 => generated 393 bytes in 8 msecs (HTTP/1.1 200) 9 headers in 357 bytes (1 switches on core 0)
Aug 24 09:15:53 devstack devstack@n-api.service[69018]: DEBUG nova.api.openstack.wsgi [None req-61f9d1ee-4620-4730-9431-5d4f155604ac admin admin] Action: 'create', calling method: >, body: {"flavor": {"os-flavor-access:is_public": true, "swap": 0, "ram": 512, "id": "d1", "name": "ds512M", "OS-FLV-EXT-DATA:ephemeral": 0, "disk": 5, "vcpus": 1}} {{(pid=69018) _process_stack /opt/stack/nova/nova/api/openstack/wsgi.py:549}}
Aug 24 09:15:53 devstack devstack@n-api.service[69018]: INFO nova.api.openstack.requestlog [None req-61f9d1ee-4620-4730-9431-5d4f155604ac admin admin] 192.168.122.249 "POST /compute/v2.1/flavors" status: 200 len: 412 microversion: 2.61 time: 0.280685
Aug 24 09:15:53 devstack devstack@n-api.service[69018]: [pid: 69018|app: 0|req: 4/8] 192.168.122.249 () {64 vars in 1287 bytes} [Mon Aug 24 09:15:53 2026] POST /compute/v2.1/flavors => generated 412 bytes in 282 msecs (HTTP/1.1 200) 9 headers in 359 bytes (1 switches on core 0)
Aug 24 09:15:53 devstack devstack@n-api.service[69017]: DEBUG nova.api.openstack.wsgi [None req-4daa7b85-2f27-4ec7-ab78-865d7bc2e9a9 admin admin] Action: 'create', calling method: >, body: {"extra_specs": {"hw_rng:allowed": "True"}} {{(pid=69017) _process_stack /opt/stack/nova/nova/api/openstack/wsgi.py:549}}
Aug 24 09:15:53 devstack devstack@n-api.service[69017]: INFO nova.api.openstack.requestlog [None req-4daa7b85-2f27-4ec7-ab78-865d7bc2e9a9 admin admin] 192.168.122.249 "POST /compute/v2.1/flavors/d1/os-extra_specs" status: 200 len: 43 microversion: 2.61 time: 0.063104
Aug 24 09:15:53 devstack devstack@n-api.service[69017]: [pid: 69017|app: 0|req: 5/9] 192.168.122.249 () {64 vars in 1340 bytes} [Mon Aug 24 09:15:53 2026] POST /compute/v2.1/flavors/d1/os-extra_specs => generated 43 bytes in 64 msecs (HTTP/1.1 200) 9 headers in 358 bytes (1 switches on core 0)
Aug 24 09:15:57 devstack devstack@n-api.service[69018]: DEBUG nova.api.openstack.wsgi [None req-61f9d1ee-4620-4730-9431-5d4f155604ac admin admin] Calling method '>' {{(pid=69018) _process_stack /opt/stack/nova/nova/api/openstack/wsgi.py:551}}
Aug 24 09:15:57 devstack devstack@n-api.service[69018]: INFO nova.api.openstack.requestlog [None req-61f9d1ee-4620-4730-9431-5d4f155604ac admin admin] 192.168.122.249 "GET /compute/v2.1" status: 200 len: 393 microversion: 2.1 time: 0.014967
Aug 24 09:15:57 devstack devstack@n-api.service[69018]: [pid: 69018|app: 0|req: 5/10] 192.168.122.249 () {54 vars in 935 bytes} [Mon Aug 24 09:15:57 2026] GET /compute/v2.1 => generated 393 bytes in 16 msecs (HTTP/1.1 200) 9 headers in 357 bytes (1 switches on core 0)
Aug 24 09:15:57 devstack devstack@n-api.service[69017]: DEBUG nova.api.openstack.wsgi [None req-30a90293-d6f3-445f-8775-3498ba182387 admin admin] Action: 'create', calling method: >, body: {"flavor": {"vcpus": 1, "id": "d2", "swap": 0, "disk": 10, "name": "ds1G", "OS-FLV-EXT-DATA:ephemeral": 0, "os-flavor-access:is_public": true, "ram": 1024}} {{(pid=69017) _process_stack /opt/stack/nova/nova/api/openstack/wsgi.py:549}}
Aug 24 09:15:57 devstack devstack@n-api.service[69017]: INFO nova.api.openstack.requestlog [None req-30a90293-d6f3-445f-8775-3498ba182387 admin admin] 192.168.122.249 "POST /compute/v2.1/flavors" status: 200 len: 412 microversion: 2.61 time: 0.141984
Aug 24 09:15:57 devstack devstack@n-api.service[69017]: [pid: 69017|app: 0|req: 6/11] 192.168.122.249 () {64 vars in 1287 bytes} [Mon Aug 24 09:15:57 2026] POST /compute/v2.1/flavors => generated 412 bytes in 143 msecs (HTTP/1.1 200) 9 headers in 359 bytes (1 switches on core 0)
Aug 24 09:15:57 devstack devstack@n-api.service[69018]: DEBUG nova.api.openstack.wsgi [None req-683ebd50-b19c-45be-8e0f-1e59aee2db21 admin admin] Action: 'create', calling method: >, body: {"extra_specs": {"hw_rng:allowed": "True"}} {{(pid=69018) _process_stack /opt/stack/nova/nova/api/openstack/wsgi.py:549}}
Aug 24 09:15:57 devstack devstack@n-api.service[69018]: INFO nova.api.openstack.requestlog [None req-683ebd50-b19c-45be-8e0f-1e59aee2db21 admin admin] 192.168.122.249 "POST /compute/v2.1/flavors/d2/os-extra_specs" status: 200 len: 43 microversion: 2.61 time: 0.074920
Aug 24 09:15:57 devstack devstack@n-api.service[69018]: [pid: 69018|app: 0|req: 6/12] 192.168.122.249 () {64 vars in 1340 bytes} [Mon Aug 24 09:15:57 2026] POST /compute/v2.1/flavors/d2/os-extra_specs => generated 43 bytes in 76 msecs (HTTP/1.1 200) 9 headers in 358 bytes (1 switches on core 0)
Aug 24 09:16:00 devstack devstack@n-api.service[69017]: DEBUG nova.api.openstack.wsgi [None req-30a90293-d6f3-445f-8775-3498ba182387 admin admin] Calling method '>' {{(pid=69017) _process_stack /opt/stack/nova/nova/api/openstack/wsgi.py:551}}
Aug 24 09:16:00 devstack devstack@n-api.service[69017]: INFO nova.api.openstack.requestlog [None req-30a90293-d6f3-445f-8775-3498ba182387 admin admin] 192.168.122.249 "GET /compute/v2.1" status: 200 len: 393 microversion: 2.1 time: 0.005203
Aug 24 09:16:00 devstack devstack@n-api.service[69017]: [pid: 69017|app: 0|req: 7/13] 192.168.122.249 () {54 vars in 935 bytes} [Mon Aug 24 09:16:00 2026] GET /compute/v2.1 => generated 393 bytes in 6 msecs (HTTP/1.1 200) 9 headers in 357 bytes (1 switches on core 0)
Aug 24 09:16:00 devstack devstack@n-api.service[69018]: DEBUG nova.api.openstack.wsgi [None req-ac8207f8-b13d-4143-9a3a-7534599500d1 admin admin] Action: 'create', calling method: >, body: {"flavor": {"id": "d3", "os-flavor-access:is_public": true, "swap": 0, "vcpus": 2, "disk": 10, "name": "ds2G", "ram": 2048, "OS-FLV-EXT-DATA:ephemeral": 0}} {{(pid=69018) _process_stack /opt/stack/nova/nova/api/openstack/wsgi.py:549}}
Aug 24 09:16:00 devstack devstack@n-api.service[69018]: INFO nova.api.openstack.requestlog [None req-ac8207f8-b13d-4143-9a3a-7534599500d1 admin admin] 192.168.122.249 "POST /compute/v2.1/flavors" status: 200 len: 412 microversion: 2.61 time: 0.167737
Aug 24 09:16:00 devstack devstack@n-api.service[69018]: [pid: 69018|app: 0|req: 7/14] 192.168.122.249 () {64 vars in 1287 bytes} [Mon Aug 24 09:16:00 2026] POST /compute/v2.1/flavors => generated 412 bytes in 171 msecs (HTTP/1.1 200) 9 headers in 359 bytes (2 switches on core 0)
Aug 24 09:16:00 devstack devstack@n-api.service[69017]: DEBUG nova.api.openstack.wsgi [None req-3127d038-a9ce-4ed9-8975-44a2370c3018 admin admin] Action: 'create', calling method: >, body: {"extra_specs": {"hw_rng:allowed": "True"}} {{(pid=69017) _process_stack /opt/stack/nova/nova/api/openstack/wsgi.py:549}}
Aug 24 09:16:00 devstack devstack@n-api.service[69017]: INFO nova.api.openstack.requestlog [None req-3127d038-a9ce-4ed9-8975-44a2370c3018 admin admin] 192.168.122.249 "POST /compute/v2.1/flavors/d3/os-extra_specs" status: 200 len: 43 microversion: 2.61 time: 0.091744
Aug 24 09:16:00 devstack devstack@n-api.service[69017]: [pid: 69017|app: 0|req: 8/15] 192.168.122.249 () {64 vars in 1340 bytes} [Mon Aug 24 09:16:00 2026] POST /compute/v2.1/flavors/d3/os-extra_specs => generated 43 bytes in 95 msecs (HTTP/1.1 200) 9 headers in 358 bytes (1 switches on core 0)
Aug 24 09:16:04 devstack devstack@n-api.service[69018]: DEBUG nova.api.openstack.wsgi [None req-ac8207f8-b13d-4143-9a3a-7534599500d1 admin admin] Calling method '>' {{(pid=69018) _process_stack /opt/stack/nova/nova/api/openstack/wsgi.py:551}}
Aug 24 09:16:04 devstack devstack@n-api.service[69018]: INFO nova.api.openstack.requestlog [None req-ac8207f8-b13d-4143-9a3a-7534599500d1 admin admin] 192.168.122.249 "GET /compute/v2.1" status: 200 len: 393 microversion: 2.1 time: 0.011444
Aug 24 09:16:04 devstack devstack@n-api.service[69018]: [pid: 69018|app: 0|req: 8/16] 192.168.122.249 () {54 vars in 935 bytes} [Mon Aug 24 09:16:04 2026] GET /compute/v2.1 => generated 393 bytes in 13 msecs (HTTP/1.1 200) 9 headers in 357 bytes (1 switches on core 0)
Aug 24 09:16:04 devstack devstack@n-api.service[69017]: DEBUG nova.api.openstack.wsgi [None req-ac361ac6-672b-47a6-867b-99e61831ea45 admin admin] Action: 'create', calling method: >, body: {"flavor": {"vcpus": 4, "os-flavor-access:is_public": true, "disk": 20, "swap": 0, "name": "ds4G", "OS-FLV-EXT-DATA:ephemeral": 0, "ram": 4096, "id": "d4"}} {{(pid=69017) _process_stack /opt/stack/nova/nova/api/openstack/wsgi.py:549}}
Aug 24 09:16:04 devstack devstack@n-api.service[69017]: INFO nova.api.openstack.requestlog [None req-ac361ac6-672b-47a6-867b-99e61831ea45 admin admin] 192.168.122.249 "POST /compute/v2.1/flavors" status: 200 len: 412 microversion: 2.61 time: 0.093123
Aug 24 09:16:04 devstack devstack@n-api.service[69017]: [pid: 69017|app: 0|req: 9/17] 192.168.122.249 () {64 vars in 1287 bytes} [Mon Aug 24 09:16:04 2026] POST /compute/v2.1/flavors => generated 412 bytes in 94 msecs (HTTP/1.1 200) 9 headers in 359 bytes (1 switches on core 0)
Aug 24 09:16:04 devstack devstack@n-api.service[69018]: DEBUG nova.api.openstack.wsgi [None req-156a9c47-340c-4abf-9535-6069750e3336 admin admin] Action: 'create', calling method: >, body: {"extra_specs": {"hw_rng:allowed": "True"}} {{(pid=69018) _process_stack /opt/stack/nova/nova/api/openstack/wsgi.py:549}}
Aug 24 09:16:04 devstack devstack@n-api.service[69018]: INFO nova.api.openstack.requestlog [None req-156a9c47-340c-4abf-9535-6069750e3336 admin admin] 192.168.122.249 "POST /compute/v2.1/flavors/d4/os-extra_specs" status: 200 len: 43 microversion: 2.61 time: 0.042597
Aug 24 09:16:04 devstack devstack@n-api.service[69018]: [pid: 69018|app: 0|req: 9/18] 192.168.122.249 () {64 vars in 1340 bytes} [Mon Aug 24 09:16:04 2026] POST /compute/v2.1/flavors/d4/os-extra_specs => generated 43 bytes in 44 msecs (HTTP/1.1 200) 9 headers in 358 bytes (1 switches on core 0)
Aug 24 09:16:07 devstack devstack@n-api.service[69017]: DEBUG nova.api.openstack.wsgi [None req-ac361ac6-672b-47a6-867b-99e61831ea45 admin admin] Calling method '>' {{(pid=69017) _process_stack /opt/stack/nova/nova/api/openstack/wsgi.py:551}}
Aug 24 09:16:07 devstack devstack@n-api.service[69017]: INFO nova.api.openstack.requestlog [None req-ac361ac6-672b-47a6-867b-99e61831ea45 admin admin] 192.168.122.249 "GET /compute/v2.1" status: 200 len: 393 microversion: 2.1 time: 0.009137
Aug 24 09:16:07 devstack devstack@n-api.service[69017]: [pid: 69017|app: 0|req: 10/19] 192.168.122.249 () {54 vars in 935 bytes} [Mon Aug 24 09:16:07 2026] GET /compute/v2.1 => generated 393 bytes in 16 msecs (HTTP/1.1 200) 9 headers in 357 bytes (1 switches on core 0)
Aug 24 09:16:07 devstack devstack@n-api.service[69018]: DEBUG nova.api.openstack.wsgi [None req-2b7824cf-13d1-48e9-be33-c64dea65f16d admin admin] Calling method '>' {{(pid=69018) _process_stack /opt/stack/nova/nova/api/openstack/wsgi.py:551}}
Aug 24 09:16:07 devstack devstack@n-api.service[69018]: INFO nova.api.openstack.requestlog [None req-2b7824cf-13d1-48e9-be33-c64dea65f16d admin admin] 192.168.122.249 "GET /compute/v2.1/flavors/detail?is_public=True" status: 200 len: 2146 microversion: 2.61 time: 0.090371
Aug 24 09:16:07 devstack devstack@n-api.service[69018]: [pid: 69018|app: 0|req: 10/20] 192.168.122.249 () {60 vars in 1296 bytes} [Mon Aug 24 09:16:07 2026] GET /compute/v2.1/flavors/detail?is_public=True => generated 2146 bytes in 91 msecs (HTTP/1.1 200) 9 headers in 360 bytes (1 switches on core 0)
Aug 24 09:16:10 devstack devstack@n-api.service[69017]: DEBUG nova.api.openstack.wsgi [None req-ac361ac6-672b-47a6-867b-99e61831ea45 admin admin] Calling method '>' {{(pid=69017) _process_stack /opt/stack/nova/nova/api/openstack/wsgi.py:551}}
Aug 24 09:16:10 devstack devstack@n-api.service[69017]: INFO nova.api.openstack.requestlog [None req-ac361ac6-672b-47a6-867b-99e61831ea45 admin admin] 192.168.122.249 "GET /compute/v2.1" status: 200 len: 393 microversion: 2.1 time: 0.007361
Aug 24 09:16:10 devstack devstack@n-api.service[69017]: [pid: 69017|app: 0|req: 11/21] 192.168.122.249 () {54 vars in 935 bytes} [Mon Aug 24 09:16:10 2026] GET /compute/v2.1 => generated 393 bytes in 9 msecs (HTTP/1.1 200) 9 headers in 357 bytes (1 switches on core 0)
Aug 24 09:16:10 devstack devstack@n-api.service[69018]: DEBUG nova.api.openstack.wsgi [None req-133c8db5-8e95-4c88-8fd1-1f94648d4f32 admin admin] Action: 'create', calling method: >, body: {"flavor": {"vcpus": 1, "id": "1", "OS-FLV-EXT-DATA:ephemeral": 0, "name": "m1.tiny", "os-flavor-access:is_public": true, "swap": 0, "disk": 1, "ram": 512}} {{(pid=69018) _process_stack /opt/stack/nova/nova/api/openstack/wsgi.py:549}}
Aug 24 09:16:10 devstack devstack@n-api.service[69018]: INFO nova.api.openstack.requestlog [None req-133c8db5-8e95-4c88-8fd1-1f94648d4f32 admin admin] 192.168.122.249 "POST /compute/v2.1/flavors" status: 200 len: 410 microversion: 2.61 time: 0.086101
Aug 24 09:16:10 devstack devstack@n-api.service[69018]: [pid: 69018|app: 0|req: 11/22] 192.168.122.249 () {64 vars in 1287 bytes} [Mon Aug 24 09:16:10 2026] POST /compute/v2.1/flavors => generated 410 bytes in 88 msecs (HTTP/1.1 200) 9 headers in 359 bytes (1 switches on core 0)
Aug 24 09:16:10 devstack devstack@n-api.service[69017]: DEBUG nova.api.openstack.wsgi [None req-01394490-1bba-471f-a5ac-fba112c0be5e admin admin] Action: 'create', calling method: >, body: {"extra_specs": {"hw_rng:allowed": "True"}} {{(pid=69017) _process_stack /opt/stack/nova/nova/api/openstack/wsgi.py:549}}
Aug 24 09:16:10 devstack devstack@n-api.service[69017]: INFO nova.api.openstack.requestlog [None req-01394490-1bba-471f-a5ac-fba112c0be5e admin admin] 192.168.122.249 "POST /compute/v2.1/flavors/1/os-extra_specs" status: 200 len: 43 microversion: 2.61 time: 0.036428
Aug 24 09:16:10 devstack devstack@n-api.service[69017]: [pid: 69017|app: 0|req: 12/23] 192.168.122.249 () {64 vars in 1337 bytes} [Mon Aug 24 09:16:10 2026] POST /compute/v2.1/flavors/1/os-extra_specs => generated 43 bytes in 37 msecs (HTTP/1.1 200) 9 headers in 358 bytes (1 switches on core 0)
Aug 24 09:16:14 devstack devstack@n-api.service[69018]: DEBUG nova.api.openstack.wsgi [None req-133c8db5-8e95-4c88-8fd1-1f94648d4f32 admin admin] Calling method '>' {{(pid=69018) _process_stack /opt/stack/nova/nova/api/openstack/wsgi.py:551}}
Aug 24 09:16:14 devstack devstack@n-api.service[69018]: INFO nova.api.openstack.requestlog [None req-133c8db5-8e95-4c88-8fd1-1f94648d4f32 admin admin] 192.168.122.249 "GET /compute/v2.1" status: 200 len: 393 microversion: 2.1 time: 0.005029
Aug 24 09:16:14 devstack devstack@n-api.service[69018]: [pid: 69018|app: 0|req: 12/24] 192.168.122.249 () {54 vars in 935 bytes} [Mon Aug 24 09:16:14 2026] GET /compute/v2.1 => generated 393 bytes in 6 msecs (HTTP/1.1 200) 9 headers in 357 bytes (1 switches on core 0)
Aug 24 09:16:14 devstack devstack@n-api.service[69017]: DEBUG nova.api.openstack.wsgi [None req-c6322897-2be7-4e65-aacc-1466256090c1 admin admin] Action: 'create', calling method: >, body: {"flavor": {"disk": 20, "name": "m1.small", "vcpus": 1, "ram": 2048, "OS-FLV-EXT-DATA:ephemeral": 0, "swap": 0, "id": "2", "os-flavor-access:is_public": true}} {{(pid=69017) _process_stack /opt/stack/nova/nova/api/openstack/wsgi.py:549}}
Aug 24 09:16:14 devstack devstack@n-api.service[69017]: INFO nova.api.openstack.requestlog [None req-c6322897-2be7-4e65-aacc-1466256090c1 admin admin] 192.168.122.249 "POST /compute/v2.1/flavors" status: 200 len: 413 microversion: 2.61 time: 0.085243
Aug 24 09:16:14 devstack devstack@n-api.service[69017]: [pid: 69017|app: 0|req: 13/25] 192.168.122.249 () {64 vars in 1287 bytes} [Mon Aug 24 09:16:14 2026] POST /compute/v2.1/flavors => generated 413 bytes in 87 msecs (HTTP/1.1 200) 9 headers in 359 bytes (1 switches on core 0)
Aug 24 09:16:14 devstack devstack@n-api.service[69018]: DEBUG nova.api.openstack.wsgi [None req-7579fb58-4f44-408f-85d8-96bc9f13926b admin admin] Action: 'create', calling method: >, body: {"extra_specs": {"hw_rng:allowed": "True"}} {{(pid=69018) _process_stack /opt/stack/nova/nova/api/openstack/wsgi.py:549}}
Aug 24 09:16:14 devstack devstack@n-api.service[69018]: INFO nova.api.openstack.requestlog [None req-7579fb58-4f44-408f-85d8-96bc9f13926b admin admin] 192.168.122.249 "POST /compute/v2.1/flavors/2/os-extra_specs" status: 200 len: 43 microversion: 2.61 time: 0.041827
Aug 24 09:16:14 devstack devstack@n-api.service[69018]: [pid: 69018|app: 0|req: 13/26] 192.168.122.249 () {64 vars in 1337 bytes} [Mon Aug 24 09:16:14 2026] POST /compute/v2.1/flavors/2/os-extra_specs => generated 43 bytes in 44 msecs (HTTP/1.1 200) 9 headers in 358 bytes (2 switches on core 0)
Aug 24 09:16:17 devstack devstack@n-api.service[69017]: DEBUG nova.api.openstack.wsgi [None req-c6322897-2be7-4e65-aacc-1466256090c1 admin admin] Calling method '>' {{(pid=69017) _process_stack /opt/stack/nova/nova/api/openstack/wsgi.py:551}}
Aug 24 09:16:17 devstack devstack@n-api.service[69017]: INFO nova.api.openstack.requestlog [None req-c6322897-2be7-4e65-aacc-1466256090c1 admin admin] 192.168.122.249 "GET /compute/v2.1" status: 200 len: 393 microversion: 2.1 time: 0.006087
Aug 24 09:16:17 devstack devstack@n-api.service[69017]: [pid: 69017|app: 0|req: 14/27] 192.168.122.249 () {54 vars in 935 bytes} [Mon Aug 24 09:16:17 2026] GET /compute/v2.1 => generated 393 bytes in 7 msecs (HTTP/1.1 200) 9 headers in 357 bytes (1 switches on core 0)
Aug 24 09:16:17 devstack devstack@n-api.service[69018]: DEBUG nova.api.openstack.wsgi [None req-ff53a723-e52c-41ab-9175-24f012999de7 admin admin] Action: 'create', calling method: >, body: {"flavor": {"name": "m1.medium", "id": "3", "disk": 40, "vcpus": 2, "OS-FLV-EXT-DATA:ephemeral": 0, "os-flavor-access:is_public": true, "ram": 4096, "swap": 0}} {{(pid=69018) _process_stack /opt/stack/nova/nova/api/openstack/wsgi.py:549}}
Aug 24 09:16:17 devstack devstack@n-api.service[69018]: INFO nova.api.openstack.requestlog [None req-ff53a723-e52c-41ab-9175-24f012999de7 admin admin] 192.168.122.249 "POST /compute/v2.1/flavors" status: 200 len: 414 microversion: 2.61 time: 0.079057
Aug 24 09:16:17 devstack devstack@n-api.service[69018]: [pid: 69018|app: 0|req: 14/28] 192.168.122.249 () {64 vars in 1287 bytes} [Mon Aug 24 09:16:17 2026] POST /compute/v2.1/flavors => generated 414 bytes in 80 msecs (HTTP/1.1 200) 9 headers in 359 bytes (1 switches on core 0)
Aug 24 09:16:17 devstack devstack@n-api.service[69017]: DEBUG nova.api.openstack.wsgi [None req-d7990f22-58b8-41b6-82df-fc466ac9ec39 admin admin] Action: 'create', calling method: >, body: {"extra_specs": {"hw_rng:allowed": "True"}} {{(pid=69017) _process_stack /opt/stack/nova/nova/api/openstack/wsgi.py:549}}
Aug 24 09:16:17 devstack devstack@n-api.service[69017]: INFO nova.api.openstack.requestlog [None req-d7990f22-58b8-41b6-82df-fc466ac9ec39 admin admin] 192.168.122.249 "POST /compute/v2.1/flavors/3/os-extra_specs" status: 200 len: 43 microversion: 2.61 time: 0.035497
Aug 24 09:16:17 devstack devstack@n-api.service[69017]: [pid: 69017|app: 0|req: 15/29] 192.168.122.249 () {64 vars in 1337 bytes} [Mon Aug 24 09:16:17 2026] POST /compute/v2.1/flavors/3/os-extra_specs => generated 43 bytes in 37 msecs (HTTP/1.1 200) 9 headers in 358 bytes (1 switches on core 0)
Aug 24 09:16:20 devstack devstack@n-api.service[69018]: DEBUG nova.api.openstack.wsgi [None req-ff53a723-e52c-41ab-9175-24f012999de7 admin admin] Calling method '>' {{(pid=69018) _process_stack /opt/stack/nova/nova/api/openstack/wsgi.py:551}}
Aug 24 09:16:20 devstack devstack@n-api.service[69018]: INFO nova.api.openstack.requestlog [None req-ff53a723-e52c-41ab-9175-24f012999de7 admin admin] 192.168.122.249 "GET /compute/v2.1" status: 200 len: 393 microversion: 2.1 time: 0.005929
Aug 24 09:16:20 devstack devstack@n-api.service[69018]: [pid: 69018|app: 0|req: 15/30] 192.168.122.249 () {54 vars in 935 bytes} [Mon Aug 24 09:16:20 2026] GET /compute/v2.1 => generated 393 bytes in 7 msecs (HTTP/1.1 200) 9 headers in 357 bytes (1 switches on core 0)
Aug 24 09:16:20 devstack devstack@n-api.service[69017]: DEBUG nova.api.openstack.wsgi [None req-7b47ab35-334b-4d33-80c2-8f83346b220c admin admin] Action: 'create', calling method: >, body: {"flavor": {"OS-FLV-EXT-DATA:ephemeral": 0, "name": "m1.large", "id": "4", "disk": 80, "swap": 0, "os-flavor-access:is_public": true, "vcpus": 4, "ram": 8192}} {{(pid=69017) _process_stack /opt/stack/nova/nova/api/openstack/wsgi.py:549}}
Aug 24 09:16:20 devstack devstack@n-api.service[69017]: INFO nova.api.openstack.requestlog [None req-7b47ab35-334b-4d33-80c2-8f83346b220c admin admin] 192.168.122.249 "POST /compute/v2.1/flavors" status: 200 len: 413 microversion: 2.61 time: 0.083559
