Jun 02 17:25:51 devstack cinder-volume[86751]: DEBUG oslo_concurrency.processutils [req-1313d369-bcd4-42aa-a968-033abf1a8fbe req-7fefadb0-f244-4c1f-930d-07b5cbece5f5 tempest-ServerActionsTestOtherA-677881788 None] Running cmd (subprocess): /opt/stack/data/venv/bin/python3.12 -m oslo_concurrency.prlimit --as=1073741824 --cpu=60 -- sudo cinder-rootwrap /etc/cinder/rootwrap.conf env LC_ALL=C qemu-img info -f qcow2 --output=json --force-share /opt/stack/data/cinder/mnt/fec2d440235cd76c52077b2d954c2027/volume-f4e08c42-ea8c-4134-b919-880d3be8671e {{(pid=86751) execute /opt/stack/data/venv/lib/python3.12/site-packages/oslo_concurrency/processutils.py:440}}
Jun 02 17:25:51 devstack sudo[91976]: quobyte : PWD=/ ; USER=root ; COMMAND=/opt/stack/data/venv/bin/cinder-rootwrap /etc/cinder/rootwrap.conf env LC_ALL=C qemu-img info -f qcow2 --output=json --force-share /opt/stack/data/cinder/mnt/fec2d440235cd76c52077b2d954c2027/volume-f4e08c42-ea8c-4134-b919-880d3be8671e
Jun 02 17:25:51 devstack sudo[91976]: pam_unix(sudo:session): session opened for user root(uid=0) by (uid=1000)
Jun 02 17:25:52 devstack sudo[91976]: pam_unix(sudo:session): session closed for user root
Jun 02 17:25:52 devstack cinder-volume[86751]: DEBUG oslo_concurrency.processutils [req-1313d369-bcd4-42aa-a968-033abf1a8fbe req-7fefadb0-f244-4c1f-930d-07b5cbece5f5 tempest-ServerActionsTestOtherA-677881788 None] CMD "/opt/stack/data/venv/bin/python3.12 -m oslo_concurrency.prlimit --as=1073741824 --cpu=60 -- sudo cinder-rootwrap /etc/cinder/rootwrap.conf env LC_ALL=C qemu-img info -f qcow2 --output=json --force-share /opt/stack/data/cinder/mnt/fec2d440235cd76c52077b2d954c2027/volume-f4e08c42-ea8c-4134-b919-880d3be8671e" returned: 0 in 0.831s {{(pid=86751) execute /opt/stack/data/venv/lib/python3.12/site-packages/oslo_concurrency/processutils.py:468}}
Jun 02 17:25:52 devstack cinder-volume[86751]: DEBUG oslo_concurrency.lockutils [req-1313d369-bcd4-42aa-a968-033abf1a8fbe req-7fefadb0-f244-4c1f-930d-07b5cbece5f5 tempest-ServerActionsTestOtherA-677881788 None] Lock "quobyte" "released" by "cinder.volume.drivers.quobyte.QuobyteDriver.initialize_connection" :: held 0.854s {{(pid=86751) inner /opt/stack/data/venv/lib/python3.12/site-packages/oslo_concurrency/lockutils.py:538}}
Jun 02 17:25:52 devstack cinder-volume[86751]: DEBUG cinder.volume.manager [req-1313d369-bcd4-42aa-a968-033abf1a8fbe req-7fefadb0-f244-4c1f-930d-07b5cbece5f5 tempest-ServerActionsTestOtherA-677881788 None] Connection info returned from driver {'export': 'osci02.corp.quobyte.com/cinder-vol-28e047cf-803d-4de0-8652-971f72bacefc', 'name': 'volume-f4e08c42-ea8c-4134-b919-880d3be8671e', 'options': None, 'format': 'qcow2', 'qos_specs': None, 'access_mode': 'rw', 'encrypted': False, 'cacheable': False, 'driver_volume_type': 'quobyte', 'mount_point_base': '/opt/stack/data/cinder/mnt', 'attachment_id': '5d5b60a2-f928-4261-9a03-2ab0c908aaaf', 'enforce_multipath': True} {{(pid=86751) _connection_create /opt/stack/cinder/cinder/volume/manager.py:4925}}
Jun 02 17:25:52 devstack cinder-volume[86751]: INFO cinder.volume.manager [req-1313d369-bcd4-42aa-a968-033abf1a8fbe req-7fefadb0-f244-4c1f-930d-07b5cbece5f5 tempest-ServerActionsTestOtherA-677881788 None] attachment_update completed successfully.
Jun 02 17:25:55 devstack cinder-volume[86751]: DEBUG oslo_concurrency.lockutils [None req-32cd92c6-0664-49dd-b218-782db23732a7 tempest-VolumesActionsTest-1065699148 None] Acquiring lock "quobyte" by "cinder.volume.drivers.quobyte.QuobyteDriver.copy_volume_to_image" {{(pid=86751) inner /opt/stack/data/venv/lib/python3.12/site-packages/oslo_concurrency/lockutils.py:506}}
Jun 02 17:25:55 devstack cinder-volume[86751]: DEBUG oslo_concurrency.lockutils [None req-32cd92c6-0664-49dd-b218-782db23732a7 tempest-VolumesActionsTest-1065699148 None] Lock "quobyte" acquired by "cinder.volume.drivers.quobyte.QuobyteDriver.copy_volume_to_image" :: waited 0.001s {{(pid=86751) inner /opt/stack/data/venv/lib/python3.12/site-packages/oslo_concurrency/lockutils.py:519}}
Jun 02 17:25:55 devstack cinder-volume[86751]: DEBUG oslo.privsep.daemon [-] privsep: reply[7f8379af-0970-47ad-893b-c0360bc8c385]: (4, 'qcow2') {{(pid=87748) _call_back /opt/stack/data/venv/lib/python3.12/site-packages/oslo_privsep/daemon.py:573}}
Jun 02 17:25:55 devstack cinder-volume[86751]: DEBUG oslo_concurrency.processutils [None req-32cd92c6-0664-49dd-b218-782db23732a7 tempest-VolumesActionsTest-1065699148 None] Running cmd (subprocess): /opt/stack/data/venv/bin/python3.12 -m oslo_concurrency.prlimit --as=1073741824 --cpu=60 -- sudo cinder-rootwrap /etc/cinder/rootwrap.conf env LC_ALL=C qemu-img info -f qcow2 --output=json --force-share /opt/stack/data/cinder/mnt/fec2d440235cd76c52077b2d954c2027/volume-6bf11ac3-078e-450c-ba22-f2ccdd99b1ac {{(pid=86751) execute /opt/stack/data/venv/lib/python3.12/site-packages/oslo_concurrency/processutils.py:440}}
Jun 02 17:25:55 devstack sudo[91989]: quobyte : PWD=/ ; USER=root ; COMMAND=/opt/stack/data/venv/bin/cinder-rootwrap /etc/cinder/rootwrap.conf env LC_ALL=C qemu-img info -f qcow2 --output=json --force-share /opt/stack/data/cinder/mnt/fec2d440235cd76c52077b2d954c2027/volume-6bf11ac3-078e-450c-ba22-f2ccdd99b1ac
Jun 02 17:25:55 devstack sudo[91989]: pam_unix(sudo:session): session opened for user root(uid=0) by (uid=1000)
Jun 02 17:25:56 devstack sudo[91989]: pam_unix(sudo:session): session closed for user root
Jun 02 17:25:56 devstack cinder-volume[86751]: DEBUG oslo_concurrency.processutils [None req-32cd92c6-0664-49dd-b218-782db23732a7 tempest-VolumesActionsTest-1065699148 None] CMD "/opt/stack/data/venv/bin/python3.12 -m oslo_concurrency.prlimit --as=1073741824 --cpu=60 -- sudo cinder-rootwrap /etc/cinder/rootwrap.conf env LC_ALL=C qemu-img info -f qcow2 --output=json --force-share /opt/stack/data/cinder/mnt/fec2d440235cd76c52077b2d954c2027/volume-6bf11ac3-078e-450c-ba22-f2ccdd99b1ac" returned: 0 in 0.729s {{(pid=86751) execute /opt/stack/data/venv/lib/python3.12/site-packages/oslo_concurrency/processutils.py:468}}
Jun 02 17:25:56 devstack cinder-volume[86751]: DEBUG oslo.privsep.daemon [-] privsep: reply[5f691cb6-b231-47d9-b6e1-58f48d4cfc3d]: (4, 'qcow2') {{(pid=87748) _call_back /opt/stack/data/venv/lib/python3.12/site-packages/oslo_privsep/daemon.py:573}}
Jun 02 17:25:56 devstack cinder-volume[86751]: DEBUG oslo_concurrency.processutils [None req-32cd92c6-0664-49dd-b218-782db23732a7 tempest-VolumesActionsTest-1065699148 None] Running cmd (subprocess): /opt/stack/data/venv/bin/python3.12 -m oslo_concurrency.prlimit --as=1073741824 --cpu=60 -- sudo cinder-rootwrap /etc/cinder/rootwrap.conf env LC_ALL=C qemu-img info -f qcow2 --output=json /opt/stack/data/cinder/mnt/fec2d440235cd76c52077b2d954c2027/volume-6bf11ac3-078e-450c-ba22-f2ccdd99b1ac {{(pid=86751) execute /opt/stack/data/venv/lib/python3.12/site-packages/oslo_concurrency/processutils.py:440}}
Jun 02 17:25:56 devstack sudo[91995]: quobyte : PWD=/ ; USER=root ; COMMAND=/opt/stack/data/venv/bin/cinder-rootwrap /etc/cinder/rootwrap.conf env LC_ALL=C qemu-img info -f qcow2 --output=json /opt/stack/data/cinder/mnt/fec2d440235cd76c52077b2d954c2027/volume-6bf11ac3-078e-450c-ba22-f2ccdd99b1ac
Jun 02 17:25:56 devstack sudo[91995]: pam_unix(sudo:session): session opened for user root(uid=0) by (uid=1000)
Jun 02 17:25:57 devstack sudo[91995]: pam_unix(sudo:session): session closed for user root
Jun 02 17:25:57 devstack cinder-volume[86751]: DEBUG oslo_concurrency.processutils [None req-32cd92c6-0664-49dd-b218-782db23732a7 tempest-VolumesActionsTest-1065699148 None] CMD "/opt/stack/data/venv/bin/python3.12 -m oslo_concurrency.prlimit --as=1073741824 --cpu=60 -- sudo cinder-rootwrap /etc/cinder/rootwrap.conf env LC_ALL=C qemu-img info -f qcow2 --output=json /opt/stack/data/cinder/mnt/fec2d440235cd76c52077b2d954c2027/volume-6bf11ac3-078e-450c-ba22-f2ccdd99b1ac" returned: 0 in 0.753s {{(pid=86751) execute /opt/stack/data/venv/lib/python3.12/site-packages/oslo_concurrency/processutils.py:468}}
Jun 02 17:25:57 devstack cinder-volume[86751]: DEBUG oslo_concurrency.processutils [None req-32cd92c6-0664-49dd-b218-782db23732a7 tempest-VolumesActionsTest-1065699148 None] Running cmd (subprocess): sudo cinder-rootwrap /etc/cinder/rootwrap.conf qemu-img convert -O raw /opt/stack/data/cinder/mnt/fec2d440235cd76c52077b2d954c2027/volume-6bf11ac3-078e-450c-ba22-f2ccdd99b1ac /opt/stack/data/cinder/conversion/6bf11ac3-078e-450c-ba22-f2ccdd99b1ac.temp_image.25c8e5fe-dd3a-4805-8034-f0959a9899c26dxivl2u.img {{(pid=86751) execute /opt/stack/data/venv/lib/python3.12/site-packages/oslo_concurrency/processutils.py:440}}
Jun 02 17:25:57 devstack sudo[92007]: quobyte : PWD=/ ; USER=root ; COMMAND=/opt/stack/data/venv/bin/cinder-rootwrap /etc/cinder/rootwrap.conf qemu-img convert -O raw /opt/stack/data/cinder/mnt/fec2d440235cd76c52077b2d954c2027/volume-6bf11ac3-078e-450c-ba22-f2ccdd99b1ac /opt/stack/data/cinder/conversion/6bf11ac3-078e-450c-ba22-f2ccdd99b1ac.temp_image.25c8e5fe-dd3a-4805-8034-f0959a9899c26dxivl2u.img
Jun 02 17:25:57 devstack sudo[92007]: pam_unix(sudo:session): session opened for user root(uid=0) by (uid=1000)
Jun 02 17:26:02 devstack cinder-volume[86751]: DEBUG dbcounter [-] [86751] Writing DB stats cinder:SELECT=31,cinder:UPDATE=14,cinder:INSERT=1,cinder:DELETE=1 {{(pid=86751) stat_writer /opt/stack/data/venv/lib/python3.12/site-packages/dbcounter.py:115}}
Jun 02 17:26:03 devstack cinder-volume[86751]: INFO cinder.volume.manager [req-169d7d14-96ee-4cb3-8357-263f71dac13b req-31607146-c79f-4f26-a5fe-d0e4942095e5 tempest-ServerActionsTestOtherA-677881788 None] Terminate volume connection completed successfully.
Jun 02 17:26:03 devstack cinder-volume[86751]: DEBUG cinder.volume.manager [req-169d7d14-96ee-4cb3-8357-263f71dac13b req-31607146-c79f-4f26-a5fe-d0e4942095e5 tempest-ServerActionsTestOtherA-677881788 None] Deleting attachment 5d5b60a2-f928-4261-9a03-2ab0c908aaaf. {{(pid=86751) attachment_delete /opt/stack/cinder/cinder/volume/manager.py:5056}}
Jun 02 17:26:05 devstack sudo[92007]: pam_unix(sudo:session): session closed for user root
Jun 02 17:26:05 devstack cinder-volume[86751]: DEBUG oslo_concurrency.processutils [None req-32cd92c6-0664-49dd-b218-782db23732a7 tempest-VolumesActionsTest-1065699148 None] CMD "sudo cinder-rootwrap /etc/cinder/rootwrap.conf qemu-img convert -O raw /opt/stack/data/cinder/mnt/fec2d440235cd76c52077b2d954c2027/volume-6bf11ac3-078e-450c-ba22-f2ccdd99b1ac /opt/stack/data/cinder/conversion/6bf11ac3-078e-450c-ba22-f2ccdd99b1ac.temp_image.25c8e5fe-dd3a-4805-8034-f0959a9899c26dxivl2u.img" returned: 0 in 8.609s {{(pid=86751) execute /opt/stack/data/venv/lib/python3.12/site-packages/oslo_concurrency/processutils.py:468}}
Jun 02 17:26:05 devstack cinder-volume[86751]: DEBUG oslo.privsep.daemon [-] privsep: reply[aa2849e0-face-48c1-9486-fb27431fda2f]: (4, 'qcow2') {{(pid=87748) _call_back /opt/stack/data/venv/lib/python3.12/site-packages/oslo_privsep/daemon.py:573}}
Jun 02 17:26:05 devstack cinder-volume[86751]: DEBUG oslo_concurrency.processutils [None req-32cd92c6-0664-49dd-b218-782db23732a7 tempest-VolumesActionsTest-1065699148 None] Running cmd (subprocess): /opt/stack/data/venv/bin/python3.12 -m oslo_concurrency.prlimit --as=1073741824 --cpu=60 -- sudo cinder-rootwrap /etc/cinder/rootwrap.conf env LC_ALL=C qemu-img info -f qcow2 --output=json /opt/stack/data/cinder/mnt/fec2d440235cd76c52077b2d954c2027/volume-6bf11ac3-078e-450c-ba22-f2ccdd99b1ac {{(pid=86751) execute /opt/stack/data/venv/lib/python3.12/site-packages/oslo_concurrency/processutils.py:440}}
Jun 02 17:26:05 devstack sudo[92184]: quobyte : PWD=/ ; USER=root ; COMMAND=/opt/stack/data/venv/bin/cinder-rootwrap /etc/cinder/rootwrap.conf env LC_ALL=C qemu-img info -f qcow2 --output=json /opt/stack/data/cinder/mnt/fec2d440235cd76c52077b2d954c2027/volume-6bf11ac3-078e-450c-ba22-f2ccdd99b1ac
Jun 02 17:26:05 devstack sudo[92184]: pam_unix(sudo:session): session opened for user root(uid=0) by (uid=1000)
Jun 02 17:26:06 devstack cinder-volume[86751]: DEBUG oslo_concurrency.lockutils [req-169d7d14-96ee-4cb3-8357-263f71dac13b req-314ff953-097e-4e5f-8ebe-0c2ac1efca5e tempest-ServerActionsTestOtherA-677881788 None] Acquiring lock "quobyte" by "cinder.volume.drivers.quobyte.QuobyteDriver.initialize_connection" {{(pid=86751) inner /opt/stack/data/venv/lib/python3.12/site-packages/oslo_concurrency/lockutils.py:506}}
Jun 02 17:26:06 devstack sudo[92184]: pam_unix(sudo:session): session closed for user root
Jun 02 17:26:06 devstack cinder-volume[86751]: DEBUG oslo_concurrency.processutils [None req-32cd92c6-0664-49dd-b218-782db23732a7 tempest-VolumesActionsTest-1065699148 None] CMD "/opt/stack/data/venv/bin/python3.12 -m oslo_concurrency.prlimit --as=1073741824 --cpu=60 -- sudo cinder-rootwrap /etc/cinder/rootwrap.conf env LC_ALL=C qemu-img info -f qcow2 --output=json /opt/stack/data/cinder/mnt/fec2d440235cd76c52077b2d954c2027/volume-6bf11ac3-078e-450c-ba22-f2ccdd99b1ac" returned: 0 in 1.018s {{(pid=86751) execute /opt/stack/data/venv/lib/python3.12/site-packages/oslo_concurrency/processutils.py:468}}
Jun 02 17:26:06 devstack cinder-volume[86751]: DEBUG cinder.image.image_utils [None req-32cd92c6-0664-49dd-b218-782db23732a7 tempest-VolumesActionsTest-1065699148 None] Image conversion details: src /opt/stack/data/cinder/mnt/fec2d440235cd76c52077b2d954c2027/volume-6bf11ac3-078e-450c-ba22-f2ccdd99b1ac, size 1024.00 MB, duration 8.61 sec, destination /opt/stack/data/cinder/conversion/6bf11ac3-078e-450c-ba22-f2ccdd99b1ac.temp_image.25c8e5fe-dd3a-4805-8034-f0959a9899c26dxivl2u.img {{(pid=86751) _convert_image /opt/stack/cinder/cinder/image/image_utils.py:536}}
Jun 02 17:26:06 devstack cinder-volume[86751]: INFO cinder.image.image_utils [None req-32cd92c6-0664-49dd-b218-782db23732a7 tempest-VolumesActionsTest-1065699148 None] Converted 1024.00 MB image at 118.93 MB/s
Jun 02 17:26:06 devstack cinder-volume[86751]: DEBUG cinder.image.image_utils [None req-32cd92c6-0664-49dd-b218-782db23732a7 tempest-VolumesActionsTest-1065699148 None] 25c8e5fe-dd3a-4805-8034-f0959a9899c2 was raw, no need to convert to raw {{(pid=86751) upload_volume /opt/stack/cinder/cinder/image/image_utils.py:1162}}
Jun 02 17:26:16 devstack cinder-volume[86751]: DEBUG dbcounter [-] [86751] Writing DB stats cinder:UPDATE=13,cinder:SELECT=26,cinder:INSERT=3,cinder:DELETE=1 {{(pid=86751) stat_writer /opt/stack/data/venv/lib/python3.12/site-packages/dbcounter.py:115}}
Jun 02 17:26:16 devstack cinder-volume[86751]: DEBUG dbcounter [-] [86751] Writing DB stats cinder:SELECT=4 {{(pid=86751) stat_writer /opt/stack/data/venv/lib/python3.12/site-packages/dbcounter.py:115}}
Jun 02 17:26:26 devstack cinder-volume[86751]: INFO cinder.volume.manager [req-f9026056-7d6a-4cff-90cf-6bdde648879d req-f5ddb949-063a-4219-b0dc-498969a81379 tempest-AttachVolumeTestJSON-524465540 None] Terminate volume connection completed successfully.
Jun 02 17:26:26 devstack cinder-volume[86751]: DEBUG cinder.volume.manager [req-f9026056-7d6a-4cff-90cf-6bdde648879d req-f5ddb949-063a-4219-b0dc-498969a81379 tempest-AttachVolumeTestJSON-524465540 None] Deleting attachment 3d77ee51-3af6-447e-81ca-2a8fcad73f60. {{(pid=86751) attachment_delete /opt/stack/cinder/cinder/volume/manager.py:5056}}
Jun 02 17:26:29 devstack cinder-volume[86751]: DEBUG oslo_service.periodic_task [None req-f2a9ccc1-819d-4d49-ab43-9cf376b2c3d3 None None] Running periodic task VolumeManager.publish_service_capabilities {{(pid=86751) run_periodic_tasks /opt/stack/data/venv/lib/python3.12/site-packages/oslo_service/periodic_task.py:210}}
Jun 02 17:26:29 devstack cinder-volume[86751]: DEBUG oslo_concurrency.lockutils [None req-f2a9ccc1-819d-4d49-ab43-9cf376b2c3d3 None None] Acquiring lock "quobyte_ensure" by "cinder.volume.drivers.quobyte.QuobyteDriver._ensure_shares_mounted" {{(pid=86751) inner /opt/stack/data/venv/lib/python3.12/site-packages/oslo_concurrency/lockutils.py:506}}
Jun 02 17:26:29 devstack cinder-volume[86751]: DEBUG oslo_concurrency.lockutils [None req-f2a9ccc1-819d-4d49-ab43-9cf376b2c3d3 None None] Lock "quobyte_ensure" acquired by "cinder.volume.drivers.quobyte.QuobyteDriver._ensure_shares_mounted" :: waited 0.000s {{(pid=86751) inner /opt/stack/data/venv/lib/python3.12/site-packages/oslo_concurrency/lockutils.py:519}}
Jun 02 17:26:29 devstack cinder-volume[86751]: DEBUG cinder.volume.drivers.quobyte [None req-f2a9ccc1-819d-4d49-ab43-9cf376b2c3d3 None None] Quobyte Volume URL set to: {'osci02.corp.quobyte.com/cinder-vol-28e047cf-803d-4de0-8652-971f72bacefc': None} {{(pid=86751) _load_shares_config /opt/stack/cinder/cinder/volume/drivers/quobyte.py:617}}
Jun 02 17:26:29 devstack cinder-volume[86751]: DEBUG cinder.volume.drivers.quobyte [None req-f2a9ccc1-819d-4d49-ab43-9cf376b2c3d3 None None] Available shares ['osci02.corp.quobyte.com/cinder-vol-28e047cf-803d-4de0-8652-971f72bacefc'] {{(pid=86751) _ensure_shares_mounted /opt/stack/cinder/cinder/volume/drivers/quobyte.py:647}}
Jun 02 17:26:29 devstack cinder-volume[86751]: DEBUG oslo_concurrency.lockutils [None req-f2a9ccc1-819d-4d49-ab43-9cf376b2c3d3 None None] Lock "quobyte_ensure" "released" by "cinder.volume.drivers.quobyte.QuobyteDriver._ensure_shares_mounted" :: held 0.007s {{(pid=86751) inner /opt/stack/data/venv/lib/python3.12/site-packages/oslo_concurrency/lockutils.py:538}}
Jun 02 17:26:29 devstack cinder-volume[86751]: DEBUG oslo_concurrency.processutils [None req-f2a9ccc1-819d-4d49-ab43-9cf376b2c3d3 None None] Running cmd (subprocess): sudo cinder-rootwrap /etc/cinder/rootwrap.conf df --portability --block-size 1 /opt/stack/data/cinder/mnt/fec2d440235cd76c52077b2d954c2027 {{(pid=86751) execute /opt/stack/data/venv/lib/python3.12/site-packages/oslo_concurrency/processutils.py:440}}
Jun 02 17:26:29 devstack sudo[92313]: quobyte : PWD=/ ; USER=root ; COMMAND=/opt/stack/data/venv/bin/cinder-rootwrap /etc/cinder/rootwrap.conf df --portability --block-size 1 /opt/stack/data/cinder/mnt/fec2d440235cd76c52077b2d954c2027
Jun 02 17:26:29 devstack sudo[92313]: pam_unix(sudo:session): session opened for user root(uid=0) by (uid=1000)
Jun 02 17:26:30 devstack sudo[92313]: pam_unix(sudo:session): session closed for user root
Jun 02 17:26:30 devstack cinder-volume[86751]: DEBUG oslo_concurrency.processutils [None req-f2a9ccc1-819d-4d49-ab43-9cf376b2c3d3 None None] CMD "sudo cinder-rootwrap /etc/cinder/rootwrap.conf df --portability --block-size 1 /opt/stack/data/cinder/mnt/fec2d440235cd76c52077b2d954c2027" returned: 0 in 1.049s {{(pid=86751) execute /opt/stack/data/venv/lib/python3.12/site-packages/oslo_concurrency/processutils.py:468}}
Jun 02 17:26:30 devstack cinder-volume[86751]: DEBUG cinder.manager [None req-f2a9ccc1-819d-4d49-ab43-9cf376b2c3d3 None None] Notifying Schedulers of capabilities ... {{(pid=86751) _publish_service_capabilities /opt/stack/cinder/cinder/manager.py:219}}
Jun 02 17:26:30 devstack cinder-volume[86751]: DEBUG oslo_service.periodic_task [None req-f2a9ccc1-819d-4d49-ab43-9cf376b2c3d3 None None] Running periodic task VolumeManager._thread_info {{(pid=86751) run_periodic_tasks /opt/stack/data/venv/lib/python3.12/site-packages/oslo_service/periodic_task.py:210}}
Jun 02 17:26:30 devstack cinder-volume[86751]: DEBUG cinder.volume.manager [None req-f2a9ccc1-819d-4d49-ab43-9cf376b2c3d3 None None] thread count: 28 {{(pid=86751) _thread_info /opt/stack/cinder/cinder/volume/manager.py:5473}}
Jun 02 17:26:30 devstack cinder-volume[86751]: DEBUG cinder.volume.manager [None req-f2a9ccc1-819d-4d49-ab43-9cf376b2c3d3 None None] thread info: [<_MainThread(MainThread, started 137983025184896)>, , , , , , , , , , , , , , , , , , , , , , , , , , , ] {{(pid=86751) _thread_info /opt/stack/cinder/cinder/volume/manager.py:5474}}
Jun 02 17:26:31 devstack cinder-volume[86751]: DEBUG oslo_concurrency.lockutils [None req-32cd92c6-0664-49dd-b218-782db23732a7 tempest-VolumesActionsTest-1065699148 None] Lock "quobyte" "released" by "cinder.volume.drivers.quobyte.QuobyteDriver.copy_volume_to_image" :: held 35.917s {{(pid=86751) inner /opt/stack/data/venv/lib/python3.12/site-packages/oslo_concurrency/lockutils.py:538}}
Jun 02 17:26:31 devstack cinder-volume[86751]: DEBUG cinder.volume.manager [None req-32cd92c6-0664-49dd-b218-782db23732a7 tempest-VolumesActionsTest-1065699148 None] Uploaded volume to glance image-id: 25c8e5fe-dd3a-4805-8034-f0959a9899c2. {{(pid=86751) copy_volume_to_image /opt/stack/cinder/cinder/volume/manager.py:1782}}
Jun 02 17:26:31 devstack cinder-volume[86751]: DEBUG oslo_concurrency.lockutils [req-169d7d14-96ee-4cb3-8357-263f71dac13b req-314ff953-097e-4e5f-8ebe-0c2ac1efca5e tempest-ServerActionsTestOtherA-677881788 None] Lock "quobyte" acquired by "cinder.volume.drivers.quobyte.QuobyteDriver.initialize_connection" :: waited 25.134s {{(pid=86751) inner /opt/stack/data/venv/lib/python3.12/site-packages/oslo_concurrency/lockutils.py:519}}
Jun 02 17:26:31 devstack cinder-volume[86751]: INFO cinder.volume.manager [None req-32cd92c6-0664-49dd-b218-782db23732a7 tempest-VolumesActionsTest-1065699148 None] Copy volume to image completed successfully.
Jun 02 17:26:31 devstack cinder-volume[86751]: DEBUG oslo.privsep.daemon [-] privsep: reply[5fb53dad-eb5a-4145-89af-e8593cdea055]: (4, 'qcow2') {{(pid=87748) _call_back /opt/stack/data/venv/lib/python3.12/site-packages/oslo_privsep/daemon.py:573}}
Jun 02 17:26:31 devstack cinder-volume[86751]: DEBUG oslo_concurrency.processutils [req-169d7d14-96ee-4cb3-8357-263f71dac13b req-314ff953-097e-4e5f-8ebe-0c2ac1efca5e tempest-ServerActionsTestOtherA-677881788 None] Running cmd (subprocess): /opt/stack/data/venv/bin/python3.12 -m oslo_concurrency.prlimit --as=1073741824 --cpu=60 -- sudo cinder-rootwrap /etc/cinder/rootwrap.conf env LC_ALL=C qemu-img info -f qcow2 --output=json --force-share /opt/stack/data/cinder/mnt/fec2d440235cd76c52077b2d954c2027/volume-f4e08c42-ea8c-4134-b919-880d3be8671e {{(pid=86751) execute /opt/stack/data/venv/lib/python3.12/site-packages/oslo_concurrency/processutils.py:440}}
Jun 02 17:26:31 devstack sudo[92354]: quobyte : PWD=/ ; USER=root ; COMMAND=/opt/stack/data/venv/bin/cinder-rootwrap /etc/cinder/rootwrap.conf env LC_ALL=C qemu-img info -f qcow2 --output=json --force-share /opt/stack/data/cinder/mnt/fec2d440235cd76c52077b2d954c2027/volume-f4e08c42-ea8c-4134-b919-880d3be8671e
Jun 02 17:26:31 devstack sudo[92354]: pam_unix(sudo:session): session opened for user root(uid=0) by (uid=1000)
Jun 02 17:26:32 devstack sudo[92354]: pam_unix(sudo:session): session closed for user root
Jun 02 17:26:32 devstack cinder-volume[86751]: DEBUG oslo_concurrency.processutils [req-169d7d14-96ee-4cb3-8357-263f71dac13b req-314ff953-097e-4e5f-8ebe-0c2ac1efca5e tempest-ServerActionsTestOtherA-677881788 None] CMD "/opt/stack/data/venv/bin/python3.12 -m oslo_concurrency.prlimit --as=1073741824 --cpu=60 -- sudo cinder-rootwrap /etc/cinder/rootwrap.conf env LC_ALL=C qemu-img info -f qcow2 --output=json --force-share /opt/stack/data/cinder/mnt/fec2d440235cd76c52077b2d954c2027/volume-f4e08c42-ea8c-4134-b919-880d3be8671e" returned: 0 in 0.801s {{(pid=86751) execute /opt/stack/data/venv/lib/python3.12/site-packages/oslo_concurrency/processutils.py:468}}
Jun 02 17:26:32 devstack cinder-volume[86751]: DEBUG oslo_concurrency.lockutils [req-169d7d14-96ee-4cb3-8357-263f71dac13b req-314ff953-097e-4e5f-8ebe-0c2ac1efca5e tempest-ServerActionsTestOtherA-677881788 None] Lock "quobyte" "released" by "cinder.volume.drivers.quobyte.QuobyteDriver.initialize_connection" :: held 0.830s {{(pid=86751) inner /opt/stack/data/venv/lib/python3.12/site-packages/oslo_concurrency/lockutils.py:538}}
Jun 02 17:26:32 devstack cinder-volume[86751]: DEBUG cinder.volume.manager [req-169d7d14-96ee-4cb3-8357-263f71dac13b req-314ff953-097e-4e5f-8ebe-0c2ac1efca5e tempest-ServerActionsTestOtherA-677881788 None] Connection info returned from driver {'export': 'osci02.corp.quobyte.com/cinder-vol-28e047cf-803d-4de0-8652-971f72bacefc', 'name': 'volume-f4e08c42-ea8c-4134-b919-880d3be8671e', 'options': None, 'format': 'qcow2', 'qos_specs': None, 'access_mode': 'rw', 'encrypted': False, 'cacheable': False, 'driver_volume_type': 'quobyte', 'mount_point_base': '/opt/stack/data/cinder/mnt', 'attachment_id': '8ebae7b9-35c8-4e01-813d-b970b4327a36', 'enforce_multipath': True} {{(pid=86751) _connection_create /opt/stack/cinder/cinder/volume/manager.py:4925}}
Jun 02 17:26:32 devstack cinder-volume[86751]: INFO cinder.volume.manager [req-169d7d14-96ee-4cb3-8357-263f71dac13b req-314ff953-097e-4e5f-8ebe-0c2ac1efca5e tempest-ServerActionsTestOtherA-677881788 None] attachment_update completed successfully.
Jun 02 17:26:32 devstack cinder-volume[86751]: DEBUG oslo_concurrency.lockutils [None req-64f37a4c-9309-427d-bedd-26289255a9e5 tempest-VolumesActionsTest-1065699148 None] Acquiring lock "quobyte" by "cinder.volume.drivers.quobyte.QuobyteDriver.copy_volume_to_image" {{(pid=86751) inner /opt/stack/data/venv/lib/python3.12/site-packages/oslo_concurrency/lockutils.py:506}}
Jun 02 17:26:32 devstack cinder-volume[86751]: DEBUG oslo_concurrency.lockutils [None req-64f37a4c-9309-427d-bedd-26289255a9e5 tempest-VolumesActionsTest-1065699148 None] Lock "quobyte" acquired by "cinder.volume.drivers.quobyte.QuobyteDriver.copy_volume_to_image" :: waited 0.001s {{(pid=86751) inner /opt/stack/data/venv/lib/python3.12/site-packages/oslo_concurrency/lockutils.py:519}}
Jun 02 17:26:32 devstack cinder-volume[86751]: DEBUG oslo.privsep.daemon [-] privsep: reply[c337bf27-1a83-4dc4-93c2-bc4efec97d9a]: (4, 'qcow2') {{(pid=87748) _call_back /opt/stack/data/venv/lib/python3.12/site-packages/oslo_privsep/daemon.py:573}}
Jun 02 17:26:32 devstack cinder-volume[86751]: DEBUG oslo_concurrency.processutils [None req-64f37a4c-9309-427d-bedd-26289255a9e5 tempest-VolumesActionsTest-1065699148 None] Running cmd (subprocess): /opt/stack/data/venv/bin/python3.12 -m oslo_concurrency.prlimit --as=1073741824 --cpu=60 -- sudo cinder-rootwrap /etc/cinder/rootwrap.conf env LC_ALL=C qemu-img info -f qcow2 --output=json --force-share /opt/stack/data/cinder/mnt/fec2d440235cd76c52077b2d954c2027/volume-6bf11ac3-078e-450c-ba22-f2ccdd99b1ac {{(pid=86751) execute /opt/stack/data/venv/lib/python3.12/site-packages/oslo_concurrency/processutils.py:440}}
Jun 02 17:26:33 devstack sudo[92360]: quobyte : PWD=/ ; USER=root ; COMMAND=/opt/stack/data/venv/bin/cinder-rootwrap /etc/cinder/rootwrap.conf env LC_ALL=C qemu-img info -f qcow2 --output=json --force-share /opt/stack/data/cinder/mnt/fec2d440235cd76c52077b2d954c2027/volume-6bf11ac3-078e-450c-ba22-f2ccdd99b1ac
Jun 02 17:26:33 devstack sudo[92360]: pam_unix(sudo:session): session opened for user root(uid=0) by (uid=1000)
Jun 02 17:26:33 devstack sudo[92360]: pam_unix(sudo:session): session closed for user root
Jun 02 17:26:33 devstack cinder-volume[86751]: DEBUG oslo_concurrency.processutils [None req-64f37a4c-9309-427d-bedd-26289255a9e5 tempest-VolumesActionsTest-1065699148 None] CMD "/opt/stack/data/venv/bin/python3.12 -m oslo_concurrency.prlimit --as=1073741824 --cpu=60 -- sudo cinder-rootwrap /etc/cinder/rootwrap.conf env LC_ALL=C qemu-img info -f qcow2 --output=json --force-share /opt/stack/data/cinder/mnt/fec2d440235cd76c52077b2d954c2027/volume-6bf11ac3-078e-450c-ba22-f2ccdd99b1ac" returned: 0 in 0.804s {{(pid=86751) execute /opt/stack/data/venv/lib/python3.12/site-packages/oslo_concurrency/processutils.py:468}}
Jun 02 17:26:33 devstack cinder-volume[86751]: DEBUG oslo.privsep.daemon [-] privsep: reply[de71e54a-49f1-41ea-a735-aac10dc0bd61]: (4, 'qcow2') {{(pid=87748) _call_back /opt/stack/data/venv/lib/python3.12/site-packages/oslo_privsep/daemon.py:573}}
Jun 02 17:26:33 devstack cinder-volume[86751]: DEBUG oslo_concurrency.processutils [None req-64f37a4c-9309-427d-bedd-26289255a9e5 tempest-VolumesActionsTest-1065699148 None] Running cmd (subprocess): /opt/stack/data/venv/bin/python3.12 -m oslo_concurrency.prlimit --as=1073741824 --cpu=60 -- sudo cinder-rootwrap /etc/cinder/rootwrap.conf env LC_ALL=C qemu-img info -f qcow2 --output=json /opt/stack/data/cinder/mnt/fec2d440235cd76c52077b2d954c2027/volume-6bf11ac3-078e-450c-ba22-f2ccdd99b1ac {{(pid=86751) execute /opt/stack/data/venv/lib/python3.12/site-packages/oslo_concurrency/processutils.py:440}}
Jun 02 17:26:33 devstack sudo[92383]: quobyte : PWD=/ ; USER=root ; COMMAND=/opt/stack/data/venv/bin/cinder-rootwrap /etc/cinder/rootwrap.conf env LC_ALL=C qemu-img info -f qcow2 --output=json /opt/stack/data/cinder/mnt/fec2d440235cd76c52077b2d954c2027/volume-6bf11ac3-078e-450c-ba22-f2ccdd99b1ac
Jun 02 17:26:33 devstack sudo[92383]: pam_unix(sudo:session): session opened for user root(uid=0) by (uid=1000)
Jun 02 17:26:34 devstack sudo[92383]: pam_unix(sudo:session): session closed for user root
Jun 02 17:26:34 devstack cinder-volume[86751]: DEBUG oslo_concurrency.processutils [None req-64f37a4c-9309-427d-bedd-26289255a9e5 tempest-VolumesActionsTest-1065699148 None] CMD "/opt/stack/data/venv/bin/python3.12 -m oslo_concurrency.prlimit --as=1073741824 --cpu=60 -- sudo cinder-rootwrap /etc/cinder/rootwrap.conf env LC_ALL=C qemu-img info -f qcow2 --output=json /opt/stack/data/cinder/mnt/fec2d440235cd76c52077b2d954c2027/volume-6bf11ac3-078e-450c-ba22-f2ccdd99b1ac" returned: 0 in 0.825s {{(pid=86751) execute /opt/stack/data/venv/lib/python3.12/site-packages/oslo_concurrency/processutils.py:468}}
Jun 02 17:26:34 devstack cinder-volume[86751]: DEBUG oslo_concurrency.processutils [None req-64f37a4c-9309-427d-bedd-26289255a9e5 tempest-VolumesActionsTest-1065699148 None] Running cmd (subprocess): sudo cinder-rootwrap /etc/cinder/rootwrap.conf qemu-img convert -O raw /opt/stack/data/cinder/mnt/fec2d440235cd76c52077b2d954c2027/volume-6bf11ac3-078e-450c-ba22-f2ccdd99b1ac /opt/stack/data/cinder/conversion/6bf11ac3-078e-450c-ba22-f2ccdd99b1ac.temp_image.17350802-015f-4d94-8fcb-e9f7c70ba529jqu8ne91.img {{(pid=86751) execute /opt/stack/data/venv/lib/python3.12/site-packages/oslo_concurrency/processutils.py:440}}
Jun 02 17:26:34 devstack sudo[92397]: quobyte : PWD=/ ; USER=root ; COMMAND=/opt/stack/data/venv/bin/cinder-rootwrap /etc/cinder/rootwrap.conf qemu-img convert -O raw /opt/stack/data/cinder/mnt/fec2d440235cd76c52077b2d954c2027/volume-6bf11ac3-078e-450c-ba22-f2ccdd99b1ac /opt/stack/data/cinder/conversion/6bf11ac3-078e-450c-ba22-f2ccdd99b1ac.temp_image.17350802-015f-4d94-8fcb-e9f7c70ba529jqu8ne91.img
Jun 02 17:26:34 devstack sudo[92397]: pam_unix(sudo:session): session opened for user root(uid=0) by (uid=1000)
Jun 02 17:26:42 devstack cinder-volume[86751]: DEBUG dbcounter [-] [86751] Writing DB stats cinder:SELECT=5,cinder:UPDATE=3 {{(pid=86751) stat_writer /opt/stack/data/venv/lib/python3.12/site-packages/dbcounter.py:115}}
Jun 02 17:26:42 devstack sudo[92397]: pam_unix(sudo:session): session closed for user root
Jun 02 17:26:42 devstack cinder-volume[86751]: DEBUG oslo_concurrency.processutils [None req-64f37a4c-9309-427d-bedd-26289255a9e5 tempest-VolumesActionsTest-1065699148 None] CMD "sudo cinder-rootwrap /etc/cinder/rootwrap.conf qemu-img convert -O raw /opt/stack/data/cinder/mnt/fec2d440235cd76c52077b2d954c2027/volume-6bf11ac3-078e-450c-ba22-f2ccdd99b1ac /opt/stack/data/cinder/conversion/6bf11ac3-078e-450c-ba22-f2ccdd99b1ac.temp_image.17350802-015f-4d94-8fcb-e9f7c70ba529jqu8ne91.img" returned: 0 in 7.883s {{(pid=86751) execute /opt/stack/data/venv/lib/python3.12/site-packages/oslo_concurrency/processutils.py:468}}
Jun 02 17:26:42 devstack cinder-volume[86751]: DEBUG oslo.privsep.daemon [-] privsep: reply[b5f12f3f-c823-451f-95de-293dbd1eaad9]: (4, 'qcow2') {{(pid=87748) _call_back /opt/stack/data/venv/lib/python3.12/site-packages/oslo_privsep/daemon.py:573}}
Jun 02 17:26:42 devstack cinder-volume[86751]: DEBUG oslo_concurrency.processutils [None req-64f37a4c-9309-427d-bedd-26289255a9e5 tempest-VolumesActionsTest-1065699148 None] Running cmd (subprocess): /opt/stack/data/venv/bin/python3.12 -m oslo_concurrency.prlimit --as=1073741824 --cpu=60 -- sudo cinder-rootwrap /etc/cinder/rootwrap.conf env LC_ALL=C qemu-img info -f qcow2 --output=json /opt/stack/data/cinder/mnt/fec2d440235cd76c52077b2d954c2027/volume-6bf11ac3-078e-450c-ba22-f2ccdd99b1ac {{(pid=86751) execute /opt/stack/data/venv/lib/python3.12/site-packages/oslo_concurrency/processutils.py:440}}
Jun 02 17:26:42 devstack sudo[92626]: quobyte : PWD=/ ; USER=root ; COMMAND=/opt/stack/data/venv/bin/cinder-rootwrap /etc/cinder/rootwrap.conf env LC_ALL=C qemu-img info -f qcow2 --output=json /opt/stack/data/cinder/mnt/fec2d440235cd76c52077b2d954c2027/volume-6bf11ac3-078e-450c-ba22-f2ccdd99b1ac
Jun 02 17:26:42 devstack cinder-volume[86751]: DEBUG dbcounter [-] [86751] Writing DB stats cinder:SELECT=9,cinder:UPDATE=2 {{(pid=86751) stat_writer /opt/stack/data/venv/lib/python3.12/site-packages/dbcounter.py:115}}
Jun 02 17:26:42 devstack sudo[92626]: pam_unix(sudo:session): session opened for user root(uid=0) by (uid=1000)
Jun 02 17:26:44 devstack sudo[92626]: pam_unix(sudo:session): session closed for user root
Jun 02 17:26:44 devstack cinder-volume[86751]: DEBUG oslo_concurrency.processutils [None req-64f37a4c-9309-427d-bedd-26289255a9e5 tempest-VolumesActionsTest-1065699148 None] CMD "/opt/stack/data/venv/bin/python3.12 -m oslo_concurrency.prlimit --as=1073741824 --cpu=60 -- sudo cinder-rootwrap /etc/cinder/rootwrap.conf env LC_ALL=C qemu-img info -f qcow2 --output=json /opt/stack/data/cinder/mnt/fec2d440235cd76c52077b2d954c2027/volume-6bf11ac3-078e-450c-ba22-f2ccdd99b1ac" returned: 0 in 1.785s {{(pid=86751) execute /opt/stack/data/venv/lib/python3.12/site-packages/oslo_concurrency/processutils.py:468}}
Jun 02 17:26:44 devstack cinder-volume[86751]: DEBUG cinder.image.image_utils [None req-64f37a4c-9309-427d-bedd-26289255a9e5 tempest-VolumesActionsTest-1065699148 None] Image conversion details: src /opt/stack/data/cinder/mnt/fec2d440235cd76c52077b2d954c2027/volume-6bf11ac3-078e-450c-ba22-f2ccdd99b1ac, size 1024.00 MB, duration 7.88 sec, destination /opt/stack/data/cinder/conversion/6bf11ac3-078e-450c-ba22-f2ccdd99b1ac.temp_image.17350802-015f-4d94-8fcb-e9f7c70ba529jqu8ne91.img {{(pid=86751) _convert_image /opt/stack/cinder/cinder/image/image_utils.py:536}}
Jun 02 17:26:44 devstack cinder-volume[86751]: INFO cinder.image.image_utils [None req-64f37a4c-9309-427d-bedd-26289255a9e5 tempest-VolumesActionsTest-1065699148 None] Converted 1024.00 MB image at 129.89 MB/s
Jun 02 17:26:44 devstack cinder-volume[86751]: DEBUG cinder.image.image_utils [None req-64f37a4c-9309-427d-bedd-26289255a9e5 tempest-VolumesActionsTest-1065699148 None] 17350802-015f-4d94-8fcb-e9f7c70ba529 was raw, converting to qcow2 {{(pid=86751) upload_volume /opt/stack/cinder/cinder/image/image_utils.py:1179}}
Jun 02 17:26:44 devstack cinder-volume[86751]: DEBUG oslo.privsep.daemon [-] privsep: reply[955e5ade-2f47-499c-9e3e-980ddc75c730]: (4, 'raw') {{(pid=87748) _call_back /opt/stack/data/venv/lib/python3.12/site-packages/oslo_privsep/daemon.py:573}}
Jun 02 17:26:44 devstack cinder-volume[86751]: DEBUG oslo_concurrency.processutils [None req-64f37a4c-9309-427d-bedd-26289255a9e5 tempest-VolumesActionsTest-1065699148 None] Running cmd (subprocess): /opt/stack/data/venv/bin/python3.12 -m oslo_concurrency.prlimit --as=1073741824 --cpu=60 -- sudo cinder-rootwrap /etc/cinder/rootwrap.conf env LC_ALL=C qemu-img info -f raw --output=json /opt/stack/data/cinder/conversion/6bf11ac3-078e-450c-ba22-f2ccdd99b1ac.temp_image.17350802-015f-4d94-8fcb-e9f7c70ba529jqu8ne91.img {{(pid=86751) execute /opt/stack/data/venv/lib/python3.12/site-packages/oslo_concurrency/processutils.py:440}}
Jun 02 17:26:44 devstack sudo[92640]: quobyte : PWD=/ ; USER=root ; COMMAND=/opt/stack/data/venv/bin/cinder-rootwrap /etc/cinder/rootwrap.conf env LC_ALL=C qemu-img info -f raw --output=json /opt/stack/data/cinder/conversion/6bf11ac3-078e-450c-ba22-f2ccdd99b1ac.temp_image.17350802-015f-4d94-8fcb-e9f7c70ba529jqu8ne91.img
Jun 02 17:26:44 devstack sudo[92640]: pam_unix(sudo:session): session opened for user root(uid=0) by (uid=1000)
Jun 02 17:26:46 devstack sudo[92640]: pam_unix(sudo:session): session closed for user root
Jun 02 17:26:46 devstack cinder-volume[86751]: DEBUG oslo_concurrency.processutils [None req-64f37a4c-9309-427d-bedd-26289255a9e5 tempest-VolumesActionsTest-1065699148 None] CMD "/opt/stack/data/venv/bin/python3.12 -m oslo_concurrency.prlimit --as=1073741824 --cpu=60 -- sudo cinder-rootwrap /etc/cinder/rootwrap.conf env LC_ALL=C qemu-img info -f raw --output=json /opt/stack/data/cinder/conversion/6bf11ac3-078e-450c-ba22-f2ccdd99b1ac.temp_image.17350802-015f-4d94-8fcb-e9f7c70ba529jqu8ne91.img" returned: 0 in 1.613s {{(pid=86751) execute /opt/stack/data/venv/lib/python3.12/site-packages/oslo_concurrency/processutils.py:468}}
Jun 02 17:26:46 devstack cinder-volume[86751]: DEBUG oslo_concurrency.processutils [None req-64f37a4c-9309-427d-bedd-26289255a9e5 tempest-VolumesActionsTest-1065699148 None] Running cmd (subprocess): /opt/stack/data/venv/bin/python3.12 -m oslo_concurrency.prlimit --as=1073741824 --cpu=60 -- sudo cinder-rootwrap /etc/cinder/rootwrap.conf env LC_ALL=C qemu-img info -f luks --output=json /opt/stack/data/cinder/conversion/6bf11ac3-078e-450c-ba22-f2ccdd99b1ac.temp_image.17350802-015f-4d94-8fcb-e9f7c70ba529jqu8ne91.img {{(pid=86751) execute /opt/stack/data/venv/lib/python3.12/site-packages/oslo_concurrency/processutils.py:440}}
Jun 02 17:26:46 devstack sudo[92645]: quobyte : PWD=/ ; USER=root ; COMMAND=/opt/stack/data/venv/bin/cinder-rootwrap /etc/cinder/rootwrap.conf env LC_ALL=C qemu-img info -f luks --output=json /opt/stack/data/cinder/conversion/6bf11ac3-078e-450c-ba22-f2ccdd99b1ac.temp_image.17350802-015f-4d94-8fcb-e9f7c70ba529jqu8ne91.img
Jun 02 17:26:46 devstack sudo[92645]: pam_unix(sudo:session): session opened for user root(uid=0) by (uid=1000)
Jun 02 17:26:46 devstack sudo[92645]: pam_unix(sudo:session): session closed for user root
Jun 02 17:26:46 devstack cinder-volume[86751]: DEBUG oslo_concurrency.processutils [None req-64f37a4c-9309-427d-bedd-26289255a9e5 tempest-VolumesActionsTest-1065699148 None] CMD "/opt/stack/data/venv/bin/python3.12 -m oslo_concurrency.prlimit --as=1073741824 --cpu=60 -- sudo cinder-rootwrap /etc/cinder/rootwrap.conf env LC_ALL=C qemu-img info -f luks --output=json /opt/stack/data/cinder/conversion/6bf11ac3-078e-450c-ba22-f2ccdd99b1ac.temp_image.17350802-015f-4d94-8fcb-e9f7c70ba529jqu8ne91.img" returned: 1 in 0.896s {{(pid=86751) execute /opt/stack/data/venv/lib/python3.12/site-packages/oslo_concurrency/processutils.py:468}}
Jun 02 17:26:46 devstack cinder-volume[86751]: DEBUG oslo_concurrency.processutils [None req-64f37a4c-9309-427d-bedd-26289255a9e5 tempest-VolumesActionsTest-1065699148 None] '/opt/stack/data/venv/bin/python3.12 -m oslo_concurrency.prlimit --as=1073741824 --cpu=60 -- sudo cinder-rootwrap /etc/cinder/rootwrap.conf env LC_ALL=C qemu-img info -f luks --output=json /opt/stack/data/cinder/conversion/6bf11ac3-078e-450c-ba22-f2ccdd99b1ac.temp_image.17350802-015f-4d94-8fcb-e9f7c70ba529jqu8ne91.img' failed. Not Retrying. {{(pid=86751) execute /opt/stack/data/venv/lib/python3.12/site-packages/oslo_concurrency/processutils.py:543}}
Jun 02 17:26:46 devstack cinder-volume[86751]: DEBUG oslo_concurrency.processutils [None req-64f37a4c-9309-427d-bedd-26289255a9e5 tempest-VolumesActionsTest-1065699148 None] Running cmd (subprocess): sudo cinder-rootwrap /etc/cinder/rootwrap.conf qemu-img convert -O qcow2 -c /opt/stack/data/cinder/conversion/6bf11ac3-078e-450c-ba22-f2ccdd99b1ac.temp_image.17350802-015f-4d94-8fcb-e9f7c70ba529jqu8ne91.img /opt/stack/data/cinder/conversion/vol_upload_qk9o38hs {{(pid=86751) execute /opt/stack/data/venv/lib/python3.12/site-packages/oslo_concurrency/processutils.py:440}}
Jun 02 17:26:46 devstack sudo[92650]: quobyte : PWD=/ ; USER=root ; COMMAND=/opt/stack/data/venv/bin/cinder-rootwrap /etc/cinder/rootwrap.conf qemu-img convert -O qcow2 -c /opt/stack/data/cinder/conversion/6bf11ac3-078e-450c-ba22-f2ccdd99b1ac.temp_image.17350802-015f-4d94-8fcb-e9f7c70ba529jqu8ne91.img /opt/stack/data/cinder/conversion/vol_upload_qk9o38hs
Jun 02 17:26:46 devstack sudo[92650]: pam_unix(sudo:session): session opened for user root(uid=0) by (uid=1000)
Jun 02 17:26:47 devstack sudo[92650]: pam_unix(sudo:session): session closed for user root
Jun 02 17:26:47 devstack cinder-volume[86751]: DEBUG oslo_concurrency.processutils [None req-64f37a4c-9309-427d-bedd-26289255a9e5 tempest-VolumesActionsTest-1065699148 None] CMD "sudo cinder-rootwrap /etc/cinder/rootwrap.conf qemu-img convert -O qcow2 -c /opt/stack/data/cinder/conversion/6bf11ac3-078e-450c-ba22-f2ccdd99b1ac.temp_image.17350802-015f-4d94-8fcb-e9f7c70ba529jqu8ne91.img /opt/stack/data/cinder/conversion/vol_upload_qk9o38hs" returned: 0 in 0.622s {{(pid=86751) execute /opt/stack/data/venv/lib/python3.12/site-packages/oslo_concurrency/processutils.py:468}}
Jun 02 17:26:47 devstack cinder-volume[86751]: DEBUG cinder.image.image_utils [None req-64f37a4c-9309-427d-bedd-26289255a9e5 tempest-VolumesActionsTest-1065699148 None] Image conversion details: src /opt/stack/data/cinder/conversion/6bf11ac3-078e-450c-ba22-f2ccdd99b1ac.temp_image.17350802-015f-4d94-8fcb-e9f7c70ba529jqu8ne91.img, size 1024.00 MB, duration 1.00 sec, destination /opt/stack/data/cinder/conversion/vol_upload_qk9o38hs {{(pid=86751) _convert_image /opt/stack/cinder/cinder/image/image_utils.py:536}}
Jun 02 17:26:47 devstack cinder-volume[86751]: INFO cinder.image.image_utils [None req-64f37a4c-9309-427d-bedd-26289255a9e5 tempest-VolumesActionsTest-1065699148 None] Converted 1024.00 MB image at 1024.00 MB/s
Jun 02 17:26:47 devstack cinder-volume[86751]: DEBUG oslo.privsep.daemon [-] privsep: reply[55fa38c4-0a0a-4ba0-b948-9d304f8e60a8]: (4, 'qcow2') {{(pid=87748) _call_back /opt/stack/data/venv/lib/python3.12/site-packages/oslo_privsep/daemon.py:573}}
Jun 02 17:26:47 devstack cinder-volume[86751]: DEBUG oslo_concurrency.processutils [None req-64f37a4c-9309-427d-bedd-26289255a9e5 tempest-VolumesActionsTest-1065699148 None] Running cmd (subprocess): /opt/stack/data/venv/bin/python3.12 -m oslo_concurrency.prlimit --as=1073741824 --cpu=60 -- sudo cinder-rootwrap /etc/cinder/rootwrap.conf env LC_ALL=C qemu-img info -f qcow2 --output=json /opt/stack/data/cinder/conversion/vol_upload_qk9o38hs {{(pid=86751) execute /opt/stack/data/venv/lib/python3.12/site-packages/oslo_concurrency/processutils.py:440}}
Jun 02 17:26:47 devstack sudo[92655]: quobyte : PWD=/ ; USER=root ; COMMAND=/opt/stack/data/venv/bin/cinder-rootwrap /etc/cinder/rootwrap.conf env LC_ALL=C qemu-img info -f qcow2 --output=json /opt/stack/data/cinder/conversion/vol_upload_qk9o38hs
Jun 02 17:26:47 devstack sudo[92655]: pam_unix(sudo:session): session opened for user root(uid=0) by (uid=1000)
Jun 02 17:26:47 devstack cinder-volume[86751]: INFO cinder.volume.manager [req-7bbef732-dcc0-4bbc-a89d-2b3659e046c6 req-b2dd33fd-de24-4b19-9b8b-8f1e9c1b16e8 tempest-AttachVolumeNegativeTest-140925635 None] Terminate volume connection completed successfully.
Jun 02 17:26:47 devstack cinder-volume[86751]: DEBUG cinder.volume.manager [req-7bbef732-dcc0-4bbc-a89d-2b3659e046c6 req-b2dd33fd-de24-4b19-9b8b-8f1e9c1b16e8 tempest-AttachVolumeNegativeTest-140925635 None] Deleting attachment bca6a1d7-7e20-4c73-b14c-e2b2c40473bb. {{(pid=86751) attachment_delete /opt/stack/cinder/cinder/volume/manager.py:5056}}
Jun 02 17:26:48 devstack sudo[92655]: pam_unix(sudo:session): session closed for user root
Jun 02 17:26:48 devstack cinder-volume[86751]: DEBUG oslo_concurrency.processutils [None req-64f37a4c-9309-427d-bedd-26289255a9e5 tempest-VolumesActionsTest-1065699148 None] CMD "/opt/stack/data/venv/bin/python3.12 -m oslo_concurrency.prlimit --as=1073741824 --cpu=60 -- sudo cinder-rootwrap /etc/cinder/rootwrap.conf env LC_ALL=C qemu-img info -f qcow2 --output=json /opt/stack/data/cinder/conversion/vol_upload_qk9o38hs" returned: 0 in 0.715s {{(pid=86751) execute /opt/stack/data/venv/lib/python3.12/site-packages/oslo_concurrency/processutils.py:468}}
Jun 02 17:26:49 devstack cinder-volume[86751]: DEBUG oslo_concurrency.lockutils [None req-64f37a4c-9309-427d-bedd-26289255a9e5 tempest-VolumesActionsTest-1065699148 None] Lock "quobyte" "released" by "cinder.volume.drivers.quobyte.QuobyteDriver.copy_volume_to_image" :: held 16.824s {{(pid=86751) inner /opt/stack/data/venv/lib/python3.12/site-packages/oslo_concurrency/lockutils.py:538}}
Jun 02 17:26:49 devstack cinder-volume[86751]: DEBUG cinder.volume.manager [None req-64f37a4c-9309-427d-bedd-26289255a9e5 tempest-VolumesActionsTest-1065699148 None] Uploaded volume to glance image-id: 17350802-015f-4d94-8fcb-e9f7c70ba529. {{(pid=86751) copy_volume_to_image /opt/stack/cinder/cinder/volume/manager.py:1782}}
Jun 02 17:26:49 devstack cinder-volume[86751]: INFO cinder.volume.manager [None req-64f37a4c-9309-427d-bedd-26289255a9e5 tempest-VolumesActionsTest-1065699148 None] Copy volume to image completed successfully.
Jun 02 17:26:51 devstack cinder-volume[86751]: DEBUG cinder.coordination [None req-51b62ceb-ce02-41a5-9fb0-a60e9ef05f01 tempest-VolumesActionsTest-1065699148 None] Acquiring lock "cinder-6bf11ac3-078e-450c-ba22-f2ccdd99b1ac-delete_volume" by "delete_volume" {{(pid=86751) __acquire /opt/stack/cinder/cinder/coordination.py:138}}
Jun 02 17:26:51 devstack cinder-volume[86751]: DEBUG cinder.coordination [None req-51b62ceb-ce02-41a5-9fb0-a60e9ef05f01 tempest-VolumesActionsTest-1065699148 None] Lock "cinder-6bf11ac3-078e-450c-ba22-f2ccdd99b1ac-delete_volume" acquired by "delete_volume" :: waited 0.028s {{(pid=86751) __acquire /opt/stack/cinder/cinder/coordination.py:141}}
Jun 02 17:26:51 devstack cinder-volume[86751]: DEBUG cinder.coordination [None req-51b62ceb-ce02-41a5-9fb0-a60e9ef05f01 tempest-VolumesActionsTest-1065699148 None] Acquiring lock "cinder-quobyte-6bf11ac3-078e-450c-ba22-f2ccdd99b1ac" by "delete_volume" {{(pid=86751) __acquire /opt/stack/cinder/cinder/coordination.py:138}}
Jun 02 17:26:51 devstack cinder-volume[86751]: DEBUG cinder.coordination [None req-51b62ceb-ce02-41a5-9fb0-a60e9ef05f01 tempest-VolumesActionsTest-1065699148 None] Lock "cinder-quobyte-6bf11ac3-078e-450c-ba22-f2ccdd99b1ac" acquired by "delete_volume" :: waited 0.025s {{(pid=86751) __acquire /opt/stack/cinder/cinder/coordination.py:141}}
Jun 02 17:26:51 devstack cinder-volume[86751]: DEBUG oslo.privsep.daemon [-] privsep: reply[1b9b3334-ef02-479f-ac5f-ac1ef1617ec4]: (4, 'qcow2') {{(pid=87748) _call_back /opt/stack/data/venv/lib/python3.12/site-packages/oslo_privsep/daemon.py:573}}
Jun 02 17:26:51 devstack cinder-volume[86751]: DEBUG oslo_concurrency.processutils [None req-51b62ceb-ce02-41a5-9fb0-a60e9ef05f01 tempest-VolumesActionsTest-1065699148 None] Running cmd (subprocess): /opt/stack/data/venv/bin/python3.12 -m oslo_concurrency.prlimit --as=1073741824 --cpu=60 -- sudo cinder-rootwrap /etc/cinder/rootwrap.conf env LC_ALL=C qemu-img info -f qcow2 --output=json --force-share /opt/stack/data/cinder/mnt/fec2d440235cd76c52077b2d954c2027/volume-6bf11ac3-078e-450c-ba22-f2ccdd99b1ac {{(pid=86751) execute /opt/stack/data/venv/lib/python3.12/site-packages/oslo_concurrency/processutils.py:440}}
Jun 02 17:26:51 devstack sudo[92668]: quobyte : PWD=/ ; USER=root ; COMMAND=/opt/stack/data/venv/bin/cinder-rootwrap /etc/cinder/rootwrap.conf env LC_ALL=C qemu-img info -f qcow2 --output=json --force-share /opt/stack/data/cinder/mnt/fec2d440235cd76c52077b2d954c2027/volume-6bf11ac3-078e-450c-ba22-f2ccdd99b1ac
Jun 02 17:26:51 devstack sudo[92668]: pam_unix(sudo:session): session opened for user root(uid=0) by (uid=1000)
Jun 02 17:26:52 devstack sudo[92668]: pam_unix(sudo:session): session closed for user root
Jun 02 17:26:52 devstack cinder-volume[86751]: DEBUG oslo_concurrency.processutils [None req-51b62ceb-ce02-41a5-9fb0-a60e9ef05f01 tempest-VolumesActionsTest-1065699148 None] CMD "/opt/stack/data/venv/bin/python3.12 -m oslo_concurrency.prlimit --as=1073741824 --cpu=60 -- sudo cinder-rootwrap /etc/cinder/rootwrap.conf env LC_ALL=C qemu-img info -f qcow2 --output=json --force-share /opt/stack/data/cinder/mnt/fec2d440235cd76c52077b2d954c2027/volume-6bf11ac3-078e-450c-ba22-f2ccdd99b1ac" returned: 0 in 1.484s {{(pid=86751) execute /opt/stack/data/venv/lib/python3.12/site-packages/oslo_concurrency/processutils.py:468}}
Jun 02 17:26:52 devstack cinder-volume[86751]: DEBUG oslo_concurrency.processutils [None req-51b62ceb-ce02-41a5-9fb0-a60e9ef05f01 tempest-VolumesActionsTest-1065699148 None] Running cmd (subprocess): sudo cinder-rootwrap /etc/cinder/rootwrap.conf rm -f /opt/stack/data/cinder/mnt/fec2d440235cd76c52077b2d954c2027/volume-6bf11ac3-078e-450c-ba22-f2ccdd99b1ac {{(pid=86751) execute /opt/stack/data/venv/lib/python3.12/site-packages/oslo_concurrency/processutils.py:440}}
Jun 02 17:26:52 devstack sudo[92711]: quobyte : PWD=/ ; USER=root ; COMMAND=/opt/stack/data/venv/bin/cinder-rootwrap /etc/cinder/rootwrap.conf rm -f /opt/stack/data/cinder/mnt/fec2d440235cd76c52077b2d954c2027/volume-6bf11ac3-078e-450c-ba22-f2ccdd99b1ac
Jun 02 17:26:52 devstack sudo[92711]: pam_unix(sudo:session): session opened for user root(uid=0) by (uid=1000)
Jun 02 17:26:53 devstack sudo[92711]: pam_unix(sudo:session): session closed for user root
Jun 02 17:26:53 devstack cinder-volume[86751]: DEBUG oslo_concurrency.processutils [None req-51b62ceb-ce02-41a5-9fb0-a60e9ef05f01 tempest-VolumesActionsTest-1065699148 None] CMD "sudo cinder-rootwrap /etc/cinder/rootwrap.conf rm -f /opt/stack/data/cinder/mnt/fec2d440235cd76c52077b2d954c2027/volume-6bf11ac3-078e-450c-ba22-f2ccdd99b1ac" returned: 0 in 0.596s {{(pid=86751) execute /opt/stack/data/venv/lib/python3.12/site-packages/oslo_concurrency/processutils.py:468}}
Jun 02 17:26:53 devstack cinder-volume[86751]: DEBUG cinder.coordination [None req-51b62ceb-ce02-41a5-9fb0-a60e9ef05f01 tempest-VolumesActionsTest-1065699148 None] Lock "cinder-quobyte-6bf11ac3-078e-450c-ba22-f2ccdd99b1ac" released by "delete_volume" :: held 2.129s {{(pid=86751) __release /opt/stack/cinder/cinder/coordination.py:152}}
