Jun 02 17:15:22 devstack devstack@g-api.service[76787]: [uWSGI] getting INI configuration from /etc/glance/glance-uwsgi.ini
Jun 02 17:15:22 devstack devstack@g-api.service[76787]: *** Starting uWSGI 2.0.24-debian (64bit) on [Tue Jun 2 17:15:22 2026] ***
Jun 02 17:15:22 devstack devstack@g-api.service[76787]: compiled with version: 13.2.0 on 17 April 2024 16:23:48
Jun 02 17:15:22 devstack devstack@g-api.service[76787]: os: Linux-6.8.0-110-generic #110-Ubuntu SMP PREEMPT_DYNAMIC Thu Mar 19 15:09:20 UTC 2026
Jun 02 17:15:22 devstack devstack@g-api.service[76787]: nodename: devstack
Jun 02 17:15:22 devstack devstack@g-api.service[76787]: machine: x86_64
Jun 02 17:15:22 devstack devstack@g-api.service[76787]: clock source: unix
Jun 02 17:15:22 devstack devstack@g-api.service[76787]: pcre jit disabled
Jun 02 17:15:22 devstack devstack@g-api.service[76787]: detected number of CPU cores: 4
Jun 02 17:15:22 devstack devstack@g-api.service[76787]: current working directory: /
Jun 02 17:15:22 devstack devstack@g-api.service[76787]: detected binary path: /usr/bin/uwsgi-core
Jun 02 17:15:22 devstack devstack@g-api.service[76787]: your processes number limit is 47519
Jun 02 17:15:22 devstack devstack@g-api.service[76787]: your memory page size is 4096 bytes
Jun 02 17:15:22 devstack devstack@g-api.service[76787]: detected max file descriptor number: 2048
Jun 02 17:15:22 devstack devstack@g-api.service[76787]: lock engine: pthread robust mutexes
Jun 02 17:15:22 devstack devstack@g-api.service[76787]: thunder lock: enabled
Jun 02 17:15:22 devstack devstack@g-api.service[76787]: uwsgi socket 0 bound to TCP address 127.0.0.1:60999 fd 4
Jun 02 17:15:22 devstack devstack@g-api.service[76787]: Python version: 3.12.3 (main, Mar 23 2026, 19:04:32) [GCC 13.3.0]
Jun 02 17:15:22 devstack devstack@g-api.service[76787]: PEP 405 virtualenv detected: /opt/stack/data/venv
Jun 02 17:15:22 devstack devstack@g-api.service[76787]: Set PythonHome to /opt/stack/data/venv
Jun 02 17:15:22 devstack devstack@g-api.service[76787]: Python main interpreter initialized at 0x78e67a0a3668
Jun 02 17:15:22 devstack devstack@g-api.service[76787]: python threads support enabled
Jun 02 17:15:22 devstack devstack@g-api.service[76787]: your server socket listen backlog is limited to 100 connections
Jun 02 17:15:22 devstack devstack@g-api.service[76787]: your mercy for graceful operations on workers is 80 seconds
Jun 02 17:15:22 devstack devstack@g-api.service[76787]: mapped 403077 bytes (393 KB) for 2 cores
Jun 02 17:15:22 devstack devstack@g-api.service[76787]: *** Operational MODE: preforking ***
Jun 02 17:15:22 devstack devstack@g-api.service[76787]: *** uWSGI is running in multiple interpreter mode ***
Jun 02 17:15:22 devstack devstack@g-api.service[76787]: spawned uWSGI master process (pid: 76787)
Jun 02 17:15:22 devstack devstack@g-api.service[76787]: spawned uWSGI worker 1 (pid: 76793, cores: 1)
Jun 02 17:15:22 devstack devstack@g-api.service[76787]: spawned uWSGI worker 2 (pid: 76794, cores: 1)
Jun 02 17:15:22 devstack devstack@g-api.service[76787]: running "unix_signal:15 gracefully_kill_them_all" (master-start)...
Jun 02 17:15:24 devstack devstack@g-api.service[76794]: INFO glance.async_ [-] Threadpool model set to 'NativeThreadPoolModel'
Jun 02 17:15:24 devstack devstack@g-api.service[76793]: INFO glance.async_ [-] Threadpool model set to 'NativeThreadPoolModel'
Jun 02 17:15:24 devstack devstack@g-api.service[76794]: DEBUG oslo_concurrency.processutils [-] Running cmd (subprocess): grep -F node.session.scan /sbin/iscsiadm {{(pid=76794) execute /opt/stack/data/venv/lib/python3.12/site-packages/oslo_concurrency/processutils.py:440}}
Jun 02 17:15:24 devstack devstack@g-api.service[76794]: DEBUG oslo_concurrency.processutils [-] CMD "grep -F node.session.scan /sbin/iscsiadm" returned: 0 in 0.012s {{(pid=76794) execute /opt/stack/data/venv/lib/python3.12/site-packages/oslo_concurrency/processutils.py:468}}
Jun 02 17:15:24 devstack devstack@g-api.service[76793]: DEBUG oslo_concurrency.processutils [-] Running cmd (subprocess): grep -F node.session.scan /sbin/iscsiadm {{(pid=76793) execute /opt/stack/data/venv/lib/python3.12/site-packages/oslo_concurrency/processutils.py:440}}
Jun 02 17:15:24 devstack devstack@g-api.service[76793]: DEBUG oslo_concurrency.processutils [-] CMD "grep -F node.session.scan /sbin/iscsiadm" returned: 0 in 0.011s {{(pid=76793) execute /opt/stack/data/venv/lib/python3.12/site-packages/oslo_concurrency/processutils.py:468}}
Jun 02 17:15:25 devstack devstack@g-api.service[76794]: DEBUG glance_store.backend [-] Attempting to import store cinder {{(pid=76794) _load_store /opt/stack/data/venv/lib/python3.12/site-packages/glance_store/backend.py:215}}
Jun 02 17:15:25 devstack devstack@g-api.service[76794]: DEBUG glance_store.backend [-] Attempting to import store file {{(pid=76794) _load_store /opt/stack/data/venv/lib/python3.12/site-packages/glance_store/backend.py:215}}
Jun 02 17:15:25 devstack devstack@g-api.service[76794]: DEBUG glance_store.backend [-] Attempting to import store glance.store.cinder.Store {{(pid=76794) _load_store /opt/stack/data/venv/lib/python3.12/site-packages/glance_store/backend.py:215}}
Jun 02 17:15:25 devstack devstack@g-api.service[76794]: DEBUG glance_store.backend [-] Attempting to import store glance.store.filesystem.Store {{(pid=76794) _load_store /opt/stack/data/venv/lib/python3.12/site-packages/glance_store/backend.py:215}}
Jun 02 17:15:25 devstack devstack@g-api.service[76794]: DEBUG glance_store.backend [-] Attempting to import store glance.store.http.Store {{(pid=76794) _load_store /opt/stack/data/venv/lib/python3.12/site-packages/glance_store/backend.py:215}}
Jun 02 17:15:25 devstack devstack@g-api.service[76794]: DEBUG glance_store.backend [-] Attempting to import store glance.store.rbd.Store {{(pid=76794) _load_store /opt/stack/data/venv/lib/python3.12/site-packages/glance_store/backend.py:215}}
Jun 02 17:15:25 devstack devstack@g-api.service[76794]: DEBUG glance_store.backend [-] Attempting to import store glance.store.s3.Store {{(pid=76794) _load_store /opt/stack/data/venv/lib/python3.12/site-packages/glance_store/backend.py:215}}
Jun 02 17:15:25 devstack devstack@g-api.service[76794]: DEBUG glance_store.backend [-] Attempting to import store glance.store.swift.Store {{(pid=76794) _load_store /opt/stack/data/venv/lib/python3.12/site-packages/glance_store/backend.py:215}}
Jun 02 17:15:25 devstack devstack@g-api.service[76794]: DEBUG glance_store.backend [-] Attempting to import store glance.store.vmware_datastore.Store {{(pid=76794) _load_store /opt/stack/data/venv/lib/python3.12/site-packages/glance_store/backend.py:215}}
Jun 02 17:15:25 devstack devstack@g-api.service[76794]: DEBUG glance_store.backend [-] Attempting to import store http {{(pid=76794) _load_store /opt/stack/data/venv/lib/python3.12/site-packages/glance_store/backend.py:215}}
Jun 02 17:15:25 devstack devstack@g-api.service[76794]: DEBUG glance_store.backend [-] Attempting to import store no_conf {{(pid=76794) _load_store /opt/stack/data/venv/lib/python3.12/site-packages/glance_store/backend.py:215}}
Jun 02 17:15:25 devstack devstack@g-api.service[76794]: DEBUG glance_store.backend [-] Attempting to import store rbd {{(pid=76794) _load_store /opt/stack/data/venv/lib/python3.12/site-packages/glance_store/backend.py:215}}
Jun 02 17:15:25 devstack devstack@g-api.service[76794]: DEBUG glance_store.backend [-] Attempting to import store s3 {{(pid=76794) _load_store /opt/stack/data/venv/lib/python3.12/site-packages/glance_store/backend.py:215}}
Jun 02 17:15:25 devstack devstack@g-api.service[76794]: DEBUG glance_store.backend [-] Attempting to import store swift {{(pid=76794) _load_store /opt/stack/data/venv/lib/python3.12/site-packages/glance_store/backend.py:215}}
Jun 02 17:15:25 devstack devstack@g-api.service[76794]: DEBUG glance_store.backend [-] Attempting to import store vmware {{(pid=76794) _load_store /opt/stack/data/venv/lib/python3.12/site-packages/glance_store/backend.py:215}}
Jun 02 17:15:25 devstack devstack@g-api.service[76794]: DEBUG glance_store.backend [-] Registering options for group glance_store {{(pid=76794) register_opts /opt/stack/data/venv/lib/python3.12/site-packages/glance_store/backend.py:144}}
Jun 02 17:15:25 devstack devstack@g-api.service[76794]: DEBUG glance_store.backend [-] Registering options for group glance_store {{(pid=76794) register_opts /opt/stack/data/venv/lib/python3.12/site-packages/glance_store/backend.py:144}}
Jun 02 17:15:25 devstack devstack@g-api.service[76793]: DEBUG glance_store.backend [-] Attempting to import store cinder {{(pid=76793) _load_store /opt/stack/data/venv/lib/python3.12/site-packages/glance_store/backend.py:215}}
Jun 02 17:15:25 devstack devstack@g-api.service[76794]: DEBUG glance_store.backend [-] Attempting to import store http {{(pid=76794) _load_store /opt/stack/data/venv/lib/python3.12/site-packages/glance_store/backend.py:215}}
Jun 02 17:15:25 devstack devstack@g-api.service[76793]: DEBUG glance_store.backend [-] Attempting to import store file {{(pid=76793) _load_store /opt/stack/data/venv/lib/python3.12/site-packages/glance_store/backend.py:215}}
Jun 02 17:15:25 devstack devstack@g-api.service[76793]: DEBUG glance_store.backend [-] Attempting to import store glance.store.cinder.Store {{(pid=76793) _load_store /opt/stack/data/venv/lib/python3.12/site-packages/glance_store/backend.py:215}}
Jun 02 17:15:25 devstack devstack@g-api.service[76794]: DEBUG glance_store.capabilities [-] Store glance_store._drivers.http.Store doesn't support updating dynamic storage capabilities. Please overwrite 'update_capabilities' method of the store to implement updating logics if needed. {{(pid=76794) update_capabilities /opt/stack/data/venv/lib/python3.12/site-packages/glance_store/capabilities.py:91}}
Jun 02 17:15:25 devstack devstack@g-api.service[76793]: DEBUG glance_store.backend [-] Attempting to import store glance.store.filesystem.Store {{(pid=76793) _load_store /opt/stack/data/venv/lib/python3.12/site-packages/glance_store/backend.py:215}}
Jun 02 17:15:25 devstack devstack@g-api.service[76794]: DEBUG glance_store.backend [-] Registering store http with schemes ('http', 'https') {{(pid=76794) create_stores /opt/stack/data/venv/lib/python3.12/site-packages/glance_store/backend.py:261}}
Jun 02 17:15:25 devstack devstack@g-api.service[76793]: DEBUG glance_store.backend [-] Attempting to import store glance.store.http.Store {{(pid=76793) _load_store /opt/stack/data/venv/lib/python3.12/site-packages/glance_store/backend.py:215}}
Jun 02 17:15:25 devstack devstack@g-api.service[76794]: DEBUG glance_store.driver [-] Late loading location class glance_store._drivers.http.StoreLocation {{(pid=76794) get_store_location_class /opt/stack/data/venv/lib/python3.12/site-packages/glance_store/driver.py:134}}
Jun 02 17:15:25 devstack devstack@g-api.service[76793]: DEBUG glance_store.backend [-] Attempting to import store glance.store.rbd.Store {{(pid=76793) _load_store /opt/stack/data/venv/lib/python3.12/site-packages/glance_store/backend.py:215}}
Jun 02 17:15:25 devstack devstack@g-api.service[76794]: DEBUG glance_store.location [-] Registering scheme http with {'store': , 'location_class': , 'store_entry': 'http'} {{(pid=76794) register_scheme_map /opt/stack/data/venv/lib/python3.12/site-packages/glance_store/location.py:146}}
Jun 02 17:15:25 devstack devstack@g-api.service[76793]: DEBUG glance_store.backend [-] Attempting to import store glance.store.s3.Store {{(pid=76793) _load_store /opt/stack/data/venv/lib/python3.12/site-packages/glance_store/backend.py:215}}
Jun 02 17:15:25 devstack devstack@g-api.service[76794]: DEBUG glance_store.location [-] Registering scheme https with {'store': , 'location_class': , 'store_entry': 'http'} {{(pid=76794) register_scheme_map /opt/stack/data/venv/lib/python3.12/site-packages/glance_store/location.py:146}}
Jun 02 17:15:25 devstack devstack@g-api.service[76793]: DEBUG glance_store.backend [-] Attempting to import store glance.store.swift.Store {{(pid=76793) _load_store /opt/stack/data/venv/lib/python3.12/site-packages/glance_store/backend.py:215}}
Jun 02 17:15:25 devstack devstack@g-api.service[76794]: DEBUG glance_store.backend [-] Attempting to import store file {{(pid=76794) _load_store /opt/stack/data/venv/lib/python3.12/site-packages/glance_store/backend.py:215}}
Jun 02 17:15:25 devstack devstack@g-api.service[76793]: DEBUG glance_store.backend [-] Attempting to import store glance.store.vmware_datastore.Store {{(pid=76793) _load_store /opt/stack/data/venv/lib/python3.12/site-packages/glance_store/backend.py:215}}
Jun 02 17:15:25 devstack devstack@g-api.service[76793]: DEBUG glance_store.backend [-] Attempting to import store http {{(pid=76793) _load_store /opt/stack/data/venv/lib/python3.12/site-packages/glance_store/backend.py:215}}
Jun 02 17:15:25 devstack devstack@g-api.service[76793]: DEBUG glance_store.backend [-] Attempting to import store no_conf {{(pid=76793) _load_store /opt/stack/data/venv/lib/python3.12/site-packages/glance_store/backend.py:215}}
Jun 02 17:15:25 devstack devstack@g-api.service[76794]: DEBUG glance_store.capabilities [-] Store glance_store._drivers.filesystem.Store doesn't support updating dynamic storage capabilities. Please overwrite 'update_capabilities' method of the store to implement updating logics if needed. {{(pid=76794) update_capabilities /opt/stack/data/venv/lib/python3.12/site-packages/glance_store/capabilities.py:91}}
Jun 02 17:15:25 devstack devstack@g-api.service[76793]: DEBUG glance_store.backend [-] Attempting to import store rbd {{(pid=76793) _load_store /opt/stack/data/venv/lib/python3.12/site-packages/glance_store/backend.py:215}}
Jun 02 17:15:25 devstack devstack@g-api.service[76794]: DEBUG glance_store.backend [-] Registering store file with schemes ('file', 'filesystem') {{(pid=76794) create_stores /opt/stack/data/venv/lib/python3.12/site-packages/glance_store/backend.py:261}}
Jun 02 17:15:25 devstack devstack@g-api.service[76793]: DEBUG glance_store.backend [-] Attempting to import store s3 {{(pid=76793) _load_store /opt/stack/data/venv/lib/python3.12/site-packages/glance_store/backend.py:215}}
Jun 02 17:15:25 devstack devstack@g-api.service[76794]: DEBUG glance_store.driver [-] Late loading location class glance_store._drivers.filesystem.StoreLocation {{(pid=76794) get_store_location_class /opt/stack/data/venv/lib/python3.12/site-packages/glance_store/driver.py:134}}
Jun 02 17:15:25 devstack devstack@g-api.service[76793]: DEBUG glance_store.backend [-] Attempting to import store swift {{(pid=76793) _load_store /opt/stack/data/venv/lib/python3.12/site-packages/glance_store/backend.py:215}}
Jun 02 17:15:25 devstack devstack@g-api.service[76794]: DEBUG glance_store.location [-] Registering scheme file with {'store': , 'location_class': , 'store_entry': 'file'} {{(pid=76794) register_scheme_map /opt/stack/data/venv/lib/python3.12/site-packages/glance_store/location.py:146}}
Jun 02 17:15:25 devstack devstack@g-api.service[76793]: DEBUG glance_store.backend [-] Attempting to import store vmware {{(pid=76793) _load_store /opt/stack/data/venv/lib/python3.12/site-packages/glance_store/backend.py:215}}
Jun 02 17:15:25 devstack devstack@g-api.service[76794]: DEBUG glance_store.location [-] Registering scheme filesystem with {'store': , 'location_class': , 'store_entry': 'file'} {{(pid=76794) register_scheme_map /opt/stack/data/venv/lib/python3.12/site-packages/glance_store/location.py:146}}
Jun 02 17:15:25 devstack devstack@g-api.service[76793]: DEBUG glance_store.backend [-] Registering options for group glance_store {{(pid=76793) register_opts /opt/stack/data/venv/lib/python3.12/site-packages/glance_store/backend.py:144}}
Jun 02 17:15:25 devstack devstack@g-api.service[76793]: DEBUG glance_store.backend [-] Registering options for group glance_store {{(pid=76793) register_opts /opt/stack/data/venv/lib/python3.12/site-packages/glance_store/backend.py:144}}
Jun 02 17:15:25 devstack devstack@g-api.service[76794]: DEBUG glance.sqlite_migration [-] SQLite caching database not located, skipping migration {{(pid=76794) get_db_path /opt/stack/glance/glance/sqlite_migration.py:68}}
Jun 02 17:15:25 devstack devstack@g-api.service[76794]: WARNING glance.common.wsgi_app [-] Import methods are enabled but staging directory /tmp/staging/ does not exist; Imports will fail!
Jun 02 17:15:25 devstack devstack@g-api.service[76793]: DEBUG glance_store.backend [-] Attempting to import store http {{(pid=76793) _load_store /opt/stack/data/venv/lib/python3.12/site-packages/glance_store/backend.py:215}}
Jun 02 17:15:25 devstack devstack@g-api.service[76793]: DEBUG glance_store.capabilities [-] Store glance_store._drivers.http.Store doesn't support updating dynamic storage capabilities. Please overwrite 'update_capabilities' method of the store to implement updating logics if needed. {{(pid=76793) update_capabilities /opt/stack/data/venv/lib/python3.12/site-packages/glance_store/capabilities.py:91}}
Jun 02 17:15:25 devstack devstack@g-api.service[76793]: DEBUG glance_store.backend [-] Registering store http with schemes ('http', 'https') {{(pid=76793) create_stores /opt/stack/data/venv/lib/python3.12/site-packages/glance_store/backend.py:261}}
Jun 02 17:15:25 devstack devstack@g-api.service[76793]: DEBUG glance_store.driver [-] Late loading location class glance_store._drivers.http.StoreLocation {{(pid=76793) get_store_location_class /opt/stack/data/venv/lib/python3.12/site-packages/glance_store/driver.py:134}}
Jun 02 17:15:25 devstack devstack@g-api.service[76793]: DEBUG glance_store.location [-] Registering scheme http with {'store': , 'location_class': , 'store_entry': 'http'} {{(pid=76793) register_scheme_map /opt/stack/data/venv/lib/python3.12/site-packages/glance_store/location.py:146}}
Jun 02 17:15:25 devstack devstack@g-api.service[76793]: DEBUG glance_store.location [-] Registering scheme https with {'store': , 'location_class': , 'store_entry': 'http'} {{(pid=76793) register_scheme_map /opt/stack/data/venv/lib/python3.12/site-packages/glance_store/location.py:146}}
Jun 02 17:15:25 devstack devstack@g-api.service[76793]: DEBUG glance_store.backend [-] Attempting to import store file {{(pid=76793) _load_store /opt/stack/data/venv/lib/python3.12/site-packages/glance_store/backend.py:215}}
Jun 02 17:15:25 devstack devstack@g-api.service[76793]: DEBUG glance_store.capabilities [-] Store glance_store._drivers.filesystem.Store doesn't support updating dynamic storage capabilities. Please overwrite 'update_capabilities' method of the store to implement updating logics if needed. {{(pid=76793) update_capabilities /opt/stack/data/venv/lib/python3.12/site-packages/glance_store/capabilities.py:91}}
Jun 02 17:15:25 devstack devstack@g-api.service[76793]: DEBUG glance_store.backend [-] Registering store file with schemes ('file', 'filesystem') {{(pid=76793) create_stores /opt/stack/data/venv/lib/python3.12/site-packages/glance_store/backend.py:261}}
Jun 02 17:15:25 devstack devstack@g-api.service[76793]: DEBUG glance_store.driver [-] Late loading location class glance_store._drivers.filesystem.StoreLocation {{(pid=76793) get_store_location_class /opt/stack/data/venv/lib/python3.12/site-packages/glance_store/driver.py:134}}
Jun 02 17:15:25 devstack devstack@g-api.service[76793]: DEBUG glance_store.location [-] Registering scheme file with {'store': , 'location_class': , 'store_entry': 'file'} {{(pid=76793) register_scheme_map /opt/stack/data/venv/lib/python3.12/site-packages/glance_store/location.py:146}}
Jun 02 17:15:25 devstack devstack@g-api.service[76793]: DEBUG glance_store.location [-] Registering scheme filesystem with {'store': , 'location_class': , 'store_entry': 'file'} {{(pid=76793) register_scheme_map /opt/stack/data/venv/lib/python3.12/site-packages/glance_store/location.py:146}}
Jun 02 17:15:25 devstack devstack@g-api.service[76793]: DEBUG glance.sqlite_migration [-] SQLite caching database not located, skipping migration {{(pid=76793) get_db_path /opt/stack/glance/glance/sqlite_migration.py:68}}
Jun 02 17:15:25 devstack devstack@g-api.service[76793]: WARNING glance.common.wsgi_app [-] Import methods are enabled but staging directory /tmp/staging/ does not exist; Imports will fail!
Jun 02 17:15:26 devstack devstack@g-api.service[76794]: DEBUG glance.common.config [None req-93234c5d-5fe4-4db5-9a2f-67b7dd98a1b2 None None] Loading glance-api-keystone+cachemanagement from /etc/glance/glance-api-paste.ini {{(pid=76794) load_paste_app /opt/stack/glance/glance/common/config.py:758}}
Jun 02 17:15:26 devstack devstack@g-api.service[76793]: DEBUG glance.common.config [None req-d9825ed1-67ee-4d27-97be-f327e57c89d6 None None] Loading glance-api-keystone+cachemanagement from /etc/glance/glance-api-paste.ini {{(pid=76793) load_paste_app /opt/stack/glance/glance/common/config.py:758}}
Jun 02 17:15:27 devstack devstack@g-api.service[76793]: INFO glance.image_cache [None req-d9825ed1-67ee-4d27-97be-f327e57c89d6 None None] Image cache loaded driver 'centralized_db'.
Jun 02 17:15:27 devstack devstack@g-api.service[76794]: INFO glance.image_cache [None req-93234c5d-5fe4-4db5-9a2f-67b7dd98a1b2 None None] Image cache loaded driver 'centralized_db'.
Jun 02 17:15:27 devstack devstack@g-api.service[76793]: INFO dbcounter [None req-d9825ed1-67ee-4d27-97be-f327e57c89d6 None None] Registered counter for database glance
Jun 02 17:15:27 devstack devstack@g-api.service[76794]: INFO dbcounter [None req-93234c5d-5fe4-4db5-9a2f-67b7dd98a1b2 None None] Registered counter for database glance
Jun 02 17:15:27 devstack devstack@g-api.service[76793]: DEBUG oslo_db.sqlalchemy.engines [None req-d9825ed1-67ee-4d27-97be-f327e57c89d6 None None] MySQL server mode set to STRICT_TRANS_TABLES,STRICT_ALL_TABLES,NO_ZERO_IN_DATE,NO_ZERO_DATE,ERROR_FOR_DIVISION_BY_ZERO,TRADITIONAL,NO_ENGINE_SUBSTITUTION {{(pid=76793) _check_effective_sql_mode /opt/stack/data/venv/lib/python3.12/site-packages/oslo_db/sqlalchemy/engines.py:325}}
Jun 02 17:15:27 devstack devstack@g-api.service[76794]: DEBUG oslo_db.sqlalchemy.engines [None req-93234c5d-5fe4-4db5-9a2f-67b7dd98a1b2 None None] MySQL server mode set to STRICT_TRANS_TABLES,STRICT_ALL_TABLES,NO_ZERO_IN_DATE,NO_ZERO_DATE,ERROR_FOR_DIVISION_BY_ZERO,TRADITIONAL,NO_ENGINE_SUBSTITUTION {{(pid=76794) _check_effective_sql_mode /opt/stack/data/venv/lib/python3.12/site-packages/oslo_db/sqlalchemy/engines.py:325}}
Jun 02 17:15:28 devstack devstack@g-api.service[76794]: DEBUG dbcounter [-] [76794] Writer thread running {{(pid=76794) stat_writer /opt/stack/data/venv/lib/python3.12/site-packages/dbcounter.py:102}}
Jun 02 17:15:28 devstack devstack@g-api.service[76793]: DEBUG dbcounter [-] [76793] Writer thread running {{(pid=76793) stat_writer /opt/stack/data/venv/lib/python3.12/site-packages/dbcounter.py:102}}
Jun 02 17:15:28 devstack devstack@g-api.service[76793]: DEBUG glance.image_cache.drivers.centralized_db [None req-d9825ed1-67ee-4d27-97be-f327e57c89d6 None None] Node reference is already recorded, ignoring it {{(pid=76793) configure /opt/stack/glance/glance/image_cache/drivers/centralized_db.py:71}}
Jun 02 17:15:28 devstack devstack@g-api.service[76794]: INFO glance.image_cache [None req-93234c5d-5fe4-4db5-9a2f-67b7dd98a1b2 None None] Image cache loaded driver 'centralized_db'.
Jun 02 17:15:28 devstack devstack@g-api.service[76793]: INFO glance.image_cache [None req-d9825ed1-67ee-4d27-97be-f327e57c89d6 None None] Image cache loaded driver 'centralized_db'.
Jun 02 17:15:28 devstack devstack@g-api.service[76794]: DEBUG glance.image_cache.drivers.centralized_db [None req-93234c5d-5fe4-4db5-9a2f-67b7dd98a1b2 None None] Node reference is already recorded, ignoring it {{(pid=76794) configure /opt/stack/glance/glance/image_cache/drivers/centralized_db.py:71}}
Jun 02 17:15:28 devstack devstack@g-api.service[76793]: DEBUG glance.image_cache.drivers.centralized_db [None req-d9825ed1-67ee-4d27-97be-f327e57c89d6 None None] Node reference is already recorded, ignoring it {{(pid=76793) configure /opt/stack/glance/glance/image_cache/drivers/centralized_db.py:71}}
Jun 02 17:15:28 devstack devstack@g-api.service[76794]: DEBUG glance.api.v2.cached_images [None req-93234c5d-5fe4-4db5-9a2f-67b7dd98a1b2 None None] Started cache worker thread {{(pid=76794) __init__ /opt/stack/glance/glance/api/v2/cached_images.py:69}}
Jun 02 17:15:28 devstack devstack@g-api.service[76794]: INFO glance.image_cache [None req-93234c5d-5fe4-4db5-9a2f-67b7dd98a1b2 None None] Image cache loaded driver 'centralized_db'.
Jun 02 17:15:28 devstack devstack@g-api.service[76793]: DEBUG glance.api.v2.cached_images [None req-d9825ed1-67ee-4d27-97be-f327e57c89d6 None None] Started cache worker thread {{(pid=76793) __init__ /opt/stack/glance/glance/api/v2/cached_images.py:69}}
Jun 02 17:15:28 devstack devstack@g-api.service[76793]: INFO glance.image_cache [None req-d9825ed1-67ee-4d27-97be-f327e57c89d6 None None] Image cache loaded driver 'centralized_db'.
Jun 02 17:15:28 devstack devstack@g-api.service[76794]: DEBUG glance.image_cache.drivers.centralized_db [None req-93234c5d-5fe4-4db5-9a2f-67b7dd98a1b2 None None] Node reference is already recorded, ignoring it {{(pid=76794) configure /opt/stack/glance/glance/image_cache/drivers/centralized_db.py:71}}
Jun 02 17:15:28 devstack devstack@g-api.service[76793]: DEBUG glance.image_cache.drivers.centralized_db [None req-d9825ed1-67ee-4d27-97be-f327e57c89d6 None None] Node reference is already recorded, ignoring it {{(pid=76793) configure /opt/stack/glance/glance/image_cache/drivers/centralized_db.py:71}}
Jun 02 17:15:28 devstack devstack@g-api.service[76794]: INFO glance.api.middleware.cache_manage [None req-93234c5d-5fe4-4db5-9a2f-67b7dd98a1b2 None None] Initialized image cache management middleware
Jun 02 17:15:28 devstack devstack@g-api.service[76794]: INFO glance.image_cache [None req-93234c5d-5fe4-4db5-9a2f-67b7dd98a1b2 None None] Image cache loaded driver 'centralized_db'.
Jun 02 17:15:28 devstack devstack@g-api.service[76794]: DEBUG glance.image_cache.drivers.centralized_db [None req-93234c5d-5fe4-4db5-9a2f-67b7dd98a1b2 None None] Node reference is already recorded, ignoring it {{(pid=76794) configure /opt/stack/glance/glance/image_cache/drivers/centralized_db.py:71}}
Jun 02 17:15:28 devstack devstack@g-api.service[76793]: INFO glance.api.middleware.cache_manage [None req-d9825ed1-67ee-4d27-97be-f327e57c89d6 None None] Initialized image cache management middleware
Jun 02 17:15:28 devstack devstack@g-api.service[76793]: INFO glance.image_cache [None req-d9825ed1-67ee-4d27-97be-f327e57c89d6 None None] Image cache loaded driver 'centralized_db'.
Jun 02 17:15:28 devstack devstack@g-api.service[76794]: INFO glance.api.middleware.cache [None req-93234c5d-5fe4-4db5-9a2f-67b7dd98a1b2 None None] Initialized image cache middleware
Jun 02 17:15:28 devstack devstack@g-api.service[76794]: WARNING keystonemiddleware.auth_token [None req-93234c5d-5fe4-4db5-9a2f-67b7dd98a1b2 None None] AuthToken middleware is set with keystone_authtoken.service_token_roles_required set to False. This is backwards compatible but deprecated behaviour. Please set this to True.
Jun 02 17:15:28 devstack devstack@g-api.service[76793]: DEBUG glance.image_cache.drivers.centralized_db [None req-d9825ed1-67ee-4d27-97be-f327e57c89d6 None None] Node reference is already recorded, ignoring it {{(pid=76793) configure /opt/stack/glance/glance/image_cache/drivers/centralized_db.py:71}}
Jun 02 17:15:28 devstack devstack@g-api.service[76794]: DEBUG glance.common.config [None req-93234c5d-5fe4-4db5-9a2f-67b7dd98a1b2 None None] ******************************************************************************** {{(pid=76794) log_opt_values /opt/stack/data/venv/lib/python3.12/site-packages/oslo_config/cfg.py:2979}}
Jun 02 17:15:28 devstack devstack@g-api.service[76794]: DEBUG glance.common.config [None req-93234c5d-5fe4-4db5-9a2f-67b7dd98a1b2 None None] Configuration options gathered from: {{(pid=76794) log_opt_values /opt/stack/data/venv/lib/python3.12/site-packages/oslo_config/cfg.py:2980}}
Jun 02 17:15:28 devstack devstack@g-api.service[76794]: DEBUG glance.common.config [None req-93234c5d-5fe4-4db5-9a2f-67b7dd98a1b2 None None] command line args: [] {{(pid=76794) log_opt_values /opt/stack/data/venv/lib/python3.12/site-packages/oslo_config/cfg.py:2981}}
Jun 02 17:15:28 devstack devstack@g-api.service[76794]: DEBUG glance.common.config [None req-93234c5d-5fe4-4db5-9a2f-67b7dd98a1b2 None None] config files: ['/etc/glance/glance-image-import.conf', '/etc/glance/glance-api.conf'] {{(pid=76794) log_opt_values /opt/stack/data/venv/lib/python3.12/site-packages/oslo_config/cfg.py:2982}}
Jun 02 17:15:28 devstack devstack@g-api.service[76794]: DEBUG glance.common.config [None req-93234c5d-5fe4-4db5-9a2f-67b7dd98a1b2 None None] ================================================================================ {{(pid=76794) log_opt_values /opt/stack/data/venv/lib/python3.12/site-packages/oslo_config/cfg.py:2987}}
Jun 02 17:15:28 devstack devstack@g-api.service[76794]: DEBUG glance.common.config [None req-93234c5d-5fe4-4db5-9a2f-67b7dd98a1b2 None None] allow_anonymous_access = False {{(pid=76794) log_opt_values /opt/stack/data/venv/lib/python3.12/site-packages/oslo_config/cfg.py:2995}}
Jun 02 17:15:28 devstack devstack@g-api.service[76794]: DEBUG glance.common.config [None req-93234c5d-5fe4-4db5-9a2f-67b7dd98a1b2 None None] api_limit_max = 1000 {{(pid=76794) log_opt_values /opt/stack/data/venv/lib/python3.12/site-packages/oslo_config/cfg.py:2995}}
Jun 02 17:15:28 devstack devstack@g-api.service[76794]: DEBUG glance.common.config [None req-93234c5d-5fe4-4db5-9a2f-67b7dd98a1b2 None None] backlog = 4096 {{(pid=76794) log_opt_values /opt/stack/data/venv/lib/python3.12/site-packages/oslo_config/cfg.py:2995}}
Jun 02 17:15:28 devstack devstack@g-api.service[76794]: DEBUG glance.common.config [None req-93234c5d-5fe4-4db5-9a2f-67b7dd98a1b2 None None] bind_host = 0.0.0.0 {{(pid=76794) log_opt_values /opt/stack/data/venv/lib/python3.12/site-packages/oslo_config/cfg.py:2995}}
Jun 02 17:15:28 devstack devstack@g-api.service[76794]: DEBUG glance.common.config [None req-93234c5d-5fe4-4db5-9a2f-67b7dd98a1b2 None None] bind_port = None {{(pid=76794) log_opt_values /opt/stack/data/venv/lib/python3.12/site-packages/oslo_config/cfg.py:2995}}
Jun 02 17:15:28 devstack devstack@g-api.service[76794]: DEBUG glance.common.config [None req-93234c5d-5fe4-4db5-9a2f-67b7dd98a1b2 None None] client_socket_timeout = 900 {{(pid=76794) log_opt_values /opt/stack/data/venv/lib/python3.12/site-packages/oslo_config/cfg.py:2995}}
Jun 02 17:15:28 devstack devstack@g-api.service[76794]: DEBUG glance.common.config [None req-93234c5d-5fe4-4db5-9a2f-67b7dd98a1b2 None None] config_dir = [] {{(pid=76794) log_opt_values /opt/stack/data/venv/lib/python3.12/site-packages/oslo_config/cfg.py:2995}}
Jun 02 17:15:28 devstack devstack@g-api.service[76794]: DEBUG glance.common.config [None req-93234c5d-5fe4-4db5-9a2f-67b7dd98a1b2 None None] config_file = ['/etc/glance/glance-image-import.conf', '/etc/glance/glance-api.conf'] {{(pid=76794) log_opt_values /opt/stack/data/venv/lib/python3.12/site-packages/oslo_config/cfg.py:2995}}
Jun 02 17:15:28 devstack devstack@g-api.service[76794]: DEBUG glance.common.config [None req-93234c5d-5fe4-4db5-9a2f-67b7dd98a1b2 None None] config_source = [] {{(pid=76794) log_opt_values /opt/stack/data/venv/lib/python3.12/site-packages/oslo_config/cfg.py:2995}}
Jun 02 17:15:28 devstack devstack@g-api.service[76794]: DEBUG glance.common.config [None req-93234c5d-5fe4-4db5-9a2f-67b7dd98a1b2 None None] control_exchange = glance {{(pid=76794) log_opt_values /opt/stack/data/venv/lib/python3.12/site-packages/oslo_config/cfg.py:2995}}
Jun 02 17:15:28 devstack devstack@g-api.service[76794]: DEBUG glance.common.config [None req-93234c5d-5fe4-4db5-9a2f-67b7dd98a1b2 None None] debug = True {{(pid=76794) log_opt_values /opt/stack/data/venv/lib/python3.12/site-packages/oslo_config/cfg.py:2995}}
Jun 02 17:15:28 devstack devstack@g-api.service[76794]: DEBUG glance.common.config [None req-93234c5d-5fe4-4db5-9a2f-67b7dd98a1b2 None None] default_log_levels = ['amqp=WARN', 'boto=WARN', 'sqlalchemy=WARN', 'suds=INFO', 'oslo.messaging=INFO', 'oslo_messaging=INFO', 'iso8601=WARN', 'requests.packages.urllib3.connectionpool=WARN', 'urllib3.connectionpool=WARN', 'websocket=WARN', 'requests.packages.urllib3.util.retry=WARN', 'urllib3.util.retry=WARN', 'keystonemiddleware=WARN', 'routes.middleware=WARN', 'stevedore=WARN', 'taskflow=WARN', 'keystoneauth=WARN', 'oslo.cache=INFO', 'oslo_policy=INFO', 'dogpile.core.dogpile=INFO'] {{(pid=76794) log_opt_values /opt/stack/data/venv/lib/python3.12/site-packages/oslo_config/cfg.py:2995}}
Jun 02 17:15:28 devstack devstack@g-api.service[76794]: DEBUG glance.common.config [None req-93234c5d-5fe4-4db5-9a2f-67b7dd98a1b2 None None] default_publisher_id = image.localhost {{(pid=76794) log_opt_values /opt/stack/data/venv/lib/python3.12/site-packages/oslo_config/cfg.py:2995}}
Jun 02 17:15:28 devstack devstack@g-api.service[76794]: DEBUG glance.common.config [None req-93234c5d-5fe4-4db5-9a2f-67b7dd98a1b2 None None] delayed_delete = False {{(pid=76794) log_opt_values /opt/stack/data/venv/lib/python3.12/site-packages/oslo_config/cfg.py:2995}}
Jun 02 17:15:28 devstack devstack@g-api.service[76794]: DEBUG glance.common.config [None req-93234c5d-5fe4-4db5-9a2f-67b7dd98a1b2 None None] digest_algorithm = sha256 {{(pid=76794) log_opt_values /opt/stack/data/venv/lib/python3.12/site-packages/oslo_config/cfg.py:2995}}
Jun 02 17:15:28 devstack devstack@g-api.service[76794]: DEBUG glance.common.config [None req-93234c5d-5fe4-4db5-9a2f-67b7dd98a1b2 None None] disabled_notifications = [] {{(pid=76794) log_opt_values /opt/stack/data/venv/lib/python3.12/site-packages/oslo_config/cfg.py:2995}}
Jun 02 17:15:28 devstack devstack@g-api.service[76794]: DEBUG glance.common.config [None req-93234c5d-5fe4-4db5-9a2f-67b7dd98a1b2 None None] do_secure_hash = True {{(pid=76794) log_opt_values /opt/stack/data/venv/lib/python3.12/site-packages/oslo_config/cfg.py:2995}}
Jun 02 17:15:28 devstack devstack@g-api.service[76794]: DEBUG glance.common.config [None req-93234c5d-5fe4-4db5-9a2f-67b7dd98a1b2 None None] enabled_backends = None {{(pid=76794) log_opt_values /opt/stack/data/venv/lib/python3.12/site-packages/oslo_config/cfg.py:2995}}
Jun 02 17:15:28 devstack devstack@g-api.service[76794]: DEBUG glance.common.config [None req-93234c5d-5fe4-4db5-9a2f-67b7dd98a1b2 None None] enabled_import_methods = ['glance-direct', 'web-download', 'copy-image'] {{(pid=76794) log_opt_values /opt/stack/data/venv/lib/python3.12/site-packages/oslo_config/cfg.py:2995}}
Jun 02 17:15:28 devstack devstack@g-api.service[76794]: DEBUG glance.common.config [None req-93234c5d-5fe4-4db5-9a2f-67b7dd98a1b2 None None] hashing_algorithm = sha512 {{(pid=76794) log_opt_values /opt/stack/data/venv/lib/python3.12/site-packages/oslo_config/cfg.py:2995}}
Jun 02 17:15:28 devstack devstack@g-api.service[76794]: DEBUG glance.common.config [None req-93234c5d-5fe4-4db5-9a2f-67b7dd98a1b2 None None] http_keepalive = True {{(pid=76794) log_opt_values /opt/stack/data/venv/lib/python3.12/site-packages/oslo_config/cfg.py:2995}}
Jun 02 17:15:28 devstack devstack@g-api.service[76794]: DEBUG glance.common.config [None req-93234c5d-5fe4-4db5-9a2f-67b7dd98a1b2 None None] http_retries = 3 {{(pid=76794) log_opt_values /opt/stack/data/venv/lib/python3.12/site-packages/oslo_config/cfg.py:2995}}
Jun 02 17:15:28 devstack devstack@g-api.service[76794]: DEBUG glance.common.config [None req-93234c5d-5fe4-4db5-9a2f-67b7dd98a1b2 None None] image_cache_dir = /opt/stack/data/glance/cache/ {{(pid=76794) log_opt_values /opt/stack/data/venv/lib/python3.12/site-packages/oslo_config/cfg.py:2995}}
Jun 02 17:15:28 devstack devstack@g-api.service[76794]: DEBUG glance.common.config [None req-93234c5d-5fe4-4db5-9a2f-67b7dd98a1b2 None None] image_cache_driver = centralized_db {{(pid=76794) log_opt_values /opt/stack/data/venv/lib/python3.12/site-packages/oslo_config/cfg.py:2995}}
Jun 02 17:15:28 devstack devstack@g-api.service[76794]: DEBUG glance.common.config [None req-93234c5d-5fe4-4db5-9a2f-67b7dd98a1b2 None None] image_cache_max_size = 10737418240 {{(pid=76794) log_opt_values /opt/stack/data/venv/lib/python3.12/site-packages/oslo_config/cfg.py:2995}}
Jun 02 17:15:28 devstack devstack@g-api.service[76794]: DEBUG glance.common.config [None req-93234c5d-5fe4-4db5-9a2f-67b7dd98a1b2 None None] image_cache_sqlite_db = cache.db {{(pid=76794) log_opt_values /opt/stack/data/venv/lib/python3.12/site-packages/oslo_config/cfg.py:2995}}
Jun 02 17:15:28 devstack devstack@g-api.service[76794]: DEBUG glance.common.config [None req-93234c5d-5fe4-4db5-9a2f-67b7dd98a1b2 None None] image_cache_stall_time = 86400 {{(pid=76794) log_opt_values /opt/stack/data/venv/lib/python3.12/site-packages/oslo_config/cfg.py:2995}}
Jun 02 17:15:28 devstack devstack@g-api.service[76794]: DEBUG glance.common.config [None req-93234c5d-5fe4-4db5-9a2f-67b7dd98a1b2 None None] image_location_quota = 10 {{(pid=76794) log_opt_values /opt/stack/data/venv/lib/python3.12/site-packages/oslo_config/cfg.py:2995}}
Jun 02 17:15:28 devstack devstack@g-api.service[76794]: DEBUG glance.common.config [None req-93234c5d-5fe4-4db5-9a2f-67b7dd98a1b2 None None] image_member_quota = 128 {{(pid=76794) log_opt_values /opt/stack/data/venv/lib/python3.12/site-packages/oslo_config/cfg.py:2995}}
Jun 02 17:15:28 devstack devstack@g-api.service[76794]: DEBUG glance.common.config [None req-93234c5d-5fe4-4db5-9a2f-67b7dd98a1b2 None None] image_property_quota = 128 {{(pid=76794) log_opt_values /opt/stack/data/venv/lib/python3.12/site-packages/oslo_config/cfg.py:2995}}
Jun 02 17:15:28 devstack devstack@g-api.service[76794]: DEBUG glance.common.config [None req-93234c5d-5fe4-4db5-9a2f-67b7dd98a1b2 None None] image_size_cap = 1099511627776 {{(pid=76794) log_opt_values /opt/stack/data/venv/lib/python3.12/site-packages/oslo_config/cfg.py:2995}}
Jun 02 17:15:28 devstack devstack@g-api.service[76794]: DEBUG glance.common.config [None req-93234c5d-5fe4-4db5-9a2f-67b7dd98a1b2 None None] image_tag_quota = 128 {{(pid=76794) log_opt_values /opt/stack/data/venv/lib/python3.12/site-packages/oslo_config/cfg.py:2995}}
Jun 02 17:15:28 devstack devstack@g-api.service[76794]: DEBUG glance.common.config [None req-93234c5d-5fe4-4db5-9a2f-67b7dd98a1b2 None None] instance_format = [instance: %(uuid)s] {{(pid=76794) log_opt_values /opt/stack/data/venv/lib/python3.12/site-packages/oslo_config/cfg.py:2995}}
Jun 02 17:15:28 devstack devstack@g-api.service[76794]: DEBUG glance.common.config [None req-93234c5d-5fe4-4db5-9a2f-67b7dd98a1b2 None None] instance_uuid_format = [instance: %(uuid)s] {{(pid=76794) log_opt_values /opt/stack/data/venv/lib/python3.12/site-packages/oslo_config/cfg.py:2995}}
Jun 02 17:15:28 devstack devstack@g-api.service[76794]: DEBUG glance.common.config [None req-93234c5d-5fe4-4db5-9a2f-67b7dd98a1b2 None None] limit_param_default = 25 {{(pid=76794) log_opt_values /opt/stack/data/venv/lib/python3.12/site-packages/oslo_config/cfg.py:2995}}
Jun 02 17:15:28 devstack devstack@g-api.service[76794]: DEBUG glance.common.config [None req-93234c5d-5fe4-4db5-9a2f-67b7dd98a1b2 None None] log_color = False {{(pid=76794) log_opt_values /opt/stack/data/venv/lib/python3.12/site-packages/oslo_config/cfg.py:2995}}
Jun 02 17:15:28 devstack devstack@g-api.service[76794]: DEBUG glance.common.config [None req-93234c5d-5fe4-4db5-9a2f-67b7dd98a1b2 None None] log_config_append = None {{(pid=76794) log_opt_values /opt/stack/data/venv/lib/python3.12/site-packages/oslo_config/cfg.py:2995}}
Jun 02 17:15:28 devstack devstack@g-api.service[76794]: DEBUG glance.common.config [None req-93234c5d-5fe4-4db5-9a2f-67b7dd98a1b2 None None] log_date_format = %Y-%m-%d %H:%M:%S {{(pid=76794) log_opt_values /opt/stack/data/venv/lib/python3.12/site-packages/oslo_config/cfg.py:2995}}
Jun 02 17:15:28 devstack devstack@g-api.service[76794]: DEBUG glance.common.config [None req-93234c5d-5fe4-4db5-9a2f-67b7dd98a1b2 None None] log_dir = None {{(pid=76794) log_opt_values /opt/stack/data/venv/lib/python3.12/site-packages/oslo_config/cfg.py:2995}}
Jun 02 17:15:28 devstack devstack@g-api.service[76794]: DEBUG glance.common.config [None req-93234c5d-5fe4-4db5-9a2f-67b7dd98a1b2 None None] log_file = None {{(pid=76794) log_opt_values /opt/stack/data/venv/lib/python3.12/site-packages/oslo_config/cfg.py:2995}}
Jun 02 17:15:28 devstack devstack@g-api.service[76794]: DEBUG glance.common.config [None req-93234c5d-5fe4-4db5-9a2f-67b7dd98a1b2 None None] log_rotate_interval = 1 {{(pid=76794) log_opt_values /opt/stack/data/venv/lib/python3.12/site-packages/oslo_config/cfg.py:2995}}
Jun 02 17:15:28 devstack devstack@g-api.service[76794]: DEBUG glance.common.config [None req-93234c5d-5fe4-4db5-9a2f-67b7dd98a1b2 None None] log_rotate_interval_type = days {{(pid=76794) log_opt_values /opt/stack/data/venv/lib/python3.12/site-packages/oslo_config/cfg.py:2995}}
Jun 02 17:15:28 devstack devstack@g-api.service[76794]: DEBUG glance.common.config [None req-93234c5d-5fe4-4db5-9a2f-67b7dd98a1b2 None None] log_rotation_type = none {{(pid=76794) log_opt_values /opt/stack/data/venv/lib/python3.12/site-packages/oslo_config/cfg.py:2995}}
Jun 02 17:15:28 devstack devstack@g-api.service[76794]: DEBUG glance.common.config [None req-93234c5d-5fe4-4db5-9a2f-67b7dd98a1b2 None None] logging_context_format_string = %(color)s%(levelname)s %(name)s [%(global_request_id)s %(request_id)s %(project_name)s %(user_name)s%(color)s] %(instance)s%(color)s%(message)s {{(pid=76794) log_opt_values /opt/stack/data/venv/lib/python3.12/site-packages/oslo_config/cfg.py:2995}}
Jun 02 17:15:28 devstack devstack@g-api.service[76794]: DEBUG glance.common.config [None req-93234c5d-5fe4-4db5-9a2f-67b7dd98a1b2 None None] logging_debug_format_suffix = {{(pid=%(process)d) %(funcName)s %(pathname)s:%(lineno)d}} {{(pid=76794) log_opt_values /opt/stack/data/venv/lib/python3.12/site-packages/oslo_config/cfg.py:2995}}
Jun 02 17:15:28 devstack devstack@g-api.service[76794]: DEBUG glance.common.config [None req-93234c5d-5fe4-4db5-9a2f-67b7dd98a1b2 None None] logging_default_format_string = %(color)s%(levelname)s %(name)s [-%(color)s] %(instance)s%(color)s%(message)s {{(pid=76794) log_opt_values /opt/stack/data/venv/lib/python3.12/site-packages/oslo_config/cfg.py:2995}}
Jun 02 17:15:28 devstack devstack@g-api.service[76794]: DEBUG glance.common.config [None req-93234c5d-5fe4-4db5-9a2f-67b7dd98a1b2 None None] logging_exception_prefix = ERROR %(name)s %(instance)s {{(pid=76794) log_opt_values /opt/stack/data/venv/lib/python3.12/site-packages/oslo_config/cfg.py:2995}}
Jun 02 17:15:28 devstack devstack@g-api.service[76794]: DEBUG glance.common.config [None req-93234c5d-5fe4-4db5-9a2f-67b7dd98a1b2 None None] logging_user_identity_format = %(user)s %(project)s %(domain)s %(system_scope)s %(user_domain)s %(project_domain)s {{(pid=76794) log_opt_values /opt/stack/data/venv/lib/python3.12/site-packages/oslo_config/cfg.py:2995}}
Jun 02 17:15:28 devstack devstack@g-api.service[76794]: DEBUG glance.common.config [None req-93234c5d-5fe4-4db5-9a2f-67b7dd98a1b2 None None] max_header_line = 16384 {{(pid=76794) log_opt_values /opt/stack/data/venv/lib/python3.12/site-packages/oslo_config/cfg.py:2995}}
Jun 02 17:15:28 devstack devstack@g-api.service[76794]: DEBUG glance.common.config [None req-93234c5d-5fe4-4db5-9a2f-67b7dd98a1b2 None None] max_logfile_count = 30 {{(pid=76794) log_opt_values /opt/stack/data/venv/lib/python3.12/site-packages/oslo_config/cfg.py:2995}}
Jun 02 17:15:28 devstack devstack@g-api.service[76794]: DEBUG glance.common.config [None req-93234c5d-5fe4-4db5-9a2f-67b7dd98a1b2 None None] max_logfile_size_mb = 200 {{(pid=76794) log_opt_values /opt/stack/data/venv/lib/python3.12/site-packages/oslo_config/cfg.py:2995}}
Jun 02 17:15:28 devstack devstack@g-api.service[76794]: DEBUG glance.common.config [None req-93234c5d-5fe4-4db5-9a2f-67b7dd98a1b2 None None] max_request_id_length = 64 {{(pid=76794) log_opt_values /opt/stack/data/venv/lib/python3.12/site-packages/oslo_config/cfg.py:2995}}
Jun 02 17:15:28 devstack devstack@g-api.service[76794]: DEBUG glance.common.config [None req-93234c5d-5fe4-4db5-9a2f-67b7dd98a1b2 None None] metadata_encryption_key = **** {{(pid=76794) log_opt_values /opt/stack/data/venv/lib/python3.12/site-packages/oslo_config/cfg.py:2995}}
Jun 02 17:15:28 devstack devstack@g-api.service[76794]: DEBUG glance.common.config [None req-93234c5d-5fe4-4db5-9a2f-67b7dd98a1b2 None None] node_staging_uri = file:///tmp/staging/ {{(pid=76794) log_opt_values /opt/stack/data/venv/lib/python3.12/site-packages/oslo_config/cfg.py:2995}}
Jun 02 17:15:28 devstack devstack@g-api.service[76794]: DEBUG glance.common.config [None req-93234c5d-5fe4-4db5-9a2f-67b7dd98a1b2 None None] property_protection_file = None {{(pid=76794) log_opt_values /opt/stack/data/venv/lib/python3.12/site-packages/oslo_config/cfg.py:2995}}
Jun 02 17:15:28 devstack devstack@g-api.service[76794]: DEBUG glance.common.config [None req-93234c5d-5fe4-4db5-9a2f-67b7dd98a1b2 None None] property_protection_rule_format = roles {{(pid=76794) log_opt_values /opt/stack/data/venv/lib/python3.12/site-packages/oslo_config/cfg.py:2995}}
Jun 02 17:15:28 devstack devstack@g-api.service[76794]: DEBUG glance.common.config [None req-93234c5d-5fe4-4db5-9a2f-67b7dd98a1b2 None None] public_endpoint = http://192.168.122.85/image {{(pid=76794) log_opt_values /opt/stack/data/venv/lib/python3.12/site-packages/oslo_config/cfg.py:2995}}
Jun 02 17:15:28 devstack devstack@g-api.service[76794]: DEBUG glance.common.config [None req-93234c5d-5fe4-4db5-9a2f-67b7dd98a1b2 None None] publish_errors = False {{(pid=76794) log_opt_values /opt/stack/data/venv/lib/python3.12/site-packages/oslo_config/cfg.py:2995}}
Jun 02 17:15:28 devstack devstack@g-api.service[76794]: DEBUG glance.common.config [None req-93234c5d-5fe4-4db5-9a2f-67b7dd98a1b2 None None] pydev_worker_debug_host = None {{(pid=76794) log_opt_values /opt/stack/data/venv/lib/python3.12/site-packages/oslo_config/cfg.py:2995}}
Jun 02 17:15:28 devstack devstack@g-api.service[76794]: DEBUG glance.common.config [None req-93234c5d-5fe4-4db5-9a2f-67b7dd98a1b2 None None] pydev_worker_debug_port = 5678 {{(pid=76794) log_opt_values /opt/stack/data/venv/lib/python3.12/site-packages/oslo_config/cfg.py:2995}}
Jun 02 17:15:28 devstack devstack@g-api.service[76794]: DEBUG glance.common.config [None req-93234c5d-5fe4-4db5-9a2f-67b7dd98a1b2 None None] rate_limit_burst = 0 {{(pid=76794) log_opt_values /opt/stack/data/venv/lib/python3.12/site-packages/oslo_config/cfg.py:2995}}
Jun 02 17:15:28 devstack devstack@g-api.service[76794]: DEBUG glance.common.config [None req-93234c5d-5fe4-4db5-9a2f-67b7dd98a1b2 None None] rate_limit_except_level = CRITICAL {{(pid=76794) log_opt_values /opt/stack/data/venv/lib/python3.12/site-packages/oslo_config/cfg.py:2995}}
Jun 02 17:15:28 devstack devstack@g-api.service[76794]: DEBUG glance.common.config [None req-93234c5d-5fe4-4db5-9a2f-67b7dd98a1b2 None None] rate_limit_interval = 0 {{(pid=76794) log_opt_values /opt/stack/data/venv/lib/python3.12/site-packages/oslo_config/cfg.py:2995}}
Jun 02 17:15:28 devstack devstack@g-api.service[76794]: DEBUG glance.common.config [None req-93234c5d-5fe4-4db5-9a2f-67b7dd98a1b2 None None] scrub_pool_size = 1 {{(pid=76794) log_opt_values /opt/stack/data/venv/lib/python3.12/site-packages/oslo_config/cfg.py:2995}}
Jun 02 17:15:28 devstack devstack@g-api.service[76794]: DEBUG glance.common.config [None req-93234c5d-5fe4-4db5-9a2f-67b7dd98a1b2 None None] scrub_time = 0 {{(pid=76794) log_opt_values /opt/stack/data/venv/lib/python3.12/site-packages/oslo_config/cfg.py:2995}}
Jun 02 17:15:28 devstack devstack@g-api.service[76794]: DEBUG glance.common.config [None req-93234c5d-5fe4-4db5-9a2f-67b7dd98a1b2 None None] shell_completion = None {{(pid=76794) log_opt_values /opt/stack/data/venv/lib/python3.12/site-packages/oslo_config/cfg.py:2995}}
Jun 02 17:15:28 devstack devstack@g-api.service[76794]: DEBUG glance.common.config [None req-93234c5d-5fe4-4db5-9a2f-67b7dd98a1b2 None None] show_image_direct_url = False {{(pid=76794) log_opt_values /opt/stack/data/venv/lib/python3.12/site-packages/oslo_config/cfg.py:2995}}
Jun 02 17:15:28 devstack devstack@g-api.service[76793]: INFO glance.api.middleware.cache [None req-d9825ed1-67ee-4d27-97be-f327e57c89d6 None None] Initialized image cache middleware
Jun 02 17:15:28 devstack devstack@g-api.service[76794]: WARNING oslo_config.cfg [None req-93234c5d-5fe4-4db5-9a2f-67b7dd98a1b2 None None] Deprecated: Option "show_multiple_locations" from group "DEFAULT" is deprecated for removal (Use of this option, deprecated since Newton, is a security risk and will be removed once we figure out a way to satisfy those use cases that currently require it. An earlier announcement that the same functionality can be achieved with greater granularity by using policies is incorrect. You cannot work around this option via policy configuration at the present time, though that is the direction we believe the fix will take. Please keep an eye on the Glance release notes to stay up to date on progress in addressing this issue.). Its value may be silently ignored in the future.
Jun 02 17:15:28 devstack devstack@g-api.service[76794]: DEBUG glance.common.config [None req-93234c5d-5fe4-4db5-9a2f-67b7dd98a1b2 None None] show_multiple_locations = False {{(pid=76794) log_opt_values /opt/stack/data/venv/lib/python3.12/site-packages/oslo_config/cfg.py:2995}}
Jun 02 17:15:28 devstack devstack@g-api.service[76794]: DEBUG glance.common.config [None req-93234c5d-5fe4-4db5-9a2f-67b7dd98a1b2 None None] syslog_log_facility = LOG_USER {{(pid=76794) log_opt_values /opt/stack/data/venv/lib/python3.12/site-packages/oslo_config/cfg.py:2995}}
