Feb 05 04:06:27 devstack sudo[89817]: pam_unix(sudo:session): session closed for user root
Feb 05 04:06:27 devstack cinder-volume[83069]: DEBUG oslo_concurrency.processutils [None req-e9dd62e0-4f1a-427c-a377-05d7dd2165e3 tempest-GroupSnapshotsTest-733652907 None] CMD "sudo cinder-rootwrap /etc/cinder/rootwrap.conf truncate -s0 /opt/stack/data/cinder/mnt/533fe26121931f8d6307ff0df5deea10/volume-150b5616-cfa2-4fe8-8339-339c85aecb01.info" returned: 0 in 0.516s {{(pid=83069) execute /opt/stack/data/venv/lib/python3.10/site-packages/oslo_concurrency/processutils.py:396}}
Feb 05 04:06:27 devstack cinder-volume[83069]: WARNING cinder.volume.drivers.remotefs [None req-e9dd62e0-4f1a-427c-a377-05d7dd2165e3 tempest-GroupSnapshotsTest-733652907 None] /opt/stack/data/cinder/mnt/533fe26121931f8d6307ff0df5deea10/volume-150b5616-cfa2-4fe8-8339-339c85aecb01.info is being set with open permissions: ugo+rw: NotImplementedError
Feb 05 04:06:27 devstack cinder-volume[83069]: DEBUG oslo_concurrency.processutils [None req-e9dd62e0-4f1a-427c-a377-05d7dd2165e3 tempest-GroupSnapshotsTest-733652907 None] Running cmd (subprocess): sudo cinder-rootwrap /etc/cinder/rootwrap.conf chmod ugo+rw /opt/stack/data/cinder/mnt/533fe26121931f8d6307ff0df5deea10/volume-150b5616-cfa2-4fe8-8339-339c85aecb01.info {{(pid=83069) execute /opt/stack/data/venv/lib/python3.10/site-packages/oslo_concurrency/processutils.py:368}}
Feb 05 04:06:27 devstack cinder-volume[83069]: DEBUG oslo_concurrency.lockutils [req-1f185255-ce80-4cfb-ad5f-c28d636548e3 req-c6fd8786-0022-4be1-b751-1ce599ca6d0d tempest-ServerRescueNegativeTestJSON-1895401419 None] Acquiring lock "quobyte" by "cinder.volume.drivers.quobyte.QuobyteDriver.initialize_connection" {{(pid=83069) inner /opt/stack/data/venv/lib/python3.10/site-packages/oslo_concurrency/lockutils.py:506}}
Feb 05 04:06:27 devstack sudo[89828]: quobyte : PWD=/ ; USER=root ; COMMAND=/opt/stack/data/venv/bin/cinder-rootwrap /etc/cinder/rootwrap.conf chmod ugo+rw /opt/stack/data/cinder/mnt/533fe26121931f8d6307ff0df5deea10/volume-150b5616-cfa2-4fe8-8339-339c85aecb01.info
Feb 05 04:06:27 devstack sudo[89828]: pam_unix(sudo:session): session opened for user root(uid=0) by (uid=1000)
Feb 05 04:06:27 devstack sudo[89828]: pam_unix(sudo:session): session closed for user root
Feb 05 04:06:27 devstack cinder-volume[83069]: DEBUG oslo_concurrency.processutils [None req-e9dd62e0-4f1a-427c-a377-05d7dd2165e3 tempest-GroupSnapshotsTest-733652907 None] CMD "sudo cinder-rootwrap /etc/cinder/rootwrap.conf chmod ugo+rw /opt/stack/data/cinder/mnt/533fe26121931f8d6307ff0df5deea10/volume-150b5616-cfa2-4fe8-8339-339c85aecb01.info" returned: 0 in 0.505s {{(pid=83069) execute /opt/stack/data/venv/lib/python3.10/site-packages/oslo_concurrency/processutils.py:396}}
Feb 05 04:06:27 devstack cinder-volume[83069]: DEBUG oslo_concurrency.lockutils [None req-e9dd62e0-4f1a-427c-a377-05d7dd2165e3 tempest-GroupSnapshotsTest-733652907 None] Lock "quobyte" "released" by "cinder.volume.drivers.quobyte.QuobyteDriver.create_snapshot" :: held 3.738s {{(pid=83069) inner /opt/stack/data/venv/lib/python3.10/site-packages/oslo_concurrency/lockutils.py:538}}
Feb 05 04:06:27 devstack cinder-volume[83069]: DEBUG oslo_concurrency.lockutils [None req-e9dd62e0-4f1a-427c-a377-05d7dd2165e3 tempest-GroupSnapshotsTest-733652907 None] Acquiring lock "quobyte" by "cinder.volume.drivers.quobyte.QuobyteDriver.create_snapshot" {{(pid=83069) inner /opt/stack/data/venv/lib/python3.10/site-packages/oslo_concurrency/lockutils.py:506}}
Feb 05 04:06:27 devstack cinder-volume[83069]: DEBUG oslo_concurrency.lockutils [None req-e9dd62e0-4f1a-427c-a377-05d7dd2165e3 tempest-GroupSnapshotsTest-733652907 None] Lock "quobyte" acquired by "cinder.volume.drivers.quobyte.QuobyteDriver.create_snapshot" :: waited 0.000s {{(pid=83069) inner /opt/stack/data/venv/lib/python3.10/site-packages/oslo_concurrency/lockutils.py:519}}
Feb 05 04:06:27 devstack cinder-volume[83069]: DEBUG cinder.volume.drivers.remotefs [None req-e9dd62e0-4f1a-427c-a377-05d7dd2165e3 tempest-GroupSnapshotsTest-733652907 None] Creating offline snapshot 72f6c99d-d8f6-4e97-82a0-a6d277f443f4 of volume 760e27d1-26e8-4122-b803-ddc931ad8d73 {{(pid=83069) _create_snapshot /opt/stack/cinder/cinder/volume/drivers/remotefs.py:1817}}
Feb 05 04:06:27 devstack cinder-volume[83069]: DEBUG oslo.privsep.daemon [-] privsep: reply[6f191733-6e59-4c2c-bdfb-ce095c6949c7]: (4, 'qcow2') {{(pid=83792) _call_back /opt/stack/data/venv/lib/python3.10/site-packages/oslo_privsep/daemon.py:515}}
Feb 05 04:06:28 devstack cinder-volume[83069]: DEBUG oslo_concurrency.processutils [None req-e9dd62e0-4f1a-427c-a377-05d7dd2165e3 tempest-GroupSnapshotsTest-733652907 None] Running cmd (subprocess): /opt/stack/data/venv/bin/python3.10 -m oslo_concurrency.prlimit --as=1073741824 --cpu=60 -- sudo cinder-rootwrap /etc/cinder/rootwrap.conf env LC_ALL=C qemu-img info -f qcow2 --output=json --force-share /opt/stack/data/cinder/mnt/533fe26121931f8d6307ff0df5deea10/volume-760e27d1-26e8-4122-b803-ddc931ad8d73 {{(pid=83069) execute /opt/stack/data/venv/lib/python3.10/site-packages/oslo_concurrency/processutils.py:368}}
Feb 05 04:06:28 devstack sudo[89831]: quobyte : PWD=/ ; USER=root ; COMMAND=/opt/stack/data/venv/bin/cinder-rootwrap /etc/cinder/rootwrap.conf env LC_ALL=C qemu-img info -f qcow2 --output=json --force-share /opt/stack/data/cinder/mnt/533fe26121931f8d6307ff0df5deea10/volume-760e27d1-26e8-4122-b803-ddc931ad8d73
Feb 05 04:06:28 devstack sudo[89831]: pam_unix(sudo:session): session opened for user root(uid=0) by (uid=1000)
Feb 05 04:06:28 devstack sudo[89831]: pam_unix(sudo:session): session closed for user root
Feb 05 04:06:28 devstack cinder-volume[83069]: DEBUG oslo_concurrency.processutils [None req-e9dd62e0-4f1a-427c-a377-05d7dd2165e3 tempest-GroupSnapshotsTest-733652907 None] CMD "/opt/stack/data/venv/bin/python3.10 -m oslo_concurrency.prlimit --as=1073741824 --cpu=60 -- sudo cinder-rootwrap /etc/cinder/rootwrap.conf env LC_ALL=C qemu-img info -f qcow2 --output=json --force-share /opt/stack/data/cinder/mnt/533fe26121931f8d6307ff0df5deea10/volume-760e27d1-26e8-4122-b803-ddc931ad8d73" returned: 0 in 0.578s {{(pid=83069) execute /opt/stack/data/venv/lib/python3.10/site-packages/oslo_concurrency/processutils.py:396}}
Feb 05 04:06:28 devstack cinder-volume[83069]: DEBUG oslo_concurrency.processutils [None req-e9dd62e0-4f1a-427c-a377-05d7dd2165e3 tempest-GroupSnapshotsTest-733652907 None] Running cmd (subprocess): sudo cinder-rootwrap /etc/cinder/rootwrap.conf qemu-img create -f qcow2 -o backing_file=/opt/stack/data/cinder/mnt/533fe26121931f8d6307ff0df5deea10/volume-760e27d1-26e8-4122-b803-ddc931ad8d73,backing_fmt=qcow2 /opt/stack/data/cinder/mnt/533fe26121931f8d6307ff0df5deea10/volume-760e27d1-26e8-4122-b803-ddc931ad8d73.72f6c99d-d8f6-4e97-82a0-a6d277f443f4 1G {{(pid=83069) execute /opt/stack/data/venv/lib/python3.10/site-packages/oslo_concurrency/processutils.py:368}}
Feb 05 04:06:28 devstack sudo[89836]: quobyte : PWD=/ ; USER=root ; COMMAND=/opt/stack/data/venv/bin/cinder-rootwrap /etc/cinder/rootwrap.conf qemu-img create -f qcow2 -o backing_file=/opt/stack/data/cinder/mnt/533fe26121931f8d6307ff0df5deea10/volume-760e27d1-26e8-4122-b803-ddc931ad8d73,backing_fmt=qcow2 /opt/stack/data/cinder/mnt/533fe26121931f8d6307ff0df5deea10/volume-760e27d1-26e8-4122-b803-ddc931ad8d73.72f6c99d-d8f6-4e97-82a0-a6d277f443f4 1G
Feb 05 04:06:28 devstack sudo[89836]: pam_unix(sudo:session): session opened for user root(uid=0) by (uid=1000)
Feb 05 04:06:29 devstack sudo[89836]: pam_unix(sudo:session): session closed for user root
Feb 05 04:06:29 devstack cinder-volume[83069]: DEBUG oslo_concurrency.processutils [None req-e9dd62e0-4f1a-427c-a377-05d7dd2165e3 tempest-GroupSnapshotsTest-733652907 None] CMD "sudo cinder-rootwrap /etc/cinder/rootwrap.conf qemu-img create -f qcow2 -o backing_file=/opt/stack/data/cinder/mnt/533fe26121931f8d6307ff0df5deea10/volume-760e27d1-26e8-4122-b803-ddc931ad8d73,backing_fmt=qcow2 /opt/stack/data/cinder/mnt/533fe26121931f8d6307ff0df5deea10/volume-760e27d1-26e8-4122-b803-ddc931ad8d73.72f6c99d-d8f6-4e97-82a0-a6d277f443f4 1G" returned: 0 in 0.613s {{(pid=83069) execute /opt/stack/data/venv/lib/python3.10/site-packages/oslo_concurrency/processutils.py:396}}
Feb 05 04:06:29 devstack cinder-volume[83069]: DEBUG oslo_concurrency.processutils [None req-e9dd62e0-4f1a-427c-a377-05d7dd2165e3 tempest-GroupSnapshotsTest-733652907 None] Running cmd (subprocess): sudo cinder-rootwrap /etc/cinder/rootwrap.conf qemu-img rebase -u -b volume-760e27d1-26e8-4122-b803-ddc931ad8d73 -F qcow2 /opt/stack/data/cinder/mnt/533fe26121931f8d6307ff0df5deea10/volume-760e27d1-26e8-4122-b803-ddc931ad8d73.72f6c99d-d8f6-4e97-82a0-a6d277f443f4 {{(pid=83069) execute /opt/stack/data/venv/lib/python3.10/site-packages/oslo_concurrency/processutils.py:368}}
Feb 05 04:06:29 devstack sudo[89843]: quobyte : PWD=/ ; USER=root ; COMMAND=/opt/stack/data/venv/bin/cinder-rootwrap /etc/cinder/rootwrap.conf qemu-img rebase -u -b volume-760e27d1-26e8-4122-b803-ddc931ad8d73 -F qcow2 /opt/stack/data/cinder/mnt/533fe26121931f8d6307ff0df5deea10/volume-760e27d1-26e8-4122-b803-ddc931ad8d73.72f6c99d-d8f6-4e97-82a0-a6d277f443f4
Feb 05 04:06:29 devstack sudo[89843]: pam_unix(sudo:session): session opened for user root(uid=0) by (uid=1000)
Feb 05 04:06:29 devstack sudo[89843]: pam_unix(sudo:session): session closed for user root
Feb 05 04:06:29 devstack cinder-volume[83069]: DEBUG oslo_concurrency.processutils [None req-e9dd62e0-4f1a-427c-a377-05d7dd2165e3 tempest-GroupSnapshotsTest-733652907 None] CMD "sudo cinder-rootwrap /etc/cinder/rootwrap.conf qemu-img rebase -u -b volume-760e27d1-26e8-4122-b803-ddc931ad8d73 -F qcow2 /opt/stack/data/cinder/mnt/533fe26121931f8d6307ff0df5deea10/volume-760e27d1-26e8-4122-b803-ddc931ad8d73.72f6c99d-d8f6-4e97-82a0-a6d277f443f4" returned: 0 in 0.470s {{(pid=83069) execute /opt/stack/data/venv/lib/python3.10/site-packages/oslo_concurrency/processutils.py:396}}
Feb 05 04:06:29 devstack cinder-volume[83069]: WARNING cinder.volume.drivers.remotefs [None req-e9dd62e0-4f1a-427c-a377-05d7dd2165e3 tempest-GroupSnapshotsTest-733652907 None] /opt/stack/data/cinder/mnt/533fe26121931f8d6307ff0df5deea10/volume-760e27d1-26e8-4122-b803-ddc931ad8d73.72f6c99d-d8f6-4e97-82a0-a6d277f443f4 is being set with open permissions: ugo+rw: NotImplementedError
Feb 05 04:06:29 devstack cinder-volume[83069]: DEBUG oslo_concurrency.processutils [None req-e9dd62e0-4f1a-427c-a377-05d7dd2165e3 tempest-GroupSnapshotsTest-733652907 None] Running cmd (subprocess): sudo cinder-rootwrap /etc/cinder/rootwrap.conf chmod ugo+rw /opt/stack/data/cinder/mnt/533fe26121931f8d6307ff0df5deea10/volume-760e27d1-26e8-4122-b803-ddc931ad8d73.72f6c99d-d8f6-4e97-82a0-a6d277f443f4 {{(pid=83069) execute /opt/stack/data/venv/lib/python3.10/site-packages/oslo_concurrency/processutils.py:368}}
Feb 05 04:06:29 devstack sudo[89848]: quobyte : PWD=/ ; USER=root ; COMMAND=/opt/stack/data/venv/bin/cinder-rootwrap /etc/cinder/rootwrap.conf chmod ugo+rw /opt/stack/data/cinder/mnt/533fe26121931f8d6307ff0df5deea10/volume-760e27d1-26e8-4122-b803-ddc931ad8d73.72f6c99d-d8f6-4e97-82a0-a6d277f443f4
Feb 05 04:06:29 devstack sudo[89848]: pam_unix(sudo:session): session opened for user root(uid=0) by (uid=1000)
Feb 05 04:06:30 devstack sudo[89848]: pam_unix(sudo:session): session closed for user root
Feb 05 04:06:30 devstack cinder-volume[83069]: DEBUG oslo_concurrency.processutils [None req-e9dd62e0-4f1a-427c-a377-05d7dd2165e3 tempest-GroupSnapshotsTest-733652907 None] CMD "sudo cinder-rootwrap /etc/cinder/rootwrap.conf chmod ugo+rw /opt/stack/data/cinder/mnt/533fe26121931f8d6307ff0df5deea10/volume-760e27d1-26e8-4122-b803-ddc931ad8d73.72f6c99d-d8f6-4e97-82a0-a6d277f443f4" returned: 0 in 0.462s {{(pid=83069) execute /opt/stack/data/venv/lib/python3.10/site-packages/oslo_concurrency/processutils.py:396}}
Feb 05 04:06:30 devstack cinder-volume[83069]: DEBUG oslo_concurrency.processutils [None req-e9dd62e0-4f1a-427c-a377-05d7dd2165e3 tempest-GroupSnapshotsTest-733652907 None] Running cmd (subprocess): sudo cinder-rootwrap /etc/cinder/rootwrap.conf truncate -s0 /opt/stack/data/cinder/mnt/533fe26121931f8d6307ff0df5deea10/volume-760e27d1-26e8-4122-b803-ddc931ad8d73.info {{(pid=83069) execute /opt/stack/data/venv/lib/python3.10/site-packages/oslo_concurrency/processutils.py:368}}
Feb 05 04:06:30 devstack sudo[89851]: quobyte : PWD=/ ; USER=root ; COMMAND=/opt/stack/data/venv/bin/cinder-rootwrap /etc/cinder/rootwrap.conf truncate -s0 /opt/stack/data/cinder/mnt/533fe26121931f8d6307ff0df5deea10/volume-760e27d1-26e8-4122-b803-ddc931ad8d73.info
Feb 05 04:06:30 devstack sudo[89851]: pam_unix(sudo:session): session opened for user root(uid=0) by (uid=1000)
Feb 05 04:06:30 devstack sudo[89851]: pam_unix(sudo:session): session closed for user root
Feb 05 04:06:30 devstack cinder-volume[83069]: DEBUG oslo_concurrency.processutils [None req-e9dd62e0-4f1a-427c-a377-05d7dd2165e3 tempest-GroupSnapshotsTest-733652907 None] CMD "sudo cinder-rootwrap /etc/cinder/rootwrap.conf truncate -s0 /opt/stack/data/cinder/mnt/533fe26121931f8d6307ff0df5deea10/volume-760e27d1-26e8-4122-b803-ddc931ad8d73.info" returned: 0 in 0.438s {{(pid=83069) execute /opt/stack/data/venv/lib/python3.10/site-packages/oslo_concurrency/processutils.py:396}}
Feb 05 04:06:30 devstack cinder-volume[83069]: WARNING cinder.volume.drivers.remotefs [None req-e9dd62e0-4f1a-427c-a377-05d7dd2165e3 tempest-GroupSnapshotsTest-733652907 None] /opt/stack/data/cinder/mnt/533fe26121931f8d6307ff0df5deea10/volume-760e27d1-26e8-4122-b803-ddc931ad8d73.info is being set with open permissions: ugo+rw: NotImplementedError
Feb 05 04:06:30 devstack cinder-volume[83069]: DEBUG oslo_concurrency.processutils [None req-e9dd62e0-4f1a-427c-a377-05d7dd2165e3 tempest-GroupSnapshotsTest-733652907 None] Running cmd (subprocess): sudo cinder-rootwrap /etc/cinder/rootwrap.conf chmod ugo+rw /opt/stack/data/cinder/mnt/533fe26121931f8d6307ff0df5deea10/volume-760e27d1-26e8-4122-b803-ddc931ad8d73.info {{(pid=83069) execute /opt/stack/data/venv/lib/python3.10/site-packages/oslo_concurrency/processutils.py:368}}
Feb 05 04:06:30 devstack sudo[89854]: quobyte : PWD=/ ; USER=root ; COMMAND=/opt/stack/data/venv/bin/cinder-rootwrap /etc/cinder/rootwrap.conf chmod ugo+rw /opt/stack/data/cinder/mnt/533fe26121931f8d6307ff0df5deea10/volume-760e27d1-26e8-4122-b803-ddc931ad8d73.info
Feb 05 04:06:30 devstack sudo[89854]: pam_unix(sudo:session): session opened for user root(uid=0) by (uid=1000)
Feb 05 04:06:31 devstack sudo[89854]: pam_unix(sudo:session): session closed for user root
Feb 05 04:06:31 devstack cinder-volume[83069]: DEBUG oslo_concurrency.processutils [None req-e9dd62e0-4f1a-427c-a377-05d7dd2165e3 tempest-GroupSnapshotsTest-733652907 None] CMD "sudo cinder-rootwrap /etc/cinder/rootwrap.conf chmod ugo+rw /opt/stack/data/cinder/mnt/533fe26121931f8d6307ff0df5deea10/volume-760e27d1-26e8-4122-b803-ddc931ad8d73.info" returned: 0 in 0.467s {{(pid=83069) execute /opt/stack/data/venv/lib/python3.10/site-packages/oslo_concurrency/processutils.py:396}}
Feb 05 04:06:31 devstack cinder-volume[83069]: DEBUG oslo_concurrency.lockutils [None req-e9dd62e0-4f1a-427c-a377-05d7dd2165e3 tempest-GroupSnapshotsTest-733652907 None] Lock "quobyte" "released" by "cinder.volume.drivers.quobyte.QuobyteDriver.create_snapshot" :: held 3.097s {{(pid=83069) inner /opt/stack/data/venv/lib/python3.10/site-packages/oslo_concurrency/lockutils.py:538}}
Feb 05 04:06:31 devstack cinder-volume[83069]: DEBUG oslo_concurrency.lockutils [req-1f185255-ce80-4cfb-ad5f-c28d636548e3 req-c6fd8786-0022-4be1-b751-1ce599ca6d0d tempest-ServerRescueNegativeTestJSON-1895401419 None] Lock "quobyte" acquired by "cinder.volume.drivers.quobyte.QuobyteDriver.initialize_connection" :: waited 3.610s {{(pid=83069) inner /opt/stack/data/venv/lib/python3.10/site-packages/oslo_concurrency/lockutils.py:519}}
Feb 05 04:06:31 devstack cinder-volume[83069]: DEBUG oslo.privsep.daemon [-] privsep: reply[be8b51ff-a76c-4c77-9db6-36a3aa5cad34]: (4, 'qcow2') {{(pid=83792) _call_back /opt/stack/data/venv/lib/python3.10/site-packages/oslo_privsep/daemon.py:515}}
Feb 05 04:06:31 devstack cinder-volume[83069]: DEBUG oslo_concurrency.processutils [req-1f185255-ce80-4cfb-ad5f-c28d636548e3 req-c6fd8786-0022-4be1-b751-1ce599ca6d0d tempest-ServerRescueNegativeTestJSON-1895401419 None] Running cmd (subprocess): /opt/stack/data/venv/bin/python3.10 -m oslo_concurrency.prlimit --as=1073741824 --cpu=60 -- sudo cinder-rootwrap /etc/cinder/rootwrap.conf env LC_ALL=C qemu-img info -f qcow2 --output=json --force-share /opt/stack/data/cinder/mnt/533fe26121931f8d6307ff0df5deea10/volume-f2b6fd89-5a38-4b9a-8a0f-6ff0b1edc2dd {{(pid=83069) execute /opt/stack/data/venv/lib/python3.10/site-packages/oslo_concurrency/processutils.py:368}}
Feb 05 04:06:31 devstack cinder-volume[83069]: INFO cinder.volume.manager [None req-e9dd62e0-4f1a-427c-a377-05d7dd2165e3 tempest-GroupSnapshotsTest-733652907 None] group_snapshot bae94572-eeca-485d-a348-6eefcad8c34d: created successfully
Feb 05 04:06:31 devstack sudo[89857]: quobyte : PWD=/ ; USER=root ; COMMAND=/opt/stack/data/venv/bin/cinder-rootwrap /etc/cinder/rootwrap.conf env LC_ALL=C qemu-img info -f qcow2 --output=json --force-share /opt/stack/data/cinder/mnt/533fe26121931f8d6307ff0df5deea10/volume-f2b6fd89-5a38-4b9a-8a0f-6ff0b1edc2dd
Feb 05 04:06:31 devstack sudo[89857]: pam_unix(sudo:session): session opened for user root(uid=0) by (uid=1000)
Feb 05 04:06:31 devstack cinder-volume[83069]: INFO cinder.volume.manager [None req-e768d118-ba05-48a2-af89-96b331d9363b tempest-GroupSnapshotsTest-733652907 None] group_snapshot bae94572-eeca-485d-a348-6eefcad8c34d: deleting
Feb 05 04:06:31 devstack cinder-volume[83069]: WARNING cinder.volume.volume_utils [None req-e768d118-ba05-48a2-af89-96b331d9363b tempest-GroupSnapshotsTest-733652907 None] Volume driver (QuobyteDriver 1.1.14) is currently unsupported and may be removed in the next release of OpenStack. Use at your own risk.
Feb 05 04:06:31 devstack cinder-volume[83069]: DEBUG cinder.volume.manager [None req-e768d118-ba05-48a2-af89-96b331d9363b tempest-GroupSnapshotsTest-733652907 None] group_snapshot bae94572-eeca-485d-a348-6eefcad8c34d: deleting {{(pid=83069) delete_group_snapshot /opt/stack/cinder/cinder/volume/manager.py:4348}}
Feb 05 04:06:31 devstack cinder-volume[83069]: DEBUG cinder.coordination [None req-e768d118-ba05-48a2-af89-96b331d9363b tempest-GroupSnapshotsTest-733652907 None] Acquiring lock "cinder-quobyte-150b5616-cfa2-4fe8-8339-339c85aecb01" by "delete_snapshot" {{(pid=83069) __acquire /opt/stack/cinder/cinder/coordination.py:143}}
Feb 05 04:06:31 devstack cinder-volume[83069]: DEBUG cinder.coordination [None req-e768d118-ba05-48a2-af89-96b331d9363b tempest-GroupSnapshotsTest-733652907 None] Lock "cinder-quobyte-150b5616-cfa2-4fe8-8339-339c85aecb01" acquired by "delete_snapshot" :: waited 0.008s {{(pid=83069) __acquire /opt/stack/cinder/cinder/coordination.py:146}}
Feb 05 04:06:31 devstack cinder-volume[83069]: DEBUG cinder.coordination [None req-e768d118-ba05-48a2-af89-96b331d9363b tempest-GroupSnapshotsTest-733652907 None] Acquiring lock "cinder-quobyte-2adb4dcf-162f-4b6a-b0c8-da47d0fe298e" by "_delete_snapshot" {{(pid=83069) __acquire /opt/stack/cinder/cinder/coordination.py:143}}
Feb 05 04:06:31 devstack cinder-volume[83069]: DEBUG cinder.coordination [None req-e768d118-ba05-48a2-af89-96b331d9363b tempest-GroupSnapshotsTest-733652907 None] Lock "cinder-quobyte-2adb4dcf-162f-4b6a-b0c8-da47d0fe298e" acquired by "_delete_snapshot" :: waited 0.006s {{(pid=83069) __acquire /opt/stack/cinder/cinder/coordination.py:146}}
Feb 05 04:06:31 devstack cinder-volume[83069]: DEBUG cinder.volume.drivers.remotefs [None req-e768d118-ba05-48a2-af89-96b331d9363b tempest-GroupSnapshotsTest-733652907 None] Deleting offline snapshot 2adb4dcf-162f-4b6a-b0c8-da47d0fe298e of volume 150b5616-cfa2-4fe8-8339-339c85aecb01 {{(pid=83069) _delete_snapshot /opt/stack/cinder/cinder/volume/drivers/remotefs.py:1290}}
Feb 05 04:06:31 devstack cinder-volume[83069]: DEBUG cinder.volume.drivers.remotefs [None req-e768d118-ba05-48a2-af89-96b331d9363b tempest-GroupSnapshotsTest-733652907 None] snapshot_file for this snap is: volume-150b5616-cfa2-4fe8-8339-339c85aecb01.2adb4dcf-162f-4b6a-b0c8-da47d0fe298e {{(pid=83069) _delete_snapshot /opt/stack/cinder/cinder/volume/drivers/remotefs.py:1319}}
Feb 05 04:06:31 devstack cinder-volume[83069]: DEBUG oslo.privsep.daemon [-] privsep: reply[6b7eb7c8-2482-4fcd-9359-afb690ba639e]: (4, 'qcow2') {{(pid=83792) _call_back /opt/stack/data/venv/lib/python3.10/site-packages/oslo_privsep/daemon.py:515}}
Feb 05 04:06:31 devstack cinder-volume[83069]: DEBUG oslo_concurrency.processutils [None req-e768d118-ba05-48a2-af89-96b331d9363b tempest-GroupSnapshotsTest-733652907 None] Running cmd (subprocess): /opt/stack/data/venv/bin/python3.10 -m oslo_concurrency.prlimit --as=1073741824 --cpu=60 -- sudo cinder-rootwrap /etc/cinder/rootwrap.conf env LC_ALL=C qemu-img info -f qcow2 --output=json --force-share /opt/stack/data/cinder/mnt/533fe26121931f8d6307ff0df5deea10/volume-150b5616-cfa2-4fe8-8339-339c85aecb01.2adb4dcf-162f-4b6a-b0c8-da47d0fe298e {{(pid=83069) execute /opt/stack/data/venv/lib/python3.10/site-packages/oslo_concurrency/processutils.py:368}}
Feb 05 04:06:31 devstack sudo[89857]: pam_unix(sudo:session): session closed for user root
Feb 05 04:06:31 devstack cinder-volume[83069]: DEBUG oslo_concurrency.processutils [req-1f185255-ce80-4cfb-ad5f-c28d636548e3 req-c6fd8786-0022-4be1-b751-1ce599ca6d0d tempest-ServerRescueNegativeTestJSON-1895401419 None] CMD "/opt/stack/data/venv/bin/python3.10 -m oslo_concurrency.prlimit --as=1073741824 --cpu=60 -- sudo cinder-rootwrap /etc/cinder/rootwrap.conf env LC_ALL=C qemu-img info -f qcow2 --output=json --force-share /opt/stack/data/cinder/mnt/533fe26121931f8d6307ff0df5deea10/volume-f2b6fd89-5a38-4b9a-8a0f-6ff0b1edc2dd" returned: 0 in 0.725s {{(pid=83069) execute /opt/stack/data/venv/lib/python3.10/site-packages/oslo_concurrency/processutils.py:396}}
Feb 05 04:06:31 devstack cinder-volume[83069]: DEBUG oslo_concurrency.lockutils [req-1f185255-ce80-4cfb-ad5f-c28d636548e3 req-c6fd8786-0022-4be1-b751-1ce599ca6d0d tempest-ServerRescueNegativeTestJSON-1895401419 None] Lock "quobyte" "released" by "cinder.volume.drivers.quobyte.QuobyteDriver.initialize_connection" :: held 0.736s {{(pid=83069) inner /opt/stack/data/venv/lib/python3.10/site-packages/oslo_concurrency/lockutils.py:538}}
Feb 05 04:06:31 devstack sudo[89860]: quobyte : PWD=/ ; USER=root ; COMMAND=/opt/stack/data/venv/bin/cinder-rootwrap /etc/cinder/rootwrap.conf env LC_ALL=C qemu-img info -f qcow2 --output=json --force-share /opt/stack/data/cinder/mnt/533fe26121931f8d6307ff0df5deea10/volume-150b5616-cfa2-4fe8-8339-339c85aecb01.2adb4dcf-162f-4b6a-b0c8-da47d0fe298e
Feb 05 04:06:31 devstack sudo[89860]: pam_unix(sudo:session): session opened for user root(uid=0) by (uid=1000)
Feb 05 04:06:31 devstack cinder-volume[83069]: DEBUG cinder.volume.manager [req-1f185255-ce80-4cfb-ad5f-c28d636548e3 req-c6fd8786-0022-4be1-b751-1ce599ca6d0d tempest-ServerRescueNegativeTestJSON-1895401419 None] Connection info returned from driver {'export': 'osci02.corp.quobyte.com/cinder-vol-023d9885-c9ff-4c92-b644-4525d5bfc07e', 'name': 'volume-f2b6fd89-5a38-4b9a-8a0f-6ff0b1edc2dd', 'options': None, 'format': 'qcow2', 'qos_specs': None, 'access_mode': 'rw', 'encrypted': False, 'cacheable': False, 'physical_block_size': '512', 'logical_block_size': '512', 'driver_volume_type': 'quobyte', 'mount_point_base': '/opt/stack/data/cinder/mnt', 'attachment_id': 'd0f30a0e-88fe-4654-849a-a8a8a7c2cef0', 'enforce_multipath': True} {{(pid=83069) _connection_create /opt/stack/cinder/cinder/volume/manager.py:4922}}
Feb 05 04:06:31 devstack cinder-volume[83069]: WARNING cinder.volume.volume_utils [req-1f185255-ce80-4cfb-ad5f-c28d636548e3 req-c6fd8786-0022-4be1-b751-1ce599ca6d0d tempest-ServerRescueNegativeTestJSON-1895401419 None] Volume driver (QuobyteDriver 1.1.14) is currently unsupported and may be removed in the next release of OpenStack. Use at your own risk.
Feb 05 04:06:31 devstack cinder-volume[83069]: INFO cinder.volume.manager [req-1f185255-ce80-4cfb-ad5f-c28d636548e3 req-c6fd8786-0022-4be1-b751-1ce599ca6d0d tempest-ServerRescueNegativeTestJSON-1895401419 None] attachment_update completed successfully.
Feb 05 04:06:32 devstack sudo[89860]: pam_unix(sudo:session): session closed for user root
Feb 05 04:06:32 devstack cinder-volume[83069]: DEBUG oslo_concurrency.processutils [None req-e768d118-ba05-48a2-af89-96b331d9363b tempest-GroupSnapshotsTest-733652907 None] CMD "/opt/stack/data/venv/bin/python3.10 -m oslo_concurrency.prlimit --as=1073741824 --cpu=60 -- sudo cinder-rootwrap /etc/cinder/rootwrap.conf env LC_ALL=C qemu-img info -f qcow2 --output=json --force-share /opt/stack/data/cinder/mnt/533fe26121931f8d6307ff0df5deea10/volume-150b5616-cfa2-4fe8-8339-339c85aecb01.2adb4dcf-162f-4b6a-b0c8-da47d0fe298e" returned: 0 in 0.651s {{(pid=83069) execute /opt/stack/data/venv/lib/python3.10/site-packages/oslo_concurrency/processutils.py:396}}
Feb 05 04:06:32 devstack cinder-volume[83069]: DEBUG cinder.volume.drivers.remotefs [None req-e768d118-ba05-48a2-af89-96b331d9363b tempest-GroupSnapshotsTest-733652907 None] Fetching qemu-img info with special backing_file_template: (/opt/stack/data/cinder/mnt/[0-9a-f]+/)?(volume-150b5616-cfa2-4fe8-8339-339c85aecb01(.(tmp-snap-)?[0-9a-f-]+)?|volume_from_snapshot_cache/(tmp-snap-)?[0-9a-f-]+(.(child-|parent-)[0-9a-f-]+)?)$ {{(pid=83069) _qemu_img_info_base /opt/stack/cinder/cinder/volume/drivers/remotefs.py:898}}
Feb 05 04:06:32 devstack cinder-volume[83069]: DEBUG oslo.privsep.daemon [-] privsep: reply[c9d6213e-772c-42d4-b89d-be87bcef3da1]: (4, 'qcow2') {{(pid=83792) _call_back /opt/stack/data/venv/lib/python3.10/site-packages/oslo_privsep/daemon.py:515}}
Feb 05 04:06:32 devstack cinder-volume[83069]: DEBUG oslo_concurrency.processutils [None req-e768d118-ba05-48a2-af89-96b331d9363b tempest-GroupSnapshotsTest-733652907 None] Running cmd (subprocess): /opt/stack/data/venv/bin/python3.10 -m oslo_concurrency.prlimit --as=1073741824 --cpu=60 -- sudo cinder-rootwrap /etc/cinder/rootwrap.conf env LC_ALL=C qemu-img info -f qcow2 --output=json --force-share /opt/stack/data/cinder/mnt/533fe26121931f8d6307ff0df5deea10/volume-150b5616-cfa2-4fe8-8339-339c85aecb01 {{(pid=83069) execute /opt/stack/data/venv/lib/python3.10/site-packages/oslo_concurrency/processutils.py:368}}
Feb 05 04:06:32 devstack sudo[89867]: quobyte : PWD=/ ; USER=root ; COMMAND=/opt/stack/data/venv/bin/cinder-rootwrap /etc/cinder/rootwrap.conf env LC_ALL=C qemu-img info -f qcow2 --output=json --force-share /opt/stack/data/cinder/mnt/533fe26121931f8d6307ff0df5deea10/volume-150b5616-cfa2-4fe8-8339-339c85aecb01
Feb 05 04:06:32 devstack sudo[89867]: pam_unix(sudo:session): session opened for user root(uid=0) by (uid=1000)
Feb 05 04:06:32 devstack sudo[89867]: pam_unix(sudo:session): session closed for user root
Feb 05 04:06:32 devstack cinder-volume[83069]: DEBUG oslo_concurrency.processutils [None req-e768d118-ba05-48a2-af89-96b331d9363b tempest-GroupSnapshotsTest-733652907 None] CMD "/opt/stack/data/venv/bin/python3.10 -m oslo_concurrency.prlimit --as=1073741824 --cpu=60 -- sudo cinder-rootwrap /etc/cinder/rootwrap.conf env LC_ALL=C qemu-img info -f qcow2 --output=json --force-share /opt/stack/data/cinder/mnt/533fe26121931f8d6307ff0df5deea10/volume-150b5616-cfa2-4fe8-8339-339c85aecb01" returned: 0 in 0.617s {{(pid=83069) execute /opt/stack/data/venv/lib/python3.10/site-packages/oslo_concurrency/processutils.py:396}}
Feb 05 04:06:32 devstack cinder-volume[83069]: DEBUG oslo_concurrency.processutils [None req-e768d118-ba05-48a2-af89-96b331d9363b tempest-GroupSnapshotsTest-733652907 None] Running cmd (subprocess): sudo cinder-rootwrap /etc/cinder/rootwrap.conf qemu-img commit -d /opt/stack/data/cinder/mnt/533fe26121931f8d6307ff0df5deea10/volume-150b5616-cfa2-4fe8-8339-339c85aecb01.2adb4dcf-162f-4b6a-b0c8-da47d0fe298e {{(pid=83069) execute /opt/stack/data/venv/lib/python3.10/site-packages/oslo_concurrency/processutils.py:368}}
Feb 05 04:06:32 devstack sudo[89878]: quobyte : PWD=/ ; USER=root ; COMMAND=/opt/stack/data/venv/bin/cinder-rootwrap /etc/cinder/rootwrap.conf qemu-img commit -d /opt/stack/data/cinder/mnt/533fe26121931f8d6307ff0df5deea10/volume-150b5616-cfa2-4fe8-8339-339c85aecb01.2adb4dcf-162f-4b6a-b0c8-da47d0fe298e
Feb 05 04:06:32 devstack sudo[89878]: pam_unix(sudo:session): session opened for user root(uid=0) by (uid=1000)
Feb 05 04:06:33 devstack sudo[89878]: pam_unix(sudo:session): session closed for user root
Feb 05 04:06:33 devstack cinder-volume[83069]: DEBUG oslo_concurrency.processutils [None req-e768d118-ba05-48a2-af89-96b331d9363b tempest-GroupSnapshotsTest-733652907 None] CMD "sudo cinder-rootwrap /etc/cinder/rootwrap.conf qemu-img commit -d /opt/stack/data/cinder/mnt/533fe26121931f8d6307ff0df5deea10/volume-150b5616-cfa2-4fe8-8339-339c85aecb01.2adb4dcf-162f-4b6a-b0c8-da47d0fe298e" returned: 0 in 0.602s {{(pid=83069) execute /opt/stack/data/venv/lib/python3.10/site-packages/oslo_concurrency/processutils.py:396}}
Feb 05 04:06:33 devstack cinder-volume[83069]: DEBUG oslo_concurrency.processutils [None req-e768d118-ba05-48a2-af89-96b331d9363b tempest-GroupSnapshotsTest-733652907 None] Running cmd (subprocess): sudo cinder-rootwrap /etc/cinder/rootwrap.conf rm -f /opt/stack/data/cinder/mnt/533fe26121931f8d6307ff0df5deea10/volume-150b5616-cfa2-4fe8-8339-339c85aecb01.2adb4dcf-162f-4b6a-b0c8-da47d0fe298e {{(pid=83069) execute /opt/stack/data/venv/lib/python3.10/site-packages/oslo_concurrency/processutils.py:368}}
Feb 05 04:06:33 devstack sudo[89883]: quobyte : PWD=/ ; USER=root ; COMMAND=/opt/stack/data/venv/bin/cinder-rootwrap /etc/cinder/rootwrap.conf rm -f /opt/stack/data/cinder/mnt/533fe26121931f8d6307ff0df5deea10/volume-150b5616-cfa2-4fe8-8339-339c85aecb01.2adb4dcf-162f-4b6a-b0c8-da47d0fe298e
Feb 05 04:06:33 devstack sudo[89883]: pam_unix(sudo:session): session opened for user root(uid=0) by (uid=1000)
Feb 05 04:06:34 devstack sudo[89883]: pam_unix(sudo:session): session closed for user root
Feb 05 04:06:34 devstack cinder-volume[83069]: DEBUG oslo_concurrency.processutils [None req-e768d118-ba05-48a2-af89-96b331d9363b tempest-GroupSnapshotsTest-733652907 None] CMD "sudo cinder-rootwrap /etc/cinder/rootwrap.conf rm -f /opt/stack/data/cinder/mnt/533fe26121931f8d6307ff0df5deea10/volume-150b5616-cfa2-4fe8-8339-339c85aecb01.2adb4dcf-162f-4b6a-b0c8-da47d0fe298e" returned: 0 in 0.692s {{(pid=83069) execute /opt/stack/data/venv/lib/python3.10/site-packages/oslo_concurrency/processutils.py:396}}
Feb 05 04:06:34 devstack cinder-volume[83069]: DEBUG cinder.coordination [None req-e768d118-ba05-48a2-af89-96b331d9363b tempest-GroupSnapshotsTest-733652907 None] Lock "cinder-quobyte-2adb4dcf-162f-4b6a-b0c8-da47d0fe298e" released by "_delete_snapshot" :: held 2.626s {{(pid=83069) __release /opt/stack/cinder/cinder/coordination.py:157}}
Feb 05 04:06:34 devstack cinder-volume[83069]: DEBUG cinder.coordination [None req-e768d118-ba05-48a2-af89-96b331d9363b tempest-GroupSnapshotsTest-733652907 None] Lock "cinder-quobyte-150b5616-cfa2-4fe8-8339-339c85aecb01" released by "delete_snapshot" :: held 2.637s {{(pid=83069) __release /opt/stack/cinder/cinder/coordination.py:157}}
Feb 05 04:06:34 devstack cinder-volume[83069]: DEBUG cinder.coordination [None req-e768d118-ba05-48a2-af89-96b331d9363b tempest-GroupSnapshotsTest-733652907 None] Acquiring lock "cinder-quobyte-760e27d1-26e8-4122-b803-ddc931ad8d73" by "delete_snapshot" {{(pid=83069) __acquire /opt/stack/cinder/cinder/coordination.py:143}}
Feb 05 04:06:34 devstack cinder-volume[83069]: DEBUG cinder.coordination [None req-e768d118-ba05-48a2-af89-96b331d9363b tempest-GroupSnapshotsTest-733652907 None] Lock "cinder-quobyte-760e27d1-26e8-4122-b803-ddc931ad8d73" acquired by "delete_snapshot" :: waited 0.010s {{(pid=83069) __acquire /opt/stack/cinder/cinder/coordination.py:146}}
Feb 05 04:06:34 devstack cinder-volume[83069]: DEBUG cinder.coordination [None req-e768d118-ba05-48a2-af89-96b331d9363b tempest-GroupSnapshotsTest-733652907 None] Acquiring lock "cinder-quobyte-72f6c99d-d8f6-4e97-82a0-a6d277f443f4" by "_delete_snapshot" {{(pid=83069) __acquire /opt/stack/cinder/cinder/coordination.py:143}}
Feb 05 04:06:34 devstack cinder-volume[83069]: DEBUG cinder.coordination [None req-e768d118-ba05-48a2-af89-96b331d9363b tempest-GroupSnapshotsTest-733652907 None] Lock "cinder-quobyte-72f6c99d-d8f6-4e97-82a0-a6d277f443f4" acquired by "_delete_snapshot" :: waited 0.012s {{(pid=83069) __acquire /opt/stack/cinder/cinder/coordination.py:146}}
Feb 05 04:06:34 devstack cinder-volume[83069]: DEBUG cinder.volume.drivers.remotefs [None req-e768d118-ba05-48a2-af89-96b331d9363b tempest-GroupSnapshotsTest-733652907 None] Deleting offline snapshot 72f6c99d-d8f6-4e97-82a0-a6d277f443f4 of volume 760e27d1-26e8-4122-b803-ddc931ad8d73 {{(pid=83069) _delete_snapshot /opt/stack/cinder/cinder/volume/drivers/remotefs.py:1290}}
Feb 05 04:06:34 devstack cinder-volume[83069]: DEBUG cinder.volume.drivers.remotefs [None req-e768d118-ba05-48a2-af89-96b331d9363b tempest-GroupSnapshotsTest-733652907 None] snapshot_file for this snap is: volume-760e27d1-26e8-4122-b803-ddc931ad8d73.72f6c99d-d8f6-4e97-82a0-a6d277f443f4 {{(pid=83069) _delete_snapshot /opt/stack/cinder/cinder/volume/drivers/remotefs.py:1319}}
Feb 05 04:06:34 devstack cinder-volume[83069]: DEBUG oslo.privsep.daemon [-] privsep: reply[9c70ddc8-e019-42b2-b1ab-119769a9ef8b]: (4, 'qcow2') {{(pid=83792) _call_back /opt/stack/data/venv/lib/python3.10/site-packages/oslo_privsep/daemon.py:515}}
Feb 05 04:06:34 devstack cinder-volume[83069]: DEBUG oslo_concurrency.processutils [None req-e768d118-ba05-48a2-af89-96b331d9363b tempest-GroupSnapshotsTest-733652907 None] Running cmd (subprocess): /opt/stack/data/venv/bin/python3.10 -m oslo_concurrency.prlimit --as=1073741824 --cpu=60 -- sudo cinder-rootwrap /etc/cinder/rootwrap.conf env LC_ALL=C qemu-img info -f qcow2 --output=json --force-share /opt/stack/data/cinder/mnt/533fe26121931f8d6307ff0df5deea10/volume-760e27d1-26e8-4122-b803-ddc931ad8d73.72f6c99d-d8f6-4e97-82a0-a6d277f443f4 {{(pid=83069) execute /opt/stack/data/venv/lib/python3.10/site-packages/oslo_concurrency/processutils.py:368}}
Feb 05 04:06:34 devstack sudo[89887]: quobyte : PWD=/ ; USER=root ; COMMAND=/opt/stack/data/venv/bin/cinder-rootwrap /etc/cinder/rootwrap.conf env LC_ALL=C qemu-img info -f qcow2 --output=json --force-share /opt/stack/data/cinder/mnt/533fe26121931f8d6307ff0df5deea10/volume-760e27d1-26e8-4122-b803-ddc931ad8d73.72f6c99d-d8f6-4e97-82a0-a6d277f443f4
Feb 05 04:06:34 devstack sudo[89887]: pam_unix(sudo:session): session opened for user root(uid=0) by (uid=1000)
Feb 05 04:06:35 devstack sudo[89887]: pam_unix(sudo:session): session closed for user root
Feb 05 04:06:35 devstack cinder-volume[83069]: DEBUG oslo_concurrency.processutils [None req-e768d118-ba05-48a2-af89-96b331d9363b tempest-GroupSnapshotsTest-733652907 None] CMD "/opt/stack/data/venv/bin/python3.10 -m oslo_concurrency.prlimit --as=1073741824 --cpu=60 -- sudo cinder-rootwrap /etc/cinder/rootwrap.conf env LC_ALL=C qemu-img info -f qcow2 --output=json --force-share /opt/stack/data/cinder/mnt/533fe26121931f8d6307ff0df5deea10/volume-760e27d1-26e8-4122-b803-ddc931ad8d73.72f6c99d-d8f6-4e97-82a0-a6d277f443f4" returned: 0 in 0.667s {{(pid=83069) execute /opt/stack/data/venv/lib/python3.10/site-packages/oslo_concurrency/processutils.py:396}}
Feb 05 04:06:35 devstack cinder-volume[83069]: DEBUG cinder.volume.drivers.remotefs [None req-e768d118-ba05-48a2-af89-96b331d9363b tempest-GroupSnapshotsTest-733652907 None] Fetching qemu-img info with special backing_file_template: (/opt/stack/data/cinder/mnt/[0-9a-f]+/)?(volume-760e27d1-26e8-4122-b803-ddc931ad8d73(.(tmp-snap-)?[0-9a-f-]+)?|volume_from_snapshot_cache/(tmp-snap-)?[0-9a-f-]+(.(child-|parent-)[0-9a-f-]+)?)$ {{(pid=83069) _qemu_img_info_base /opt/stack/cinder/cinder/volume/drivers/remotefs.py:898}}
Feb 05 04:06:35 devstack cinder-volume[83069]: DEBUG oslo.privsep.daemon [-] privsep: reply[b3cedc75-d80f-41c5-84e6-cad92741f155]: (4, 'qcow2') {{(pid=83792) _call_back /opt/stack/data/venv/lib/python3.10/site-packages/oslo_privsep/daemon.py:515}}
Feb 05 04:06:35 devstack cinder-volume[83069]: DEBUG oslo_concurrency.processutils [None req-e768d118-ba05-48a2-af89-96b331d9363b tempest-GroupSnapshotsTest-733652907 None] Running cmd (subprocess): /opt/stack/data/venv/bin/python3.10 -m oslo_concurrency.prlimit --as=1073741824 --cpu=60 -- sudo cinder-rootwrap /etc/cinder/rootwrap.conf env LC_ALL=C qemu-img info -f qcow2 --output=json --force-share /opt/stack/data/cinder/mnt/533fe26121931f8d6307ff0df5deea10/volume-760e27d1-26e8-4122-b803-ddc931ad8d73 {{(pid=83069) execute /opt/stack/data/venv/lib/python3.10/site-packages/oslo_concurrency/processutils.py:368}}
Feb 05 04:06:35 devstack sudo[89892]: quobyte : PWD=/ ; USER=root ; COMMAND=/opt/stack/data/venv/bin/cinder-rootwrap /etc/cinder/rootwrap.conf env LC_ALL=C qemu-img info -f qcow2 --output=json --force-share /opt/stack/data/cinder/mnt/533fe26121931f8d6307ff0df5deea10/volume-760e27d1-26e8-4122-b803-ddc931ad8d73
Feb 05 04:06:35 devstack sudo[89892]: pam_unix(sudo:session): session opened for user root(uid=0) by (uid=1000)
Feb 05 04:06:35 devstack cinder-volume[83069]: DEBUG oslo_concurrency.lockutils [req-778d51d6-de95-4aaa-9706-f710b81f74fc req-db3f02fa-11b4-4834-85e1-49ea6ff1bfd2 tempest-TaggedBootDevicesTest-933796738 None] Acquiring lock "quobyte" by "cinder.volume.drivers.quobyte.QuobyteDriver.initialize_connection" {{(pid=83069) inner /opt/stack/data/venv/lib/python3.10/site-packages/oslo_concurrency/lockutils.py:506}}
Feb 05 04:06:35 devstack cinder-volume[83069]: DEBUG oslo_concurrency.lockutils [req-778d51d6-de95-4aaa-9706-f710b81f74fc req-db3f02fa-11b4-4834-85e1-49ea6ff1bfd2 tempest-TaggedBootDevicesTest-933796738 None] Lock "quobyte" acquired by "cinder.volume.drivers.quobyte.QuobyteDriver.initialize_connection" :: waited 0.001s {{(pid=83069) inner /opt/stack/data/venv/lib/python3.10/site-packages/oslo_concurrency/lockutils.py:519}}
Feb 05 04:06:35 devstack cinder-volume[83069]: DEBUG oslo.privsep.daemon [-] privsep: reply[f3636e2b-ad1a-40ef-a075-0a965d045145]: (4, 'raw') {{(pid=83792) _call_back /opt/stack/data/venv/lib/python3.10/site-packages/oslo_privsep/daemon.py:515}}
Feb 05 04:06:35 devstack cinder-volume[83069]: DEBUG oslo_concurrency.processutils [req-778d51d6-de95-4aaa-9706-f710b81f74fc req-db3f02fa-11b4-4834-85e1-49ea6ff1bfd2 tempest-TaggedBootDevicesTest-933796738 None] Running cmd (subprocess): /opt/stack/data/venv/bin/python3.10 -m oslo_concurrency.prlimit --as=1073741824 --cpu=60 -- sudo cinder-rootwrap /etc/cinder/rootwrap.conf env LC_ALL=C qemu-img info -f raw --output=json --force-share /opt/stack/data/cinder/mnt/533fe26121931f8d6307ff0df5deea10/volume-fb9ae416-f095-4d4d-a1de-6f57c4a10f04 {{(pid=83069) execute /opt/stack/data/venv/lib/python3.10/site-packages/oslo_concurrency/processutils.py:368}}
Feb 05 04:06:35 devstack sudo[89902]: quobyte : PWD=/ ; USER=root ; COMMAND=/opt/stack/data/venv/bin/cinder-rootwrap /etc/cinder/rootwrap.conf env LC_ALL=C qemu-img info -f raw --output=json --force-share /opt/stack/data/cinder/mnt/533fe26121931f8d6307ff0df5deea10/volume-fb9ae416-f095-4d4d-a1de-6f57c4a10f04
Feb 05 04:06:35 devstack sudo[89902]: pam_unix(sudo:session): session opened for user root(uid=0) by (uid=1000)
Feb 05 04:06:35 devstack sudo[89892]: pam_unix(sudo:session): session closed for user root
Feb 05 04:06:35 devstack cinder-volume[83069]: DEBUG oslo_concurrency.processutils [None req-e768d118-ba05-48a2-af89-96b331d9363b tempest-GroupSnapshotsTest-733652907 None] CMD "/opt/stack/data/venv/bin/python3.10 -m oslo_concurrency.prlimit --as=1073741824 --cpu=60 -- sudo cinder-rootwrap /etc/cinder/rootwrap.conf env LC_ALL=C qemu-img info -f qcow2 --output=json --force-share /opt/stack/data/cinder/mnt/533fe26121931f8d6307ff0df5deea10/volume-760e27d1-26e8-4122-b803-ddc931ad8d73" returned: 0 in 0.726s {{(pid=83069) execute /opt/stack/data/venv/lib/python3.10/site-packages/oslo_concurrency/processutils.py:396}}
Feb 05 04:06:35 devstack cinder-volume[83069]: DEBUG oslo_concurrency.processutils [None req-e768d118-ba05-48a2-af89-96b331d9363b tempest-GroupSnapshotsTest-733652907 None] Running cmd (subprocess): sudo cinder-rootwrap /etc/cinder/rootwrap.conf qemu-img commit -d /opt/stack/data/cinder/mnt/533fe26121931f8d6307ff0df5deea10/volume-760e27d1-26e8-4122-b803-ddc931ad8d73.72f6c99d-d8f6-4e97-82a0-a6d277f443f4 {{(pid=83069) execute /opt/stack/data/venv/lib/python3.10/site-packages/oslo_concurrency/processutils.py:368}}
Feb 05 04:06:35 devstack sudo[89907]: quobyte : PWD=/ ; USER=root ; COMMAND=/opt/stack/data/venv/bin/cinder-rootwrap /etc/cinder/rootwrap.conf qemu-img commit -d /opt/stack/data/cinder/mnt/533fe26121931f8d6307ff0df5deea10/volume-760e27d1-26e8-4122-b803-ddc931ad8d73.72f6c99d-d8f6-4e97-82a0-a6d277f443f4
Feb 05 04:06:35 devstack sudo[89907]: pam_unix(sudo:session): session opened for user root(uid=0) by (uid=1000)
Feb 05 04:06:36 devstack cinder-volume[83069]: DEBUG oslo_service.periodic_task [None req-e2fc27f8-203d-48ce-b4f4-b75d3ff246e2 None None] Running periodic task VolumeManager.publish_service_capabilities {{(pid=83069) run_periodic_tasks /opt/stack/data/venv/lib/python3.10/site-packages/oslo_service/periodic_task.py:210}}
Feb 05 04:06:36 devstack cinder-volume[83069]: DEBUG oslo_concurrency.lockutils [None req-e2fc27f8-203d-48ce-b4f4-b75d3ff246e2 None None] Acquiring lock "quobyte_ensure" by "cinder.volume.drivers.quobyte.QuobyteDriver._ensure_shares_mounted" {{(pid=83069) inner /opt/stack/data/venv/lib/python3.10/site-packages/oslo_concurrency/lockutils.py:506}}
Feb 05 04:06:36 devstack cinder-volume[83069]: DEBUG oslo_concurrency.lockutils [None req-e2fc27f8-203d-48ce-b4f4-b75d3ff246e2 None None] Lock "quobyte_ensure" acquired by "cinder.volume.drivers.quobyte.QuobyteDriver._ensure_shares_mounted" :: waited 0.002s {{(pid=83069) inner /opt/stack/data/venv/lib/python3.10/site-packages/oslo_concurrency/lockutils.py:519}}
Feb 05 04:06:36 devstack sudo[89902]: pam_unix(sudo:session): session closed for user root
Feb 05 04:06:36 devstack cinder-volume[83069]: DEBUG cinder.volume.drivers.quobyte [None req-e2fc27f8-203d-48ce-b4f4-b75d3ff246e2 None None] Quobyte Volume URL set to: {'osci02.corp.quobyte.com/cinder-vol-023d9885-c9ff-4c92-b644-4525d5bfc07e': None} {{(pid=83069) _load_shares_config /opt/stack/cinder/cinder/volume/drivers/quobyte.py:620}}
Feb 05 04:06:36 devstack cinder-volume[83069]: DEBUG cinder.volume.drivers.quobyte [None req-e2fc27f8-203d-48ce-b4f4-b75d3ff246e2 None None] Available shares ['osci02.corp.quobyte.com/cinder-vol-023d9885-c9ff-4c92-b644-4525d5bfc07e'] {{(pid=83069) _ensure_shares_mounted /opt/stack/cinder/cinder/volume/drivers/quobyte.py:650}}
Feb 05 04:06:36 devstack cinder-volume[83069]: DEBUG oslo_concurrency.lockutils [None req-e2fc27f8-203d-48ce-b4f4-b75d3ff246e2 None None] Lock "quobyte_ensure" "released" by "cinder.volume.drivers.quobyte.QuobyteDriver._ensure_shares_mounted" :: held 0.007s {{(pid=83069) inner /opt/stack/data/venv/lib/python3.10/site-packages/oslo_concurrency/lockutils.py:538}}
Feb 05 04:06:36 devstack cinder-volume[83069]: DEBUG oslo_concurrency.processutils [None req-e2fc27f8-203d-48ce-b4f4-b75d3ff246e2 None None] Running cmd (subprocess): sudo cinder-rootwrap /etc/cinder/rootwrap.conf df --portability --block-size 1 /opt/stack/data/cinder/mnt/533fe26121931f8d6307ff0df5deea10 {{(pid=83069) execute /opt/stack/data/venv/lib/python3.10/site-packages/oslo_concurrency/processutils.py:368}}
Feb 05 04:06:36 devstack cinder-volume[83069]: DEBUG oslo_concurrency.processutils [req-778d51d6-de95-4aaa-9706-f710b81f74fc req-db3f02fa-11b4-4834-85e1-49ea6ff1bfd2 tempest-TaggedBootDevicesTest-933796738 None] CMD "/opt/stack/data/venv/bin/python3.10 -m oslo_concurrency.prlimit --as=1073741824 --cpu=60 -- sudo cinder-rootwrap /etc/cinder/rootwrap.conf env LC_ALL=C qemu-img info -f raw --output=json --force-share /opt/stack/data/cinder/mnt/533fe26121931f8d6307ff0df5deea10/volume-fb9ae416-f095-4d4d-a1de-6f57c4a10f04" returned: 0 in 0.668s {{(pid=83069) execute /opt/stack/data/venv/lib/python3.10/site-packages/oslo_concurrency/processutils.py:396}}
Feb 05 04:06:36 devstack cinder-volume[83069]: DEBUG oslo_concurrency.processutils [req-778d51d6-de95-4aaa-9706-f710b81f74fc req-db3f02fa-11b4-4834-85e1-49ea6ff1bfd2 tempest-TaggedBootDevicesTest-933796738 None] Running cmd (subprocess): /opt/stack/data/venv/bin/python3.10 -m oslo_concurrency.prlimit --as=1073741824 --cpu=60 -- sudo cinder-rootwrap /etc/cinder/rootwrap.conf env LC_ALL=C qemu-img info -f luks --output=json --force-share /opt/stack/data/cinder/mnt/533fe26121931f8d6307ff0df5deea10/volume-fb9ae416-f095-4d4d-a1de-6f57c4a10f04 {{(pid=83069) execute /opt/stack/data/venv/lib/python3.10/site-packages/oslo_concurrency/processutils.py:368}}
Feb 05 04:06:36 devstack sudo[89912]: quobyte : PWD=/ ; USER=root ; COMMAND=/opt/stack/data/venv/bin/cinder-rootwrap /etc/cinder/rootwrap.conf df --portability --block-size 1 /opt/stack/data/cinder/mnt/533fe26121931f8d6307ff0df5deea10
Feb 05 04:06:36 devstack sudo[89912]: pam_unix(sudo:session): session opened for user root(uid=0) by (uid=1000)
Feb 05 04:06:36 devstack sudo[89913]: quobyte : PWD=/ ; USER=root ; COMMAND=/opt/stack/data/venv/bin/cinder-rootwrap /etc/cinder/rootwrap.conf env LC_ALL=C qemu-img info -f luks --output=json --force-share /opt/stack/data/cinder/mnt/533fe26121931f8d6307ff0df5deea10/volume-fb9ae416-f095-4d4d-a1de-6f57c4a10f04
Feb 05 04:06:36 devstack sudo[89913]: pam_unix(sudo:session): session opened for user root(uid=0) by (uid=1000)
Feb 05 04:06:36 devstack sudo[89907]: pam_unix(sudo:session): session closed for user root
Feb 05 04:06:36 devstack cinder-volume[83069]: DEBUG oslo_concurrency.processutils [None req-e768d118-ba05-48a2-af89-96b331d9363b tempest-GroupSnapshotsTest-733652907 None] CMD "sudo cinder-rootwrap /etc/cinder/rootwrap.conf qemu-img commit -d /opt/stack/data/cinder/mnt/533fe26121931f8d6307ff0df5deea10/volume-760e27d1-26e8-4122-b803-ddc931ad8d73.72f6c99d-d8f6-4e97-82a0-a6d277f443f4" returned: 0 in 0.649s {{(pid=83069) execute /opt/stack/data/venv/lib/python3.10/site-packages/oslo_concurrency/processutils.py:396}}
Feb 05 04:06:36 devstack cinder-volume[83069]: DEBUG oslo_concurrency.processutils [None req-e768d118-ba05-48a2-af89-96b331d9363b tempest-GroupSnapshotsTest-733652907 None] Running cmd (subprocess): sudo cinder-rootwrap /etc/cinder/rootwrap.conf rm -f /opt/stack/data/cinder/mnt/533fe26121931f8d6307ff0df5deea10/volume-760e27d1-26e8-4122-b803-ddc931ad8d73.72f6c99d-d8f6-4e97-82a0-a6d277f443f4 {{(pid=83069) execute /opt/stack/data/venv/lib/python3.10/site-packages/oslo_concurrency/processutils.py:368}}
Feb 05 04:06:36 devstack sudo[89919]: quobyte : PWD=/ ; USER=root ; COMMAND=/opt/stack/data/venv/bin/cinder-rootwrap /etc/cinder/rootwrap.conf rm -f /opt/stack/data/cinder/mnt/533fe26121931f8d6307ff0df5deea10/volume-760e27d1-26e8-4122-b803-ddc931ad8d73.72f6c99d-d8f6-4e97-82a0-a6d277f443f4
Feb 05 04:06:36 devstack sudo[89919]: pam_unix(sudo:session): session opened for user root(uid=0) by (uid=1000)
Feb 05 04:06:36 devstack sudo[89912]: pam_unix(sudo:session): session closed for user root
Feb 05 04:06:36 devstack cinder-volume[83069]: DEBUG oslo_concurrency.processutils [None req-e2fc27f8-203d-48ce-b4f4-b75d3ff246e2 None None] CMD "sudo cinder-rootwrap /etc/cinder/rootwrap.conf df --portability --block-size 1 /opt/stack/data/cinder/mnt/533fe26121931f8d6307ff0df5deea10" returned: 0 in 0.625s {{(pid=83069) execute /opt/stack/data/venv/lib/python3.10/site-packages/oslo_concurrency/processutils.py:396}}
Feb 05 04:06:36 devstack cinder-volume[83069]: DEBUG cinder.manager [None req-e2fc27f8-203d-48ce-b4f4-b75d3ff246e2 None None] Notifying Schedulers of capabilities ... {{(pid=83069) _publish_service_capabilities /opt/stack/cinder/cinder/manager.py:202}}
Feb 05 04:06:37 devstack sudo[89913]: pam_unix(sudo:session): session closed for user root
Feb 05 04:06:37 devstack cinder-volume[83069]: DEBUG oslo_concurrency.processutils [req-778d51d6-de95-4aaa-9706-f710b81f74fc req-db3f02fa-11b4-4834-85e1-49ea6ff1bfd2 tempest-TaggedBootDevicesTest-933796738 None] CMD "/opt/stack/data/venv/bin/python3.10 -m oslo_concurrency.prlimit --as=1073741824 --cpu=60 -- sudo cinder-rootwrap /etc/cinder/rootwrap.conf env LC_ALL=C qemu-img info -f luks --output=json --force-share /opt/stack/data/cinder/mnt/533fe26121931f8d6307ff0df5deea10/volume-fb9ae416-f095-4d4d-a1de-6f57c4a10f04" returned: 1 in 1.053s {{(pid=83069) execute /opt/stack/data/venv/lib/python3.10/site-packages/oslo_concurrency/processutils.py:396}}
Feb 05 04:06:37 devstack cinder-volume[83069]: DEBUG oslo_concurrency.processutils [req-778d51d6-de95-4aaa-9706-f710b81f74fc req-db3f02fa-11b4-4834-85e1-49ea6ff1bfd2 tempest-TaggedBootDevicesTest-933796738 None] '/opt/stack/data/venv/bin/python3.10 -m oslo_concurrency.prlimit --as=1073741824 --cpu=60 -- sudo cinder-rootwrap /etc/cinder/rootwrap.conf env LC_ALL=C qemu-img info -f luks --output=json --force-share /opt/stack/data/cinder/mnt/533fe26121931f8d6307ff0df5deea10/volume-fb9ae416-f095-4d4d-a1de-6f57c4a10f04' failed. Not Retrying. {{(pid=83069) execute /opt/stack/data/venv/lib/python3.10/site-packages/oslo_concurrency/processutils.py:471}}
Feb 05 04:06:37 devstack cinder-volume[83069]: DEBUG oslo_concurrency.lockutils [req-778d51d6-de95-4aaa-9706-f710b81f74fc req-db3f02fa-11b4-4834-85e1-49ea6ff1bfd2 tempest-TaggedBootDevicesTest-933796738 None] Lock "quobyte" "released" by "cinder.volume.drivers.quobyte.QuobyteDriver.initialize_connection" :: held 1.769s {{(pid=83069) inner /opt/stack/data/venv/lib/python3.10/site-packages/oslo_concurrency/lockutils.py:538}}
