Jun 02 16:16:20 devstack cinder-volume[86488]: DEBUG oslo_concurrency.processutils [None req-211392ec-8400-4061-8a75-d8e4fea43766 tempest-VolumesImageMetadata-236610512 None] CMD "/opt/stack/data/venv/bin/python3.12 -m oslo_concurrency.prlimit --as=1073741824 --cpu=60 -- sudo cinder-rootwrap /etc/cinder/rootwrap.conf env LC_ALL=C qemu-img info -f luks --output=json --force-share /opt/stack/data/cinder/mnt/2e83fd92139cedc9f057d9966f54b74d/volume-aa9b3ce4-c506-40e2-b3dd-109ef33ff592" returned: 1 in 0.941s {{(pid=86488) execute /opt/stack/data/venv/lib/python3.12/site-packages/oslo_concurrency/processutils.py:468}}
Jun 02 16:16:20 devstack cinder-volume[86488]: DEBUG oslo_concurrency.processutils [None req-211392ec-8400-4061-8a75-d8e4fea43766 tempest-VolumesImageMetadata-236610512 None] '/opt/stack/data/venv/bin/python3.12 -m oslo_concurrency.prlimit --as=1073741824 --cpu=60 -- sudo cinder-rootwrap /etc/cinder/rootwrap.conf env LC_ALL=C qemu-img info -f luks --output=json --force-share /opt/stack/data/cinder/mnt/2e83fd92139cedc9f057d9966f54b74d/volume-aa9b3ce4-c506-40e2-b3dd-109ef33ff592' failed. Not Retrying. {{(pid=86488) execute /opt/stack/data/venv/lib/python3.12/site-packages/oslo_concurrency/processutils.py:543}}
Jun 02 16:16:20 devstack cinder-volume[86488]: DEBUG oslo_concurrency.processutils [None req-211392ec-8400-4061-8a75-d8e4fea43766 tempest-VolumesImageMetadata-236610512 None] Running cmd (subprocess): sudo cinder-rootwrap /etc/cinder/rootwrap.conf rm -f /opt/stack/data/cinder/mnt/2e83fd92139cedc9f057d9966f54b74d/volume-aa9b3ce4-c506-40e2-b3dd-109ef33ff592 {{(pid=86488) execute /opt/stack/data/venv/lib/python3.12/site-packages/oslo_concurrency/processutils.py:440}}
Jun 02 16:16:20 devstack sudo[96311]: quobyte : PWD=/ ; USER=root ; COMMAND=/opt/stack/data/venv/bin/cinder-rootwrap /etc/cinder/rootwrap.conf rm -f /opt/stack/data/cinder/mnt/2e83fd92139cedc9f057d9966f54b74d/volume-aa9b3ce4-c506-40e2-b3dd-109ef33ff592
Jun 02 16:16:20 devstack sudo[96311]: pam_unix(sudo:session): session opened for user root(uid=0) by (uid=1000)
Jun 02 16:16:20 devstack cinder-volume[86488]: INFO cinder.volume.manager [None req-c54079e8-8ad5-4c25-a754-d6535fcfc4f7 tempest-GroupSnapshotsTest-1776319603 None] Update group completed successfully.
Jun 02 16:16:21 devstack sudo[96311]: pam_unix(sudo:session): session closed for user root
Jun 02 16:16:21 devstack cinder-volume[86488]: DEBUG oslo_concurrency.processutils [None req-211392ec-8400-4061-8a75-d8e4fea43766 tempest-VolumesImageMetadata-236610512 None] CMD "sudo cinder-rootwrap /etc/cinder/rootwrap.conf rm -f /opt/stack/data/cinder/mnt/2e83fd92139cedc9f057d9966f54b74d/volume-aa9b3ce4-c506-40e2-b3dd-109ef33ff592" returned: 0 in 0.685s {{(pid=86488) execute /opt/stack/data/venv/lib/python3.12/site-packages/oslo_concurrency/processutils.py:468}}
Jun 02 16:16:21 devstack cinder-volume[86488]: DEBUG cinder.coordination [None req-211392ec-8400-4061-8a75-d8e4fea43766 tempest-VolumesImageMetadata-236610512 None] Lock "cinder-quobyte-aa9b3ce4-c506-40e2-b3dd-109ef33ff592" released by "delete_volume" :: held 2.466s {{(pid=86488) __release /opt/stack/cinder/cinder/coordination.py:152}}
Jun 02 16:16:21 devstack cinder-volume[86488]: DEBUG cinder.quota [None req-211392ec-8400-4061-8a75-d8e4fea43766 tempest-VolumesImageMetadata-236610512 None] Created reservations ['ee4bffbe-ec85-4782-926e-b6ced7c2b676', '1eaf83da-f619-439e-8941-e40e5bc66481', '621cc23f-5edc-4809-9866-300f671a468f', '1d7c9407-6201-4b56-b5d6-724e617aba81'] {{(pid=86488) reserve /opt/stack/cinder/cinder/quota.py:752}}
Jun 02 16:16:21 devstack cinder-volume[86488]: DEBUG oslo_concurrency.lockutils [None req-211392ec-8400-4061-8a75-d8e4fea43766 tempest-VolumesImageMetadata-236610512 None] Acquiring lock "quobyte_ensure" by "cinder.volume.drivers.quobyte.QuobyteDriver._ensure_shares_mounted" {{(pid=86488) inner /opt/stack/data/venv/lib/python3.12/site-packages/oslo_concurrency/lockutils.py:506}}
Jun 02 16:16:21 devstack cinder-volume[86488]: DEBUG oslo_concurrency.lockutils [None req-211392ec-8400-4061-8a75-d8e4fea43766 tempest-VolumesImageMetadata-236610512 None] Lock "quobyte_ensure" acquired by "cinder.volume.drivers.quobyte.QuobyteDriver._ensure_shares_mounted" :: waited 0.001s {{(pid=86488) inner /opt/stack/data/venv/lib/python3.12/site-packages/oslo_concurrency/lockutils.py:519}}
Jun 02 16:16:21 devstack cinder-volume[86488]: DEBUG cinder.volume.drivers.quobyte [None req-211392ec-8400-4061-8a75-d8e4fea43766 tempest-VolumesImageMetadata-236610512 None] Quobyte Volume URL set to: {'osci02.corp.quobyte.com/cinder-vol-29533a4a-e23d-4137-9f30-2c2c2dbc2757': None} {{(pid=86488) _load_shares_config /opt/stack/cinder/cinder/volume/drivers/quobyte.py:617}}
Jun 02 16:16:21 devstack cinder-volume[86488]: DEBUG cinder.volume.drivers.quobyte [None req-211392ec-8400-4061-8a75-d8e4fea43766 tempest-VolumesImageMetadata-236610512 None] Available shares ['osci02.corp.quobyte.com/cinder-vol-29533a4a-e23d-4137-9f30-2c2c2dbc2757'] {{(pid=86488) _ensure_shares_mounted /opt/stack/cinder/cinder/volume/drivers/quobyte.py:647}}
Jun 02 16:16:21 devstack cinder-volume[86488]: DEBUG oslo_concurrency.lockutils [None req-211392ec-8400-4061-8a75-d8e4fea43766 tempest-VolumesImageMetadata-236610512 None] Lock "quobyte_ensure" "released" by "cinder.volume.drivers.quobyte.QuobyteDriver._ensure_shares_mounted" :: held 0.009s {{(pid=86488) inner /opt/stack/data/venv/lib/python3.12/site-packages/oslo_concurrency/lockutils.py:538}}
Jun 02 16:16:21 devstack cinder-volume[86488]: DEBUG oslo_concurrency.processutils [None req-211392ec-8400-4061-8a75-d8e4fea43766 tempest-VolumesImageMetadata-236610512 None] Running cmd (subprocess): sudo cinder-rootwrap /etc/cinder/rootwrap.conf df --portability --block-size 1 /opt/stack/data/cinder/mnt/2e83fd92139cedc9f057d9966f54b74d {{(pid=86488) execute /opt/stack/data/venv/lib/python3.12/site-packages/oslo_concurrency/processutils.py:440}}
Jun 02 16:16:21 devstack sudo[96322]: quobyte : PWD=/ ; USER=root ; COMMAND=/opt/stack/data/venv/bin/cinder-rootwrap /etc/cinder/rootwrap.conf df --portability --block-size 1 /opt/stack/data/cinder/mnt/2e83fd92139cedc9f057d9966f54b74d
Jun 02 16:16:21 devstack sudo[96322]: pam_unix(sudo:session): session opened for user root(uid=0) by (uid=1000)
Jun 02 16:16:21 devstack sudo[96322]: pam_unix(sudo:session): session closed for user root
Jun 02 16:16:21 devstack cinder-volume[86488]: DEBUG oslo_concurrency.processutils [None req-211392ec-8400-4061-8a75-d8e4fea43766 tempest-VolumesImageMetadata-236610512 None] CMD "sudo cinder-rootwrap /etc/cinder/rootwrap.conf df --portability --block-size 1 /opt/stack/data/cinder/mnt/2e83fd92139cedc9f057d9966f54b74d" returned: 0 in 0.600s {{(pid=86488) execute /opt/stack/data/venv/lib/python3.12/site-packages/oslo_concurrency/processutils.py:468}}
Jun 02 16:16:21 devstack cinder-volume[86488]: DEBUG cinder.manager [None req-211392ec-8400-4061-8a75-d8e4fea43766 tempest-VolumesImageMetadata-236610512 None] Notifying Schedulers of capabilities ... {{(pid=86488) _publish_service_capabilities /opt/stack/cinder/cinder/manager.py:202}}
Jun 02 16:16:21 devstack cinder-volume[86488]: INFO cinder.volume.manager [None req-211392ec-8400-4061-8a75-d8e4fea43766 tempest-VolumesImageMetadata-236610512 None] Deleted volume successfully.
Jun 02 16:16:21 devstack cinder-volume[86488]: DEBUG cinder.coordination [None req-211392ec-8400-4061-8a75-d8e4fea43766 tempest-VolumesImageMetadata-236610512 None] Lock "cinder-aa9b3ce4-c506-40e2-b3dd-109ef33ff592-delete_volume" released by "delete_volume" :: held 3.327s {{(pid=86488) __release /opt/stack/cinder/cinder/coordination.py:152}}
Jun 02 16:16:22 devstack cinder-volume[86488]: INFO cinder.volume.manager [None req-920b8457-28e9-4d47-857d-5c8d65b0145f tempest-GroupSnapshotsTest-1776319603 None] GroupSnapshot 83cd3816-685b-4851-90ec-ddf61c251fe6: creating.
Jun 02 16:16:22 devstack cinder-volume[86488]: DEBUG cinder.volume.manager [None req-920b8457-28e9-4d47-857d-5c8d65b0145f tempest-GroupSnapshotsTest-1776319603 None] Group snapshot 83cd3816-685b-4851-90ec-ddf61c251fe6: creating. {{(pid=86488) create_group_snapshot /opt/stack/cinder/cinder/volume/manager.py:4175}}
Jun 02 16:16:22 devstack cinder-volume[86488]: DEBUG oslo_concurrency.lockutils [None req-920b8457-28e9-4d47-857d-5c8d65b0145f tempest-GroupSnapshotsTest-1776319603 None] Acquiring lock "quobyte" by "cinder.volume.drivers.quobyte.QuobyteDriver.create_snapshot" {{(pid=86488) inner /opt/stack/data/venv/lib/python3.12/site-packages/oslo_concurrency/lockutils.py:506}}
Jun 02 16:16:22 devstack cinder-volume[86488]: DEBUG oslo_concurrency.lockutils [None req-920b8457-28e9-4d47-857d-5c8d65b0145f tempest-GroupSnapshotsTest-1776319603 None] Lock "quobyte" acquired by "cinder.volume.drivers.quobyte.QuobyteDriver.create_snapshot" :: waited 0.001s {{(pid=86488) inner /opt/stack/data/venv/lib/python3.12/site-packages/oslo_concurrency/lockutils.py:519}}
Jun 02 16:16:22 devstack cinder-volume[86488]: DEBUG cinder.volume.drivers.remotefs [None req-920b8457-28e9-4d47-857d-5c8d65b0145f tempest-GroupSnapshotsTest-1776319603 None] Creating offline snapshot 8844639d-49bd-418a-8c0d-d8c1558f5ead of volume cdd4a97a-0c4e-4a6d-b5b7-41795eb90653 {{(pid=86488) _create_snapshot /opt/stack/cinder/cinder/volume/drivers/remotefs.py:1815}}
Jun 02 16:16:22 devstack cinder-volume[86488]: DEBUG oslo.privsep.daemon [-] privsep: reply[3ffe17b4-548d-423b-8d6c-f17c848eae43]: (4, 'qcow2') {{(pid=87714) _call_back /opt/stack/data/venv/lib/python3.12/site-packages/oslo_privsep/daemon.py:573}}
Jun 02 16:16:22 devstack cinder-volume[86488]: DEBUG oslo_concurrency.processutils [None req-920b8457-28e9-4d47-857d-5c8d65b0145f tempest-GroupSnapshotsTest-1776319603 None] Running cmd (subprocess): /opt/stack/data/venv/bin/python3.12 -m oslo_concurrency.prlimit --as=1073741824 --cpu=60 -- sudo cinder-rootwrap /etc/cinder/rootwrap.conf env LC_ALL=C qemu-img info -f qcow2 --output=json --force-share /opt/stack/data/cinder/mnt/2e83fd92139cedc9f057d9966f54b74d/volume-cdd4a97a-0c4e-4a6d-b5b7-41795eb90653 {{(pid=86488) execute /opt/stack/data/venv/lib/python3.12/site-packages/oslo_concurrency/processutils.py:440}}
Jun 02 16:16:22 devstack sudo[96327]: quobyte : PWD=/ ; USER=root ; COMMAND=/opt/stack/data/venv/bin/cinder-rootwrap /etc/cinder/rootwrap.conf env LC_ALL=C qemu-img info -f qcow2 --output=json --force-share /opt/stack/data/cinder/mnt/2e83fd92139cedc9f057d9966f54b74d/volume-cdd4a97a-0c4e-4a6d-b5b7-41795eb90653
Jun 02 16:16:22 devstack sudo[96327]: pam_unix(sudo:session): session opened for user root(uid=0) by (uid=1000)
Jun 02 16:16:23 devstack sudo[96327]: pam_unix(sudo:session): session closed for user root
Jun 02 16:16:23 devstack cinder-volume[86488]: DEBUG oslo_concurrency.processutils [None req-920b8457-28e9-4d47-857d-5c8d65b0145f tempest-GroupSnapshotsTest-1776319603 None] CMD "/opt/stack/data/venv/bin/python3.12 -m oslo_concurrency.prlimit --as=1073741824 --cpu=60 -- sudo cinder-rootwrap /etc/cinder/rootwrap.conf env LC_ALL=C qemu-img info -f qcow2 --output=json --force-share /opt/stack/data/cinder/mnt/2e83fd92139cedc9f057d9966f54b74d/volume-cdd4a97a-0c4e-4a6d-b5b7-41795eb90653" returned: 0 in 0.951s {{(pid=86488) execute /opt/stack/data/venv/lib/python3.12/site-packages/oslo_concurrency/processutils.py:468}}
Jun 02 16:16:23 devstack cinder-volume[86488]: DEBUG oslo_concurrency.processutils [None req-920b8457-28e9-4d47-857d-5c8d65b0145f tempest-GroupSnapshotsTest-1776319603 None] Running cmd (subprocess): sudo cinder-rootwrap /etc/cinder/rootwrap.conf qemu-img create -f qcow2 -o backing_file=/opt/stack/data/cinder/mnt/2e83fd92139cedc9f057d9966f54b74d/volume-cdd4a97a-0c4e-4a6d-b5b7-41795eb90653,backing_fmt=qcow2 /opt/stack/data/cinder/mnt/2e83fd92139cedc9f057d9966f54b74d/volume-cdd4a97a-0c4e-4a6d-b5b7-41795eb90653.8844639d-49bd-418a-8c0d-d8c1558f5ead 1G {{(pid=86488) execute /opt/stack/data/venv/lib/python3.12/site-packages/oslo_concurrency/processutils.py:440}}
Jun 02 16:16:23 devstack sudo[96333]: quobyte : PWD=/ ; USER=root ; COMMAND=/opt/stack/data/venv/bin/cinder-rootwrap /etc/cinder/rootwrap.conf qemu-img create -f qcow2 -o backing_file=/opt/stack/data/cinder/mnt/2e83fd92139cedc9f057d9966f54b74d/volume-cdd4a97a-0c4e-4a6d-b5b7-41795eb90653,backing_fmt=qcow2 /opt/stack/data/cinder/mnt/2e83fd92139cedc9f057d9966f54b74d/volume-cdd4a97a-0c4e-4a6d-b5b7-41795eb90653.8844639d-49bd-418a-8c0d-d8c1558f5ead 1G
Jun 02 16:16:23 devstack sudo[96333]: pam_unix(sudo:session): session opened for user root(uid=0) by (uid=1000)
Jun 02 16:16:24 devstack sudo[96333]: pam_unix(sudo:session): session closed for user root
Jun 02 16:16:24 devstack cinder-volume[86488]: DEBUG oslo_concurrency.processutils [None req-920b8457-28e9-4d47-857d-5c8d65b0145f tempest-GroupSnapshotsTest-1776319603 None] CMD "sudo cinder-rootwrap /etc/cinder/rootwrap.conf qemu-img create -f qcow2 -o backing_file=/opt/stack/data/cinder/mnt/2e83fd92139cedc9f057d9966f54b74d/volume-cdd4a97a-0c4e-4a6d-b5b7-41795eb90653,backing_fmt=qcow2 /opt/stack/data/cinder/mnt/2e83fd92139cedc9f057d9966f54b74d/volume-cdd4a97a-0c4e-4a6d-b5b7-41795eb90653.8844639d-49bd-418a-8c0d-d8c1558f5ead 1G" returned: 0 in 1.441s {{(pid=86488) execute /opt/stack/data/venv/lib/python3.12/site-packages/oslo_concurrency/processutils.py:468}}
Jun 02 16:16:24 devstack cinder-volume[86488]: DEBUG oslo_concurrency.processutils [None req-920b8457-28e9-4d47-857d-5c8d65b0145f tempest-GroupSnapshotsTest-1776319603 None] Running cmd (subprocess): sudo cinder-rootwrap /etc/cinder/rootwrap.conf qemu-img rebase -u -b volume-cdd4a97a-0c4e-4a6d-b5b7-41795eb90653 -F qcow2 /opt/stack/data/cinder/mnt/2e83fd92139cedc9f057d9966f54b74d/volume-cdd4a97a-0c4e-4a6d-b5b7-41795eb90653.8844639d-49bd-418a-8c0d-d8c1558f5ead {{(pid=86488) execute /opt/stack/data/venv/lib/python3.12/site-packages/oslo_concurrency/processutils.py:440}}
Jun 02 16:16:24 devstack sudo[96383]: quobyte : PWD=/ ; USER=root ; COMMAND=/opt/stack/data/venv/bin/cinder-rootwrap /etc/cinder/rootwrap.conf qemu-img rebase -u -b volume-cdd4a97a-0c4e-4a6d-b5b7-41795eb90653 -F qcow2 /opt/stack/data/cinder/mnt/2e83fd92139cedc9f057d9966f54b74d/volume-cdd4a97a-0c4e-4a6d-b5b7-41795eb90653.8844639d-49bd-418a-8c0d-d8c1558f5ead
Jun 02 16:16:24 devstack sudo[96383]: pam_unix(sudo:session): session opened for user root(uid=0) by (uid=1000)
Jun 02 16:16:26 devstack sudo[96383]: pam_unix(sudo:session): session closed for user root
Jun 02 16:16:26 devstack cinder-volume[86488]: DEBUG oslo_concurrency.processutils [None req-920b8457-28e9-4d47-857d-5c8d65b0145f tempest-GroupSnapshotsTest-1776319603 None] CMD "sudo cinder-rootwrap /etc/cinder/rootwrap.conf qemu-img rebase -u -b volume-cdd4a97a-0c4e-4a6d-b5b7-41795eb90653 -F qcow2 /opt/stack/data/cinder/mnt/2e83fd92139cedc9f057d9966f54b74d/volume-cdd4a97a-0c4e-4a6d-b5b7-41795eb90653.8844639d-49bd-418a-8c0d-d8c1558f5ead" returned: 0 in 1.213s {{(pid=86488) execute /opt/stack/data/venv/lib/python3.12/site-packages/oslo_concurrency/processutils.py:468}}
Jun 02 16:16:26 devstack cinder-volume[86488]: WARNING cinder.volume.drivers.remotefs [None req-920b8457-28e9-4d47-857d-5c8d65b0145f tempest-GroupSnapshotsTest-1776319603 None] /opt/stack/data/cinder/mnt/2e83fd92139cedc9f057d9966f54b74d/volume-cdd4a97a-0c4e-4a6d-b5b7-41795eb90653.8844639d-49bd-418a-8c0d-d8c1558f5ead is being set with open permissions: ugo+rw: NotImplementedError
Jun 02 16:16:26 devstack cinder-volume[86488]: DEBUG oslo_concurrency.processutils [None req-920b8457-28e9-4d47-857d-5c8d65b0145f tempest-GroupSnapshotsTest-1776319603 None] Running cmd (subprocess): sudo cinder-rootwrap /etc/cinder/rootwrap.conf chmod ugo+rw /opt/stack/data/cinder/mnt/2e83fd92139cedc9f057d9966f54b74d/volume-cdd4a97a-0c4e-4a6d-b5b7-41795eb90653.8844639d-49bd-418a-8c0d-d8c1558f5ead {{(pid=86488) execute /opt/stack/data/venv/lib/python3.12/site-packages/oslo_concurrency/processutils.py:440}}
Jun 02 16:16:26 devstack sudo[96404]: quobyte : PWD=/ ; USER=root ; COMMAND=/opt/stack/data/venv/bin/cinder-rootwrap /etc/cinder/rootwrap.conf chmod ugo+rw /opt/stack/data/cinder/mnt/2e83fd92139cedc9f057d9966f54b74d/volume-cdd4a97a-0c4e-4a6d-b5b7-41795eb90653.8844639d-49bd-418a-8c0d-d8c1558f5ead
Jun 02 16:16:26 devstack sudo[96404]: pam_unix(sudo:session): session opened for user root(uid=0) by (uid=1000)
Jun 02 16:16:26 devstack sudo[96404]: pam_unix(sudo:session): session closed for user root
Jun 02 16:16:26 devstack cinder-volume[86488]: DEBUG oslo_concurrency.processutils [None req-920b8457-28e9-4d47-857d-5c8d65b0145f tempest-GroupSnapshotsTest-1776319603 None] CMD "sudo cinder-rootwrap /etc/cinder/rootwrap.conf chmod ugo+rw /opt/stack/data/cinder/mnt/2e83fd92139cedc9f057d9966f54b74d/volume-cdd4a97a-0c4e-4a6d-b5b7-41795eb90653.8844639d-49bd-418a-8c0d-d8c1558f5ead" returned: 0 in 0.814s {{(pid=86488) execute /opt/stack/data/venv/lib/python3.12/site-packages/oslo_concurrency/processutils.py:468}}
Jun 02 16:16:26 devstack cinder-volume[86488]: DEBUG oslo_concurrency.processutils [None req-920b8457-28e9-4d47-857d-5c8d65b0145f tempest-GroupSnapshotsTest-1776319603 None] Running cmd (subprocess): sudo cinder-rootwrap /etc/cinder/rootwrap.conf truncate -s0 /opt/stack/data/cinder/mnt/2e83fd92139cedc9f057d9966f54b74d/volume-cdd4a97a-0c4e-4a6d-b5b7-41795eb90653.info {{(pid=86488) execute /opt/stack/data/venv/lib/python3.12/site-packages/oslo_concurrency/processutils.py:440}}
Jun 02 16:16:27 devstack sudo[96409]: quobyte : PWD=/ ; USER=root ; COMMAND=/opt/stack/data/venv/bin/cinder-rootwrap /etc/cinder/rootwrap.conf truncate -s0 /opt/stack/data/cinder/mnt/2e83fd92139cedc9f057d9966f54b74d/volume-cdd4a97a-0c4e-4a6d-b5b7-41795eb90653.info
Jun 02 16:16:27 devstack sudo[96409]: pam_unix(sudo:session): session opened for user root(uid=0) by (uid=1000)
Jun 02 16:16:27 devstack sudo[96409]: pam_unix(sudo:session): session closed for user root
Jun 02 16:16:27 devstack cinder-volume[86488]: DEBUG oslo_concurrency.processutils [None req-920b8457-28e9-4d47-857d-5c8d65b0145f tempest-GroupSnapshotsTest-1776319603 None] CMD "sudo cinder-rootwrap /etc/cinder/rootwrap.conf truncate -s0 /opt/stack/data/cinder/mnt/2e83fd92139cedc9f057d9966f54b74d/volume-cdd4a97a-0c4e-4a6d-b5b7-41795eb90653.info" returned: 0 in 0.909s {{(pid=86488) execute /opt/stack/data/venv/lib/python3.12/site-packages/oslo_concurrency/processutils.py:468}}
Jun 02 16:16:27 devstack cinder-volume[86488]: WARNING cinder.volume.drivers.remotefs [None req-920b8457-28e9-4d47-857d-5c8d65b0145f tempest-GroupSnapshotsTest-1776319603 None] /opt/stack/data/cinder/mnt/2e83fd92139cedc9f057d9966f54b74d/volume-cdd4a97a-0c4e-4a6d-b5b7-41795eb90653.info is being set with open permissions: ugo+rw: NotImplementedError
Jun 02 16:16:27 devstack cinder-volume[86488]: DEBUG oslo_concurrency.processutils [None req-920b8457-28e9-4d47-857d-5c8d65b0145f tempest-GroupSnapshotsTest-1776319603 None] Running cmd (subprocess): sudo cinder-rootwrap /etc/cinder/rootwrap.conf chmod ugo+rw /opt/stack/data/cinder/mnt/2e83fd92139cedc9f057d9966f54b74d/volume-cdd4a97a-0c4e-4a6d-b5b7-41795eb90653.info {{(pid=86488) execute /opt/stack/data/venv/lib/python3.12/site-packages/oslo_concurrency/processutils.py:440}}
Jun 02 16:16:27 devstack sudo[96428]: quobyte : PWD=/ ; USER=root ; COMMAND=/opt/stack/data/venv/bin/cinder-rootwrap /etc/cinder/rootwrap.conf chmod ugo+rw /opt/stack/data/cinder/mnt/2e83fd92139cedc9f057d9966f54b74d/volume-cdd4a97a-0c4e-4a6d-b5b7-41795eb90653.info
Jun 02 16:16:27 devstack sudo[96428]: pam_unix(sudo:session): session opened for user root(uid=0) by (uid=1000)
Jun 02 16:16:28 devstack cinder-volume[86488]: DEBUG cinder.volume.flows.manager.create_volume [None req-17beba0b-cbfa-4726-b6c8-ec1e9eacfc41 tempest-AbsoluteLimitsTests-1804991882 None] Volume reschedule parameters: True retry: {'num_attempts': 1, 'backends': ['devstack@QuobyteHD#QuobyteHD'], 'hosts': ['devstack@QuobyteHD#QuobyteHD']} {{(pid=86488) get_flow /opt/stack/cinder/cinder/volume/flows/manager/create_volume.py:1388}}
Jun 02 16:16:28 devstack cinder-volume[86488]: DEBUG cinder.volume.manager [None req-17beba0b-cbfa-4726-b6c8-ec1e9eacfc41 tempest-AbsoluteLimitsTests-1804991882 None] Flow 'volume_create_manager' (2e8ea137-9294-481b-8c4b-b0a278057527) transitioned into state 'RUNNING' from state 'PENDING' {{(pid=86488) _flow_receiver /opt/stack/data/venv/lib/python3.12/site-packages/taskflow/listeners/logging.py:145}}
Jun 02 16:16:28 devstack cinder-volume[86488]: DEBUG cinder.volume.manager [None req-17beba0b-cbfa-4726-b6c8-ec1e9eacfc41 tempest-AbsoluteLimitsTests-1804991882 None] Task 'cinder.volume.flows.manager.create_volume.ExtractVolumeRefTask;volume:create' (69a06256-0eac-4641-97fe-5b67b949faae) transitioned into state 'RUNNING' from state 'PENDING' {{(pid=86488) _task_receiver /opt/stack/data/venv/lib/python3.12/site-packages/taskflow/listeners/logging.py:194}}
Jun 02 16:16:28 devstack cinder-volume[86488]: DEBUG cinder.volume.manager [None req-17beba0b-cbfa-4726-b6c8-ec1e9eacfc41 tempest-AbsoluteLimitsTests-1804991882 None] Task 'cinder.volume.flows.manager.create_volume.ExtractVolumeRefTask;volume:create' (69a06256-0eac-4641-97fe-5b67b949faae) transitioned into state 'SUCCESS' from state 'RUNNING' with result 'Volume(_name_id=None,admin_metadata=,attach_status='detached',availability_zone='nova',bootable=False,cluster=,cluster_name=None,consistencygroup=,consistencygroup_id=None,created_at=2026-06-02T14:16:28Z,deleted=False,deleted_at=None,display_description=None,display_name='tempest-AbsoluteLimitsTests-Volume-1497096830',ec2_id=None,encryption_key_id=None,glance_metadata=,group=,group_id=None,host='devstack@QuobyteHD#QuobyteHD',id=7f28c895-f614-4985-8f7b-c0010a5e32e3,launched_at=None,metadata={},migration_status=None,multiattach=False,previous_status=None,project_id='63b0677d3bcb425eadd821c21c67cbfe',provider_auth=None,provider_geometry=None,provider_id=None,provider_location=None,replication_driver_data=None,replication_extended_status=None,replication_status=None,scheduled_at=2026-06-02T14:16:28Z,service_uuid=None,shared_targets=True,size=1,snapshot_id=None,snapshots=,source_volid=None,status='creating',terminated_at=None,updated_at=2026-06-02T14:16:28Z,use_quota=True,user_id='39de5ec436964ffcb442e2a872fd5abd',volume_attachment=VolumeAttachmentList,volume_type=VolumeType(6ae6f5c0-8016-487b-9905-677c9b6c8479),volume_type_id=6ae6f5c0-8016-487b-9905-677c9b6c8479)' {{(pid=86488) _task_receiver /opt/stack/data/venv/lib/python3.12/site-packages/taskflow/listeners/logging.py:182}}
Jun 02 16:16:28 devstack cinder-volume[86488]: DEBUG cinder.volume.manager [None req-17beba0b-cbfa-4726-b6c8-ec1e9eacfc41 tempest-AbsoluteLimitsTests-1804991882 None] Task 'cinder.volume.flows.manager.create_volume.OnFailureRescheduleTask;volume:create' (3ef15417-f3b9-47c9-83d2-1fde454131f2) transitioned into state 'RUNNING' from state 'PENDING' {{(pid=86488) _task_receiver /opt/stack/data/venv/lib/python3.12/site-packages/taskflow/listeners/logging.py:194}}
Jun 02 16:16:28 devstack cinder-volume[86488]: DEBUG cinder.volume.manager [None req-17beba0b-cbfa-4726-b6c8-ec1e9eacfc41 tempest-AbsoluteLimitsTests-1804991882 None] Task 'cinder.volume.flows.manager.create_volume.OnFailureRescheduleTask;volume:create' (3ef15417-f3b9-47c9-83d2-1fde454131f2) transitioned into state 'SUCCESS' from state 'RUNNING' with result 'None' {{(pid=86488) _task_receiver /opt/stack/data/venv/lib/python3.12/site-packages/taskflow/listeners/logging.py:182}}
Jun 02 16:16:28 devstack cinder-volume[86488]: DEBUG cinder.volume.manager [None req-17beba0b-cbfa-4726-b6c8-ec1e9eacfc41 tempest-AbsoluteLimitsTests-1804991882 None] Task 'cinder.volume.flows.manager.create_volume.ExtractVolumeSpecTask;volume:create' (7cc53907-ae27-4b03-9dc9-2ee91582da82) transitioned into state 'RUNNING' from state 'PENDING' {{(pid=86488) _task_receiver /opt/stack/data/venv/lib/python3.12/site-packages/taskflow/listeners/logging.py:194}}
Jun 02 16:16:28 devstack cinder-volume[86488]: DEBUG cinder.volume.manager [None req-17beba0b-cbfa-4726-b6c8-ec1e9eacfc41 tempest-AbsoluteLimitsTests-1804991882 None] Task 'cinder.volume.flows.manager.create_volume.ExtractVolumeSpecTask;volume:create' (7cc53907-ae27-4b03-9dc9-2ee91582da82) transitioned into state 'SUCCESS' from state 'RUNNING' with result '{'status': 'creating', 'type': 'raw', 'volume_id': '7f28c895-f614-4985-8f7b-c0010a5e32e3', 'volume_name': 'volume-7f28c895-f614-4985-8f7b-c0010a5e32e3', 'volume_size': 1}' {{(pid=86488) _task_receiver /opt/stack/data/venv/lib/python3.12/site-packages/taskflow/listeners/logging.py:182}}
Jun 02 16:16:28 devstack cinder-volume[86488]: DEBUG cinder.volume.manager [None req-17beba0b-cbfa-4726-b6c8-ec1e9eacfc41 tempest-AbsoluteLimitsTests-1804991882 None] Task 'cinder.volume.flows.manager.create_volume.NotifyVolumeActionTask;volume:create, create.start' (7e4d41d7-41c1-4e4c-9386-7b5b61388b4b) transitioned into state 'RUNNING' from state 'PENDING' {{(pid=86488) _task_receiver /opt/stack/data/venv/lib/python3.12/site-packages/taskflow/listeners/logging.py:194}}
Jun 02 16:16:28 devstack cinder-volume[86488]: DEBUG cinder.volume.manager [None req-17beba0b-cbfa-4726-b6c8-ec1e9eacfc41 tempest-AbsoluteLimitsTests-1804991882 None] Task 'cinder.volume.flows.manager.create_volume.NotifyVolumeActionTask;volume:create, create.start' (7e4d41d7-41c1-4e4c-9386-7b5b61388b4b) transitioned into state 'SUCCESS' from state 'RUNNING' with result 'None' {{(pid=86488) _task_receiver /opt/stack/data/venv/lib/python3.12/site-packages/taskflow/listeners/logging.py:182}}
Jun 02 16:16:28 devstack cinder-volume[86488]: DEBUG cinder.volume.manager [None req-17beba0b-cbfa-4726-b6c8-ec1e9eacfc41 tempest-AbsoluteLimitsTests-1804991882 None] Task 'cinder.volume.flows.manager.create_volume.CreateVolumeFromSpecTask;volume:create' (8c0bdcf6-9695-4197-8c45-b5d1fb3f2801) transitioned into state 'RUNNING' from state 'PENDING' {{(pid=86488) _task_receiver /opt/stack/data/venv/lib/python3.12/site-packages/taskflow/listeners/logging.py:194}}
Jun 02 16:16:28 devstack cinder-volume[86488]: INFO cinder.volume.flows.manager.create_volume [None req-17beba0b-cbfa-4726-b6c8-ec1e9eacfc41 tempest-AbsoluteLimitsTests-1804991882 None] Volume 7f28c895-f614-4985-8f7b-c0010a5e32e3: being created as raw with specification: {'status': 'creating', 'volume_name': 'volume-7f28c895-f614-4985-8f7b-c0010a5e32e3', 'volume_size': 1}
Jun 02 16:16:28 devstack cinder-volume[86488]: DEBUG oslo_concurrency.lockutils [None req-17beba0b-cbfa-4726-b6c8-ec1e9eacfc41 tempest-AbsoluteLimitsTests-1804991882 None] Acquiring lock "quobyte" by "cinder.volume.drivers.quobyte.QuobyteDriver.create_volume" {{(pid=86488) inner /opt/stack/data/venv/lib/python3.12/site-packages/oslo_concurrency/lockutils.py:506}}
Jun 02 16:16:28 devstack sudo[96428]: pam_unix(sudo:session): session closed for user root
Jun 02 16:16:28 devstack cinder-volume[86488]: DEBUG oslo_concurrency.processutils [None req-920b8457-28e9-4d47-857d-5c8d65b0145f tempest-GroupSnapshotsTest-1776319603 None] CMD "sudo cinder-rootwrap /etc/cinder/rootwrap.conf chmod ugo+rw /opt/stack/data/cinder/mnt/2e83fd92139cedc9f057d9966f54b74d/volume-cdd4a97a-0c4e-4a6d-b5b7-41795eb90653.info" returned: 0 in 0.632s {{(pid=86488) execute /opt/stack/data/venv/lib/python3.12/site-packages/oslo_concurrency/processutils.py:468}}
Jun 02 16:16:28 devstack cinder-volume[86488]: DEBUG oslo_concurrency.lockutils [None req-920b8457-28e9-4d47-857d-5c8d65b0145f tempest-GroupSnapshotsTest-1776319603 None] Lock "quobyte" "released" by "cinder.volume.drivers.quobyte.QuobyteDriver.create_snapshot" :: held 6.083s {{(pid=86488) inner /opt/stack/data/venv/lib/python3.12/site-packages/oslo_concurrency/lockutils.py:538}}
Jun 02 16:16:28 devstack cinder-volume[86488]: DEBUG oslo_concurrency.lockutils [None req-920b8457-28e9-4d47-857d-5c8d65b0145f tempest-GroupSnapshotsTest-1776319603 None] Acquiring lock "quobyte" by "cinder.volume.drivers.quobyte.QuobyteDriver.create_snapshot" {{(pid=86488) inner /opt/stack/data/venv/lib/python3.12/site-packages/oslo_concurrency/lockutils.py:506}}
Jun 02 16:16:28 devstack cinder-volume[86488]: DEBUG oslo_concurrency.lockutils [None req-920b8457-28e9-4d47-857d-5c8d65b0145f tempest-GroupSnapshotsTest-1776319603 None] Lock "quobyte" acquired by "cinder.volume.drivers.quobyte.QuobyteDriver.create_snapshot" :: waited 0.000s {{(pid=86488) inner /opt/stack/data/venv/lib/python3.12/site-packages/oslo_concurrency/lockutils.py:519}}
Jun 02 16:16:28 devstack cinder-volume[86488]: DEBUG cinder.volume.drivers.remotefs [None req-920b8457-28e9-4d47-857d-5c8d65b0145f tempest-GroupSnapshotsTest-1776319603 None] Creating offline snapshot 99108f4f-7972-4875-bfc4-796abd5f66b8 of volume 2c28575b-157d-42cc-8942-fb74d2fac4d2 {{(pid=86488) _create_snapshot /opt/stack/cinder/cinder/volume/drivers/remotefs.py:1815}}
Jun 02 16:16:28 devstack cinder-volume[86488]: DEBUG oslo.privsep.daemon [-] privsep: reply[74b331cf-a98a-4c83-a232-1ae1c280ffc9]: (4, 'qcow2') {{(pid=87714) _call_back /opt/stack/data/venv/lib/python3.12/site-packages/oslo_privsep/daemon.py:573}}
Jun 02 16:16:28 devstack cinder-volume[86488]: DEBUG oslo_concurrency.processutils [None req-920b8457-28e9-4d47-857d-5c8d65b0145f tempest-GroupSnapshotsTest-1776319603 None] Running cmd (subprocess): /opt/stack/data/venv/bin/python3.12 -m oslo_concurrency.prlimit --as=1073741824 --cpu=60 -- sudo cinder-rootwrap /etc/cinder/rootwrap.conf env LC_ALL=C qemu-img info -f qcow2 --output=json --force-share /opt/stack/data/cinder/mnt/2e83fd92139cedc9f057d9966f54b74d/volume-2c28575b-157d-42cc-8942-fb74d2fac4d2 {{(pid=86488) execute /opt/stack/data/venv/lib/python3.12/site-packages/oslo_concurrency/processutils.py:440}}
Jun 02 16:16:28 devstack sudo[96432]: quobyte : PWD=/ ; USER=root ; COMMAND=/opt/stack/data/venv/bin/cinder-rootwrap /etc/cinder/rootwrap.conf env LC_ALL=C qemu-img info -f qcow2 --output=json --force-share /opt/stack/data/cinder/mnt/2e83fd92139cedc9f057d9966f54b74d/volume-2c28575b-157d-42cc-8942-fb74d2fac4d2
Jun 02 16:16:28 devstack sudo[96432]: pam_unix(sudo:session): session opened for user root(uid=0) by (uid=1000)
Jun 02 16:16:29 devstack sudo[96432]: pam_unix(sudo:session): session closed for user root
Jun 02 16:16:29 devstack cinder-volume[86488]: DEBUG oslo_concurrency.processutils [None req-920b8457-28e9-4d47-857d-5c8d65b0145f tempest-GroupSnapshotsTest-1776319603 None] CMD "/opt/stack/data/venv/bin/python3.12 -m oslo_concurrency.prlimit --as=1073741824 --cpu=60 -- sudo cinder-rootwrap /etc/cinder/rootwrap.conf env LC_ALL=C qemu-img info -f qcow2 --output=json --force-share /opt/stack/data/cinder/mnt/2e83fd92139cedc9f057d9966f54b74d/volume-2c28575b-157d-42cc-8942-fb74d2fac4d2" returned: 0 in 0.835s {{(pid=86488) execute /opt/stack/data/venv/lib/python3.12/site-packages/oslo_concurrency/processutils.py:468}}
Jun 02 16:16:29 devstack cinder-volume[86488]: DEBUG oslo_concurrency.processutils [None req-920b8457-28e9-4d47-857d-5c8d65b0145f tempest-GroupSnapshotsTest-1776319603 None] Running cmd (subprocess): sudo cinder-rootwrap /etc/cinder/rootwrap.conf qemu-img create -f qcow2 -o backing_file=/opt/stack/data/cinder/mnt/2e83fd92139cedc9f057d9966f54b74d/volume-2c28575b-157d-42cc-8942-fb74d2fac4d2,backing_fmt=qcow2 /opt/stack/data/cinder/mnt/2e83fd92139cedc9f057d9966f54b74d/volume-2c28575b-157d-42cc-8942-fb74d2fac4d2.99108f4f-7972-4875-bfc4-796abd5f66b8 1G {{(pid=86488) execute /opt/stack/data/venv/lib/python3.12/site-packages/oslo_concurrency/processutils.py:440}}
Jun 02 16:16:29 devstack sudo[96437]: quobyte : PWD=/ ; USER=root ; COMMAND=/opt/stack/data/venv/bin/cinder-rootwrap /etc/cinder/rootwrap.conf qemu-img create -f qcow2 -o backing_file=/opt/stack/data/cinder/mnt/2e83fd92139cedc9f057d9966f54b74d/volume-2c28575b-157d-42cc-8942-fb74d2fac4d2,backing_fmt=qcow2 /opt/stack/data/cinder/mnt/2e83fd92139cedc9f057d9966f54b74d/volume-2c28575b-157d-42cc-8942-fb74d2fac4d2.99108f4f-7972-4875-bfc4-796abd5f66b8 1G
Jun 02 16:16:29 devstack sudo[96437]: pam_unix(sudo:session): session opened for user root(uid=0) by (uid=1000)
Jun 02 16:16:30 devstack sudo[96437]: pam_unix(sudo:session): session closed for user root
Jun 02 16:16:30 devstack cinder-volume[86488]: DEBUG oslo_concurrency.processutils [None req-920b8457-28e9-4d47-857d-5c8d65b0145f tempest-GroupSnapshotsTest-1776319603 None] CMD "sudo cinder-rootwrap /etc/cinder/rootwrap.conf qemu-img create -f qcow2 -o backing_file=/opt/stack/data/cinder/mnt/2e83fd92139cedc9f057d9966f54b74d/volume-2c28575b-157d-42cc-8942-fb74d2fac4d2,backing_fmt=qcow2 /opt/stack/data/cinder/mnt/2e83fd92139cedc9f057d9966f54b74d/volume-2c28575b-157d-42cc-8942-fb74d2fac4d2.99108f4f-7972-4875-bfc4-796abd5f66b8 1G" returned: 0 in 0.823s {{(pid=86488) execute /opt/stack/data/venv/lib/python3.12/site-packages/oslo_concurrency/processutils.py:468}}
Jun 02 16:16:30 devstack cinder-volume[86488]: DEBUG oslo_concurrency.processutils [None req-920b8457-28e9-4d47-857d-5c8d65b0145f tempest-GroupSnapshotsTest-1776319603 None] Running cmd (subprocess): sudo cinder-rootwrap /etc/cinder/rootwrap.conf qemu-img rebase -u -b volume-2c28575b-157d-42cc-8942-fb74d2fac4d2 -F qcow2 /opt/stack/data/cinder/mnt/2e83fd92139cedc9f057d9966f54b74d/volume-2c28575b-157d-42cc-8942-fb74d2fac4d2.99108f4f-7972-4875-bfc4-796abd5f66b8 {{(pid=86488) execute /opt/stack/data/venv/lib/python3.12/site-packages/oslo_concurrency/processutils.py:440}}
Jun 02 16:16:30 devstack sudo[96443]: quobyte : PWD=/ ; USER=root ; COMMAND=/opt/stack/data/venv/bin/cinder-rootwrap /etc/cinder/rootwrap.conf qemu-img rebase -u -b volume-2c28575b-157d-42cc-8942-fb74d2fac4d2 -F qcow2 /opt/stack/data/cinder/mnt/2e83fd92139cedc9f057d9966f54b74d/volume-2c28575b-157d-42cc-8942-fb74d2fac4d2.99108f4f-7972-4875-bfc4-796abd5f66b8
Jun 02 16:16:30 devstack sudo[96443]: pam_unix(sudo:session): session opened for user root(uid=0) by (uid=1000)
Jun 02 16:16:30 devstack sudo[96443]: pam_unix(sudo:session): session closed for user root
Jun 02 16:16:30 devstack cinder-volume[86488]: DEBUG oslo_concurrency.processutils [None req-920b8457-28e9-4d47-857d-5c8d65b0145f tempest-GroupSnapshotsTest-1776319603 None] CMD "sudo cinder-rootwrap /etc/cinder/rootwrap.conf qemu-img rebase -u -b volume-2c28575b-157d-42cc-8942-fb74d2fac4d2 -F qcow2 /opt/stack/data/cinder/mnt/2e83fd92139cedc9f057d9966f54b74d/volume-2c28575b-157d-42cc-8942-fb74d2fac4d2.99108f4f-7972-4875-bfc4-796abd5f66b8" returned: 0 in 0.654s {{(pid=86488) execute /opt/stack/data/venv/lib/python3.12/site-packages/oslo_concurrency/processutils.py:468}}
Jun 02 16:16:30 devstack cinder-volume[86488]: WARNING cinder.volume.drivers.remotefs [None req-920b8457-28e9-4d47-857d-5c8d65b0145f tempest-GroupSnapshotsTest-1776319603 None] /opt/stack/data/cinder/mnt/2e83fd92139cedc9f057d9966f54b74d/volume-2c28575b-157d-42cc-8942-fb74d2fac4d2.99108f4f-7972-4875-bfc4-796abd5f66b8 is being set with open permissions: ugo+rw: NotImplementedError
Jun 02 16:16:30 devstack cinder-volume[86488]: DEBUG oslo_concurrency.processutils [None req-920b8457-28e9-4d47-857d-5c8d65b0145f tempest-GroupSnapshotsTest-1776319603 None] Running cmd (subprocess): sudo cinder-rootwrap /etc/cinder/rootwrap.conf chmod ugo+rw /opt/stack/data/cinder/mnt/2e83fd92139cedc9f057d9966f54b74d/volume-2c28575b-157d-42cc-8942-fb74d2fac4d2.99108f4f-7972-4875-bfc4-796abd5f66b8 {{(pid=86488) execute /opt/stack/data/venv/lib/python3.12/site-packages/oslo_concurrency/processutils.py:440}}
Jun 02 16:16:30 devstack sudo[96452]: quobyte : PWD=/ ; USER=root ; COMMAND=/opt/stack/data/venv/bin/cinder-rootwrap /etc/cinder/rootwrap.conf chmod ugo+rw /opt/stack/data/cinder/mnt/2e83fd92139cedc9f057d9966f54b74d/volume-2c28575b-157d-42cc-8942-fb74d2fac4d2.99108f4f-7972-4875-bfc4-796abd5f66b8
Jun 02 16:16:30 devstack sudo[96452]: pam_unix(sudo:session): session opened for user root(uid=0) by (uid=1000)
Jun 02 16:16:31 devstack cinder-volume[86488]: DEBUG oslo_concurrency.processutils [None req-920b8457-28e9-4d47-857d-5c8d65b0145f tempest-GroupSnapshotsTest-1776319603 None] CMD "sudo cinder-rootwrap /etc/cinder/rootwrap.conf chmod ugo+rw /opt/stack/data/cinder/mnt/2e83fd92139cedc9f057d9966f54b74d/volume-2c28575b-157d-42cc-8942-fb74d2fac4d2.99108f4f-7972-4875-bfc4-796abd5f66b8" returned: 0 in 0.648s {{(pid=86488) execute /opt/stack/data/venv/lib/python3.12/site-packages/oslo_concurrency/processutils.py:468}}
Jun 02 16:16:31 devstack sudo[96452]: pam_unix(sudo:session): session closed for user root
Jun 02 16:16:31 devstack cinder-volume[86488]: DEBUG oslo_concurrency.processutils [None req-920b8457-28e9-4d47-857d-5c8d65b0145f tempest-GroupSnapshotsTest-1776319603 None] Running cmd (subprocess): sudo cinder-rootwrap /etc/cinder/rootwrap.conf truncate -s0 /opt/stack/data/cinder/mnt/2e83fd92139cedc9f057d9966f54b74d/volume-2c28575b-157d-42cc-8942-fb74d2fac4d2.info {{(pid=86488) execute /opt/stack/data/venv/lib/python3.12/site-packages/oslo_concurrency/processutils.py:440}}
Jun 02 16:16:31 devstack sudo[96459]: quobyte : PWD=/ ; USER=root ; COMMAND=/opt/stack/data/venv/bin/cinder-rootwrap /etc/cinder/rootwrap.conf truncate -s0 /opt/stack/data/cinder/mnt/2e83fd92139cedc9f057d9966f54b74d/volume-2c28575b-157d-42cc-8942-fb74d2fac4d2.info
Jun 02 16:16:31 devstack sudo[96459]: pam_unix(sudo:session): session opened for user root(uid=0) by (uid=1000)
Jun 02 16:16:31 devstack cinder-volume[86488]: DEBUG cinder.coordination [None req-e8c8117c-3f69-4327-965c-017fa60815f1 tempest-AttachVolumeShelveTestJSON-801041235 None] Acquiring lock "cinder-63104a7d-0817-4529-9975-db6fe4ad2618-delete_volume" by "delete_volume" {{(pid=86488) __acquire /opt/stack/cinder/cinder/coordination.py:138}}
Jun 02 16:16:31 devstack cinder-volume[86488]: DEBUG cinder.coordination [None req-e8c8117c-3f69-4327-965c-017fa60815f1 tempest-AttachVolumeShelveTestJSON-801041235 None] Lock "cinder-63104a7d-0817-4529-9975-db6fe4ad2618-delete_volume" acquired by "delete_volume" :: waited 0.037s {{(pid=86488) __acquire /opt/stack/cinder/cinder/coordination.py:141}}
Jun 02 16:16:31 devstack cinder-volume[86488]: DEBUG dbcounter [-] [86488] Writing DB stats cinder:SELECT=98,cinder:INSERT=27,cinder:UPDATE=90,cinder:DELETE=2 {{(pid=86488) stat_writer /opt/stack/data/venv/lib/python3.12/site-packages/dbcounter.py:115}}
Jun 02 16:16:32 devstack cinder-volume[86488]: DEBUG cinder.coordination [None req-e8c8117c-3f69-4327-965c-017fa60815f1 tempest-AttachVolumeShelveTestJSON-801041235 None] Acquiring lock "cinder-quobyte-63104a7d-0817-4529-9975-db6fe4ad2618" by "delete_volume" {{(pid=86488) __acquire /opt/stack/cinder/cinder/coordination.py:138}}
Jun 02 16:16:32 devstack cinder-volume[86488]: DEBUG cinder.coordination [None req-e8c8117c-3f69-4327-965c-017fa60815f1 tempest-AttachVolumeShelveTestJSON-801041235 None] Lock "cinder-quobyte-63104a7d-0817-4529-9975-db6fe4ad2618" acquired by "delete_volume" :: waited 0.043s {{(pid=86488) __acquire /opt/stack/cinder/cinder/coordination.py:141}}
Jun 02 16:16:32 devstack cinder-volume[86488]: DEBUG oslo.privsep.daemon [-] privsep: reply[ca07452e-07f5-4370-a815-742f5d8d5b2d]: (4, 'qcow2') {{(pid=87714) _call_back /opt/stack/data/venv/lib/python3.12/site-packages/oslo_privsep/daemon.py:573}}
Jun 02 16:16:32 devstack cinder-volume[86488]: DEBUG oslo_concurrency.processutils [None req-e8c8117c-3f69-4327-965c-017fa60815f1 tempest-AttachVolumeShelveTestJSON-801041235 None] Running cmd (subprocess): /opt/stack/data/venv/bin/python3.12 -m oslo_concurrency.prlimit --as=1073741824 --cpu=60 -- sudo cinder-rootwrap /etc/cinder/rootwrap.conf env LC_ALL=C qemu-img info -f qcow2 --output=json --force-share /opt/stack/data/cinder/mnt/2e83fd92139cedc9f057d9966f54b74d/volume-63104a7d-0817-4529-9975-db6fe4ad2618 {{(pid=86488) execute /opt/stack/data/venv/lib/python3.12/site-packages/oslo_concurrency/processutils.py:440}}
Jun 02 16:16:32 devstack sudo[96494]: quobyte : PWD=/ ; USER=root ; COMMAND=/opt/stack/data/venv/bin/cinder-rootwrap /etc/cinder/rootwrap.conf env LC_ALL=C qemu-img info -f qcow2 --output=json --force-share /opt/stack/data/cinder/mnt/2e83fd92139cedc9f057d9966f54b74d/volume-63104a7d-0817-4529-9975-db6fe4ad2618
Jun 02 16:16:32 devstack sudo[96494]: pam_unix(sudo:session): session opened for user root(uid=0) by (uid=1000)
Jun 02 16:16:32 devstack sudo[96459]: pam_unix(sudo:session): session closed for user root
Jun 02 16:16:32 devstack cinder-volume[86488]: DEBUG oslo_concurrency.processutils [None req-920b8457-28e9-4d47-857d-5c8d65b0145f tempest-GroupSnapshotsTest-1776319603 None] CMD "sudo cinder-rootwrap /etc/cinder/rootwrap.conf truncate -s0 /opt/stack/data/cinder/mnt/2e83fd92139cedc9f057d9966f54b74d/volume-2c28575b-157d-42cc-8942-fb74d2fac4d2.info" returned: 0 in 0.930s {{(pid=86488) execute /opt/stack/data/venv/lib/python3.12/site-packages/oslo_concurrency/processutils.py:468}}
Jun 02 16:16:32 devstack cinder-volume[86488]: WARNING cinder.volume.drivers.remotefs [None req-920b8457-28e9-4d47-857d-5c8d65b0145f tempest-GroupSnapshotsTest-1776319603 None] /opt/stack/data/cinder/mnt/2e83fd92139cedc9f057d9966f54b74d/volume-2c28575b-157d-42cc-8942-fb74d2fac4d2.info is being set with open permissions: ugo+rw: NotImplementedError
Jun 02 16:16:32 devstack cinder-volume[86488]: DEBUG oslo_concurrency.processutils [None req-920b8457-28e9-4d47-857d-5c8d65b0145f tempest-GroupSnapshotsTest-1776319603 None] Running cmd (subprocess): sudo cinder-rootwrap /etc/cinder/rootwrap.conf chmod ugo+rw /opt/stack/data/cinder/mnt/2e83fd92139cedc9f057d9966f54b74d/volume-2c28575b-157d-42cc-8942-fb74d2fac4d2.info {{(pid=86488) execute /opt/stack/data/venv/lib/python3.12/site-packages/oslo_concurrency/processutils.py:440}}
Jun 02 16:16:32 devstack sudo[96537]: quobyte : PWD=/ ; USER=root ; COMMAND=/opt/stack/data/venv/bin/cinder-rootwrap /etc/cinder/rootwrap.conf chmod ugo+rw /opt/stack/data/cinder/mnt/2e83fd92139cedc9f057d9966f54b74d/volume-2c28575b-157d-42cc-8942-fb74d2fac4d2.info
Jun 02 16:16:32 devstack sudo[96537]: pam_unix(sudo:session): session opened for user root(uid=0) by (uid=1000)
Jun 02 16:16:33 devstack sudo[96494]: pam_unix(sudo:session): session closed for user root
Jun 02 16:16:33 devstack cinder-volume[86488]: DEBUG oslo_concurrency.processutils [None req-e8c8117c-3f69-4327-965c-017fa60815f1 tempest-AttachVolumeShelveTestJSON-801041235 None] CMD "/opt/stack/data/venv/bin/python3.12 -m oslo_concurrency.prlimit --as=1073741824 --cpu=60 -- sudo cinder-rootwrap /etc/cinder/rootwrap.conf env LC_ALL=C qemu-img info -f qcow2 --output=json --force-share /opt/stack/data/cinder/mnt/2e83fd92139cedc9f057d9966f54b74d/volume-63104a7d-0817-4529-9975-db6fe4ad2618" returned: 0 in 1.404s {{(pid=86488) execute /opt/stack/data/venv/lib/python3.12/site-packages/oslo_concurrency/processutils.py:468}}
Jun 02 16:16:33 devstack cinder-volume[86488]: DEBUG oslo_concurrency.processutils [None req-e8c8117c-3f69-4327-965c-017fa60815f1 tempest-AttachVolumeShelveTestJSON-801041235 None] Running cmd (subprocess): sudo cinder-rootwrap /etc/cinder/rootwrap.conf rm -f /opt/stack/data/cinder/mnt/2e83fd92139cedc9f057d9966f54b74d/volume-63104a7d-0817-4529-9975-db6fe4ad2618 {{(pid=86488) execute /opt/stack/data/venv/lib/python3.12/site-packages/oslo_concurrency/processutils.py:440}}
Jun 02 16:16:33 devstack sudo[96596]: quobyte : PWD=/ ; USER=root ; COMMAND=/opt/stack/data/venv/bin/cinder-rootwrap /etc/cinder/rootwrap.conf rm -f /opt/stack/data/cinder/mnt/2e83fd92139cedc9f057d9966f54b74d/volume-63104a7d-0817-4529-9975-db6fe4ad2618
Jun 02 16:16:33 devstack sudo[96596]: pam_unix(sudo:session): session opened for user root(uid=0) by (uid=1000)
Jun 02 16:16:33 devstack sudo[96537]: pam_unix(sudo:session): session closed for user root
Jun 02 16:16:33 devstack cinder-volume[86488]: DEBUG oslo_concurrency.processutils [None req-920b8457-28e9-4d47-857d-5c8d65b0145f tempest-GroupSnapshotsTest-1776319603 None] CMD "sudo cinder-rootwrap /etc/cinder/rootwrap.conf chmod ugo+rw /opt/stack/data/cinder/mnt/2e83fd92139cedc9f057d9966f54b74d/volume-2c28575b-157d-42cc-8942-fb74d2fac4d2.info" returned: 0 in 1.325s {{(pid=86488) execute /opt/stack/data/venv/lib/python3.12/site-packages/oslo_concurrency/processutils.py:468}}
Jun 02 16:16:33 devstack cinder-volume[86488]: DEBUG oslo_concurrency.lockutils [None req-920b8457-28e9-4d47-857d-5c8d65b0145f tempest-GroupSnapshotsTest-1776319603 None] Lock "quobyte" "released" by "cinder.volume.drivers.quobyte.QuobyteDriver.create_snapshot" :: held 5.335s {{(pid=86488) inner /opt/stack/data/venv/lib/python3.12/site-packages/oslo_concurrency/lockutils.py:538}}
Jun 02 16:16:33 devstack cinder-volume[86488]: DEBUG oslo_concurrency.lockutils [None req-17beba0b-cbfa-4726-b6c8-ec1e9eacfc41 tempest-AbsoluteLimitsTests-1804991882 None] Lock "quobyte" acquired by "cinder.volume.drivers.quobyte.QuobyteDriver.create_volume" :: waited 5.628s {{(pid=86488) inner /opt/stack/data/venv/lib/python3.12/site-packages/oslo_concurrency/lockutils.py:519}}
Jun 02 16:16:33 devstack cinder-volume[86488]: DEBUG cinder.volume.drivers.quobyte [None req-17beba0b-cbfa-4726-b6c8-ec1e9eacfc41 tempest-AbsoluteLimitsTests-1804991882 None] ==> create_volume: call "{'self': , 'volume': Volume(_name_id=None,admin_metadata=,attach_status='detached',availability_zone='nova',bootable=False,cluster=,cluster_name=None,consistencygroup=,consistencygroup_id=None,created_at=2026-06-02T14:16:28Z,deleted=False,deleted_at=None,display_description=None,display_name='tempest-AbsoluteLimitsTests-Volume-1497096830',ec2_id=None,encryption_key_id=None,glance_metadata=,group=,group_id=None,host='devstack@QuobyteHD#QuobyteHD',id=7f28c895-f614-4985-8f7b-c0010a5e32e3,launched_at=None,metadata={},migration_status=None,multiattach=False,previous_status=None,project_id='63b0677d3bcb425eadd821c21c67cbfe',provider_auth=None,provider_geometry=None,provider_id=None,provider_location=None,replication_driver_data=None,replication_extended_status=None,replication_status=None,scheduled_at=2026-06-02T14:16:28Z,service_uuid=None,shared_targets=True,size=1,snapshot_id=None,snapshots=,source_volid=None,status='creating',terminated_at=None,updated_at=2026-06-02T14:16:28Z,use_quota=True,user_id='39de5ec436964ffcb442e2a872fd5abd',volume_attachment=VolumeAttachmentList,volume_type=VolumeType(6ae6f5c0-8016-487b-9905-677c9b6c8479),volume_type_id=6ae6f5c0-8016-487b-9905-677c9b6c8479)}" {{(pid=86488) trace_logging_wrapper /opt/stack/cinder/cinder/volume/volume_utils.py:1498}}
Jun 02 16:16:33 devstack cinder-volume[86488]: DEBUG cinder.volume.drivers.remotefs [None req-17beba0b-cbfa-4726-b6c8-ec1e9eacfc41 tempest-AbsoluteLimitsTests-1804991882 None] Creating volume 7f28c895-f614-4985-8f7b-c0010a5e32e3 {{(pid=86488) create_volume /opt/stack/cinder/cinder/volume/drivers/remotefs.py:292}}
Jun 02 16:16:33 devstack cinder-volume[86488]: DEBUG oslo_concurrency.lockutils [None req-17beba0b-cbfa-4726-b6c8-ec1e9eacfc41 tempest-AbsoluteLimitsTests-1804991882 None] Acquiring lock "quobyte_ensure" by "cinder.volume.drivers.quobyte.QuobyteDriver._ensure_shares_mounted" {{(pid=86488) inner /opt/stack/data/venv/lib/python3.12/site-packages/oslo_concurrency/lockutils.py:506}}
Jun 02 16:16:33 devstack cinder-volume[86488]: DEBUG oslo_concurrency.lockutils [None req-17beba0b-cbfa-4726-b6c8-ec1e9eacfc41 tempest-AbsoluteLimitsTests-1804991882 None] Lock "quobyte_ensure" acquired by "cinder.volume.drivers.quobyte.QuobyteDriver._ensure_shares_mounted" :: waited 0.001s {{(pid=86488) inner /opt/stack/data/venv/lib/python3.12/site-packages/oslo_concurrency/lockutils.py:519}}
Jun 02 16:16:33 devstack cinder-volume[86488]: DEBUG cinder.volume.drivers.quobyte [None req-17beba0b-cbfa-4726-b6c8-ec1e9eacfc41 tempest-AbsoluteLimitsTests-1804991882 None] Quobyte Volume URL set to: {'osci02.corp.quobyte.com/cinder-vol-29533a4a-e23d-4137-9f30-2c2c2dbc2757': None} {{(pid=86488) _load_shares_config /opt/stack/cinder/cinder/volume/drivers/quobyte.py:617}}
Jun 02 16:16:33 devstack cinder-volume[86488]: DEBUG cinder.volume.drivers.quobyte [None req-17beba0b-cbfa-4726-b6c8-ec1e9eacfc41 tempest-AbsoluteLimitsTests-1804991882 None] Available shares ['osci02.corp.quobyte.com/cinder-vol-29533a4a-e23d-4137-9f30-2c2c2dbc2757'] {{(pid=86488) _ensure_shares_mounted /opt/stack/cinder/cinder/volume/drivers/quobyte.py:647}}
Jun 02 16:16:33 devstack cinder-volume[86488]: DEBUG oslo_concurrency.lockutils [None req-17beba0b-cbfa-4726-b6c8-ec1e9eacfc41 tempest-AbsoluteLimitsTests-1804991882 None] Lock "quobyte_ensure" "released" by "cinder.volume.drivers.quobyte.QuobyteDriver._ensure_shares_mounted" :: held 0.018s {{(pid=86488) inner /opt/stack/data/venv/lib/python3.12/site-packages/oslo_concurrency/lockutils.py:538}}
Jun 02 16:16:33 devstack cinder-volume[86488]: DEBUG cinder.volume.drivers.quobyte [None req-17beba0b-cbfa-4726-b6c8-ec1e9eacfc41 tempest-AbsoluteLimitsTests-1804991882 None] Selected osci02.corp.quobyte.com/cinder-vol-29533a4a-e23d-4137-9f30-2c2c2dbc2757 as target Quobyte volume. {{(pid=86488) _find_share /opt/stack/cinder/cinder/volume/drivers/quobyte.py:668}}
Jun 02 16:16:33 devstack cinder-volume[86488]: INFO cinder.volume.drivers.remotefs [None req-17beba0b-cbfa-4726-b6c8-ec1e9eacfc41 tempest-AbsoluteLimitsTests-1804991882 None] casted to osci02.corp.quobyte.com/cinder-vol-29533a4a-e23d-4137-9f30-2c2c2dbc2757
Jun 02 16:16:33 devstack cinder-volume[86488]: DEBUG oslo_concurrency.processutils [None req-17beba0b-cbfa-4726-b6c8-ec1e9eacfc41 tempest-AbsoluteLimitsTests-1804991882 None] Running cmd (subprocess): sudo cinder-rootwrap /etc/cinder/rootwrap.conf qemu-img create -f qcow2 -o preallocation=metadata /opt/stack/data/cinder/mnt/2e83fd92139cedc9f057d9966f54b74d/volume-7f28c895-f614-4985-8f7b-c0010a5e32e3 1073741824 {{(pid=86488) execute /opt/stack/data/venv/lib/python3.12/site-packages/oslo_concurrency/processutils.py:440}}
