Feb 26 17:13:06 devstack devstack@n-api.service[60191]: INFO nova.api.openstack.requestlog [None req-e01968c5-907f-4ca2-b03b-eef934a272e8 admin admin] 192.168.122.162 "POST /compute/v2.1/flavors" status: 200 len: 414 microversion: 2.61 time: 0.060021
Feb 26 17:13:06 devstack devstack@n-api.service[60191]: [pid: 60191|app: 0|req: 14/28] 192.168.122.162 () {68 vars in 1385 bytes} [Thu Feb 26 17:13:06 2026] POST /compute/v2.1/flavors => generated 414 bytes in 62 msecs (HTTP/1.1 200) 9 headers in 359 bytes (1 switches on core 0)
Feb 26 17:13:06 devstack devstack@n-api.service[60190]: DEBUG nova.api.openstack.wsgi [None req-0ec272ca-e3f4-424a-a402-c0f6f6b4022a admin admin] Action: 'create', calling method: >, body: {"extra_specs": {"hw_rng:allowed": "True"}} {{(pid=60190) _process_stack /opt/stack/nova/nova/api/openstack/wsgi.py:549}}
Feb 26 17:13:06 devstack devstack@n-api.service[60190]: INFO nova.api.openstack.requestlog [None req-0ec272ca-e3f4-424a-a402-c0f6f6b4022a admin admin] 192.168.122.162 "POST /compute/v2.1/flavors/3/os-extra_specs" status: 200 len: 43 microversion: 2.61 time: 0.027579
Feb 26 17:13:06 devstack devstack@n-api.service[60190]: [pid: 60190|app: 0|req: 15/29] 192.168.122.162 () {68 vars in 1435 bytes} [Thu Feb 26 17:13:06 2026] POST /compute/v2.1/flavors/3/os-extra_specs => generated 43 bytes in 29 msecs (HTTP/1.1 200) 9 headers in 358 bytes (1 switches on core 0)
Feb 26 17:13:08 devstack devstack@n-api.service[60191]: DEBUG nova.api.openstack.wsgi [None req-e01968c5-907f-4ca2-b03b-eef934a272e8 admin admin] Calling method '>' {{(pid=60191) _process_stack /opt/stack/nova/nova/api/openstack/wsgi.py:551}}
Feb 26 17:13:08 devstack devstack@n-api.service[60191]: INFO nova.api.openstack.requestlog [None req-e01968c5-907f-4ca2-b03b-eef934a272e8 admin admin] 192.168.122.162 "GET /compute/v2.1" status: 200 len: 393 microversion: 2.1 time: 0.006464
Feb 26 17:13:08 devstack devstack@n-api.service[60191]: [pid: 60191|app: 0|req: 15/30] 192.168.122.162 () {58 vars in 1033 bytes} [Thu Feb 26 17:13:08 2026] GET /compute/v2.1 => generated 393 bytes in 7 msecs (HTTP/1.1 200) 9 headers in 357 bytes (1 switches on core 0)
Feb 26 17:13:08 devstack devstack@n-api.service[60190]: DEBUG nova.api.openstack.wsgi [None req-7cdd3efb-4b9b-4233-acc9-822a7459e61b admin admin] Action: 'create', calling method: >, body: {"flavor": {"id": "4", "disk": 80, "name": "m1.large", "OS-FLV-EXT-DATA:ephemeral": 0, "rxtx_factor": 1.0, "os-flavor-access:is_public": true, "ram": 8192, "swap": 0, "vcpus": 4}} {{(pid=60190) _process_stack /opt/stack/nova/nova/api/openstack/wsgi.py:549}}
Feb 26 17:13:08 devstack devstack@n-api.service[60190]: INFO nova.api.openstack.requestlog [None req-7cdd3efb-4b9b-4233-acc9-822a7459e61b admin admin] 192.168.122.162 "POST /compute/v2.1/flavors" status: 200 len: 413 microversion: 2.61 time: 0.063404
Feb 26 17:13:08 devstack devstack@n-api.service[60190]: [pid: 60190|app: 0|req: 16/31] 192.168.122.162 () {68 vars in 1385 bytes} [Thu Feb 26 17:13:08 2026] POST /compute/v2.1/flavors => generated 413 bytes in 65 msecs (HTTP/1.1 200) 9 headers in 359 bytes (1 switches on core 0)
Feb 26 17:13:08 devstack devstack@n-api.service[60191]: DEBUG nova.api.openstack.wsgi [None req-3a8234e5-00d9-43df-bf99-ebac5a9ef63f admin admin] Action: 'create', calling method: >, body: {"extra_specs": {"hw_rng:allowed": "True"}} {{(pid=60191) _process_stack /opt/stack/nova/nova/api/openstack/wsgi.py:549}}
Feb 26 17:13:08 devstack devstack@n-api.service[60191]: INFO nova.api.openstack.requestlog [None req-3a8234e5-00d9-43df-bf99-ebac5a9ef63f admin admin] 192.168.122.162 "POST /compute/v2.1/flavors/4/os-extra_specs" status: 200 len: 43 microversion: 2.61 time: 0.024860
Feb 26 17:13:08 devstack devstack@n-api.service[60191]: [pid: 60191|app: 0|req: 16/32] 192.168.122.162 () {68 vars in 1435 bytes} [Thu Feb 26 17:13:08 2026] POST /compute/v2.1/flavors/4/os-extra_specs => generated 43 bytes in 26 msecs (HTTP/1.1 200) 9 headers in 358 bytes (1 switches on core 0)
Feb 26 17:13:10 devstack devstack@n-api.service[60190]: DEBUG nova.api.openstack.wsgi [None req-7cdd3efb-4b9b-4233-acc9-822a7459e61b admin admin] Calling method '>' {{(pid=60190) _process_stack /opt/stack/nova/nova/api/openstack/wsgi.py:551}}
Feb 26 17:13:10 devstack devstack@n-api.service[60190]: INFO nova.api.openstack.requestlog [None req-7cdd3efb-4b9b-4233-acc9-822a7459e61b admin admin] 192.168.122.162 "GET /compute/v2.1" status: 200 len: 393 microversion: 2.1 time: 0.004995
Feb 26 17:13:10 devstack devstack@n-api.service[60190]: [pid: 60190|app: 0|req: 17/33] 192.168.122.162 () {58 vars in 1033 bytes} [Thu Feb 26 17:13:10 2026] GET /compute/v2.1 => generated 393 bytes in 6 msecs (HTTP/1.1 200) 9 headers in 357 bytes (1 switches on core 0)
Feb 26 17:13:10 devstack devstack@n-api.service[60191]: DEBUG nova.api.openstack.wsgi [None req-4c0ad3d0-402c-4bfc-bc1d-16c61f61f7ba admin admin] Action: 'create', calling method: >, body: {"flavor": {"OS-FLV-EXT-DATA:ephemeral": 0, "os-flavor-access:is_public": true, "vcpus": 8, "id": "5", "swap": 0, "disk": 160, "rxtx_factor": 1.0, "name": "m1.xlarge", "ram": 16384}} {{(pid=60191) _process_stack /opt/stack/nova/nova/api/openstack/wsgi.py:549}}
Feb 26 17:13:10 devstack devstack@n-api.service[60191]: INFO nova.api.openstack.requestlog [None req-4c0ad3d0-402c-4bfc-bc1d-16c61f61f7ba admin admin] 192.168.122.162 "POST /compute/v2.1/flavors" status: 200 len: 416 microversion: 2.61 time: 0.061674
Feb 26 17:13:10 devstack devstack@n-api.service[60191]: [pid: 60191|app: 0|req: 17/34] 192.168.122.162 () {68 vars in 1385 bytes} [Thu Feb 26 17:13:10 2026] POST /compute/v2.1/flavors => generated 416 bytes in 63 msecs (HTTP/1.1 200) 9 headers in 359 bytes (1 switches on core 0)
Feb 26 17:13:10 devstack devstack@n-api.service[60190]: DEBUG nova.api.openstack.wsgi [None req-2f94e051-d162-4c22-afa3-c1e3f320dbeb admin admin] Action: 'create', calling method: >, body: {"extra_specs": {"hw_rng:allowed": "True"}} {{(pid=60190) _process_stack /opt/stack/nova/nova/api/openstack/wsgi.py:549}}
Feb 26 17:13:10 devstack devstack@n-api.service[60190]: INFO nova.api.openstack.requestlog [None req-2f94e051-d162-4c22-afa3-c1e3f320dbeb admin admin] 192.168.122.162 "POST /compute/v2.1/flavors/5/os-extra_specs" status: 200 len: 43 microversion: 2.61 time: 0.025071
Feb 26 17:13:10 devstack devstack@n-api.service[60190]: [pid: 60190|app: 0|req: 18/35] 192.168.122.162 () {68 vars in 1435 bytes} [Thu Feb 26 17:13:10 2026] POST /compute/v2.1/flavors/5/os-extra_specs => generated 43 bytes in 26 msecs (HTTP/1.1 200) 9 headers in 358 bytes (1 switches on core 0)
Feb 26 17:13:20 devstack devstack@n-api.service[60191]: DEBUG dbcounter [-] [60191] Writing DB stats nova_api:SELECT=21,nova_api:SAVEPOINT=5,nova_api:INSERT=10,nova_api:RELEASE=5 {{(pid=60191) stat_writer /opt/stack/data/venv/lib/python3.10/site-packages/dbcounter.py:115}}
Feb 26 17:13:20 devstack devstack@n-api.service[60190]: DEBUG dbcounter [-] [60190] Writing DB stats nova_api:SELECT=21,nova_api:INSERT=10,nova_api:SAVEPOINT=5,nova_api:RELEASE=5 {{(pid=60190) stat_writer /opt/stack/data/venv/lib/python3.10/site-packages/dbcounter.py:115}}
Feb 26 17:13:25 devstack devstack@n-api.service[60191]: DEBUG nova.api.openstack.wsgi [None req-4c0ad3d0-402c-4bfc-bc1d-16c61f61f7ba admin admin] Calling method '>' {{(pid=60191) _process_stack /opt/stack/nova/nova/api/openstack/wsgi.py:551}}
Feb 26 17:13:25 devstack devstack@n-api.service[60191]: INFO nova.api.openstack.requestlog [None req-4c0ad3d0-402c-4bfc-bc1d-16c61f61f7ba admin admin] 192.168.122.162 "GET /compute/v2.1" status: 200 len: 393 microversion: 2.1 time: 0.005210
Feb 26 17:13:25 devstack devstack@n-api.service[60191]: [pid: 60191|app: 0|req: 18/36] 192.168.122.162 () {58 vars in 1033 bytes} [Thu Feb 26 17:13:25 2026] GET /compute/v2.1 => generated 393 bytes in 6 msecs (HTTP/1.1 200) 9 headers in 357 bytes (1 switches on core 0)
Feb 26 17:13:25 devstack devstack@n-api.service[60190]: DEBUG nova.api.openstack.wsgi [None req-c5a34772-6fac-4177-a1dc-c809d8c7b08c admin admin] Calling method '>' {{(pid=60190) _process_stack /opt/stack/nova/nova/api/openstack/wsgi.py:551}}
Feb 26 17:13:25 devstack devstack@n-api.service[60190]: DEBUG oslo_concurrency.lockutils [None req-c5a34772-6fac-4177-a1dc-c809d8c7b08c admin admin] Acquiring lock "00000000-0000-0000-0000-000000000000" by "nova.context.set_target_cell..get_or_set_cached_cell_and_set_connections" {{(pid=60190) inner /opt/stack/data/venv/lib/python3.10/site-packages/oslo_concurrency/lockutils.py:506}}
Feb 26 17:13:25 devstack devstack@n-api.service[60190]: DEBUG oslo_concurrency.lockutils [None req-c5a34772-6fac-4177-a1dc-c809d8c7b08c admin admin] Lock "00000000-0000-0000-0000-000000000000" acquired by "nova.context.set_target_cell..get_or_set_cached_cell_and_set_connections" :: waited 0.000s {{(pid=60190) inner /opt/stack/data/venv/lib/python3.10/site-packages/oslo_concurrency/lockutils.py:519}}
Feb 26 17:13:25 devstack devstack@n-api.service[60190]: DEBUG oslo_concurrency.lockutils [None req-c5a34772-6fac-4177-a1dc-c809d8c7b08c admin admin] Lock "00000000-0000-0000-0000-000000000000" "released" by "nova.context.set_target_cell..get_or_set_cached_cell_and_set_connections" :: held 0.000s {{(pid=60190) inner /opt/stack/data/venv/lib/python3.10/site-packages/oslo_concurrency/lockutils.py:538}}
Feb 26 17:13:25 devstack devstack@n-api.service[60190]: DEBUG oslo_concurrency.lockutils [None req-c5a34772-6fac-4177-a1dc-c809d8c7b08c admin admin] Acquiring lock "c8879497-b66f-4daf-a006-db9361a4a196" by "nova.context.set_target_cell..get_or_set_cached_cell_and_set_connections" {{(pid=60190) inner /opt/stack/data/venv/lib/python3.10/site-packages/oslo_concurrency/lockutils.py:506}}
Feb 26 17:13:25 devstack devstack@n-api.service[60190]: DEBUG oslo_concurrency.lockutils [None req-c5a34772-6fac-4177-a1dc-c809d8c7b08c admin admin] Lock "c8879497-b66f-4daf-a006-db9361a4a196" acquired by "nova.context.set_target_cell..get_or_set_cached_cell_and_set_connections" :: waited 0.000s {{(pid=60190) inner /opt/stack/data/venv/lib/python3.10/site-packages/oslo_concurrency/lockutils.py:519}}
Feb 26 17:13:25 devstack devstack@n-api.service[60190]: DEBUG oslo_concurrency.lockutils [None req-c5a34772-6fac-4177-a1dc-c809d8c7b08c admin admin] Lock "c8879497-b66f-4daf-a006-db9361a4a196" "released" by "nova.context.set_target_cell..get_or_set_cached_cell_and_set_connections" :: held 0.000s {{(pid=60190) inner /opt/stack/data/venv/lib/python3.10/site-packages/oslo_concurrency/lockutils.py:538}}
Feb 26 17:13:25 devstack devstack@n-api.service[60190]: INFO nova.api.openstack.requestlog [None req-c5a34772-6fac-4177-a1dc-c809d8c7b08c admin admin] 192.168.122.162 "GET /compute/v2.1/os-services?binary=nova-compute&host=devstack" status: 200 len: 251 microversion: 2.69 time: 0.080215
Feb 26 17:13:25 devstack devstack@n-api.service[60190]: [pid: 60190|app: 0|req: 19/37] 192.168.122.162 () {64 vars in 1423 bytes} [Thu Feb 26 17:13:25 2026] GET /compute/v2.1/os-services?binary=nova-compute&host=devstack => generated 251 bytes in 83 msecs (HTTP/1.1 200) 9 headers in 359 bytes (1 switches on core 0)
Feb 26 17:13:35 devstack devstack@n-api.service[60190]: DEBUG dbcounter [-] [60190] Writing DB stats nova_cell0:SELECT=1 {{(pid=60190) stat_writer /opt/stack/data/venv/lib/python3.10/site-packages/dbcounter.py:115}}
Feb 26 17:13:35 devstack devstack@n-api.service[60190]: DEBUG dbcounter [-] [60190] Writing DB stats nova_cell1:SELECT=1 {{(pid=60190) stat_writer /opt/stack/data/venv/lib/python3.10/site-packages/dbcounter.py:115}}
Feb 26 17:13:35 devstack devstack@n-api.service[60190]: DEBUG dbcounter [-] [60190] Writing DB stats nova_api:SELECT=2 {{(pid=60190) stat_writer /opt/stack/data/venv/lib/python3.10/site-packages/dbcounter.py:115}}
Feb 26 17:13:51 devstack devstack@n-api.service[60191]: DEBUG nova.api.openstack.wsgi [None req-4c0ad3d0-402c-4bfc-bc1d-16c61f61f7ba admin admin] Calling method '>' {{(pid=60191) _process_stack /opt/stack/nova/nova/api/openstack/wsgi.py:551}}
Feb 26 17:13:51 devstack devstack@n-api.service[60191]: INFO nova.api.openstack.requestlog [None req-4c0ad3d0-402c-4bfc-bc1d-16c61f61f7ba admin admin] 192.168.122.162 "GET /compute/v2.1" status: 200 len: 393 microversion: 2.1 time: 0.004351
Feb 26 17:13:51 devstack devstack@n-api.service[60191]: [pid: 60191|app: 0|req: 19/38] 192.168.122.162 () {58 vars in 1033 bytes} [Thu Feb 26 17:13:51 2026] GET /compute/v2.1 => generated 393 bytes in 5 msecs (HTTP/1.1 200) 9 headers in 357 bytes (1 switches on core 0)
Feb 26 17:13:51 devstack devstack@n-api.service[60190]: DEBUG nova.api.openstack.wsgi [None req-6a773698-189c-4b45-bded-6633a92c1a16 admin admin] Calling method '>' {{(pid=60190) _process_stack /opt/stack/nova/nova/api/openstack/wsgi.py:551}}
Feb 26 17:13:51 devstack devstack@n-api.service[60190]: INFO nova.api.openstack.requestlog [None req-6a773698-189c-4b45-bded-6633a92c1a16 admin admin] 192.168.122.162 "GET /compute/v2.1/flavors/detail?is_public=True" status: 200 len: 4282 microversion: 2.61 time: 0.059579
Feb 26 17:13:51 devstack devstack@n-api.service[60190]: [pid: 60190|app: 0|req: 20/39] 192.168.122.162 () {64 vars in 1394 bytes} [Thu Feb 26 17:13:51 2026] GET /compute/v2.1/flavors/detail?is_public=True => generated 4282 bytes in 61 msecs (HTTP/1.1 200) 9 headers in 360 bytes (1 switches on core 0)
Feb 26 17:13:55 devstack devstack@n-api.service[60191]: DEBUG nova.api.openstack.wsgi [None req-4c0ad3d0-402c-4bfc-bc1d-16c61f61f7ba admin admin] Calling method '>' {{(pid=60191) _process_stack /opt/stack/nova/nova/api/openstack/wsgi.py:551}}
Feb 26 17:13:55 devstack devstack@n-api.service[60191]: INFO nova.api.openstack.requestlog [None req-4c0ad3d0-402c-4bfc-bc1d-16c61f61f7ba admin admin] 192.168.122.162 "GET /compute/v2.1" status: 200 len: 393 microversion: 2.1 time: 0.004798
Feb 26 17:13:55 devstack devstack@n-api.service[60191]: [pid: 60191|app: 0|req: 20/40] 192.168.122.162 () {58 vars in 1033 bytes} [Thu Feb 26 17:13:55 2026] GET /compute/v2.1 => generated 393 bytes in 5 msecs (HTTP/1.1 200) 9 headers in 357 bytes (1 switches on core 0)
Feb 26 17:13:55 devstack devstack@n-api.service[60190]: DEBUG nova.api.openstack.wsgi [None req-a48b5b22-a9e8-42ff-a39a-1987c0546b1c admin admin] Action: 'create', calling method: >, body: {"flavor": {"OS-FLV-EXT-DATA:ephemeral": 0, "disk": 1, "ram": 192, "vcpus": 1, "name": "m1.nano", "swap": 0, "rxtx_factor": 1.0, "id": "42", "os-flavor-access:is_public": true}} {{(pid=60190) _process_stack /opt/stack/nova/nova/api/openstack/wsgi.py:549}}
Feb 26 17:13:55 devstack devstack@n-api.service[60190]: INFO nova.api.openstack.requestlog [None req-a48b5b22-a9e8-42ff-a39a-1987c0546b1c admin admin] 192.168.122.162 "POST /compute/v2.1/flavors" status: 200 len: 413 microversion: 2.61 time: 0.049795
Feb 26 17:13:55 devstack devstack@n-api.service[60190]: [pid: 60190|app: 0|req: 21/41] 192.168.122.162 () {68 vars in 1385 bytes} [Thu Feb 26 17:13:55 2026] POST /compute/v2.1/flavors => generated 413 bytes in 51 msecs (HTTP/1.1 200) 9 headers in 359 bytes (1 switches on core 0)
Feb 26 17:13:55 devstack devstack@n-api.service[60191]: DEBUG nova.api.openstack.wsgi [None req-0c1d57e4-ea2f-4e07-83bb-3bcb008f7ac9 admin admin] Action: 'create', calling method: >, body: {"extra_specs": {"hw_rng:allowed": "True"}} {{(pid=60191) _process_stack /opt/stack/nova/nova/api/openstack/wsgi.py:549}}
Feb 26 17:13:55 devstack devstack@n-api.service[60191]: INFO nova.api.openstack.requestlog [None req-0c1d57e4-ea2f-4e07-83bb-3bcb008f7ac9 admin admin] 192.168.122.162 "POST /compute/v2.1/flavors/42/os-extra_specs" status: 200 len: 43 microversion: 2.61 time: 0.023655
Feb 26 17:13:55 devstack devstack@n-api.service[60191]: [pid: 60191|app: 0|req: 21/42] 192.168.122.162 () {68 vars in 1438 bytes} [Thu Feb 26 17:13:55 2026] POST /compute/v2.1/flavors/42/os-extra_specs => generated 43 bytes in 25 msecs (HTTP/1.1 200) 9 headers in 358 bytes (1 switches on core 0)
Feb 26 17:13:59 devstack devstack@n-api.service[60190]: DEBUG nova.api.openstack.wsgi [None req-a48b5b22-a9e8-42ff-a39a-1987c0546b1c admin admin] Calling method '>' {{(pid=60190) _process_stack /opt/stack/nova/nova/api/openstack/wsgi.py:551}}
Feb 26 17:13:59 devstack devstack@n-api.service[60190]: INFO nova.api.openstack.requestlog [None req-a48b5b22-a9e8-42ff-a39a-1987c0546b1c admin admin] 192.168.122.162 "GET /compute/v2.1" status: 200 len: 393 microversion: 2.1 time: 0.004856
Feb 26 17:13:59 devstack devstack@n-api.service[60190]: [pid: 60190|app: 0|req: 22/43] 192.168.122.162 () {58 vars in 1033 bytes} [Thu Feb 26 17:13:59 2026] GET /compute/v2.1 => generated 393 bytes in 6 msecs (HTTP/1.1 200) 9 headers in 357 bytes (1 switches on core 0)
Feb 26 17:13:59 devstack devstack@n-api.service[60191]: DEBUG nova.api.openstack.wsgi [None req-1dcfcf16-faf9-43aa-99e9-31c9ba045715 admin admin] Action: 'create', calling method: >, body: {"flavor": {"disk": 1, "rxtx_factor": 1.0, "os-flavor-access:is_public": true, "ram": 256, "swap": 0, "OS-FLV-EXT-DATA:ephemeral": 0, "vcpus": 1, "id": "84", "name": "m1.micro"}} {{(pid=60191) _process_stack /opt/stack/nova/nova/api/openstack/wsgi.py:549}}
Feb 26 17:13:59 devstack devstack@n-api.service[60191]: INFO nova.api.openstack.requestlog [None req-1dcfcf16-faf9-43aa-99e9-31c9ba045715 admin admin] 192.168.122.162 "POST /compute/v2.1/flavors" status: 200 len: 414 microversion: 2.61 time: 0.053900
Feb 26 17:13:59 devstack devstack@n-api.service[60191]: [pid: 60191|app: 0|req: 22/44] 192.168.122.162 () {68 vars in 1385 bytes} [Thu Feb 26 17:13:59 2026] POST /compute/v2.1/flavors => generated 414 bytes in 55 msecs (HTTP/1.1 200) 9 headers in 359 bytes (1 switches on core 0)
Feb 26 17:13:59 devstack devstack@n-api.service[60190]: DEBUG nova.api.openstack.wsgi [None req-a38ebd6a-effb-419d-afa8-8dbf08d2e8b4 admin admin] Action: 'create', calling method: >, body: {"extra_specs": {"hw_rng:allowed": "True"}} {{(pid=60190) _process_stack /opt/stack/nova/nova/api/openstack/wsgi.py:549}}
Feb 26 17:13:59 devstack devstack@n-api.service[60190]: INFO nova.api.openstack.requestlog [None req-a38ebd6a-effb-419d-afa8-8dbf08d2e8b4 admin admin] 192.168.122.162 "POST /compute/v2.1/flavors/84/os-extra_specs" status: 200 len: 43 microversion: 2.61 time: 0.023177
Feb 26 17:13:59 devstack devstack@n-api.service[60190]: [pid: 60190|app: 0|req: 23/45] 192.168.122.162 () {68 vars in 1438 bytes} [Thu Feb 26 17:13:59 2026] POST /compute/v2.1/flavors/84/os-extra_specs => generated 43 bytes in 24 msecs (HTTP/1.1 200) 9 headers in 358 bytes (1 switches on core 0)
Feb 26 17:14:09 devstack devstack@n-api.service[60191]: DEBUG dbcounter [-] [60191] Writing DB stats nova_api:SELECT=4,nova_api:SAVEPOINT=1,nova_api:INSERT=2,nova_api:RELEASE=1 {{(pid=60191) stat_writer /opt/stack/data/venv/lib/python3.10/site-packages/dbcounter.py:115}}
Feb 26 17:14:09 devstack devstack@n-api.service[60190]: DEBUG dbcounter [-] [60190] Writing DB stats nova_api:SELECT=5,nova_api:INSERT=2,nova_api:SAVEPOINT=1,nova_api:RELEASE=1 {{(pid=60190) stat_writer /opt/stack/data/venv/lib/python3.10/site-packages/dbcounter.py:115}}
Feb 26 17:17:06 devstack devstack@n-api.service[60191]: DEBUG nova.api.openstack.wsgi [None req-da48dd89-8842-474c-aa66-fc928a1464d6 tempest-VolumesGetTestJSON-66597319 tempest-VolumesGetTestJSON-66597319-project-member] Action: 'create', calling method: >, body: {"volume": {"size": 1, "display_name": "tempest-VolumesGetTestJSON-Volume-2118078143", "metadata": {"Type": "work"}}} {{(pid=60191) _process_stack /opt/stack/nova/nova/api/openstack/wsgi.py:549}}
Feb 26 17:17:08 devstack devstack@n-api.service[60191]: INFO nova.api.openstack.requestlog [None req-da48dd89-8842-474c-aa66-fc928a1464d6 tempest-VolumesGetTestJSON-66597319 tempest-VolumesGetTestJSON-66597319-project-member] 192.168.122.162 "POST /compute/v2.1/os-volumes" status: 200 len: 351 microversion: 2.1 time: 2.510183
Feb 26 17:17:08 devstack devstack@n-api.service[60191]: [pid: 60191|app: 0|req: 23/46] 192.168.122.162 () {64 vars in 1255 bytes} [Thu Feb 26 17:17:06 2026] POST /compute/v2.1/os-volumes => generated 351 bytes in 2512 msecs (HTTP/1.1 200) 10 headers in 452 bytes (1 switches on core 0)
Feb 26 17:17:08 devstack devstack@n-api.service[60190]: DEBUG nova.api.openstack.wsgi [None req-caf265bc-db61-410c-afe3-26cc0d2a1b15 tempest-VolumesGetTestJSON-66597319 tempest-VolumesGetTestJSON-66597319-project-member] Calling method '>' {{(pid=60190) _process_stack /opt/stack/nova/nova/api/openstack/wsgi.py:551}}
Feb 26 17:17:08 devstack devstack@n-api.service[60190]: INFO nova.api.openstack.requestlog [None req-caf265bc-db61-410c-afe3-26cc0d2a1b15 tempest-VolumesGetTestJSON-66597319 tempest-VolumesGetTestJSON-66597319-project-member] 192.168.122.162 "GET /compute/v2.1/os-volumes/c7096706-fe74-41d9-82b7-246f9983fbc6" status: 200 len: 351 microversion: 2.1 time: 0.150896
Feb 26 17:17:08 devstack devstack@n-api.service[60190]: [pid: 60190|app: 0|req: 24/47] 192.168.122.162 () {62 vars in 1344 bytes} [Thu Feb 26 17:17:08 2026] GET /compute/v2.1/os-volumes/c7096706-fe74-41d9-82b7-246f9983fbc6 => generated 351 bytes in 152 msecs (HTTP/1.1 200) 9 headers in 357 bytes (1 switches on core 0)
Feb 26 17:17:09 devstack devstack@n-api.service[60191]: DEBUG nova.api.openstack.wsgi [None req-b1cec265-73f0-4419-b4df-068f1d5d9d49 tempest-VolumesGetTestJSON-66597319 tempest-VolumesGetTestJSON-66597319-project-member] Calling method '>' {{(pid=60191) _process_stack /opt/stack/nova/nova/api/openstack/wsgi.py:551}}
Feb 26 17:17:09 devstack devstack@n-api.service[60191]: INFO nova.api.openstack.requestlog [None req-b1cec265-73f0-4419-b4df-068f1d5d9d49 tempest-VolumesGetTestJSON-66597319 tempest-VolumesGetTestJSON-66597319-project-member] 192.168.122.162 "GET /compute/v2.1/os-volumes/c7096706-fe74-41d9-82b7-246f9983fbc6" status: 200 len: 351 microversion: 2.1 time: 0.053088
Feb 26 17:17:09 devstack devstack@n-api.service[60191]: [pid: 60191|app: 0|req: 24/48] 192.168.122.162 () {62 vars in 1344 bytes} [Thu Feb 26 17:17:09 2026] GET /compute/v2.1/os-volumes/c7096706-fe74-41d9-82b7-246f9983fbc6 => generated 351 bytes in 55 msecs (HTTP/1.1 200) 9 headers in 357 bytes (1 switches on core 0)
Feb 26 17:17:10 devstack devstack@n-api.service[60190]: DEBUG nova.api.openstack.wsgi [None req-6caa7f24-0c8b-4cbf-9efb-bac4091d8773 tempest-VolumesGetTestJSON-66597319 tempest-VolumesGetTestJSON-66597319-project-member] Calling method '>' {{(pid=60190) _process_stack /opt/stack/nova/nova/api/openstack/wsgi.py:551}}
Feb 26 17:17:11 devstack devstack@n-api.service[60190]: INFO nova.api.openstack.requestlog [None req-6caa7f24-0c8b-4cbf-9efb-bac4091d8773 tempest-VolumesGetTestJSON-66597319 tempest-VolumesGetTestJSON-66597319-project-member] 192.168.122.162 "GET /compute/v2.1/os-volumes/c7096706-fe74-41d9-82b7-246f9983fbc6" status: 200 len: 351 microversion: 2.1 time: 0.049793
Feb 26 17:17:11 devstack devstack@n-api.service[60190]: [pid: 60190|app: 0|req: 25/49] 192.168.122.162 () {62 vars in 1344 bytes} [Thu Feb 26 17:17:10 2026] GET /compute/v2.1/os-volumes/c7096706-fe74-41d9-82b7-246f9983fbc6 => generated 351 bytes in 52 msecs (HTTP/1.1 200) 9 headers in 357 bytes (1 switches on core 0)
Feb 26 17:17:12 devstack devstack@n-api.service[60191]: DEBUG nova.api.openstack.wsgi [None req-fc2981ab-9662-4a57-9829-62c2761055df tempest-VolumesGetTestJSON-66597319 tempest-VolumesGetTestJSON-66597319-project-member] Calling method '>' {{(pid=60191) _process_stack /opt/stack/nova/nova/api/openstack/wsgi.py:551}}
Feb 26 17:17:12 devstack devstack@n-api.service[60191]: INFO nova.api.openstack.requestlog [None req-fc2981ab-9662-4a57-9829-62c2761055df tempest-VolumesGetTestJSON-66597319 tempest-VolumesGetTestJSON-66597319-project-member] 192.168.122.162 "GET /compute/v2.1/os-volumes/c7096706-fe74-41d9-82b7-246f9983fbc6" status: 200 len: 351 microversion: 2.1 time: 0.050509
Feb 26 17:17:12 devstack devstack@n-api.service[60191]: [pid: 60191|app: 0|req: 25/50] 192.168.122.162 () {62 vars in 1344 bytes} [Thu Feb 26 17:17:12 2026] GET /compute/v2.1/os-volumes/c7096706-fe74-41d9-82b7-246f9983fbc6 => generated 351 bytes in 51 msecs (HTTP/1.1 200) 9 headers in 357 bytes (1 switches on core 0)
Feb 26 17:17:13 devstack devstack@n-api.service[60190]: DEBUG nova.api.openstack.wsgi [None req-cc2b71de-e37c-46d2-994d-08b7343c2375 tempest-VolumesGetTestJSON-66597319 tempest-VolumesGetTestJSON-66597319-project-member] Calling method '>' {{(pid=60190) _process_stack /opt/stack/nova/nova/api/openstack/wsgi.py:551}}
Feb 26 17:17:13 devstack devstack@n-api.service[60190]: INFO nova.api.openstack.requestlog [None req-cc2b71de-e37c-46d2-994d-08b7343c2375 tempest-VolumesGetTestJSON-66597319 tempest-VolumesGetTestJSON-66597319-project-member] 192.168.122.162 "GET /compute/v2.1/os-volumes/c7096706-fe74-41d9-82b7-246f9983fbc6" status: 200 len: 351 microversion: 2.1 time: 0.048564
Feb 26 17:17:13 devstack devstack@n-api.service[60190]: [pid: 60190|app: 0|req: 26/51] 192.168.122.162 () {62 vars in 1344 bytes} [Thu Feb 26 17:17:13 2026] GET /compute/v2.1/os-volumes/c7096706-fe74-41d9-82b7-246f9983fbc6 => generated 351 bytes in 50 msecs (HTTP/1.1 200) 9 headers in 357 bytes (1 switches on core 0)
Feb 26 17:17:14 devstack devstack@n-api.service[60191]: DEBUG nova.api.openstack.wsgi [None req-5135f43c-9f36-4ece-8680-c6c6c23f7537 tempest-VolumesGetTestJSON-66597319 tempest-VolumesGetTestJSON-66597319-project-member] Calling method '>' {{(pid=60191) _process_stack /opt/stack/nova/nova/api/openstack/wsgi.py:551}}
Feb 26 17:17:14 devstack devstack@n-api.service[60191]: INFO nova.api.openstack.requestlog [None req-5135f43c-9f36-4ece-8680-c6c6c23f7537 tempest-VolumesGetTestJSON-66597319 tempest-VolumesGetTestJSON-66597319-project-member] 192.168.122.162 "GET /compute/v2.1/os-volumes/c7096706-fe74-41d9-82b7-246f9983fbc6" status: 200 len: 351 microversion: 2.1 time: 0.060805
Feb 26 17:17:14 devstack devstack@n-api.service[60191]: [pid: 60191|app: 0|req: 26/52] 192.168.122.162 () {62 vars in 1344 bytes} [Thu Feb 26 17:17:14 2026] GET /compute/v2.1/os-volumes/c7096706-fe74-41d9-82b7-246f9983fbc6 => generated 351 bytes in 62 msecs (HTTP/1.1 200) 9 headers in 357 bytes (1 switches on core 0)
Feb 26 17:17:15 devstack devstack@n-api.service[60190]: DEBUG nova.api.openstack.wsgi [None req-fc3adbc7-796e-46b6-98d6-e9958ecb905a tempest-VolumesGetTestJSON-66597319 tempest-VolumesGetTestJSON-66597319-project-member] Calling method '>' {{(pid=60190) _process_stack /opt/stack/nova/nova/api/openstack/wsgi.py:551}}
Feb 26 17:17:15 devstack devstack@n-api.service[60190]: INFO nova.api.openstack.requestlog [None req-fc3adbc7-796e-46b6-98d6-e9958ecb905a tempest-VolumesGetTestJSON-66597319 tempest-VolumesGetTestJSON-66597319-project-member] 192.168.122.162 "GET /compute/v2.1/os-volumes/c7096706-fe74-41d9-82b7-246f9983fbc6" status: 200 len: 351 microversion: 2.1 time: 0.049094
Feb 26 17:17:15 devstack devstack@n-api.service[60190]: [pid: 60190|app: 0|req: 27/53] 192.168.122.162 () {62 vars in 1344 bytes} [Thu Feb 26 17:17:15 2026] GET /compute/v2.1/os-volumes/c7096706-fe74-41d9-82b7-246f9983fbc6 => generated 351 bytes in 50 msecs (HTTP/1.1 200) 9 headers in 357 bytes (1 switches on core 0)
Feb 26 17:17:15 devstack devstack@n-api.service[60191]: DEBUG nova.api.openstack.wsgi [None req-662fc3e4-1f86-4f22-86fd-f1bd04766936 tempest-DeleteServersTestJSON-1970605072 tempest-DeleteServersTestJSON-1970605072-project-member] Action: 'create', calling method: >, body: {"server": {"name": "tempest-DeleteServersTestJSON-server-1511551370", "imageRef": "9d351e9d-74c8-42aa-aa9f-4f3876bb10a7", "flavorRef": "42", "networks": [{"uuid": "9d1df24b-268d-43f5-9664-76b0da83efec"}]}} {{(pid=60191) _process_stack /opt/stack/nova/nova/api/openstack/wsgi.py:549}}
Feb 26 17:17:15 devstack devstack@n-api.service[60191]: DEBUG oslo_concurrency.lockutils [None req-662fc3e4-1f86-4f22-86fd-f1bd04766936 tempest-DeleteServersTestJSON-1970605072 tempest-DeleteServersTestJSON-1970605072-project-member] Acquiring lock "00000000-0000-0000-0000-000000000000" by "nova.context.set_target_cell..get_or_set_cached_cell_and_set_connections" {{(pid=60191) inner /opt/stack/data/venv/lib/python3.10/site-packages/oslo_concurrency/lockutils.py:506}}
Feb 26 17:17:15 devstack devstack@n-api.service[60191]: DEBUG oslo_concurrency.lockutils [None req-662fc3e4-1f86-4f22-86fd-f1bd04766936 tempest-DeleteServersTestJSON-1970605072 tempest-DeleteServersTestJSON-1970605072-project-member] Lock "00000000-0000-0000-0000-000000000000" acquired by "nova.context.set_target_cell..get_or_set_cached_cell_and_set_connections" :: waited 0.001s {{(pid=60191) inner /opt/stack/data/venv/lib/python3.10/site-packages/oslo_concurrency/lockutils.py:519}}
Feb 26 17:17:15 devstack devstack@n-api.service[60191]: DEBUG oslo_concurrency.lockutils [None req-662fc3e4-1f86-4f22-86fd-f1bd04766936 tempest-DeleteServersTestJSON-1970605072 tempest-DeleteServersTestJSON-1970605072-project-member] Lock "00000000-0000-0000-0000-000000000000" "released" by "nova.context.set_target_cell..get_or_set_cached_cell_and_set_connections" :: held 0.000s {{(pid=60191) inner /opt/stack/data/venv/lib/python3.10/site-packages/oslo_concurrency/lockutils.py:538}}
Feb 26 17:17:15 devstack devstack@n-api.service[60191]: DEBUG oslo_concurrency.lockutils [None req-662fc3e4-1f86-4f22-86fd-f1bd04766936 tempest-DeleteServersTestJSON-1970605072 tempest-DeleteServersTestJSON-1970605072-project-member] Acquiring lock "c8879497-b66f-4daf-a006-db9361a4a196" by "nova.context.set_target_cell..get_or_set_cached_cell_and_set_connections" {{(pid=60191) inner /opt/stack/data/venv/lib/python3.10/site-packages/oslo_concurrency/lockutils.py:506}}
Feb 26 17:17:15 devstack devstack@n-api.service[60191]: DEBUG oslo_concurrency.lockutils [None req-662fc3e4-1f86-4f22-86fd-f1bd04766936 tempest-DeleteServersTestJSON-1970605072 tempest-DeleteServersTestJSON-1970605072-project-member] Lock "c8879497-b66f-4daf-a006-db9361a4a196" acquired by "nova.context.set_target_cell..get_or_set_cached_cell_and_set_connections" :: waited 0.002s {{(pid=60191) inner /opt/stack/data/venv/lib/python3.10/site-packages/oslo_concurrency/lockutils.py:519}}
Feb 26 17:17:15 devstack devstack@n-api.service[60191]: DEBUG oslo_concurrency.lockutils [None req-662fc3e4-1f86-4f22-86fd-f1bd04766936 tempest-DeleteServersTestJSON-1970605072 tempest-DeleteServersTestJSON-1970605072-project-member] Lock "c8879497-b66f-4daf-a006-db9361a4a196" "released" by "nova.context.set_target_cell..get_or_set_cached_cell_and_set_connections" :: held 0.001s {{(pid=60191) inner /opt/stack/data/venv/lib/python3.10/site-packages/oslo_concurrency/lockutils.py:538}}
Feb 26 17:17:15 devstack devstack@n-api.service[60191]: DEBUG nova.network.neutron [None req-662fc3e4-1f86-4f22-86fd-f1bd04766936 tempest-DeleteServersTestJSON-1970605072 tempest-DeleteServersTestJSON-1970605072-project-member] validate_networks() for [('9d1df24b-268d-43f5-9664-76b0da83efec', None, None, None, None, None)] {{(pid=60191) validate_networks /opt/stack/nova/nova/network/neutron.py:2685}}
Feb 26 17:17:15 devstack devstack@n-api.service[60191]: WARNING neutronclient.v2_0.client [None req-662fc3e4-1f86-4f22-86fd-f1bd04766936 tempest-DeleteServersTestJSON-1970605072 tempest-DeleteServersTestJSON-1970605072-project-member] The python binding code in neutronclient is deprecated in favor of OpenstackSDK, please use that as this will be removed in a future release.
Feb 26 17:17:16 devstack devstack@n-api.service[60190]: DEBUG nova.api.openstack.wsgi [None req-f20e6bb7-3126-4d5f-9eed-dd266e429173 tempest-VolumesGetTestJSON-66597319 tempest-VolumesGetTestJSON-66597319-project-member] Calling method '>' {{(pid=60190) _process_stack /opt/stack/nova/nova/api/openstack/wsgi.py:551}}
Feb 26 17:17:16 devstack devstack@n-api.service[60190]: INFO nova.api.openstack.requestlog [None req-f20e6bb7-3126-4d5f-9eed-dd266e429173 tempest-VolumesGetTestJSON-66597319 tempest-VolumesGetTestJSON-66597319-project-member] 192.168.122.162 "GET /compute/v2.1/os-volumes/c7096706-fe74-41d9-82b7-246f9983fbc6" status: 200 len: 351 microversion: 2.1 time: 0.060014
Feb 26 17:17:16 devstack devstack@n-api.service[60190]: [pid: 60190|app: 0|req: 28/54] 192.168.122.162 () {62 vars in 1344 bytes} [Thu Feb 26 17:17:16 2026] GET /compute/v2.1/os-volumes/c7096706-fe74-41d9-82b7-246f9983fbc6 => generated 351 bytes in 62 msecs (HTTP/1.1 200) 9 headers in 357 bytes (1 switches on core 0)
Feb 26 17:17:17 devstack devstack@n-api.service[60190]: DEBUG nova.api.openstack.wsgi [None req-25d711d0-f0c5-48c8-9846-d04574681ac7 tempest-VolumesGetTestJSON-66597319 tempest-VolumesGetTestJSON-66597319-project-member] Calling method '>' {{(pid=60190) _process_stack /opt/stack/nova/nova/api/openstack/wsgi.py:551}}
Feb 26 17:17:17 devstack devstack@n-api.service[60190]: INFO nova.api.openstack.requestlog [None req-25d711d0-f0c5-48c8-9846-d04574681ac7 tempest-VolumesGetTestJSON-66597319 tempest-VolumesGetTestJSON-66597319-project-member] 192.168.122.162 "GET /compute/v2.1/os-volumes/c7096706-fe74-41d9-82b7-246f9983fbc6" status: 200 len: 351 microversion: 2.1 time: 0.068184
Feb 26 17:17:17 devstack devstack@n-api.service[60190]: [pid: 60190|app: 0|req: 29/55] 192.168.122.162 () {62 vars in 1344 bytes} [Thu Feb 26 17:17:17 2026] GET /compute/v2.1/os-volumes/c7096706-fe74-41d9-82b7-246f9983fbc6 => generated 351 bytes in 69 msecs (HTTP/1.1 200) 9 headers in 357 bytes (1 switches on core 0)
Feb 26 17:17:18 devstack devstack@n-api.service[60190]: DEBUG nova.api.openstack.wsgi [None req-d19e4940-33c2-41ce-bccb-f66026372e52 tempest-VolumesGetTestJSON-66597319 tempest-VolumesGetTestJSON-66597319-project-member] Calling method '>' {{(pid=60190) _process_stack /opt/stack/nova/nova/api/openstack/wsgi.py:551}}
Feb 26 17:17:18 devstack devstack@n-api.service[60190]: INFO nova.api.openstack.requestlog [None req-d19e4940-33c2-41ce-bccb-f66026372e52 tempest-VolumesGetTestJSON-66597319 tempest-VolumesGetTestJSON-66597319-project-member] 192.168.122.162 "GET /compute/v2.1/os-volumes/c7096706-fe74-41d9-82b7-246f9983fbc6" status: 200 len: 351 microversion: 2.1 time: 0.050775
Feb 26 17:17:18 devstack devstack@n-api.service[60190]: [pid: 60190|app: 0|req: 30/56] 192.168.122.162 () {62 vars in 1344 bytes} [Thu Feb 26 17:17:18 2026] GET /compute/v2.1/os-volumes/c7096706-fe74-41d9-82b7-246f9983fbc6 => generated 351 bytes in 52 msecs (HTTP/1.1 200) 9 headers in 357 bytes (1 switches on core 0)
Feb 26 17:17:19 devstack devstack@n-api.service[60191]: WARNING neutronclient.v2_0.client [None req-662fc3e4-1f86-4f22-86fd-f1bd04766936 tempest-DeleteServersTestJSON-1970605072 tempest-DeleteServersTestJSON-1970605072-project-member] The python binding code in neutronclient is deprecated in favor of OpenstackSDK, please use that as this will be removed in a future release.
Feb 26 17:17:19 devstack devstack@n-api.service[60190]: DEBUG nova.api.openstack.wsgi [None req-fb2ba64e-22a9-4dec-8ebc-134a3fd5448f tempest-VolumesGetTestJSON-66597319 tempest-VolumesGetTestJSON-66597319-project-member] Calling method '>' {{(pid=60190) _process_stack /opt/stack/nova/nova/api/openstack/wsgi.py:551}}
Feb 26 17:17:19 devstack devstack@n-api.service[60190]: INFO nova.api.openstack.requestlog [None req-fb2ba64e-22a9-4dec-8ebc-134a3fd5448f tempest-VolumesGetTestJSON-66597319 tempest-VolumesGetTestJSON-66597319-project-member] 192.168.122.162 "GET /compute/v2.1/os-volumes/c7096706-fe74-41d9-82b7-246f9983fbc6" status: 200 len: 351 microversion: 2.1 time: 0.073717
Feb 26 17:17:19 devstack devstack@n-api.service[60190]: [pid: 60190|app: 0|req: 31/57] 192.168.122.162 () {62 vars in 1344 bytes} [Thu Feb 26 17:17:19 2026] GET /compute/v2.1/os-volumes/c7096706-fe74-41d9-82b7-246f9983fbc6 => generated 351 bytes in 75 msecs (HTTP/1.1 200) 9 headers in 357 bytes (1 switches on core 0)
Feb 26 17:17:20 devstack devstack@n-api.service[60190]: DEBUG nova.api.openstack.wsgi [None req-da50d14d-4945-4704-ab9c-765b0b8ab8c2 tempest-VolumesGetTestJSON-66597319 tempest-VolumesGetTestJSON-66597319-project-member] Calling method '>' {{(pid=60190) _process_stack /opt/stack/nova/nova/api/openstack/wsgi.py:551}}
Feb 26 17:17:20 devstack devstack@n-api.service[60190]: INFO nova.api.openstack.requestlog [None req-da50d14d-4945-4704-ab9c-765b0b8ab8c2 tempest-VolumesGetTestJSON-66597319 tempest-VolumesGetTestJSON-66597319-project-member] 192.168.122.162 "GET /compute/v2.1/os-volumes/c7096706-fe74-41d9-82b7-246f9983fbc6" status: 200 len: 351 microversion: 2.1 time: 0.050954
Feb 26 17:17:20 devstack devstack@n-api.service[60190]: [pid: 60190|app: 0|req: 32/58] 192.168.122.162 () {62 vars in 1344 bytes} [Thu Feb 26 17:17:20 2026] GET /compute/v2.1/os-volumes/c7096706-fe74-41d9-82b7-246f9983fbc6 => generated 351 bytes in 57 msecs (HTTP/1.1 200) 9 headers in 357 bytes (1 switches on core 0)
Feb 26 17:17:21 devstack devstack@n-api.service[60190]: DEBUG nova.api.openstack.wsgi [None req-4633fcdd-5be0-4206-83d1-2a71ecb78c89 tempest-VolumesGetTestJSON-66597319 tempest-VolumesGetTestJSON-66597319-project-member] Calling method '>' {{(pid=60190) _process_stack /opt/stack/nova/nova/api/openstack/wsgi.py:551}}
Feb 26 17:17:21 devstack devstack@n-api.service[60190]: INFO nova.api.openstack.requestlog [None req-4633fcdd-5be0-4206-83d1-2a71ecb78c89 tempest-VolumesGetTestJSON-66597319 tempest-VolumesGetTestJSON-66597319-project-member] 192.168.122.162 "GET /compute/v2.1/os-volumes/c7096706-fe74-41d9-82b7-246f9983fbc6" status: 200 len: 351 microversion: 2.1 time: 0.083425
Feb 26 17:17:21 devstack devstack@n-api.service[60190]: [pid: 60190|app: 0|req: 33/59] 192.168.122.162 () {62 vars in 1344 bytes} [Thu Feb 26 17:17:21 2026] GET /compute/v2.1/os-volumes/c7096706-fe74-41d9-82b7-246f9983fbc6 => generated 351 bytes in 84 msecs (HTTP/1.1 200) 9 headers in 357 bytes (1 switches on core 0)
Feb 26 17:17:21 devstack devstack@n-api.service[60190]: DEBUG nova.api.openstack.wsgi [None req-eb2209d5-cb81-4ae7-93f8-1e1d552ac688 tempest-ServerRescueNegativeTestJSON-110306390 tempest-ServerRescueNegativeTestJSON-110306390-project-member] Action: 'create', calling method: >, body: {"server": {"name": "tempest-ServerRescueNegativeTestJSON-server-791339843", "imageRef": "9d351e9d-74c8-42aa-aa9f-4f3876bb10a7", "flavorRef": "42", "adminPass": "***", "networks": [{"uuid": "}]}} {{(pid=60190) _process_stack /opt/stack/nova/nova/api/openstack/wsgi.py:549}}
Feb 26 17:17:21 devstack devstack@n-api.service[60191]: DEBUG nova.virt.hardware [None req-662fc3e4-1f86-4f22-86fd-f1bd04766936 tempest-DeleteServersTestJSON-1970605072 tempest-DeleteServersTestJSON-1970605072-project-member] Flavor limits 0:0:0 {{(pid=60191) get_cpu_topology_constraints /opt/stack/nova/nova/virt/hardware.py:356}}
Feb 26 17:17:21 devstack devstack@n-api.service[60191]: DEBUG nova.virt.hardware [None req-662fc3e4-1f86-4f22-86fd-f1bd04766936 tempest-DeleteServersTestJSON-1970605072 tempest-DeleteServersTestJSON-1970605072-project-member] Image limits 0:0:0 {{(pid=60191) get_cpu_topology_constraints /opt/stack/nova/nova/virt/hardware.py:360}}
Feb 26 17:17:21 devstack devstack@n-api.service[60191]: DEBUG nova.virt.hardware [None req-662fc3e4-1f86-4f22-86fd-f1bd04766936 tempest-DeleteServersTestJSON-1970605072 tempest-DeleteServersTestJSON-1970605072-project-member] Flavor pref 0:0:0 {{(pid=60191) get_cpu_topology_constraints /opt/stack/nova/nova/virt/hardware.py:396}}
Feb 26 17:17:21 devstack devstack@n-api.service[60191]: DEBUG nova.virt.hardware [None req-662fc3e4-1f86-4f22-86fd-f1bd04766936 tempest-DeleteServersTestJSON-1970605072 tempest-DeleteServersTestJSON-1970605072-project-member] Image pref 0:0:0 {{(pid=60191) get_cpu_topology_constraints /opt/stack/nova/nova/virt/hardware.py:400}}
Feb 26 17:17:21 devstack devstack@n-api.service[60191]: DEBUG nova.virt.hardware [None req-662fc3e4-1f86-4f22-86fd-f1bd04766936 tempest-DeleteServersTestJSON-1970605072 tempest-DeleteServersTestJSON-1970605072-project-member] Chose sockets=0, cores=0, threads=0; limits were sockets=65536, cores=65536, threads=65536 {{(pid=60191) get_cpu_topology_constraints /opt/stack/nova/nova/virt/hardware.py:438}}
Feb 26 17:17:21 devstack devstack@n-api.service[60190]: DEBUG oslo_concurrency.lockutils [None req-eb2209d5-cb81-4ae7-93f8-1e1d552ac688 tempest-ServerRescueNegativeTestJSON-110306390 tempest-ServerRescueNegativeTestJSON-110306390-project-member] Acquiring lock "00000000-0000-0000-0000-000000000000" by "nova.context.set_target_cell..get_or_set_cached_cell_and_set_connections" {{(pid=60190) inner /opt/stack/data/venv/lib/python3.10/site-packages/oslo_concurrency/lockutils.py:506}}
Feb 26 17:17:21 devstack devstack@n-api.service[60190]: DEBUG oslo_concurrency.lockutils [None req-eb2209d5-cb81-4ae7-93f8-1e1d552ac688 tempest-ServerRescueNegativeTestJSON-110306390 tempest-ServerRescueNegativeTestJSON-110306390-project-member] Lock "00000000-0000-0000-0000-000000000000" acquired by "nova.context.set_target_cell..get_or_set_cached_cell_and_set_connections" :: waited 0.000s {{(pid=60190) inner /opt/stack/data/venv/lib/python3.10/site-packages/oslo_concurrency/lockutils.py:519}}
Feb 26 17:17:21 devstack devstack@n-api.service[60190]: DEBUG oslo_concurrency.lockutils [None req-eb2209d5-cb81-4ae7-93f8-1e1d552ac688 tempest-ServerRescueNegativeTestJSON-110306390 tempest-ServerRescueNegativeTestJSON-110306390-project-member] Lock "00000000-0000-0000-0000-000000000000" "released" by "nova.context.set_target_cell..get_or_set_cached_cell_and_set_connections" :: held 0.000s {{(pid=60190) inner /opt/stack/data/venv/lib/python3.10/site-packages/oslo_concurrency/lockutils.py:538}}
Feb 26 17:17:21 devstack devstack@n-api.service[60190]: DEBUG oslo_concurrency.lockutils [None req-eb2209d5-cb81-4ae7-93f8-1e1d552ac688 tempest-ServerRescueNegativeTestJSON-110306390 tempest-ServerRescueNegativeTestJSON-110306390-project-member] Acquiring lock "c8879497-b66f-4daf-a006-db9361a4a196" by "nova.context.set_target_cell..get_or_set_cached_cell_and_set_connections" {{(pid=60190) inner /opt/stack/data/venv/lib/python3.10/site-packages/oslo_concurrency/lockutils.py:506}}
Feb 26 17:17:21 devstack devstack@n-api.service[60190]: DEBUG oslo_concurrency.lockutils [None req-eb2209d5-cb81-4ae7-93f8-1e1d552ac688 tempest-ServerRescueNegativeTestJSON-110306390 tempest-ServerRescueNegativeTestJSON-110306390-project-member] Lock "c8879497-b66f-4daf-a006-db9361a4a196" acquired by "nova.context.set_target_cell..get_or_set_cached_cell_and_set_connections" :: waited 0.000s {{(pid=60190) inner /opt/stack/data/venv/lib/python3.10/site-packages/oslo_concurrency/lockutils.py:519}}
Feb 26 17:17:21 devstack devstack@n-api.service[60190]: DEBUG oslo_concurrency.lockutils [None req-eb2209d5-cb81-4ae7-93f8-1e1d552ac688 tempest-ServerRescueNegativeTestJSON-110306390 tempest-ServerRescueNegativeTestJSON-110306390-project-member] Lock "c8879497-b66f-4daf-a006-db9361a4a196" "released" by "nova.context.set_target_cell..get_or_set_cached_cell_and_set_connections" :: held 0.000s {{(pid=60190) inner /opt/stack/data/venv/lib/python3.10/site-packages/oslo_concurrency/lockutils.py:538}}
Feb 26 17:17:21 devstack devstack@n-api.service[60191]: DEBUG oslo_concurrency.lockutils [None req-662fc3e4-1f86-4f22-86fd-f1bd04766936 tempest-DeleteServersTestJSON-1970605072 tempest-DeleteServersTestJSON-1970605072-project-member] Acquiring lock "00000000-0000-0000-0000-000000000000" by "nova.context.set_target_cell..get_or_set_cached_cell_and_set_connections" {{(pid=60191) inner /opt/stack/data/venv/lib/python3.10/site-packages/oslo_concurrency/lockutils.py:506}}
Feb 26 17:17:21 devstack devstack@n-api.service[60191]: DEBUG oslo_concurrency.lockutils [None req-662fc3e4-1f86-4f22-86fd-f1bd04766936 tempest-DeleteServersTestJSON-1970605072 tempest-DeleteServersTestJSON-1970605072-project-member] Lock "00000000-0000-0000-0000-000000000000" acquired by "nova.context.set_target_cell..get_or_set_cached_cell_and_set_connections" :: waited 0.002s {{(pid=60191) inner /opt/stack/data/venv/lib/python3.10/site-packages/oslo_concurrency/lockutils.py:519}}
Feb 26 17:17:21 devstack devstack@n-api.service[60191]: DEBUG oslo_concurrency.lockutils [None req-662fc3e4-1f86-4f22-86fd-f1bd04766936 tempest-DeleteServersTestJSON-1970605072 tempest-DeleteServersTestJSON-1970605072-project-member] Lock "00000000-0000-0000-0000-000000000000" "released" by "nova.context.set_target_cell..get_or_set_cached_cell_and_set_connections" :: held 0.003s {{(pid=60191) inner /opt/stack/data/venv/lib/python3.10/site-packages/oslo_concurrency/lockutils.py:538}}
Feb 26 17:17:21 devstack devstack@n-api.service[60191]: DEBUG oslo_concurrency.lockutils [None req-662fc3e4-1f86-4f22-86fd-f1bd04766936 tempest-DeleteServersTestJSON-1970605072 tempest-DeleteServersTestJSON-1970605072-project-member] Acquiring lock "c8879497-b66f-4daf-a006-db9361a4a196" by "nova.context.set_target_cell..get_or_set_cached_cell_and_set_connections" {{(pid=60191) inner /opt/stack/data/venv/lib/python3.10/site-packages/oslo_concurrency/lockutils.py:506}}
Feb 26 17:17:21 devstack devstack@n-api.service[60191]: DEBUG oslo_concurrency.lockutils [None req-662fc3e4-1f86-4f22-86fd-f1bd04766936 tempest-DeleteServersTestJSON-1970605072 tempest-DeleteServersTestJSON-1970605072-project-member] Lock "c8879497-b66f-4daf-a006-db9361a4a196" acquired by "nova.context.set_target_cell..get_or_set_cached_cell_and_set_connections" :: waited 0.000s {{(pid=60191) inner /opt/stack/data/venv/lib/python3.10/site-packages/oslo_concurrency/lockutils.py:519}}
Feb 26 17:17:21 devstack devstack@n-api.service[60191]: DEBUG oslo_concurrency.lockutils [None req-662fc3e4-1f86-4f22-86fd-f1bd04766936 tempest-DeleteServersTestJSON-1970605072 tempest-DeleteServersTestJSON-1970605072-project-member] Lock "c8879497-b66f-4daf-a006-db9361a4a196" "released" by "nova.context.set_target_cell..get_or_set_cached_cell_and_set_connections" :: held 0.002s {{(pid=60191) inner /opt/stack/data/venv/lib/python3.10/site-packages/oslo_concurrency/lockutils.py:538}}
Feb 26 17:17:22 devstack devstack@n-api.service[60191]: DEBUG nova.quota [None req-662fc3e4-1f86-4f22-86fd-f1bd04766936 tempest-DeleteServersTestJSON-1970605072 tempest-DeleteServersTestJSON-1970605072-project-member] Getting quotas for project 7412d21c839548a181190969e24d08b8. Resources: {'ram', 'instances', 'cores'} {{(pid=60191) _get_quotas /opt/stack/nova/nova/quota.py:392}}
Feb 26 17:17:22 devstack devstack@n-api.service[60190]: DEBUG nova.network.neutron [None req-eb2209d5-cb81-4ae7-93f8-1e1d552ac688 tempest-ServerRescueNegativeTestJSON-110306390 tempest-ServerRescueNegativeTestJSON-110306390-project-member] validate_networks() for [('04c38c20-f797-42e2-8884-f3637da81fef', None, None, None, None, None)] {{(pid=60190) validate_networks /opt/stack/nova/nova/network/neutron.py:2685}}
Feb 26 17:17:22 devstack devstack@n-api.service[60190]: WARNING neutronclient.v2_0.client [None req-eb2209d5-cb81-4ae7-93f8-1e1d552ac688 tempest-ServerRescueNegativeTestJSON-110306390 tempest-ServerRescueNegativeTestJSON-110306390-project-member] The python binding code in neutronclient is deprecated in favor of OpenstackSDK, please use that as this will be removed in a future release.
Feb 26 17:17:22 devstack devstack@n-api.service[60191]: DEBUG nova.quota [None req-662fc3e4-1f86-4f22-86fd-f1bd04766936 tempest-DeleteServersTestJSON-1970605072 tempest-DeleteServersTestJSON-1970605072-project-member] Getting quotas for user 38ec52185e2b466a888eb5a238049ead and project 7412d21c839548a181190969e24d08b8. Resources: {'ram', 'instances', 'cores'} {{(pid=60191) _get_quotas /opt/stack/nova/nova/quota.py:382}}
Feb 26 17:17:22 devstack devstack@n-api.service[60191]: DEBUG nova.compute.api [None req-662fc3e4-1f86-4f22-86fd-f1bd04766936 tempest-DeleteServersTestJSON-1970605072 tempest-DeleteServersTestJSON-1970605072-project-member] Going to run 1 instances... {{(pid=60191) _provision_instances /opt/stack/nova/nova/compute/api.py:1467}}
Feb 26 17:17:22 devstack devstack@n-api.service[60191]: DEBUG nova.compute.api [None req-662fc3e4-1f86-4f22-86fd-f1bd04766936 tempest-DeleteServersTestJSON-1970605072 tempest-DeleteServersTestJSON-1970605072-project-member] [instance: 7bde01f4-34c4-4d5a-abd4-224134568b09] block_device_mapping [BlockDeviceMapping(attachment_id=,boot_index=0,connection_info=None,created_at=,delete_on_termination=True,deleted=,deleted_at=,destination_type='local',device_name=None,device_type='disk',disk_bus=None,encrypted=False,encryption_format=None,encryption_options=None,encryption_secret_uuid=None,guest_format=None,id=,image_id='9d351e9d-74c8-42aa-aa9f-4f3876bb10a7',instance=,instance_uuid=,no_device=False,snapshot_id=None,source_type='image',tag=None,updated_at=,uuid=,volume_id=None,volume_size=None,volume_type=None)] {{(pid=60191) _bdm_validate_set_size_and_instance /opt/stack/nova/nova/compute/api.py:1935}}
Feb 26 17:17:22 devstack devstack@n-api.service[60191]: INFO nova.api.openstack.requestlog [None req-662fc3e4-1f86-4f22-86fd-f1bd04766936 tempest-DeleteServersTestJSON-1970605072 tempest-DeleteServersTestJSON-1970605072-project-member] 192.168.122.162 "POST /compute/v2.1/servers" status: 202 len: 388 microversion: 2.1 time: 6.809958
Feb 26 17:17:22 devstack devstack@n-api.service[60191]: [pid: 60191|app: 0|req: 27/60] 192.168.122.162 () {64 vars in 1246 bytes} [Thu Feb 26 17:17:15 2026] POST /compute/v2.1/servers => generated 388 bytes in 6811 msecs (HTTP/1.1 202) 10 headers in 455 bytes (1 switches on core 0)
Feb 26 17:17:22 devstack devstack@n-api.service[60191]: DEBUG nova.api.openstack.wsgi [None req-57a90a40-1cc5-421c-9cd1-219388f38b97 tempest-DeleteServersTestJSON-1970605072 tempest-DeleteServersTestJSON-1970605072-project-member] Calling method '>' {{(pid=60191) _process_stack /opt/stack/nova/nova/api/openstack/wsgi.py:551}}
