Jul 23 03:10:25 devstack devstack@g-api.service[78185]: DEBUG glance.common.config [None req-7a3806ac-b8a7-4cdf-b07b-2c018cc0ff0d None None] barbican_service_user.timeout = None {{(pid=78185) log_opt_values /opt/stack/data/venv/lib/python3.12/site-packages/oslo_config/cfg.py:3253}}
Jul 23 03:10:25 devstack devstack@g-api.service[78185]: DEBUG glance.common.config [None req-7a3806ac-b8a7-4cdf-b07b-2c018cc0ff0d None None] database.asyncio_connection = **** {{(pid=78185) log_opt_values /opt/stack/data/venv/lib/python3.12/site-packages/oslo_config/cfg.py:3253}}
Jul 23 03:10:25 devstack devstack@g-api.service[78185]: DEBUG glance.common.config [None req-7a3806ac-b8a7-4cdf-b07b-2c018cc0ff0d None None] database.asyncio_slave_connection = **** {{(pid=78185) log_opt_values /opt/stack/data/venv/lib/python3.12/site-packages/oslo_config/cfg.py:3253}}
Jul 23 03:10:25 devstack devstack@g-api.service[78185]: DEBUG glance.common.config [None req-7a3806ac-b8a7-4cdf-b07b-2c018cc0ff0d None None] database.backend = sqlalchemy {{(pid=78185) log_opt_values /opt/stack/data/venv/lib/python3.12/site-packages/oslo_config/cfg.py:3253}}
Jul 23 03:10:25 devstack devstack@g-api.service[78185]: DEBUG glance.common.config [None req-7a3806ac-b8a7-4cdf-b07b-2c018cc0ff0d None None] database.connection = **** {{(pid=78185) log_opt_values /opt/stack/data/venv/lib/python3.12/site-packages/oslo_config/cfg.py:3253}}
Jul 23 03:10:25 devstack devstack@g-api.service[78185]: DEBUG glance.common.config [None req-7a3806ac-b8a7-4cdf-b07b-2c018cc0ff0d None None] database.connection_debug = 0 {{(pid=78185) log_opt_values /opt/stack/data/venv/lib/python3.12/site-packages/oslo_config/cfg.py:3253}}
Jul 23 03:10:25 devstack devstack@g-api.service[78185]: DEBUG glance.common.config [None req-7a3806ac-b8a7-4cdf-b07b-2c018cc0ff0d None None] database.connection_parameters = {{(pid=78185) log_opt_values /opt/stack/data/venv/lib/python3.12/site-packages/oslo_config/cfg.py:3253}}
Jul 23 03:10:25 devstack devstack@g-api.service[78185]: DEBUG glance.common.config [None req-7a3806ac-b8a7-4cdf-b07b-2c018cc0ff0d None None] database.connection_recycle_time = 3600 {{(pid=78185) log_opt_values /opt/stack/data/venv/lib/python3.12/site-packages/oslo_config/cfg.py:3253}}
Jul 23 03:10:25 devstack devstack@g-api.service[78185]: DEBUG glance.common.config [None req-7a3806ac-b8a7-4cdf-b07b-2c018cc0ff0d None None] database.connection_trace = False {{(pid=78185) log_opt_values /opt/stack/data/venv/lib/python3.12/site-packages/oslo_config/cfg.py:3253}}
Jul 23 03:10:25 devstack devstack@g-api.service[78185]: DEBUG glance.common.config [None req-7a3806ac-b8a7-4cdf-b07b-2c018cc0ff0d None None] database.db_inc_retry_interval = True {{(pid=78185) log_opt_values /opt/stack/data/venv/lib/python3.12/site-packages/oslo_config/cfg.py:3253}}
Jul 23 03:10:25 devstack devstack@g-api.service[78185]: DEBUG glance.common.config [None req-7a3806ac-b8a7-4cdf-b07b-2c018cc0ff0d None None] database.db_max_retries = 20 {{(pid=78185) log_opt_values /opt/stack/data/venv/lib/python3.12/site-packages/oslo_config/cfg.py:3253}}
Jul 23 03:10:25 devstack devstack@g-api.service[78185]: DEBUG glance.common.config [None req-7a3806ac-b8a7-4cdf-b07b-2c018cc0ff0d None None] database.db_max_retry_interval = 10 {{(pid=78185) log_opt_values /opt/stack/data/venv/lib/python3.12/site-packages/oslo_config/cfg.py:3253}}
Jul 23 03:10:25 devstack devstack@g-api.service[78185]: DEBUG glance.common.config [None req-7a3806ac-b8a7-4cdf-b07b-2c018cc0ff0d None None] database.db_retry_interval = 1 {{(pid=78185) log_opt_values /opt/stack/data/venv/lib/python3.12/site-packages/oslo_config/cfg.py:3253}}
Jul 23 03:10:25 devstack devstack@g-api.service[78185]: DEBUG glance.common.config [None req-7a3806ac-b8a7-4cdf-b07b-2c018cc0ff0d None None] database.max_overflow = 50 {{(pid=78185) log_opt_values /opt/stack/data/venv/lib/python3.12/site-packages/oslo_config/cfg.py:3253}}
Jul 23 03:10:25 devstack devstack@g-api.service[78185]: DEBUG glance.common.config [None req-7a3806ac-b8a7-4cdf-b07b-2c018cc0ff0d None None] database.max_pool_size = 5 {{(pid=78185) log_opt_values /opt/stack/data/venv/lib/python3.12/site-packages/oslo_config/cfg.py:3253}}
Jul 23 03:10:25 devstack devstack@g-api.service[78185]: DEBUG glance.common.config [None req-7a3806ac-b8a7-4cdf-b07b-2c018cc0ff0d None None] database.max_retries = 10 {{(pid=78185) log_opt_values /opt/stack/data/venv/lib/python3.12/site-packages/oslo_config/cfg.py:3253}}
Jul 23 03:10:25 devstack devstack@g-api.service[78185]: DEBUG glance.common.config [None req-7a3806ac-b8a7-4cdf-b07b-2c018cc0ff0d None None] database.mysql_sql_mode = TRADITIONAL {{(pid=78185) log_opt_values /opt/stack/data/venv/lib/python3.12/site-packages/oslo_config/cfg.py:3253}}
Jul 23 03:10:25 devstack devstack@g-api.service[78185]: DEBUG glance.common.config [None req-7a3806ac-b8a7-4cdf-b07b-2c018cc0ff0d None None] database.mysql_wsrep_sync_wait = None {{(pid=78185) log_opt_values /opt/stack/data/venv/lib/python3.12/site-packages/oslo_config/cfg.py:3253}}
Jul 23 03:10:25 devstack devstack@g-api.service[78185]: DEBUG glance.common.config [None req-7a3806ac-b8a7-4cdf-b07b-2c018cc0ff0d None None] database.pool_timeout = None {{(pid=78185) log_opt_values /opt/stack/data/venv/lib/python3.12/site-packages/oslo_config/cfg.py:3253}}
Jul 23 03:10:25 devstack devstack@g-api.service[78185]: DEBUG glance.common.config [None req-7a3806ac-b8a7-4cdf-b07b-2c018cc0ff0d None None] database.retry_interval = 10 {{(pid=78185) log_opt_values /opt/stack/data/venv/lib/python3.12/site-packages/oslo_config/cfg.py:3253}}
Jul 23 03:10:25 devstack devstack@g-api.service[78185]: DEBUG glance.common.config [None req-7a3806ac-b8a7-4cdf-b07b-2c018cc0ff0d None None] database.slave_connection = **** {{(pid=78185) log_opt_values /opt/stack/data/venv/lib/python3.12/site-packages/oslo_config/cfg.py:3253}}
Jul 23 03:10:25 devstack devstack@g-api.service[78185]: DEBUG glance.common.config [None req-7a3806ac-b8a7-4cdf-b07b-2c018cc0ff0d None None] database.sqlite_synchronous = True {{(pid=78185) log_opt_values /opt/stack/data/venv/lib/python3.12/site-packages/oslo_config/cfg.py:3253}}
Jul 23 03:10:25 devstack devstack@g-api.service[78185]: DEBUG glance.common.config [None req-7a3806ac-b8a7-4cdf-b07b-2c018cc0ff0d None None] database.synchronous_reader = True {{(pid=78185) log_opt_values /opt/stack/data/venv/lib/python3.12/site-packages/oslo_config/cfg.py:3253}}
Jul 23 03:10:25 devstack devstack@g-api.service[78185]: DEBUG glance.common.config [None req-7a3806ac-b8a7-4cdf-b07b-2c018cc0ff0d None None] database.use_db_reconnect = False {{(pid=78185) log_opt_values /opt/stack/data/venv/lib/python3.12/site-packages/oslo_config/cfg.py:3253}}
Jul 23 03:10:25 devstack devstack@g-api.service[78185]: DEBUG glance.common.config [None req-7a3806ac-b8a7-4cdf-b07b-2c018cc0ff0d None None] healthcheck.allowed_source_ranges = [] {{(pid=78185) log_opt_values /opt/stack/data/venv/lib/python3.12/site-packages/oslo_config/cfg.py:3253}}
Jul 23 03:10:25 devstack devstack@g-api.service[78185]: DEBUG glance.common.config [None req-7a3806ac-b8a7-4cdf-b07b-2c018cc0ff0d None None] healthcheck.backends = ['disable_by_file'] {{(pid=78185) log_opt_values /opt/stack/data/venv/lib/python3.12/site-packages/oslo_config/cfg.py:3253}}
Jul 23 03:10:25 devstack devstack@g-api.service[78185]: DEBUG glance.common.config [None req-7a3806ac-b8a7-4cdf-b07b-2c018cc0ff0d None None] healthcheck.detailed = False {{(pid=78185) log_opt_values /opt/stack/data/venv/lib/python3.12/site-packages/oslo_config/cfg.py:3253}}
Jul 23 03:10:25 devstack devstack@g-api.service[78185]: DEBUG glance.common.config [None req-7a3806ac-b8a7-4cdf-b07b-2c018cc0ff0d None None] healthcheck.disable_by_file_path = None {{(pid=78185) log_opt_values /opt/stack/data/venv/lib/python3.12/site-packages/oslo_config/cfg.py:3253}}
Jul 23 03:10:25 devstack devstack@g-api.service[78185]: DEBUG glance.common.config [None req-7a3806ac-b8a7-4cdf-b07b-2c018cc0ff0d None None] healthcheck.ignore_proxied_requests = False {{(pid=78185) log_opt_values /opt/stack/data/venv/lib/python3.12/site-packages/oslo_config/cfg.py:3253}}
Jul 23 03:10:25 devstack devstack@g-api.service[78185]: DEBUG glance.common.config [None req-7a3806ac-b8a7-4cdf-b07b-2c018cc0ff0d None None] ******************************************************************************** {{(pid=78185) log_opt_values /opt/stack/data/venv/lib/python3.12/site-packages/oslo_config/cfg.py:3260}}
Jul 23 03:10:25 devstack devstack@g-api.service[78185]: WSGI app 0 (mountpoint='') ready in 6 seconds on interpreter 0x74f9cb4a4668 pid: 78185 (default app)
Jul 23 03:10:28 devstack devstack@g-api.service[78186]: DEBUG glance.api.middleware.version_negotiation [None req-a50172b4-b068-42ee-b090-41a3087c3d8d None None] Determining version of request: GET / Accept: application/json {{(pid=78186) process_request /opt/stack/glance/glance/api/middleware/version_negotiation.py:44}}
Jul 23 03:10:28 devstack devstack@g-api.service[78186]: DEBUG glance.api.middleware.version_negotiation [None req-a50172b4-b068-42ee-b090-41a3087c3d8d None None] Using url versioning {{(pid=78186) process_request /opt/stack/glance/glance/api/middleware/version_negotiation.py:57}}
Jul 23 03:10:28 devstack devstack@g-api.service[78186]: DEBUG glance.api.middleware.version_negotiation [None req-a50172b4-b068-42ee-b090-41a3087c3d8d None None] Unknown version. Returning version choices. {{(pid=78186) process_request /opt/stack/glance/glance/api/middleware/version_negotiation.py:64}}
Jul 23 03:10:28 devstack devstack@g-api.service[78186]: [pid: 78186|app: 0|req: 2/2] 127.0.0.1 () {34 vars in 516 bytes} [Thu Jul 23 03:10:28 2026] GET / => generated 1557 bytes in 2 msecs (HTTP/1.1 300) 3 headers in 106 bytes (1 switches on core 0)
Jul 23 03:10:28 devstack devstack@g-api.service[78185]: DEBUG glance.api.middleware.version_negotiation [None req-7a3806ac-b8a7-4cdf-b07b-2c018cc0ff0d None None] Determining version of request: POST /v2/images Accept: */* {{(pid=78185) process_request /opt/stack/glance/glance/api/middleware/version_negotiation.py:44}}
Jul 23 03:10:28 devstack devstack@g-api.service[78185]: DEBUG glance.api.middleware.version_negotiation [None req-7a3806ac-b8a7-4cdf-b07b-2c018cc0ff0d None None] Using url versioning {{(pid=78185) process_request /opt/stack/glance/glance/api/middleware/version_negotiation.py:57}}
Jul 23 03:10:28 devstack devstack@g-api.service[78185]: DEBUG glance.api.middleware.version_negotiation [None req-7a3806ac-b8a7-4cdf-b07b-2c018cc0ff0d None None] Matched version: v2 {{(pid=78185) process_request /opt/stack/glance/glance/api/middleware/version_negotiation.py:69}}
Jul 23 03:10:28 devstack devstack@g-api.service[78185]: DEBUG glance.api.middleware.version_negotiation [None req-7a3806ac-b8a7-4cdf-b07b-2c018cc0ff0d None None] new path /v2/images {{(pid=78185) process_request /opt/stack/glance/glance/api/middleware/version_negotiation.py:70}}
Jul 23 03:10:29 devstack devstack@g-api.service[78185]: [pid: 78185|app: 0|req: 1/3] 127.0.0.1 () {40 vars in 779 bytes} [Thu Jul 23 03:10:28 2026] POST /v2/images => generated 807 bytes in 1083 msecs (HTTP/1.1 201) 6 headers in 314 bytes (1 switches on core 0)
Jul 23 03:10:29 devstack devstack@g-api.service[78186]: DEBUG glance.api.middleware.version_negotiation [None req-a50172b4-b068-42ee-b090-41a3087c3d8d None None] Determining version of request: PUT /v2/images/d528e14a-f1e8-46f0-b9e4-aded7536eb2d/file Accept: {{(pid=78186) process_request /opt/stack/glance/glance/api/middleware/version_negotiation.py:44}}
Jul 23 03:10:29 devstack devstack@g-api.service[78186]: DEBUG glance.api.middleware.version_negotiation [None req-a50172b4-b068-42ee-b090-41a3087c3d8d None None] Using url versioning {{(pid=78186) process_request /opt/stack/glance/glance/api/middleware/version_negotiation.py:57}}
Jul 23 03:10:29 devstack devstack@g-api.service[78186]: DEBUG glance.api.middleware.version_negotiation [None req-a50172b4-b068-42ee-b090-41a3087c3d8d None None] Matched version: v2 {{(pid=78186) process_request /opt/stack/glance/glance/api/middleware/version_negotiation.py:69}}
Jul 23 03:10:29 devstack devstack@g-api.service[78186]: DEBUG glance.api.middleware.version_negotiation [None req-a50172b4-b068-42ee-b090-41a3087c3d8d None None] new path /v2/images/d528e14a-f1e8-46f0-b9e4-aded7536eb2d/file {{(pid=78186) process_request /opt/stack/glance/glance/api/middleware/version_negotiation.py:70}}
Jul 23 03:10:30 devstack devstack@g-api.service[78186]: INFO glance.api.v2.image_data [None req-b1a52bbc-c677-46ab-ac3f-dfce87216e9d admin admin] Unable to create trust: no such option collect_timing in group [keystone_authtoken] Use the existing user token.
Jul 23 03:10:31 devstack devstack@g-api.service[78186]: DEBUG glance.location [None req-b1a52bbc-c677-46ab-ac3f-dfce87216e9d admin admin] Enabling in-flight format inspection for qcow2 {{(pid=78186) set_data /opt/stack/glance/glance/location.py:596}}
Jul 23 03:10:31 devstack devstack@g-api.service[78186]: DEBUG oslo_utils.imageutils.format_inspector [None req-b1a52bbc-c677-46ab-ac3f-dfce87216e9d admin admin] Format inspector for vmdk does not match, excluding from consideration (Signature KDMV not found: b'QFI\xfb') {{(pid=78186) _process_chunk /opt/stack/data/venv/lib/python3.12/site-packages/oslo_utils/imageutils/format_inspector.py:1758}}
Jul 23 03:10:31 devstack devstack@g-api.service[78186]: DEBUG oslo_utils.imageutils.format_inspector [None req-b1a52bbc-c677-46ab-ac3f-dfce87216e9d admin admin] Format inspector for vhdx does not match, excluding from consideration (Region signature not found at 30000) {{(pid=78186) _process_chunk /opt/stack/data/venv/lib/python3.12/site-packages/oslo_utils/imageutils/format_inspector.py:1758}}
Jul 23 03:10:31 devstack devstack@g-api.service[78186]: DEBUG glance_store._drivers.filesystem [None req-b1a52bbc-c677-46ab-ac3f-dfce87216e9d admin admin] Wrote 21692416 bytes to /opt/stack/data/glance/images/d528e14a-f1e8-46f0-b9e4-aded7536eb2d with checksum 87617e24a5e30cb3b87fda8c0764838f and multihash 9a9bce0083a00939ec17c11febbfc767aa211aaa54f51e75c5a8b271a9b5637c77205a518b7a2007cb391d23cceb01e0e4e8d64832317151bc85b734b92a7be0 {{(pid=78186) add /opt/stack/data/venv/lib/python3.12/site-packages/glance_store/_drivers/filesystem.py:899}}
Jul 23 03:10:31 devstack devstack@g-api.service[78186]: INFO glance.location [None req-b1a52bbc-c677-46ab-ac3f-dfce87216e9d admin admin] Image format matched and virtual size computed: 117440512
Jul 23 03:10:31 devstack devstack@g-api.service[78186]: DEBUG glance_store.backend [None req-b1a52bbc-c677-46ab-ac3f-dfce87216e9d admin admin] Skipping store.set_acls... not implemented. {{(pid=78186) set_acls /opt/stack/data/venv/lib/python3.12/site-packages/glance_store/backend.py:507}}
Jul 23 03:10:31 devstack devstack@g-api.service[78186]: [pid: 78186|app: 0|req: 3/4] 127.0.0.1 () {40 vars in 872 bytes} [Thu Jul 23 03:10:29 2026] PUT /v2/images/d528e14a-f1e8-46f0-b9e4-aded7536eb2d/file => generated 0 bytes in 1654 msecs (HTTP/1.1 204) 4 headers in 171 bytes (1 switches on core 0)
Jul 23 03:10:31 devstack devstack@g-api.service[78185]: DEBUG glance.api.middleware.version_negotiation [None req-c4d6a888-4703-4a7c-8d2e-94fa8cb6d54f admin admin] Determining version of request: GET /v2/images/d528e14a-f1e8-46f0-b9e4-aded7536eb2d Accept: */* {{(pid=78185) process_request /opt/stack/glance/glance/api/middleware/version_negotiation.py:44}}
Jul 23 03:10:31 devstack devstack@g-api.service[78185]: DEBUG glance.api.middleware.version_negotiation [None req-c4d6a888-4703-4a7c-8d2e-94fa8cb6d54f admin admin] Using url versioning {{(pid=78185) process_request /opt/stack/glance/glance/api/middleware/version_negotiation.py:57}}
Jul 23 03:10:31 devstack devstack@g-api.service[78185]: DEBUG glance.api.middleware.version_negotiation [None req-c4d6a888-4703-4a7c-8d2e-94fa8cb6d54f admin admin] Matched version: v2 {{(pid=78185) process_request /opt/stack/glance/glance/api/middleware/version_negotiation.py:69}}
Jul 23 03:10:31 devstack devstack@g-api.service[78185]: DEBUG glance.api.middleware.version_negotiation [None req-c4d6a888-4703-4a7c-8d2e-94fa8cb6d54f admin admin] new path /v2/images/d528e14a-f1e8-46f0-b9e4-aded7536eb2d {{(pid=78185) process_request /opt/stack/glance/glance/api/middleware/version_negotiation.py:70}}
Jul 23 03:10:31 devstack devstack@g-api.service[78185]: [pid: 78185|app: 0|req: 2/5] 127.0.0.1 () {36 vars in 799 bytes} [Thu Jul 23 03:10:31 2026] GET /v2/images/d528e14a-f1e8-46f0-b9e4-aded7536eb2d => generated 976 bytes in 20 msecs (HTTP/1.1 200) 4 headers in 157 bytes (1 switches on core 0)
Jul 23 03:10:41 devstack devstack@g-api.service[78186]: DEBUG dbcounter [-] [78186] Writing DB stats glance:INSERT=5,glance:SELECT=16,glance:UPDATE=2 {{(pid=78186) stat_writer /opt/stack/data/venv/lib/python3.12/site-packages/dbcounter.py:115}}
Jul 23 03:10:41 devstack devstack@g-api.service[78185]: DEBUG dbcounter [-] [78185] Writing DB stats glance:INSERT=9,glance:SELECT=6 {{(pid=78185) stat_writer /opt/stack/data/venv/lib/python3.12/site-packages/dbcounter.py:115}}
Jul 23 03:11:13 devstack devstack@g-api.service[78186]: DEBUG glance.api.middleware.version_negotiation [None req-b1a52bbc-c677-46ab-ac3f-dfce87216e9d admin admin] Determining version of request: GET / Accept: application/json {{(pid=78186) process_request /opt/stack/glance/glance/api/middleware/version_negotiation.py:44}}
Jul 23 03:11:13 devstack devstack@g-api.service[78186]: DEBUG glance.api.middleware.version_negotiation [None req-b1a52bbc-c677-46ab-ac3f-dfce87216e9d admin admin] Using url versioning {{(pid=78186) process_request /opt/stack/glance/glance/api/middleware/version_negotiation.py:57}}
Jul 23 03:11:13 devstack devstack@g-api.service[78186]: DEBUG glance.api.middleware.version_negotiation [None req-b1a52bbc-c677-46ab-ac3f-dfce87216e9d admin admin] Unknown version. Returning version choices. {{(pid=78186) process_request /opt/stack/glance/glance/api/middleware/version_negotiation.py:64}}
Jul 23 03:11:13 devstack devstack@g-api.service[78186]: [pid: 78186|app: 0|req: 4/6] 127.0.0.1 () {34 vars in 516 bytes} [Thu Jul 23 03:11:13 2026] GET / => generated 1557 bytes in 2 msecs (HTTP/1.1 300) 3 headers in 106 bytes (1 switches on core 0)
Jul 23 03:11:14 devstack devstack@g-api.service[78185]: DEBUG glance.api.middleware.version_negotiation [None req-d04b0327-ba0b-4dbf-96a9-7c43ce8e02e6 admin admin] Determining version of request: GET /v2/images Accept: application/json {{(pid=78185) process_request /opt/stack/glance/glance/api/middleware/version_negotiation.py:44}}
Jul 23 03:11:14 devstack devstack@g-api.service[78185]: DEBUG glance.api.middleware.version_negotiation [None req-d04b0327-ba0b-4dbf-96a9-7c43ce8e02e6 admin admin] Using url versioning {{(pid=78185) process_request /opt/stack/glance/glance/api/middleware/version_negotiation.py:57}}
Jul 23 03:11:14 devstack devstack@g-api.service[78185]: DEBUG glance.api.middleware.version_negotiation [None req-d04b0327-ba0b-4dbf-96a9-7c43ce8e02e6 admin admin] Matched version: v2 {{(pid=78185) process_request /opt/stack/glance/glance/api/middleware/version_negotiation.py:69}}
Jul 23 03:11:14 devstack devstack@g-api.service[78185]: DEBUG glance.api.middleware.version_negotiation [None req-d04b0327-ba0b-4dbf-96a9-7c43ce8e02e6 admin admin] new path /v2/images {{(pid=78185) process_request /opt/stack/glance/glance/api/middleware/version_negotiation.py:70}}
Jul 23 03:11:14 devstack devstack@g-api.service[78185]: [pid: 78185|app: 0|req: 3/7] 127.0.0.1 () {36 vars in 738 bytes} [Thu Jul 23 03:11:14 2026] GET /v2/images => generated 1045 bytes in 89 msecs (HTTP/1.1 200) 4 headers in 158 bytes (1 switches on core 0)
Jul 23 03:11:23 devstack devstack@g-api.service[78186]: DEBUG glance.api.middleware.version_negotiation [None req-b1a52bbc-c677-46ab-ac3f-dfce87216e9d admin admin] Determining version of request: GET / Accept: application/json {{(pid=78186) process_request /opt/stack/glance/glance/api/middleware/version_negotiation.py:44}}
Jul 23 03:11:23 devstack devstack@g-api.service[78186]: DEBUG glance.api.middleware.version_negotiation [None req-b1a52bbc-c677-46ab-ac3f-dfce87216e9d admin admin] Using url versioning {{(pid=78186) process_request /opt/stack/glance/glance/api/middleware/version_negotiation.py:57}}
Jul 23 03:11:23 devstack devstack@g-api.service[78186]: DEBUG glance.api.middleware.version_negotiation [None req-b1a52bbc-c677-46ab-ac3f-dfce87216e9d admin admin] Unknown version. Returning version choices. {{(pid=78186) process_request /opt/stack/glance/glance/api/middleware/version_negotiation.py:64}}
Jul 23 03:11:23 devstack devstack@g-api.service[78186]: [pid: 78186|app: 0|req: 5/8] 127.0.0.1 () {34 vars in 516 bytes} [Thu Jul 23 03:11:23 2026] GET / => generated 1557 bytes in 3 msecs (HTTP/1.1 300) 3 headers in 106 bytes (1 switches on core 0)
Jul 23 03:11:23 devstack devstack@g-api.service[78185]: DEBUG glance.api.middleware.version_negotiation [None req-db5dfdf8-94bf-4e68-9ab0-dd62de623369 admin admin] Determining version of request: GET /v2/images/d528e14a-f1e8-46f0-b9e4-aded7536eb2d Accept: */* {{(pid=78185) process_request /opt/stack/glance/glance/api/middleware/version_negotiation.py:44}}
Jul 23 03:11:23 devstack devstack@g-api.service[78185]: DEBUG glance.api.middleware.version_negotiation [None req-db5dfdf8-94bf-4e68-9ab0-dd62de623369 admin admin] Using url versioning {{(pid=78185) process_request /opt/stack/glance/glance/api/middleware/version_negotiation.py:57}}
Jul 23 03:11:23 devstack devstack@g-api.service[78185]: DEBUG glance.api.middleware.version_negotiation [None req-db5dfdf8-94bf-4e68-9ab0-dd62de623369 admin admin] Matched version: v2 {{(pid=78185) process_request /opt/stack/glance/glance/api/middleware/version_negotiation.py:69}}
Jul 23 03:11:23 devstack devstack@g-api.service[78185]: DEBUG glance.api.middleware.version_negotiation [None req-db5dfdf8-94bf-4e68-9ab0-dd62de623369 admin admin] new path /v2/images/d528e14a-f1e8-46f0-b9e4-aded7536eb2d {{(pid=78185) process_request /opt/stack/glance/glance/api/middleware/version_negotiation.py:70}}
Jul 23 03:11:23 devstack devstack@g-api.service[78185]: [pid: 78185|app: 0|req: 4/9] 127.0.0.1 () {36 vars in 799 bytes} [Thu Jul 23 03:11:23 2026] GET /v2/images/d528e14a-f1e8-46f0-b9e4-aded7536eb2d => generated 976 bytes in 72 msecs (HTTP/1.1 200) 4 headers in 157 bytes (1 switches on core 0)
Jul 23 03:11:29 devstack devstack@g-api.service[78186]: DEBUG glance.api.middleware.version_negotiation [None req-b1a52bbc-c677-46ab-ac3f-dfce87216e9d admin admin] Determining version of request: GET / Accept: application/json {{(pid=78186) process_request /opt/stack/glance/glance/api/middleware/version_negotiation.py:44}}
Jul 23 03:11:29 devstack devstack@g-api.service[78186]: DEBUG glance.api.middleware.version_negotiation [None req-b1a52bbc-c677-46ab-ac3f-dfce87216e9d admin admin] Using url versioning {{(pid=78186) process_request /opt/stack/glance/glance/api/middleware/version_negotiation.py:57}}
Jul 23 03:11:29 devstack devstack@g-api.service[78186]: DEBUG glance.api.middleware.version_negotiation [None req-b1a52bbc-c677-46ab-ac3f-dfce87216e9d admin admin] Unknown version. Returning version choices. {{(pid=78186) process_request /opt/stack/glance/glance/api/middleware/version_negotiation.py:64}}
Jul 23 03:11:29 devstack devstack@g-api.service[78186]: [pid: 78186|app: 0|req: 6/10] 127.0.0.1 () {34 vars in 516 bytes} [Thu Jul 23 03:11:29 2026] GET / => generated 1557 bytes in 2 msecs (HTTP/1.1 300) 3 headers in 106 bytes (1 switches on core 0)
Jul 23 03:11:29 devstack devstack@g-api.service[78185]: DEBUG glance.api.middleware.version_negotiation [None req-bc0daf98-ea75-4c2d-be75-09f71e28079f admin admin] Determining version of request: GET /v2/images/d528e14a-f1e8-46f0-b9e4-aded7536eb2d Accept: */* {{(pid=78185) process_request /opt/stack/glance/glance/api/middleware/version_negotiation.py:44}}
Jul 23 03:11:29 devstack devstack@g-api.service[78185]: DEBUG glance.api.middleware.version_negotiation [None req-bc0daf98-ea75-4c2d-be75-09f71e28079f admin admin] Using url versioning {{(pid=78185) process_request /opt/stack/glance/glance/api/middleware/version_negotiation.py:57}}
Jul 23 03:11:29 devstack devstack@g-api.service[78185]: DEBUG glance.api.middleware.version_negotiation [None req-bc0daf98-ea75-4c2d-be75-09f71e28079f admin admin] Matched version: v2 {{(pid=78185) process_request /opt/stack/glance/glance/api/middleware/version_negotiation.py:69}}
Jul 23 03:11:29 devstack devstack@g-api.service[78185]: DEBUG glance.api.middleware.version_negotiation [None req-bc0daf98-ea75-4c2d-be75-09f71e28079f admin admin] new path /v2/images/d528e14a-f1e8-46f0-b9e4-aded7536eb2d {{(pid=78185) process_request /opt/stack/glance/glance/api/middleware/version_negotiation.py:70}}
Jul 23 03:11:29 devstack devstack@g-api.service[78185]: [pid: 78185|app: 0|req: 5/11] 127.0.0.1 () {36 vars in 799 bytes} [Thu Jul 23 03:11:29 2026] GET /v2/images/d528e14a-f1e8-46f0-b9e4-aded7536eb2d => generated 976 bytes in 72 msecs (HTTP/1.1 200) 4 headers in 157 bytes (1 switches on core 0)
Jul 23 03:11:39 devstack devstack@g-api.service[78185]: DEBUG dbcounter [-] [78185] Writing DB stats glance:SELECT=5 {{(pid=78185) stat_writer /opt/stack/data/venv/lib/python3.12/site-packages/dbcounter.py:115}}
Jul 23 03:12:43 devstack devstack@g-api.service[78186]: DEBUG glance.api.middleware.version_negotiation [None req-b1a52bbc-c677-46ab-ac3f-dfce87216e9d admin admin] Determining version of request: GET / Accept: application/json {{(pid=78186) process_request /opt/stack/glance/glance/api/middleware/version_negotiation.py:44}}
Jul 23 03:12:43 devstack devstack@g-api.service[78186]: DEBUG glance.api.middleware.version_negotiation [None req-b1a52bbc-c677-46ab-ac3f-dfce87216e9d admin admin] Using url versioning {{(pid=78186) process_request /opt/stack/glance/glance/api/middleware/version_negotiation.py:57}}
Jul 23 03:12:43 devstack devstack@g-api.service[78186]: DEBUG glance.api.middleware.version_negotiation [None req-b1a52bbc-c677-46ab-ac3f-dfce87216e9d admin admin] Unknown version. Returning version choices. {{(pid=78186) process_request /opt/stack/glance/glance/api/middleware/version_negotiation.py:64}}
Jul 23 03:12:43 devstack devstack@g-api.service[78186]: [pid: 78186|app: 0|req: 7/12] 127.0.0.1 () {36 vars in 485 bytes} [Thu Jul 23 03:12:43 2026] GET / => generated 1557 bytes in 3 msecs (HTTP/1.1 300) 3 headers in 106 bytes (1 switches on core 0)
Jul 23 03:15:28 devstack devstack@g-api.service[78185]: DEBUG glance.api.middleware.version_negotiation [None req-8496f759-b606-401c-b3ed-328b00883d80 admin admin] Determining version of request: GET / Accept: application/json {{(pid=78185) process_request /opt/stack/glance/glance/api/middleware/version_negotiation.py:44}}
Jul 23 03:15:28 devstack devstack@g-api.service[78185]: DEBUG glance.api.middleware.version_negotiation [None req-8496f759-b606-401c-b3ed-328b00883d80 admin admin] Using url versioning {{(pid=78185) process_request /opt/stack/glance/glance/api/middleware/version_negotiation.py:57}}
Jul 23 03:15:28 devstack devstack@g-api.service[78185]: DEBUG glance.api.middleware.version_negotiation [None req-8496f759-b606-401c-b3ed-328b00883d80 admin admin] Unknown version. Returning version choices. {{(pid=78185) process_request /opt/stack/glance/glance/api/middleware/version_negotiation.py:64}}
Jul 23 03:15:28 devstack devstack@g-api.service[78185]: [pid: 78185|app: 0|req: 6/13] 127.0.0.1 () {34 vars in 502 bytes} [Thu Jul 23 03:15:28 2026] GET / => generated 1557 bytes in 6 msecs (HTTP/1.1 300) 3 headers in 106 bytes (1 switches on core 0)
Jul 23 03:15:28 devstack devstack@g-api.service[78186]: DEBUG glance.api.middleware.version_negotiation [None req-b1a52bbc-c677-46ab-ac3f-dfce87216e9d admin admin] Determining version of request: GET /v2/images/d528e14a-f1e8-46f0-b9e4-aded7536eb2d Accept: */* {{(pid=78186) process_request /opt/stack/glance/glance/api/middleware/version_negotiation.py:44}}
Jul 23 03:15:28 devstack devstack@g-api.service[78186]: DEBUG glance.api.middleware.version_negotiation [None req-b1a52bbc-c677-46ab-ac3f-dfce87216e9d admin admin] Using url versioning {{(pid=78186) process_request /opt/stack/glance/glance/api/middleware/version_negotiation.py:57}}
Jul 23 03:15:28 devstack devstack@g-api.service[78186]: DEBUG glance.api.middleware.version_negotiation [None req-b1a52bbc-c677-46ab-ac3f-dfce87216e9d admin admin] Matched version: v2 {{(pid=78186) process_request /opt/stack/glance/glance/api/middleware/version_negotiation.py:69}}
Jul 23 03:15:28 devstack devstack@g-api.service[78186]: DEBUG glance.api.middleware.version_negotiation [None req-b1a52bbc-c677-46ab-ac3f-dfce87216e9d admin admin] new path /v2/images/d528e14a-f1e8-46f0-b9e4-aded7536eb2d {{(pid=78186) process_request /opt/stack/glance/glance/api/middleware/version_negotiation.py:70}}
Jul 23 03:15:28 devstack devstack@g-api.service[78186]: [pid: 78186|app: 0|req: 8/14] 127.0.0.1 () {42 vars in 1058 bytes} [Thu Jul 23 03:15:28 2026] GET /v2/images/d528e14a-f1e8-46f0-b9e4-aded7536eb2d => generated 976 bytes in 363 msecs (HTTP/1.1 200) 4 headers in 157 bytes (1 switches on core 0)
Jul 23 03:15:28 devstack devstack@g-api.service[78185]: DEBUG glance.api.middleware.version_negotiation [None req-8496f759-b606-401c-b3ed-328b00883d80 admin admin] Determining version of request: GET /v2/schemas/image Accept: */* {{(pid=78185) process_request /opt/stack/glance/glance/api/middleware/version_negotiation.py:44}}
Jul 23 03:15:28 devstack devstack@g-api.service[78185]: DEBUG glance.api.middleware.version_negotiation [None req-8496f759-b606-401c-b3ed-328b00883d80 admin admin] Using url versioning {{(pid=78185) process_request /opt/stack/glance/glance/api/middleware/version_negotiation.py:57}}
Jul 23 03:15:28 devstack devstack@g-api.service[78185]: DEBUG glance.api.middleware.version_negotiation [None req-8496f759-b606-401c-b3ed-328b00883d80 admin admin] Matched version: v2 {{(pid=78185) process_request /opt/stack/glance/glance/api/middleware/version_negotiation.py:69}}
Jul 23 03:15:28 devstack devstack@g-api.service[78185]: DEBUG glance.api.middleware.version_negotiation [None req-8496f759-b606-401c-b3ed-328b00883d80 admin admin] new path /v2/schemas/image {{(pid=78185) process_request /opt/stack/glance/glance/api/middleware/version_negotiation.py:70}}
Jul 23 03:15:28 devstack devstack@g-api.service[78185]: [pid: 78185|app: 0|req: 7/15] 127.0.0.1 () {42 vars in 998 bytes} [Thu Jul 23 03:15:28 2026] GET /v2/schemas/image => generated 6083 bytes in 17 msecs (HTTP/1.1 200) 4 headers in 158 bytes (1 switches on core 0)
Jul 23 03:15:34 devstack devstack@g-api.service[78186]: DEBUG glance.api.middleware.version_negotiation [None req-22c4d13b-b423-4c86-886d-89192ad1c3b2 tempest-ServerRescueNegativeTestJSON-296499049 tempest-ServerRescueNegativeTestJSON-296499049-project-member] Determining version of request: GET / Accept: application/json {{(pid=78186) process_request /opt/stack/glance/glance/api/middleware/version_negotiation.py:44}}
Jul 23 03:15:34 devstack devstack@g-api.service[78186]: DEBUG glance.api.middleware.version_negotiation [None req-22c4d13b-b423-4c86-886d-89192ad1c3b2 tempest-ServerRescueNegativeTestJSON-296499049 tempest-ServerRescueNegativeTestJSON-296499049-project-member] Using url versioning {{(pid=78186) process_request /opt/stack/glance/glance/api/middleware/version_negotiation.py:57}}
Jul 23 03:15:34 devstack devstack@g-api.service[78186]: DEBUG glance.api.middleware.version_negotiation [None req-22c4d13b-b423-4c86-886d-89192ad1c3b2 tempest-ServerRescueNegativeTestJSON-296499049 tempest-ServerRescueNegativeTestJSON-296499049-project-member] Unknown version. Returning version choices. {{(pid=78186) process_request /opt/stack/glance/glance/api/middleware/version_negotiation.py:64}}
Jul 23 03:15:34 devstack devstack@g-api.service[78186]: [pid: 78186|app: 0|req: 9/16] 127.0.0.1 () {34 vars in 502 bytes} [Thu Jul 23 03:15:34 2026] GET / => generated 1557 bytes in 3 msecs (HTTP/1.1 300) 3 headers in 106 bytes (1 switches on core 0)
Jul 23 03:15:34 devstack devstack@g-api.service[78185]: DEBUG glance.api.middleware.version_negotiation [None req-22c4d13b-b423-4c86-886d-89192ad1c3b2 tempest-ServerRescueNegativeTestJSON-296499049 tempest-ServerRescueNegativeTestJSON-296499049-project-member] Determining version of request: GET /v2/images/d528e14a-f1e8-46f0-b9e4-aded7536eb2d Accept: */* {{(pid=78185) process_request /opt/stack/glance/glance/api/middleware/version_negotiation.py:44}}
Jul 23 03:15:34 devstack devstack@g-api.service[78185]: DEBUG glance.api.middleware.version_negotiation [None req-22c4d13b-b423-4c86-886d-89192ad1c3b2 tempest-ServerRescueNegativeTestJSON-296499049 tempest-ServerRescueNegativeTestJSON-296499049-project-member] Using url versioning {{(pid=78185) process_request /opt/stack/glance/glance/api/middleware/version_negotiation.py:57}}
Jul 23 03:15:34 devstack devstack@g-api.service[78185]: DEBUG glance.api.middleware.version_negotiation [None req-22c4d13b-b423-4c86-886d-89192ad1c3b2 tempest-ServerRescueNegativeTestJSON-296499049 tempest-ServerRescueNegativeTestJSON-296499049-project-member] Matched version: v2 {{(pid=78185) process_request /opt/stack/glance/glance/api/middleware/version_negotiation.py:69}}
Jul 23 03:15:34 devstack devstack@g-api.service[78185]: DEBUG glance.api.middleware.version_negotiation [None req-22c4d13b-b423-4c86-886d-89192ad1c3b2 tempest-ServerRescueNegativeTestJSON-296499049 tempest-ServerRescueNegativeTestJSON-296499049-project-member] new path /v2/images/d528e14a-f1e8-46f0-b9e4-aded7536eb2d {{(pid=78185) process_request /opt/stack/glance/glance/api/middleware/version_negotiation.py:70}}
Jul 23 03:15:35 devstack devstack@g-api.service[78185]: [pid: 78185|app: 0|req: 8/17] 127.0.0.1 () {42 vars in 1058 bytes} [Thu Jul 23 03:15:34 2026] GET /v2/images/d528e14a-f1e8-46f0-b9e4-aded7536eb2d => generated 976 bytes in 547 msecs (HTTP/1.1 200) 4 headers in 157 bytes (1 switches on core 0)
Jul 23 03:15:35 devstack devstack@g-api.service[78186]: DEBUG glance.api.middleware.version_negotiation [None req-22c4d13b-b423-4c86-886d-89192ad1c3b2 tempest-ServerRescueNegativeTestJSON-296499049 tempest-ServerRescueNegativeTestJSON-296499049-project-member] Determining version of request: GET /v2/schemas/image Accept: */* {{(pid=78186) process_request /opt/stack/glance/glance/api/middleware/version_negotiation.py:44}}
Jul 23 03:15:35 devstack devstack@g-api.service[78186]: DEBUG glance.api.middleware.version_negotiation [None req-22c4d13b-b423-4c86-886d-89192ad1c3b2 tempest-ServerRescueNegativeTestJSON-296499049 tempest-ServerRescueNegativeTestJSON-296499049-project-member] Using url versioning {{(pid=78186) process_request /opt/stack/glance/glance/api/middleware/version_negotiation.py:57}}
Jul 23 03:15:35 devstack devstack@g-api.service[78186]: DEBUG glance.api.middleware.version_negotiation [None req-22c4d13b-b423-4c86-886d-89192ad1c3b2 tempest-ServerRescueNegativeTestJSON-296499049 tempest-ServerRescueNegativeTestJSON-296499049-project-member] Matched version: v2 {{(pid=78186) process_request /opt/stack/glance/glance/api/middleware/version_negotiation.py:69}}
Jul 23 03:15:35 devstack devstack@g-api.service[78186]: DEBUG glance.api.middleware.version_negotiation [None req-22c4d13b-b423-4c86-886d-89192ad1c3b2 tempest-ServerRescueNegativeTestJSON-296499049 tempest-ServerRescueNegativeTestJSON-296499049-project-member] new path /v2/schemas/image {{(pid=78186) process_request /opt/stack/glance/glance/api/middleware/version_negotiation.py:70}}
Jul 23 03:15:35 devstack devstack@g-api.service[78186]: [pid: 78186|app: 0|req: 10/18] 127.0.0.1 () {42 vars in 998 bytes} [Thu Jul 23 03:15:35 2026] GET /v2/schemas/image => generated 6083 bytes in 21 msecs (HTTP/1.1 200) 4 headers in 158 bytes (1 switches on core 0)
Jul 23 03:15:36 devstack devstack@g-api.service[78185]: DEBUG glance.api.middleware.version_negotiation [None req-6757b819-1595-4fc1-a791-c0be3dd0f818 tempest-DeleteServersTestJSON-907388027 tempest-DeleteServersTestJSON-907388027-project-member] Determining version of request: GET /v2/images/d528e14a-f1e8-46f0-b9e4-aded7536eb2d Accept: */* {{(pid=78185) process_request /opt/stack/glance/glance/api/middleware/version_negotiation.py:44}}
Jul 23 03:15:36 devstack devstack@g-api.service[78185]: DEBUG glance.api.middleware.version_negotiation [None req-6757b819-1595-4fc1-a791-c0be3dd0f818 tempest-DeleteServersTestJSON-907388027 tempest-DeleteServersTestJSON-907388027-project-member] Using url versioning {{(pid=78185) process_request /opt/stack/glance/glance/api/middleware/version_negotiation.py:57}}
Jul 23 03:15:36 devstack devstack@g-api.service[78185]: DEBUG glance.api.middleware.version_negotiation [None req-6757b819-1595-4fc1-a791-c0be3dd0f818 tempest-DeleteServersTestJSON-907388027 tempest-DeleteServersTestJSON-907388027-project-member] Matched version: v2 {{(pid=78185) process_request /opt/stack/glance/glance/api/middleware/version_negotiation.py:69}}
Jul 23 03:15:36 devstack devstack@g-api.service[78185]: DEBUG glance.api.middleware.version_negotiation [None req-6757b819-1595-4fc1-a791-c0be3dd0f818 tempest-DeleteServersTestJSON-907388027 tempest-DeleteServersTestJSON-907388027-project-member] new path /v2/images/d528e14a-f1e8-46f0-b9e4-aded7536eb2d {{(pid=78185) process_request /opt/stack/glance/glance/api/middleware/version_negotiation.py:70}}
Jul 23 03:15:36 devstack devstack@g-api.service[78185]: [pid: 78185|app: 0|req: 9/19] 127.0.0.1 () {42 vars in 1058 bytes} [Thu Jul 23 03:15:36 2026] GET /v2/images/d528e14a-f1e8-46f0-b9e4-aded7536eb2d => generated 976 bytes in 38 msecs (HTTP/1.1 200) 4 headers in 157 bytes (1 switches on core 0)
Jul 23 03:15:36 devstack devstack@g-api.service[78186]: DEBUG glance.api.middleware.version_negotiation [None req-6757b819-1595-4fc1-a791-c0be3dd0f818 tempest-DeleteServersTestJSON-907388027 tempest-DeleteServersTestJSON-907388027-project-member] Determining version of request: GET /v2/schemas/image Accept: */* {{(pid=78186) process_request /opt/stack/glance/glance/api/middleware/version_negotiation.py:44}}
Jul 23 03:15:36 devstack devstack@g-api.service[78186]: DEBUG glance.api.middleware.version_negotiation [None req-6757b819-1595-4fc1-a791-c0be3dd0f818 tempest-DeleteServersTestJSON-907388027 tempest-DeleteServersTestJSON-907388027-project-member] Using url versioning {{(pid=78186) process_request /opt/stack/glance/glance/api/middleware/version_negotiation.py:57}}
Jul 23 03:15:36 devstack devstack@g-api.service[78186]: DEBUG glance.api.middleware.version_negotiation [None req-6757b819-1595-4fc1-a791-c0be3dd0f818 tempest-DeleteServersTestJSON-907388027 tempest-DeleteServersTestJSON-907388027-project-member] Matched version: v2 {{(pid=78186) process_request /opt/stack/glance/glance/api/middleware/version_negotiation.py:69}}
Jul 23 03:15:36 devstack devstack@g-api.service[78186]: DEBUG glance.api.middleware.version_negotiation [None req-6757b819-1595-4fc1-a791-c0be3dd0f818 tempest-DeleteServersTestJSON-907388027 tempest-DeleteServersTestJSON-907388027-project-member] new path /v2/schemas/image {{(pid=78186) process_request /opt/stack/glance/glance/api/middleware/version_negotiation.py:70}}
Jul 23 03:15:36 devstack devstack@g-api.service[78186]: [pid: 78186|app: 0|req: 11/20] 127.0.0.1 () {42 vars in 998 bytes} [Thu Jul 23 03:15:36 2026] GET /v2/schemas/image => generated 6083 bytes in 8 msecs (HTTP/1.1 200) 4 headers in 158 bytes (1 switches on core 0)
Jul 23 03:15:37 devstack devstack@g-api.service[78185]: DEBUG glance.api.middleware.version_negotiation [None req-36ebbd38-f493-4e9f-ac95-648dcde1b624 tempest-ServerRescueNegativeTestJSON-296499049 tempest-ServerRescueNegativeTestJSON-296499049-project-member] Determining version of request: GET /v2/images/d528e14a-f1e8-46f0-b9e4-aded7536eb2d Accept: */* {{(pid=78185) process_request /opt/stack/glance/glance/api/middleware/version_negotiation.py:44}}
Jul 23 03:15:37 devstack devstack@g-api.service[78185]: DEBUG glance.api.middleware.version_negotiation [None req-36ebbd38-f493-4e9f-ac95-648dcde1b624 tempest-ServerRescueNegativeTestJSON-296499049 tempest-ServerRescueNegativeTestJSON-296499049-project-member] Using url versioning {{(pid=78185) process_request /opt/stack/glance/glance/api/middleware/version_negotiation.py:57}}
Jul 23 03:15:37 devstack devstack@g-api.service[78185]: DEBUG glance.api.middleware.version_negotiation [None req-36ebbd38-f493-4e9f-ac95-648dcde1b624 tempest-ServerRescueNegativeTestJSON-296499049 tempest-ServerRescueNegativeTestJSON-296499049-project-member] Matched version: v2 {{(pid=78185) process_request /opt/stack/glance/glance/api/middleware/version_negotiation.py:69}}
Jul 23 03:15:37 devstack devstack@g-api.service[78185]: DEBUG glance.api.middleware.version_negotiation [None req-36ebbd38-f493-4e9f-ac95-648dcde1b624 tempest-ServerRescueNegativeTestJSON-296499049 tempest-ServerRescueNegativeTestJSON-296499049-project-member] new path /v2/images/d528e14a-f1e8-46f0-b9e4-aded7536eb2d {{(pid=78185) process_request /opt/stack/glance/glance/api/middleware/version_negotiation.py:70}}
Jul 23 03:15:38 devstack devstack@g-api.service[78185]: [pid: 78185|app: 0|req: 10/21] 127.0.0.1 () {42 vars in 1058 bytes} [Thu Jul 23 03:15:37 2026] GET /v2/images/d528e14a-f1e8-46f0-b9e4-aded7536eb2d => generated 976 bytes in 102 msecs (HTTP/1.1 200) 4 headers in 157 bytes (1 switches on core 0)
Jul 23 03:15:38 devstack devstack@g-api.service[78186]: DEBUG glance.api.middleware.version_negotiation [None req-36ebbd38-f493-4e9f-ac95-648dcde1b624 tempest-ServerRescueNegativeTestJSON-296499049 tempest-ServerRescueNegativeTestJSON-296499049-project-member] Determining version of request: GET /v2/images/d528e14a-f1e8-46f0-b9e4-aded7536eb2d/file Accept: */* {{(pid=78186) process_request /opt/stack/glance/glance/api/middleware/version_negotiation.py:44}}
Jul 23 03:15:38 devstack devstack@g-api.service[78186]: DEBUG glance.api.middleware.version_negotiation [None req-36ebbd38-f493-4e9f-ac95-648dcde1b624 tempest-ServerRescueNegativeTestJSON-296499049 tempest-ServerRescueNegativeTestJSON-296499049-project-member] Using url versioning {{(pid=78186) process_request /opt/stack/glance/glance/api/middleware/version_negotiation.py:57}}
Jul 23 03:15:38 devstack devstack@g-api.service[78186]: DEBUG glance.api.middleware.version_negotiation [None req-36ebbd38-f493-4e9f-ac95-648dcde1b624 tempest-ServerRescueNegativeTestJSON-296499049 tempest-ServerRescueNegativeTestJSON-296499049-project-member] Matched version: v2 {{(pid=78186) process_request /opt/stack/glance/glance/api/middleware/version_negotiation.py:69}}
Jul 23 03:15:38 devstack devstack@g-api.service[78186]: DEBUG glance.api.middleware.version_negotiation [None req-36ebbd38-f493-4e9f-ac95-648dcde1b624 tempest-ServerRescueNegativeTestJSON-296499049 tempest-ServerRescueNegativeTestJSON-296499049-project-member] new path /v2/images/d528e14a-f1e8-46f0-b9e4-aded7536eb2d/file {{(pid=78186) process_request /opt/stack/glance/glance/api/middleware/version_negotiation.py:70}}
Jul 23 03:15:38 devstack devstack@g-api.service[78186]: DEBUG glance_store._drivers.filesystem [None req-22c4d13b-b423-4c86-886d-89192ad1c3b2 tempest-ServerRescueNegativeTestJSON-296499049 tempest-ServerRescueNegativeTestJSON-296499049-project-member] Found image at /opt/stack/data/glance/images/d528e14a-f1e8-46f0-b9e4-aded7536eb2d. Returning in ChunkedFile. {{(pid=78186) get /opt/stack/data/venv/lib/python3.12/site-packages/glance_store/_drivers/filesystem.py:724}}
Jul 23 03:15:38 devstack devstack@g-api.service[78186]: DEBUG glance.image_cache [None req-22c4d13b-b423-4c86-886d-89192ad1c3b2 tempest-ServerRescueNegativeTestJSON-296499049 tempest-ServerRescueNegativeTestJSON-296499049-project-member] Tee'ing image 'd528e14a-f1e8-46f0-b9e4-aded7536eb2d' into cache {{(pid=78186) get_caching_iter /opt/stack/glance/glance/image_cache/__init__.py:356}}
Jul 23 03:15:38 devstack devstack@g-api.service[78186]: DEBUG glance.image_cache.drivers.centralized_db [None req-22c4d13b-b423-4c86-886d-89192ad1c3b2 tempest-ServerRescueNegativeTestJSON-296499049 tempest-ServerRescueNegativeTestJSON-296499049-project-member] Fetch finished, moving '/opt/stack/data/glance/cache/incomplete/d528e14a-f1e8-46f0-b9e4-aded7536eb2d' to '/opt/stack/data/glance/cache/d528e14a-f1e8-46f0-b9e4-aded7536eb2d' {{(pid=78186) commit /opt/stack/glance/glance/image_cache/drivers/centralized_db.py:243}}
Jul 23 03:15:38 devstack devstack@g-api.service[78186]: DEBUG glance.image_cache.drivers.centralized_db [None req-22c4d13b-b423-4c86-886d-89192ad1c3b2 tempest-ServerRescueNegativeTestJSON-296499049 tempest-ServerRescueNegativeTestJSON-296499049-project-member] Image cached successfully. {{(pid=78186) commit /opt/stack/glance/glance/image_cache/drivers/centralized_db.py:258}}
Jul 23 03:15:38 devstack devstack@g-api.service[78186]: [pid: 78186|app: 0|req: 12/22] 127.0.0.1 () {42 vars in 1068 bytes} [Thu Jul 23 03:15:38 2026] GET /v2/images/d528e14a-f1e8-46f0-b9e4-aded7536eb2d/file => generated 21692416 bytes in 446 msecs (HTTP/1.1 200) 4 headers in 191 bytes (336 switches on core 0)
Jul 23 03:15:38 devstack devstack@g-api.service[78185]: DEBUG glance.api.middleware.version_negotiation [None req-22c4d13b-b423-4c86-886d-89192ad1c3b2 tempest-ServerRescueNegativeTestJSON-296499049 tempest-ServerRescueNegativeTestJSON-296499049-project-member] Determining version of request: GET /v2/images/d528e14a-f1e8-46f0-b9e4-aded7536eb2d Accept: */* {{(pid=78185) process_request /opt/stack/glance/glance/api/middleware/version_negotiation.py:44}}
Jul 23 03:15:38 devstack devstack@g-api.service[78185]: DEBUG glance.api.middleware.version_negotiation [None req-22c4d13b-b423-4c86-886d-89192ad1c3b2 tempest-ServerRescueNegativeTestJSON-296499049 tempest-ServerRescueNegativeTestJSON-296499049-project-member] Using url versioning {{(pid=78185) process_request /opt/stack/glance/glance/api/middleware/version_negotiation.py:57}}
Jul 23 03:15:38 devstack devstack@g-api.service[78185]: DEBUG glance.api.middleware.version_negotiation [None req-22c4d13b-b423-4c86-886d-89192ad1c3b2 tempest-ServerRescueNegativeTestJSON-296499049 tempest-ServerRescueNegativeTestJSON-296499049-project-member] Matched version: v2 {{(pid=78185) process_request /opt/stack/glance/glance/api/middleware/version_negotiation.py:69}}
Jul 23 03:15:38 devstack devstack@g-api.service[78185]: DEBUG glance.api.middleware.version_negotiation [None req-22c4d13b-b423-4c86-886d-89192ad1c3b2 tempest-ServerRescueNegativeTestJSON-296499049 tempest-ServerRescueNegativeTestJSON-296499049-project-member] new path /v2/images/d528e14a-f1e8-46f0-b9e4-aded7536eb2d {{(pid=78185) process_request /opt/stack/glance/glance/api/middleware/version_negotiation.py:70}}
Jul 23 03:15:38 devstack devstack@g-api.service[78185]: [pid: 78185|app: 0|req: 11/23] 127.0.0.1 () {42 vars in 1058 bytes} [Thu Jul 23 03:15:38 2026] GET /v2/images/d528e14a-f1e8-46f0-b9e4-aded7536eb2d => generated 976 bytes in 24 msecs (HTTP/1.1 200) 4 headers in 157 bytes (1 switches on core 0)
Jul 23 03:15:38 devstack devstack@g-api.service[78186]: DEBUG glance.api.middleware.version_negotiation [None req-22c4d13b-b423-4c86-886d-89192ad1c3b2 tempest-ServerRescueNegativeTestJSON-296499049 tempest-ServerRescueNegativeTestJSON-296499049-project-member] Determining version of request: GET /v2/schemas/image Accept: */* {{(pid=78186) process_request /opt/stack/glance/glance/api/middleware/version_negotiation.py:44}}
Jul 23 03:15:38 devstack devstack@g-api.service[78186]: DEBUG glance.api.middleware.version_negotiation [None req-22c4d13b-b423-4c86-886d-89192ad1c3b2 tempest-ServerRescueNegativeTestJSON-296499049 tempest-ServerRescueNegativeTestJSON-296499049-project-member] Using url versioning {{(pid=78186) process_request /opt/stack/glance/glance/api/middleware/version_negotiation.py:57}}
Jul 23 03:15:38 devstack devstack@g-api.service[78186]: DEBUG glance.api.middleware.version_negotiation [None req-22c4d13b-b423-4c86-886d-89192ad1c3b2 tempest-ServerRescueNegativeTestJSON-296499049 tempest-ServerRescueNegativeTestJSON-296499049-project-member] Matched version: v2 {{(pid=78186) process_request /opt/stack/glance/glance/api/middleware/version_negotiation.py:69}}
Jul 23 03:15:38 devstack devstack@g-api.service[78186]: DEBUG glance.api.middleware.version_negotiation [None req-22c4d13b-b423-4c86-886d-89192ad1c3b2 tempest-ServerRescueNegativeTestJSON-296499049 tempest-ServerRescueNegativeTestJSON-296499049-project-member] new path /v2/schemas/image {{(pid=78186) process_request /opt/stack/glance/glance/api/middleware/version_negotiation.py:70}}
Jul 23 03:15:38 devstack devstack@g-api.service[78186]: [pid: 78186|app: 0|req: 13/24] 127.0.0.1 () {42 vars in 998 bytes} [Thu Jul 23 03:15:38 2026] GET /v2/schemas/image => generated 6083 bytes in 12 msecs (HTTP/1.1 200) 4 headers in 158 bytes (1 switches on core 0)
Jul 23 03:15:48 devstack devstack@g-api.service[78186]: DEBUG dbcounter [-] [78186] Writing DB stats glance:SELECT=7,glance:INSERT=1 {{(pid=78186) stat_writer /opt/stack/data/venv/lib/python3.12/site-packages/dbcounter.py:115}}
Jul 23 03:15:48 devstack devstack@g-api.service[78185]: DEBUG dbcounter [-] [78185] Writing DB stats glance:SELECT=8 {{(pid=78185) stat_writer /opt/stack/data/venv/lib/python3.12/site-packages/dbcounter.py:115}}
Jul 23 03:16:15 devstack devstack@g-api.service[78185]: DEBUG glance.api.middleware.version_negotiation [None req-22c4d13b-b423-4c86-886d-89192ad1c3b2 tempest-ServerRescueNegativeTestJSON-296499049 tempest-ServerRescueNegativeTestJSON-296499049-project-member] Determining version of request: GET /v2/images/d528e14a-f1e8-46f0-b9e4-aded7536eb2d Accept: */* {{(pid=78185) process_request /opt/stack/glance/glance/api/middleware/version_negotiation.py:44}}
