Jul 06 12:15:45 devstack cinder-volume[86561]: DEBUG oslo_concurrency.processutils [None req-29d1f67f-7ecf-4b28-931e-b19c43387f8c tempest-GroupsV314Test-954606303 None] Running cmd (subprocess): sudo cinder-rootwrap /etc/cinder/rootwrap.conf chmod ugo+rw /opt/stack/data/cinder/mnt/0faa7e51d6bc577f682a8c7f8919079d/volume-3f69af48-1f5d-4137-b10a-ea0c77100af7.info {{(pid=86561) execute /opt/stack/data/venv/lib/python3.12/site-packages/oslo_concurrency/processutils.py:440}}
Jul 06 12:15:45 devstack sudo[92754]: quobyte : PWD=/ ; USER=root ; COMMAND=/opt/stack/data/venv/bin/cinder-rootwrap /etc/cinder/rootwrap.conf chmod ugo+rw /opt/stack/data/cinder/mnt/0faa7e51d6bc577f682a8c7f8919079d/volume-3f69af48-1f5d-4137-b10a-ea0c77100af7.info
Jul 06 12:15:45 devstack sudo[92754]: pam_unix(sudo:session): session opened for user root(uid=0) by (uid=1000)
Jul 06 12:15:45 devstack sudo[92754]: pam_unix(sudo:session): session closed for user root
Jul 06 12:15:45 devstack cinder-volume[86561]: DEBUG oslo_concurrency.processutils [None req-29d1f67f-7ecf-4b28-931e-b19c43387f8c tempest-GroupsV314Test-954606303 None] CMD "sudo cinder-rootwrap /etc/cinder/rootwrap.conf chmod ugo+rw /opt/stack/data/cinder/mnt/0faa7e51d6bc577f682a8c7f8919079d/volume-3f69af48-1f5d-4137-b10a-ea0c77100af7.info" returned: 0 in 0.785s {{(pid=86561) execute /opt/stack/data/venv/lib/python3.12/site-packages/oslo_concurrency/processutils.py:468}}
Jul 06 12:15:45 devstack cinder-volume[86561]: DEBUG cinder.coordination [None req-29d1f67f-7ecf-4b28-931e-b19c43387f8c tempest-GroupsV314Test-954606303 None] Acquiring lock "cinder-quobyte-1f1b484a-a996-4de1-956a-42bde5cb1de8" by "_copy_volume_from_snapshot" {{(pid=86561) __acquire /opt/stack/cinder/cinder/coordination.py:138}}
Jul 06 12:15:45 devstack cinder-volume[86561]: DEBUG cinder.coordination [None req-29d1f67f-7ecf-4b28-931e-b19c43387f8c tempest-GroupsV314Test-954606303 None] Lock "cinder-quobyte-1f1b484a-a996-4de1-956a-42bde5cb1de8" acquired by "_copy_volume_from_snapshot" :: waited 0.018s {{(pid=86561) __acquire /opt/stack/cinder/cinder/coordination.py:141}}
Jul 06 12:15:45 devstack cinder-volume[86561]: DEBUG cinder.volume.drivers.quobyte [None req-29d1f67f-7ecf-4b28-931e-b19c43387f8c tempest-GroupsV314Test-954606303 None] snapshot: 64809235-769c-478a-8069-372188f5be68, volume: 1f1b484a-a996-4de1-956a-42bde5cb1de8, {{(pid=86561) _copy_volume_from_snapshot /opt/stack/cinder/cinder/volume/drivers/quobyte.py:401}}
Jul 06 12:15:46 devstack cinder-volume[86561]: DEBUG oslo_concurrency.lockutils [None req-29d1f67f-7ecf-4b28-931e-b19c43387f8c tempest-GroupsV314Test-954606303 None] Acquiring lock "quobyte_ensure" by "cinder.volume.drivers.quobyte.QuobyteDriver._ensure_shares_mounted" {{(pid=86561) inner /opt/stack/data/venv/lib/python3.12/site-packages/oslo_concurrency/lockutils.py:511}}
Jul 06 12:15:46 devstack cinder-volume[86561]: DEBUG oslo_concurrency.lockutils [None req-29d1f67f-7ecf-4b28-931e-b19c43387f8c tempest-GroupsV314Test-954606303 None] Lock "quobyte_ensure" acquired by "cinder.volume.drivers.quobyte.QuobyteDriver._ensure_shares_mounted" :: waited 0.001s {{(pid=86561) inner /opt/stack/data/venv/lib/python3.12/site-packages/oslo_concurrency/lockutils.py:524}}
Jul 06 12:15:46 devstack cinder-volume[86561]: DEBUG cinder.volume.drivers.quobyte [None req-29d1f67f-7ecf-4b28-931e-b19c43387f8c tempest-GroupsV314Test-954606303 None] Quobyte Volume URL set to: {'osci02.corp.quobyte.com/cinder-vol-7227c971-30f4-4e57-91a9-0288c43b8131': None} {{(pid=86561) _load_shares_config /opt/stack/cinder/cinder/volume/drivers/quobyte.py:617}}
Jul 06 12:15:46 devstack cinder-volume[86561]: DEBUG cinder.volume.drivers.quobyte [None req-29d1f67f-7ecf-4b28-931e-b19c43387f8c tempest-GroupsV314Test-954606303 None] Available shares ['osci02.corp.quobyte.com/cinder-vol-7227c971-30f4-4e57-91a9-0288c43b8131'] {{(pid=86561) _ensure_shares_mounted /opt/stack/cinder/cinder/volume/drivers/quobyte.py:647}}
Jul 06 12:15:46 devstack cinder-volume[86561]: DEBUG oslo_concurrency.lockutils [None req-29d1f67f-7ecf-4b28-931e-b19c43387f8c tempest-GroupsV314Test-954606303 None] Lock "quobyte_ensure" "released" by "cinder.volume.drivers.quobyte.QuobyteDriver._ensure_shares_mounted" :: held 0.007s {{(pid=86561) inner /opt/stack/data/venv/lib/python3.12/site-packages/oslo_concurrency/lockutils.py:543}}
Jul 06 12:15:46 devstack cinder-volume[86561]: DEBUG oslo.privsep.daemon [-] privsep: reply[0d8a9356-a737-4696-b3a8-700d34269499]: (4, 'qcow2') {{(pid=87828) _call_back /opt/stack/data/venv/lib/python3.12/site-packages/oslo_privsep/daemon.py:580}}
Jul 06 12:15:46 devstack cinder-volume[86561]: DEBUG oslo_concurrency.processutils [None req-29d1f67f-7ecf-4b28-931e-b19c43387f8c tempest-GroupsV314Test-954606303 None] Running cmd (subprocess): /opt/stack/data/venv/bin/python3.12 -m oslo_concurrency.prlimit --as=1073741824 --cpu=60 -- sudo cinder-rootwrap /etc/cinder/rootwrap.conf env LC_ALL=C qemu-img info -f qcow2 --output=json --force-share /opt/stack/data/cinder/mnt/0faa7e51d6bc577f682a8c7f8919079d/volume-3f69af48-1f5d-4137-b10a-ea0c77100af7.64809235-769c-478a-8069-372188f5be68 {{(pid=86561) execute /opt/stack/data/venv/lib/python3.12/site-packages/oslo_concurrency/processutils.py:440}}
Jul 06 12:15:46 devstack sudo[92764]: quobyte : PWD=/ ; USER=root ; COMMAND=/opt/stack/data/venv/bin/cinder-rootwrap /etc/cinder/rootwrap.conf env LC_ALL=C qemu-img info -f qcow2 --output=json --force-share /opt/stack/data/cinder/mnt/0faa7e51d6bc577f682a8c7f8919079d/volume-3f69af48-1f5d-4137-b10a-ea0c77100af7.64809235-769c-478a-8069-372188f5be68
Jul 06 12:15:46 devstack sudo[92764]: pam_unix(sudo:session): session opened for user root(uid=0) by (uid=1000)
Jul 06 12:15:46 devstack sudo[92764]: pam_unix(sudo:session): session closed for user root
Jul 06 12:15:46 devstack cinder-volume[86561]: DEBUG oslo_concurrency.processutils [None req-29d1f67f-7ecf-4b28-931e-b19c43387f8c tempest-GroupsV314Test-954606303 None] CMD "/opt/stack/data/venv/bin/python3.12 -m oslo_concurrency.prlimit --as=1073741824 --cpu=60 -- sudo cinder-rootwrap /etc/cinder/rootwrap.conf env LC_ALL=C qemu-img info -f qcow2 --output=json --force-share /opt/stack/data/cinder/mnt/0faa7e51d6bc577f682a8c7f8919079d/volume-3f69af48-1f5d-4137-b10a-ea0c77100af7.64809235-769c-478a-8069-372188f5be68" returned: 0 in 0.950s {{(pid=86561) execute /opt/stack/data/venv/lib/python3.12/site-packages/oslo_concurrency/processutils.py:468}}
Jul 06 12:15:46 devstack cinder-volume[86561]: DEBUG cinder.volume.drivers.remotefs [None req-29d1f67f-7ecf-4b28-931e-b19c43387f8c tempest-GroupsV314Test-954606303 None] Fetching qemu-img info with special backing_file_template: (/opt/stack/data/cinder/mnt/[0-9a-f]+/)?(volume-3f69af48-1f5d-4137-b10a-ea0c77100af7(.(tmp-snap-)?[0-9a-f-]+)?|volume_from_snapshot_cache/(tmp-snap-)?[0-9a-f-]+(.(child-|parent-)[0-9a-f-]+)?)$ {{(pid=86561) _qemu_img_info_base /opt/stack/cinder/cinder/volume/drivers/remotefs.py:896}}
Jul 06 12:15:47 devstack cinder-volume[86561]: DEBUG cinder.volume.drivers.quobyte [None req-29d1f67f-7ecf-4b28-931e-b19c43387f8c tempest-GroupsV314Test-954606303 None] will copy from snapshot at /opt/stack/data/cinder/mnt/0faa7e51d6bc577f682a8c7f8919079d/volume-3f69af48-1f5d-4137-b10a-ea0c77100af7 {{(pid=86561) _copy_volume_from_snapshot /opt/stack/cinder/cinder/volume/drivers/quobyte.py:420}}
Jul 06 12:15:47 devstack cinder-volume[86561]: DEBUG cinder.volume.drivers.quobyte [None req-29d1f67f-7ecf-4b28-931e-b19c43387f8c tempest-GroupsV314Test-954606303 None] Creating direct copy from snapshot {{(pid=86561) _copy_volume_from_snapshot /opt/stack/cinder/cinder/volume/drivers/quobyte.py:428}}
Jul 06 12:15:47 devstack cinder-volume[86561]: DEBUG oslo.privsep.daemon [-] privsep: reply[d4f20309-6590-4d67-ab70-c7b4239d63ba]: (4, 'qcow2') {{(pid=87828) _call_back /opt/stack/data/venv/lib/python3.12/site-packages/oslo_privsep/daemon.py:580}}
Jul 06 12:15:47 devstack cinder-volume[86561]: DEBUG oslo_concurrency.processutils [None req-29d1f67f-7ecf-4b28-931e-b19c43387f8c tempest-GroupsV314Test-954606303 None] Running cmd (subprocess): /opt/stack/data/venv/bin/python3.12 -m oslo_concurrency.prlimit --as=1073741824 --cpu=60 -- sudo cinder-rootwrap /etc/cinder/rootwrap.conf env LC_ALL=C qemu-img info -f qcow2 --output=json /opt/stack/data/cinder/mnt/0faa7e51d6bc577f682a8c7f8919079d/volume-3f69af48-1f5d-4137-b10a-ea0c77100af7 {{(pid=86561) execute /opt/stack/data/venv/lib/python3.12/site-packages/oslo_concurrency/processutils.py:440}}
Jul 06 12:15:47 devstack sudo[92770]: quobyte : PWD=/ ; USER=root ; COMMAND=/opt/stack/data/venv/bin/cinder-rootwrap /etc/cinder/rootwrap.conf env LC_ALL=C qemu-img info -f qcow2 --output=json /opt/stack/data/cinder/mnt/0faa7e51d6bc577f682a8c7f8919079d/volume-3f69af48-1f5d-4137-b10a-ea0c77100af7
Jul 06 12:15:47 devstack sudo[92770]: pam_unix(sudo:session): session opened for user root(uid=0) by (uid=1000)
Jul 06 12:15:47 devstack sudo[92770]: pam_unix(sudo:session): session closed for user root
Jul 06 12:15:47 devstack cinder-volume[86561]: DEBUG oslo_concurrency.processutils [None req-29d1f67f-7ecf-4b28-931e-b19c43387f8c tempest-GroupsV314Test-954606303 None] CMD "/opt/stack/data/venv/bin/python3.12 -m oslo_concurrency.prlimit --as=1073741824 --cpu=60 -- sudo cinder-rootwrap /etc/cinder/rootwrap.conf env LC_ALL=C qemu-img info -f qcow2 --output=json /opt/stack/data/cinder/mnt/0faa7e51d6bc577f682a8c7f8919079d/volume-3f69af48-1f5d-4137-b10a-ea0c77100af7" returned: 0 in 0.908s {{(pid=86561) execute /opt/stack/data/venv/lib/python3.12/site-packages/oslo_concurrency/processutils.py:468}}
Jul 06 12:15:47 devstack cinder-volume[86561]: DEBUG cinder.utils [None req-29d1f67f-7ecf-4b28-931e-b19c43387f8c tempest-GroupsV314Test-954606303 None] Path /opt/stack/data/cinder/mnt/0faa7e51d6bc577f682a8c7f8919079d/volume-1f1b484a-a996-4de1-956a-42bde5cb1de8 not found in is_blk_device check {{(pid=86561) is_blk_device /opt/stack/cinder/cinder/utils.py:615}}
Jul 06 12:15:47 devstack cinder-volume[86561]: DEBUG oslo_concurrency.processutils [None req-29d1f67f-7ecf-4b28-931e-b19c43387f8c tempest-GroupsV314Test-954606303 None] Running cmd (subprocess): sudo cinder-rootwrap /etc/cinder/rootwrap.conf qemu-img convert -O qcow2 /opt/stack/data/cinder/mnt/0faa7e51d6bc577f682a8c7f8919079d/volume-3f69af48-1f5d-4137-b10a-ea0c77100af7 /opt/stack/data/cinder/mnt/0faa7e51d6bc577f682a8c7f8919079d/volume-1f1b484a-a996-4de1-956a-42bde5cb1de8 {{(pid=86561) execute /opt/stack/data/venv/lib/python3.12/site-packages/oslo_concurrency/processutils.py:440}}
Jul 06 12:15:47 devstack sudo[92775]: quobyte : PWD=/ ; USER=root ; COMMAND=/opt/stack/data/venv/bin/cinder-rootwrap /etc/cinder/rootwrap.conf qemu-img convert -O qcow2 /opt/stack/data/cinder/mnt/0faa7e51d6bc577f682a8c7f8919079d/volume-3f69af48-1f5d-4137-b10a-ea0c77100af7 /opt/stack/data/cinder/mnt/0faa7e51d6bc577f682a8c7f8919079d/volume-1f1b484a-a996-4de1-956a-42bde5cb1de8
Jul 06 12:15:47 devstack sudo[92775]: pam_unix(sudo:session): session opened for user root(uid=0) by (uid=1000)
Jul 06 12:15:53 devstack sudo[92775]: pam_unix(sudo:session): session closed for user root
Jul 06 12:15:53 devstack cinder-volume[86561]: DEBUG oslo_concurrency.processutils [None req-29d1f67f-7ecf-4b28-931e-b19c43387f8c tempest-GroupsV314Test-954606303 None] CMD "sudo cinder-rootwrap /etc/cinder/rootwrap.conf qemu-img convert -O qcow2 /opt/stack/data/cinder/mnt/0faa7e51d6bc577f682a8c7f8919079d/volume-3f69af48-1f5d-4137-b10a-ea0c77100af7 /opt/stack/data/cinder/mnt/0faa7e51d6bc577f682a8c7f8919079d/volume-1f1b484a-a996-4de1-956a-42bde5cb1de8" returned: 0 in 5.694s {{(pid=86561) execute /opt/stack/data/venv/lib/python3.12/site-packages/oslo_concurrency/processutils.py:468}}
Jul 06 12:15:53 devstack cinder-volume[86561]: DEBUG oslo.privsep.daemon [-] privsep: reply[2af096d2-8d56-4a51-860b-6cb6c2f314ce]: (4, 'qcow2') {{(pid=87828) _call_back /opt/stack/data/venv/lib/python3.12/site-packages/oslo_privsep/daemon.py:580}}
Jul 06 12:15:53 devstack cinder-volume[86561]: DEBUG oslo_concurrency.processutils [None req-29d1f67f-7ecf-4b28-931e-b19c43387f8c tempest-GroupsV314Test-954606303 None] Running cmd (subprocess): /opt/stack/data/venv/bin/python3.12 -m oslo_concurrency.prlimit --as=1073741824 --cpu=60 -- sudo cinder-rootwrap /etc/cinder/rootwrap.conf env LC_ALL=C qemu-img info -f qcow2 --output=json /opt/stack/data/cinder/mnt/0faa7e51d6bc577f682a8c7f8919079d/volume-3f69af48-1f5d-4137-b10a-ea0c77100af7 {{(pid=86561) execute /opt/stack/data/venv/lib/python3.12/site-packages/oslo_concurrency/processutils.py:440}}
Jul 06 12:15:53 devstack sudo[92830]: quobyte : PWD=/ ; USER=root ; COMMAND=/opt/stack/data/venv/bin/cinder-rootwrap /etc/cinder/rootwrap.conf env LC_ALL=C qemu-img info -f qcow2 --output=json /opt/stack/data/cinder/mnt/0faa7e51d6bc577f682a8c7f8919079d/volume-3f69af48-1f5d-4137-b10a-ea0c77100af7
Jul 06 12:15:53 devstack sudo[92830]: pam_unix(sudo:session): session opened for user root(uid=0) by (uid=1000)
Jul 06 12:15:54 devstack cinder-volume[86561]: DEBUG dbcounter [-] [86561] Writing DB stats cinder:SELECT=78,cinder:INSERT=21,cinder:UPDATE=85,cinder:DELETE=10 {{(pid=86561) stat_writer /opt/stack/data/venv/lib/python3.12/site-packages/dbcounter.py:115}}
Jul 06 12:15:54 devstack cinder-volume[86561]: DEBUG dbcounter [-] [86561] Writing DB stats cinder:SELECT=72,cinder:UPDATE=91,cinder:INSERT=20,cinder:DELETE=5 {{(pid=86561) stat_writer /opt/stack/data/venv/lib/python3.12/site-packages/dbcounter.py:115}}
Jul 06 12:15:54 devstack sudo[92830]: pam_unix(sudo:session): session closed for user root
Jul 06 12:15:54 devstack cinder-volume[86561]: DEBUG oslo_concurrency.processutils [None req-29d1f67f-7ecf-4b28-931e-b19c43387f8c tempest-GroupsV314Test-954606303 None] CMD "/opt/stack/data/venv/bin/python3.12 -m oslo_concurrency.prlimit --as=1073741824 --cpu=60 -- sudo cinder-rootwrap /etc/cinder/rootwrap.conf env LC_ALL=C qemu-img info -f qcow2 --output=json /opt/stack/data/cinder/mnt/0faa7e51d6bc577f682a8c7f8919079d/volume-3f69af48-1f5d-4137-b10a-ea0c77100af7" returned: 0 in 1.118s {{(pid=86561) execute /opt/stack/data/venv/lib/python3.12/site-packages/oslo_concurrency/processutils.py:468}}
Jul 06 12:15:54 devstack cinder-volume[86561]: DEBUG cinder.image.image_utils [None req-29d1f67f-7ecf-4b28-931e-b19c43387f8c tempest-GroupsV314Test-954606303 None] Image conversion details: src /opt/stack/data/cinder/mnt/0faa7e51d6bc577f682a8c7f8919079d/volume-3f69af48-1f5d-4137-b10a-ea0c77100af7, size 1024.00 MB, duration 5.70 sec, destination /opt/stack/data/cinder/mnt/0faa7e51d6bc577f682a8c7f8919079d/volume-1f1b484a-a996-4de1-956a-42bde5cb1de8 {{(pid=86561) _convert_image /opt/stack/cinder/cinder/image/image_utils.py:536}}
Jul 06 12:15:54 devstack cinder-volume[86561]: INFO cinder.image.image_utils [None req-29d1f67f-7ecf-4b28-931e-b19c43387f8c tempest-GroupsV314Test-954606303 None] Converted 1024.00 MB image at 179.80 MB/s
Jul 06 12:15:54 devstack cinder-volume[86561]: WARNING cinder.volume.drivers.remotefs [None req-29d1f67f-7ecf-4b28-931e-b19c43387f8c tempest-GroupsV314Test-954606303 None] /opt/stack/data/cinder/mnt/0faa7e51d6bc577f682a8c7f8919079d/volume-1f1b484a-a996-4de1-956a-42bde5cb1de8 is being set with open permissions: ugo+rw: NotImplementedError
Jul 06 12:15:54 devstack cinder-volume[86561]: DEBUG oslo_concurrency.processutils [None req-29d1f67f-7ecf-4b28-931e-b19c43387f8c tempest-GroupsV314Test-954606303 None] Running cmd (subprocess): sudo cinder-rootwrap /etc/cinder/rootwrap.conf chmod ugo+rw /opt/stack/data/cinder/mnt/0faa7e51d6bc577f682a8c7f8919079d/volume-1f1b484a-a996-4de1-956a-42bde5cb1de8 {{(pid=86561) execute /opt/stack/data/venv/lib/python3.12/site-packages/oslo_concurrency/processutils.py:440}}
Jul 06 12:15:54 devstack sudo[92903]: quobyte : PWD=/ ; USER=root ; COMMAND=/opt/stack/data/venv/bin/cinder-rootwrap /etc/cinder/rootwrap.conf chmod ugo+rw /opt/stack/data/cinder/mnt/0faa7e51d6bc577f682a8c7f8919079d/volume-1f1b484a-a996-4de1-956a-42bde5cb1de8
Jul 06 12:15:54 devstack sudo[92903]: pam_unix(sudo:session): session opened for user root(uid=0) by (uid=1000)
Jul 06 12:15:55 devstack sudo[92903]: pam_unix(sudo:session): session closed for user root
Jul 06 12:15:55 devstack cinder-volume[86561]: DEBUG oslo_concurrency.processutils [None req-29d1f67f-7ecf-4b28-931e-b19c43387f8c tempest-GroupsV314Test-954606303 None] CMD "sudo cinder-rootwrap /etc/cinder/rootwrap.conf chmod ugo+rw /opt/stack/data/cinder/mnt/0faa7e51d6bc577f682a8c7f8919079d/volume-1f1b484a-a996-4de1-956a-42bde5cb1de8" returned: 0 in 0.680s {{(pid=86561) execute /opt/stack/data/venv/lib/python3.12/site-packages/oslo_concurrency/processutils.py:468}}
Jul 06 12:15:55 devstack cinder-volume[86561]: DEBUG cinder.coordination [None req-29d1f67f-7ecf-4b28-931e-b19c43387f8c tempest-GroupsV314Test-954606303 None] Lock "cinder-quobyte-1f1b484a-a996-4de1-956a-42bde5cb1de8" released by "_copy_volume_from_snapshot" :: held 9.460s {{(pid=86561) __release /opt/stack/cinder/cinder/coordination.py:152}}
Jul 06 12:15:55 devstack cinder-volume[86561]: DEBUG cinder.coordination [None req-29d1f67f-7ecf-4b28-931e-b19c43387f8c tempest-GroupsV314Test-954606303 None] Acquiring lock "cinder-quobyte-64809235-769c-478a-8069-372188f5be68" by "_delete_snapshot" {{(pid=86561) __acquire /opt/stack/cinder/cinder/coordination.py:138}}
Jul 06 12:15:55 devstack cinder-volume[86561]: DEBUG cinder.coordination [None req-29d1f67f-7ecf-4b28-931e-b19c43387f8c tempest-GroupsV314Test-954606303 None] Lock "cinder-quobyte-64809235-769c-478a-8069-372188f5be68" acquired by "_delete_snapshot" :: waited 0.016s {{(pid=86561) __acquire /opt/stack/cinder/cinder/coordination.py:141}}
Jul 06 12:15:55 devstack cinder-volume[86561]: DEBUG cinder.volume.drivers.remotefs [None req-29d1f67f-7ecf-4b28-931e-b19c43387f8c tempest-GroupsV314Test-954606303 None] Deleting offline snapshot 64809235-769c-478a-8069-372188f5be68 of volume 3f69af48-1f5d-4137-b10a-ea0c77100af7 {{(pid=86561) _delete_snapshot /opt/stack/cinder/cinder/volume/drivers/remotefs.py:1288}}
Jul 06 12:15:55 devstack cinder-volume[86561]: DEBUG cinder.volume.drivers.remotefs [None req-29d1f67f-7ecf-4b28-931e-b19c43387f8c tempest-GroupsV314Test-954606303 None] snapshot_file for this snap is: volume-3f69af48-1f5d-4137-b10a-ea0c77100af7.64809235-769c-478a-8069-372188f5be68 {{(pid=86561) _delete_snapshot /opt/stack/cinder/cinder/volume/drivers/remotefs.py:1317}}
Jul 06 12:15:55 devstack cinder-volume[86561]: DEBUG oslo.privsep.daemon [-] privsep: reply[92ce7550-91a8-4d99-9c12-6035eb4e520a]: (4, 'qcow2') {{(pid=87828) _call_back /opt/stack/data/venv/lib/python3.12/site-packages/oslo_privsep/daemon.py:580}}
Jul 06 12:15:55 devstack cinder-volume[86561]: DEBUG oslo_concurrency.processutils [None req-29d1f67f-7ecf-4b28-931e-b19c43387f8c tempest-GroupsV314Test-954606303 None] Running cmd (subprocess): /opt/stack/data/venv/bin/python3.12 -m oslo_concurrency.prlimit --as=1073741824 --cpu=60 -- sudo cinder-rootwrap /etc/cinder/rootwrap.conf env LC_ALL=C qemu-img info -f qcow2 --output=json --force-share /opt/stack/data/cinder/mnt/0faa7e51d6bc577f682a8c7f8919079d/volume-3f69af48-1f5d-4137-b10a-ea0c77100af7.64809235-769c-478a-8069-372188f5be68 {{(pid=86561) execute /opt/stack/data/venv/lib/python3.12/site-packages/oslo_concurrency/processutils.py:440}}
Jul 06 12:15:55 devstack sudo[92912]: quobyte : PWD=/ ; USER=root ; COMMAND=/opt/stack/data/venv/bin/cinder-rootwrap /etc/cinder/rootwrap.conf env LC_ALL=C qemu-img info -f qcow2 --output=json --force-share /opt/stack/data/cinder/mnt/0faa7e51d6bc577f682a8c7f8919079d/volume-3f69af48-1f5d-4137-b10a-ea0c77100af7.64809235-769c-478a-8069-372188f5be68
Jul 06 12:15:55 devstack sudo[92912]: pam_unix(sudo:session): session opened for user root(uid=0) by (uid=1000)
Jul 06 12:15:56 devstack sudo[92912]: pam_unix(sudo:session): session closed for user root
Jul 06 12:15:56 devstack cinder-volume[86561]: DEBUG oslo_concurrency.processutils [None req-29d1f67f-7ecf-4b28-931e-b19c43387f8c tempest-GroupsV314Test-954606303 None] CMD "/opt/stack/data/venv/bin/python3.12 -m oslo_concurrency.prlimit --as=1073741824 --cpu=60 -- sudo cinder-rootwrap /etc/cinder/rootwrap.conf env LC_ALL=C qemu-img info -f qcow2 --output=json --force-share /opt/stack/data/cinder/mnt/0faa7e51d6bc577f682a8c7f8919079d/volume-3f69af48-1f5d-4137-b10a-ea0c77100af7.64809235-769c-478a-8069-372188f5be68" returned: 0 in 0.880s {{(pid=86561) execute /opt/stack/data/venv/lib/python3.12/site-packages/oslo_concurrency/processutils.py:468}}
Jul 06 12:15:56 devstack cinder-volume[86561]: DEBUG cinder.volume.drivers.remotefs [None req-29d1f67f-7ecf-4b28-931e-b19c43387f8c tempest-GroupsV314Test-954606303 None] Fetching qemu-img info with special backing_file_template: (/opt/stack/data/cinder/mnt/[0-9a-f]+/)?(volume-3f69af48-1f5d-4137-b10a-ea0c77100af7(.(tmp-snap-)?[0-9a-f-]+)?|volume_from_snapshot_cache/(tmp-snap-)?[0-9a-f-]+(.(child-|parent-)[0-9a-f-]+)?)$ {{(pid=86561) _qemu_img_info_base /opt/stack/cinder/cinder/volume/drivers/remotefs.py:896}}
Jul 06 12:15:56 devstack cinder-volume[86561]: DEBUG oslo.privsep.daemon [-] privsep: reply[8958efe7-5d74-4cb4-94b8-53596e949215]: (4, 'qcow2') {{(pid=87828) _call_back /opt/stack/data/venv/lib/python3.12/site-packages/oslo_privsep/daemon.py:580}}
Jul 06 12:15:56 devstack cinder-volume[86561]: DEBUG oslo_concurrency.processutils [None req-29d1f67f-7ecf-4b28-931e-b19c43387f8c tempest-GroupsV314Test-954606303 None] Running cmd (subprocess): /opt/stack/data/venv/bin/python3.12 -m oslo_concurrency.prlimit --as=1073741824 --cpu=60 -- sudo cinder-rootwrap /etc/cinder/rootwrap.conf env LC_ALL=C qemu-img info -f qcow2 --output=json --force-share /opt/stack/data/cinder/mnt/0faa7e51d6bc577f682a8c7f8919079d/volume-3f69af48-1f5d-4137-b10a-ea0c77100af7 {{(pid=86561) execute /opt/stack/data/venv/lib/python3.12/site-packages/oslo_concurrency/processutils.py:440}}
Jul 06 12:15:56 devstack sudo[92924]: quobyte : PWD=/ ; USER=root ; COMMAND=/opt/stack/data/venv/bin/cinder-rootwrap /etc/cinder/rootwrap.conf env LC_ALL=C qemu-img info -f qcow2 --output=json --force-share /opt/stack/data/cinder/mnt/0faa7e51d6bc577f682a8c7f8919079d/volume-3f69af48-1f5d-4137-b10a-ea0c77100af7
Jul 06 12:15:56 devstack sudo[92924]: pam_unix(sudo:session): session opened for user root(uid=0) by (uid=1000)
Jul 06 12:15:57 devstack sudo[92924]: pam_unix(sudo:session): session closed for user root
Jul 06 12:15:57 devstack cinder-volume[86561]: DEBUG oslo_concurrency.processutils [None req-29d1f67f-7ecf-4b28-931e-b19c43387f8c tempest-GroupsV314Test-954606303 None] CMD "/opt/stack/data/venv/bin/python3.12 -m oslo_concurrency.prlimit --as=1073741824 --cpu=60 -- sudo cinder-rootwrap /etc/cinder/rootwrap.conf env LC_ALL=C qemu-img info -f qcow2 --output=json --force-share /opt/stack/data/cinder/mnt/0faa7e51d6bc577f682a8c7f8919079d/volume-3f69af48-1f5d-4137-b10a-ea0c77100af7" returned: 0 in 1.456s {{(pid=86561) execute /opt/stack/data/venv/lib/python3.12/site-packages/oslo_concurrency/processutils.py:468}}
Jul 06 12:15:57 devstack cinder-volume[86561]: DEBUG oslo_concurrency.processutils [None req-29d1f67f-7ecf-4b28-931e-b19c43387f8c tempest-GroupsV314Test-954606303 None] Running cmd (subprocess): sudo cinder-rootwrap /etc/cinder/rootwrap.conf qemu-img commit -d /opt/stack/data/cinder/mnt/0faa7e51d6bc577f682a8c7f8919079d/volume-3f69af48-1f5d-4137-b10a-ea0c77100af7.64809235-769c-478a-8069-372188f5be68 {{(pid=86561) execute /opt/stack/data/venv/lib/python3.12/site-packages/oslo_concurrency/processutils.py:440}}
Jul 06 12:15:57 devstack sudo[93302]: quobyte : PWD=/ ; USER=root ; COMMAND=/opt/stack/data/venv/bin/cinder-rootwrap /etc/cinder/rootwrap.conf qemu-img commit -d /opt/stack/data/cinder/mnt/0faa7e51d6bc577f682a8c7f8919079d/volume-3f69af48-1f5d-4137-b10a-ea0c77100af7.64809235-769c-478a-8069-372188f5be68
Jul 06 12:15:57 devstack sudo[93302]: pam_unix(sudo:session): session opened for user root(uid=0) by (uid=1000)
Jul 06 12:15:58 devstack sudo[93302]: pam_unix(sudo:session): session closed for user root
Jul 06 12:15:58 devstack cinder-volume[86561]: DEBUG oslo_concurrency.processutils [None req-29d1f67f-7ecf-4b28-931e-b19c43387f8c tempest-GroupsV314Test-954606303 None] CMD "sudo cinder-rootwrap /etc/cinder/rootwrap.conf qemu-img commit -d /opt/stack/data/cinder/mnt/0faa7e51d6bc577f682a8c7f8919079d/volume-3f69af48-1f5d-4137-b10a-ea0c77100af7.64809235-769c-478a-8069-372188f5be68" returned: 0 in 0.940s {{(pid=86561) execute /opt/stack/data/venv/lib/python3.12/site-packages/oslo_concurrency/processutils.py:468}}
Jul 06 12:15:58 devstack cinder-volume[86561]: DEBUG oslo_concurrency.processutils [None req-29d1f67f-7ecf-4b28-931e-b19c43387f8c tempest-GroupsV314Test-954606303 None] Running cmd (subprocess): sudo cinder-rootwrap /etc/cinder/rootwrap.conf rm -f /opt/stack/data/cinder/mnt/0faa7e51d6bc577f682a8c7f8919079d/volume-3f69af48-1f5d-4137-b10a-ea0c77100af7.64809235-769c-478a-8069-372188f5be68 {{(pid=86561) execute /opt/stack/data/venv/lib/python3.12/site-packages/oslo_concurrency/processutils.py:440}}
Jul 06 12:15:58 devstack sudo[93314]: quobyte : PWD=/ ; USER=root ; COMMAND=/opt/stack/data/venv/bin/cinder-rootwrap /etc/cinder/rootwrap.conf rm -f /opt/stack/data/cinder/mnt/0faa7e51d6bc577f682a8c7f8919079d/volume-3f69af48-1f5d-4137-b10a-ea0c77100af7.64809235-769c-478a-8069-372188f5be68
Jul 06 12:15:58 devstack sudo[93314]: pam_unix(sudo:session): session opened for user root(uid=0) by (uid=1000)
Jul 06 12:15:59 devstack sudo[93314]: pam_unix(sudo:session): session closed for user root
Jul 06 12:15:59 devstack cinder-volume[86561]: DEBUG oslo_concurrency.processutils [None req-29d1f67f-7ecf-4b28-931e-b19c43387f8c tempest-GroupsV314Test-954606303 None] CMD "sudo cinder-rootwrap /etc/cinder/rootwrap.conf rm -f /opt/stack/data/cinder/mnt/0faa7e51d6bc577f682a8c7f8919079d/volume-3f69af48-1f5d-4137-b10a-ea0c77100af7.64809235-769c-478a-8069-372188f5be68" returned: 0 in 0.755s {{(pid=86561) execute /opt/stack/data/venv/lib/python3.12/site-packages/oslo_concurrency/processutils.py:468}}
Jul 06 12:15:59 devstack cinder-volume[86561]: DEBUG cinder.coordination [None req-29d1f67f-7ecf-4b28-931e-b19c43387f8c tempest-GroupsV314Test-954606303 None] Lock "cinder-quobyte-64809235-769c-478a-8069-372188f5be68" released by "_delete_snapshot" :: held 4.158s {{(pid=86561) __release /opt/stack/cinder/cinder/coordination.py:152}}
Jul 06 12:15:59 devstack cinder-volume[86561]: DEBUG oslo_concurrency.lockutils [None req-29d1f67f-7ecf-4b28-931e-b19c43387f8c tempest-GroupsV314Test-954606303 None] Lock "quobyte" "released" by "cinder.volume.drivers.quobyte.QuobyteDriver.create_cloned_volume" :: held 18.965s {{(pid=86561) inner /opt/stack/data/venv/lib/python3.12/site-packages/oslo_concurrency/lockutils.py:543}}
Jul 06 12:15:59 devstack cinder-volume[86561]: DEBUG oslo_concurrency.lockutils [None req-06682cf3-7887-4518-a6b5-0fe26987eca5 tempest-VolumesActionsTest-1626448900 None] Lock "quobyte" acquired by "cinder.volume.drivers.quobyte.QuobyteDriver.create_volume" :: waited 18.209s {{(pid=86561) inner /opt/stack/data/venv/lib/python3.12/site-packages/oslo_concurrency/lockutils.py:524}}
Jul 06 12:15:59 devstack cinder-volume[86561]: DEBUG cinder.volume.drivers.quobyte [None req-06682cf3-7887-4518-a6b5-0fe26987eca5 tempest-VolumesActionsTest-1626448900 None] ==> create_volume: call "{'self': , 'volume': Volume(_name_id=None,admin_metadata=,attach_status='detached',availability_zone='nova',bootable=False,cluster=,cluster_name=None,consistencygroup=,consistencygroup_id=None,created_at=2026-07-06T10:15:41Z,deleted=False,deleted_at=None,display_description=None,display_name='tempest-VolumesActionsTest-Volume-249995009',ec2_id=None,encryption_key_id=None,glance_metadata=,group=,group_id=None,host='devstack@QuobyteHD#QuobyteHD',id=f76d5e45-8aeb-4bfc-a3d8-3c8a82161ca0,launched_at=None,metadata={},migration_status=None,multiattach=False,previous_status=None,project_id='87834d9e6c8747e4aae97d33019be3cb',provider_auth=None,provider_geometry=None,provider_id=None,provider_location=None,replication_driver_data=None,replication_extended_status=None,replication_status=None,scheduled_at=2026-07-06T10:15:41Z,service_uuid=None,shared_targets=True,size=1,snapshot_id=None,snapshots=,source_volid=None,status='creating',terminated_at=None,updated_at=2026-07-06T10:15:41Z,use_quota=True,user_id='78d6127032ba44ac8b90ca925037b9ce',volume_attachment=VolumeAttachmentList,volume_type=VolumeType(6eab261b-5824-4b29-8895-5d5a7ef98956),volume_type_id=6eab261b-5824-4b29-8895-5d5a7ef98956)}" {{(pid=86561) trace_logging_wrapper /opt/stack/cinder/cinder/volume/volume_utils.py:1497}}
Jul 06 12:15:59 devstack cinder-volume[86561]: DEBUG cinder.volume.drivers.remotefs [None req-06682cf3-7887-4518-a6b5-0fe26987eca5 tempest-VolumesActionsTest-1626448900 None] Creating volume f76d5e45-8aeb-4bfc-a3d8-3c8a82161ca0 {{(pid=86561) create_volume /opt/stack/cinder/cinder/volume/drivers/remotefs.py:292}}
Jul 06 12:15:59 devstack cinder-volume[86561]: DEBUG oslo_concurrency.lockutils [None req-06682cf3-7887-4518-a6b5-0fe26987eca5 tempest-VolumesActionsTest-1626448900 None] Acquiring lock "quobyte_ensure" by "cinder.volume.drivers.quobyte.QuobyteDriver._ensure_shares_mounted" {{(pid=86561) inner /opt/stack/data/venv/lib/python3.12/site-packages/oslo_concurrency/lockutils.py:511}}
Jul 06 12:15:59 devstack cinder-volume[86561]: DEBUG oslo_concurrency.lockutils [None req-06682cf3-7887-4518-a6b5-0fe26987eca5 tempest-VolumesActionsTest-1626448900 None] Lock "quobyte_ensure" acquired by "cinder.volume.drivers.quobyte.QuobyteDriver._ensure_shares_mounted" :: waited 0.001s {{(pid=86561) inner /opt/stack/data/venv/lib/python3.12/site-packages/oslo_concurrency/lockutils.py:524}}
Jul 06 12:15:59 devstack cinder-volume[86561]: DEBUG cinder.volume.drivers.quobyte [None req-06682cf3-7887-4518-a6b5-0fe26987eca5 tempest-VolumesActionsTest-1626448900 None] Quobyte Volume URL set to: {'osci02.corp.quobyte.com/cinder-vol-7227c971-30f4-4e57-91a9-0288c43b8131': None} {{(pid=86561) _load_shares_config /opt/stack/cinder/cinder/volume/drivers/quobyte.py:617}}
Jul 06 12:15:59 devstack cinder-volume[86561]: DEBUG cinder.volume.drivers.quobyte [None req-06682cf3-7887-4518-a6b5-0fe26987eca5 tempest-VolumesActionsTest-1626448900 None] Available shares ['osci02.corp.quobyte.com/cinder-vol-7227c971-30f4-4e57-91a9-0288c43b8131'] {{(pid=86561) _ensure_shares_mounted /opt/stack/cinder/cinder/volume/drivers/quobyte.py:647}}
Jul 06 12:15:59 devstack cinder-volume[86561]: DEBUG oslo_concurrency.lockutils [None req-06682cf3-7887-4518-a6b5-0fe26987eca5 tempest-VolumesActionsTest-1626448900 None] Lock "quobyte_ensure" "released" by "cinder.volume.drivers.quobyte.QuobyteDriver._ensure_shares_mounted" :: held 0.011s {{(pid=86561) inner /opt/stack/data/venv/lib/python3.12/site-packages/oslo_concurrency/lockutils.py:543}}
Jul 06 12:15:59 devstack cinder-volume[86561]: DEBUG cinder.volume.drivers.quobyte [None req-06682cf3-7887-4518-a6b5-0fe26987eca5 tempest-VolumesActionsTest-1626448900 None] Selected osci02.corp.quobyte.com/cinder-vol-7227c971-30f4-4e57-91a9-0288c43b8131 as target Quobyte volume. {{(pid=86561) _find_share /opt/stack/cinder/cinder/volume/drivers/quobyte.py:668}}
Jul 06 12:15:59 devstack cinder-volume[86561]: INFO cinder.volume.drivers.remotefs [None req-06682cf3-7887-4518-a6b5-0fe26987eca5 tempest-VolumesActionsTest-1626448900 None] casted to osci02.corp.quobyte.com/cinder-vol-7227c971-30f4-4e57-91a9-0288c43b8131
Jul 06 12:15:59 devstack cinder-volume[86561]: DEBUG oslo_concurrency.processutils [None req-06682cf3-7887-4518-a6b5-0fe26987eca5 tempest-VolumesActionsTest-1626448900 None] Running cmd (subprocess): sudo cinder-rootwrap /etc/cinder/rootwrap.conf qemu-img create -f qcow2 -o preallocation=metadata /opt/stack/data/cinder/mnt/0faa7e51d6bc577f682a8c7f8919079d/volume-f76d5e45-8aeb-4bfc-a3d8-3c8a82161ca0 1073741824 {{(pid=86561) execute /opt/stack/data/venv/lib/python3.12/site-packages/oslo_concurrency/processutils.py:440}}
Jul 06 12:15:59 devstack sudo[93318]: quobyte : PWD=/ ; USER=root ; COMMAND=/opt/stack/data/venv/bin/cinder-rootwrap /etc/cinder/rootwrap.conf qemu-img create -f qcow2 -o preallocation=metadata /opt/stack/data/cinder/mnt/0faa7e51d6bc577f682a8c7f8919079d/volume-f76d5e45-8aeb-4bfc-a3d8-3c8a82161ca0 1073741824
Jul 06 12:15:59 devstack sudo[93318]: pam_unix(sudo:session): session opened for user root(uid=0) by (uid=1000)
Jul 06 12:15:59 devstack cinder-volume[86561]: INFO cinder.volume.manager [None req-29d1f67f-7ecf-4b28-931e-b19c43387f8c tempest-GroupsV314Test-954606303 None] Create group from source-group-e654d269-a2ff-4beb-9f04-70360731f302 completed successfully.
Jul 06 12:16:00 devstack sudo[93318]: pam_unix(sudo:session): session closed for user root
Jul 06 12:16:00 devstack cinder-volume[86561]: DEBUG oslo_concurrency.processutils [None req-06682cf3-7887-4518-a6b5-0fe26987eca5 tempest-VolumesActionsTest-1626448900 None] CMD "sudo cinder-rootwrap /etc/cinder/rootwrap.conf qemu-img create -f qcow2 -o preallocation=metadata /opt/stack/data/cinder/mnt/0faa7e51d6bc577f682a8c7f8919079d/volume-f76d5e45-8aeb-4bfc-a3d8-3c8a82161ca0 1073741824" returned: 0 in 1.291s {{(pid=86561) execute /opt/stack/data/venv/lib/python3.12/site-packages/oslo_concurrency/processutils.py:468}}
Jul 06 12:16:01 devstack cinder-volume[86561]: DEBUG oslo_concurrency.processutils [None req-06682cf3-7887-4518-a6b5-0fe26987eca5 tempest-VolumesActionsTest-1626448900 None] Running cmd (subprocess): sudo cinder-rootwrap /etc/cinder/rootwrap.conf chmod ugo+rw /opt/stack/data/cinder/mnt/0faa7e51d6bc577f682a8c7f8919079d/volume-f76d5e45-8aeb-4bfc-a3d8-3c8a82161ca0 {{(pid=86561) execute /opt/stack/data/venv/lib/python3.12/site-packages/oslo_concurrency/processutils.py:440}}
Jul 06 12:16:01 devstack sudo[93324]: quobyte : PWD=/ ; USER=root ; COMMAND=/opt/stack/data/venv/bin/cinder-rootwrap /etc/cinder/rootwrap.conf chmod ugo+rw /opt/stack/data/cinder/mnt/0faa7e51d6bc577f682a8c7f8919079d/volume-f76d5e45-8aeb-4bfc-a3d8-3c8a82161ca0
Jul 06 12:16:01 devstack sudo[93324]: pam_unix(sudo:session): session opened for user root(uid=0) by (uid=1000)
Jul 06 12:16:01 devstack cinder-volume[86561]: DEBUG cinder.coordination [None req-4c95f57e-5306-4cfd-84fb-a65eee3c524f tempest-GroupsV314Test-954606303 None] Acquiring lock "cinder-quobyte-1f1b484a-a996-4de1-956a-42bde5cb1de8" by "delete_volume" {{(pid=86561) __acquire /opt/stack/cinder/cinder/coordination.py:138}}
Jul 06 12:16:01 devstack cinder-volume[86561]: DEBUG cinder.coordination [None req-4c95f57e-5306-4cfd-84fb-a65eee3c524f tempest-GroupsV314Test-954606303 None] Lock "cinder-quobyte-1f1b484a-a996-4de1-956a-42bde5cb1de8" acquired by "delete_volume" :: waited 0.040s {{(pid=86561) __acquire /opt/stack/cinder/cinder/coordination.py:141}}
Jul 06 12:16:01 devstack cinder-volume[86561]: DEBUG oslo.privsep.daemon [-] privsep: reply[2c739d2c-5213-4546-b43c-45a5bd1e9542]: (4, 'qcow2') {{(pid=87828) _call_back /opt/stack/data/venv/lib/python3.12/site-packages/oslo_privsep/daemon.py:580}}
Jul 06 12:16:01 devstack cinder-volume[86561]: DEBUG oslo_concurrency.processutils [None req-4c95f57e-5306-4cfd-84fb-a65eee3c524f tempest-GroupsV314Test-954606303 None] Running cmd (subprocess): /opt/stack/data/venv/bin/python3.12 -m oslo_concurrency.prlimit --as=1073741824 --cpu=60 -- sudo cinder-rootwrap /etc/cinder/rootwrap.conf env LC_ALL=C qemu-img info -f qcow2 --output=json --force-share /opt/stack/data/cinder/mnt/0faa7e51d6bc577f682a8c7f8919079d/volume-1f1b484a-a996-4de1-956a-42bde5cb1de8 {{(pid=86561) execute /opt/stack/data/venv/lib/python3.12/site-packages/oslo_concurrency/processutils.py:440}}
Jul 06 12:16:01 devstack sudo[93324]: pam_unix(sudo:session): session closed for user root
Jul 06 12:16:01 devstack cinder-volume[86561]: DEBUG oslo_concurrency.processutils [None req-06682cf3-7887-4518-a6b5-0fe26987eca5 tempest-VolumesActionsTest-1626448900 None] CMD "sudo cinder-rootwrap /etc/cinder/rootwrap.conf chmod ugo+rw /opt/stack/data/cinder/mnt/0faa7e51d6bc577f682a8c7f8919079d/volume-f76d5e45-8aeb-4bfc-a3d8-3c8a82161ca0" returned: 0 in 0.895s {{(pid=86561) execute /opt/stack/data/venv/lib/python3.12/site-packages/oslo_concurrency/processutils.py:468}}
Jul 06 12:16:01 devstack cinder-volume[86561]: DEBUG cinder.volume.drivers.quobyte [None req-06682cf3-7887-4518-a6b5-0fe26987eca5 tempest-VolumesActionsTest-1626448900 None] <== create_volume: return (2268ms) {'provider_location': 'osci02.corp.quobyte.com/cinder-vol-7227c971-30f4-4e57-91a9-0288c43b8131'} {{(pid=86561) trace_logging_wrapper /opt/stack/cinder/cinder/volume/volume_utils.py:1522}}
Jul 06 12:16:01 devstack cinder-volume[86561]: DEBUG oslo_concurrency.lockutils [None req-06682cf3-7887-4518-a6b5-0fe26987eca5 tempest-VolumesActionsTest-1626448900 None] Lock "quobyte" "released" by "cinder.volume.drivers.quobyte.QuobyteDriver.create_volume" :: held 2.273s {{(pid=86561) inner /opt/stack/data/venv/lib/python3.12/site-packages/oslo_concurrency/lockutils.py:543}}
Jul 06 12:16:01 devstack cinder-volume[86561]: DEBUG oslo_concurrency.lockutils [None req-66b94290-ad7b-43c7-8bf2-53c5db82bd37 tempest-VolumesExtendTest-1305641598 None] Lock "quobyte" acquired by "cinder.volume.drivers.quobyte.QuobyteDriver.create_volume" :: waited 18.440s {{(pid=86561) inner /opt/stack/data/venv/lib/python3.12/site-packages/oslo_concurrency/lockutils.py:524}}
Jul 06 12:16:01 devstack cinder-volume[86561]: DEBUG cinder.volume.drivers.quobyte [None req-66b94290-ad7b-43c7-8bf2-53c5db82bd37 tempest-VolumesExtendTest-1305641598 None] ==> create_volume: call "{'self': , 'volume': Volume(_name_id=None,admin_metadata=,attach_status='detached',availability_zone='nova',bootable=False,cluster=,cluster_name=None,consistencygroup=,consistencygroup_id=None,created_at=2026-07-06T10:15:40Z,deleted=False,deleted_at=None,display_description=None,display_name='tempest-VolumesExtendTest-Volume-1789327323',ec2_id=None,encryption_key_id=None,glance_metadata=,group=,group_id=None,host='devstack@QuobyteHD#QuobyteHD',id=b3efeed1-4cff-4d8a-ab52-019ac7632fbd,launched_at=None,metadata={},migration_status=None,multiattach=False,previous_status=None,project_id='668f0f88df9c4e80bc85a87c042be8ca',provider_auth=None,provider_geometry=None,provider_id=None,provider_location=None,replication_driver_data=None,replication_extended_status=None,replication_status=None,scheduled_at=2026-07-06T10:15:40Z,service_uuid=None,shared_targets=True,size=1,snapshot_id=None,snapshots=,source_volid=None,status='creating',terminated_at=None,updated_at=2026-07-06T10:15:40Z,use_quota=True,user_id='a594eae5066449e884746a6ff4707599',volume_attachment=VolumeAttachmentList,volume_type=VolumeType(6eab261b-5824-4b29-8895-5d5a7ef98956),volume_type_id=6eab261b-5824-4b29-8895-5d5a7ef98956)}" {{(pid=86561) trace_logging_wrapper /opt/stack/cinder/cinder/volume/volume_utils.py:1497}}
Jul 06 12:16:01 devstack cinder-volume[86561]: DEBUG cinder.volume.drivers.remotefs [None req-66b94290-ad7b-43c7-8bf2-53c5db82bd37 tempest-VolumesExtendTest-1305641598 None] Creating volume b3efeed1-4cff-4d8a-ab52-019ac7632fbd {{(pid=86561) create_volume /opt/stack/cinder/cinder/volume/drivers/remotefs.py:292}}
Jul 06 12:16:01 devstack cinder-volume[86561]: DEBUG oslo_concurrency.lockutils [None req-66b94290-ad7b-43c7-8bf2-53c5db82bd37 tempest-VolumesExtendTest-1305641598 None] Acquiring lock "quobyte_ensure" by "cinder.volume.drivers.quobyte.QuobyteDriver._ensure_shares_mounted" {{(pid=86561) inner /opt/stack/data/venv/lib/python3.12/site-packages/oslo_concurrency/lockutils.py:511}}
Jul 06 12:16:01 devstack cinder-volume[86561]: DEBUG oslo_concurrency.lockutils [None req-66b94290-ad7b-43c7-8bf2-53c5db82bd37 tempest-VolumesExtendTest-1305641598 None] Lock "quobyte_ensure" acquired by "cinder.volume.drivers.quobyte.QuobyteDriver._ensure_shares_mounted" :: waited 0.002s {{(pid=86561) inner /opt/stack/data/venv/lib/python3.12/site-packages/oslo_concurrency/lockutils.py:524}}
Jul 06 12:16:01 devstack cinder-volume[86561]: DEBUG cinder.volume.drivers.quobyte [None req-66b94290-ad7b-43c7-8bf2-53c5db82bd37 tempest-VolumesExtendTest-1305641598 None] Quobyte Volume URL set to: {'osci02.corp.quobyte.com/cinder-vol-7227c971-30f4-4e57-91a9-0288c43b8131': None} {{(pid=86561) _load_shares_config /opt/stack/cinder/cinder/volume/drivers/quobyte.py:617}}
Jul 06 12:16:01 devstack cinder-volume[86561]: DEBUG cinder.volume.drivers.quobyte [None req-66b94290-ad7b-43c7-8bf2-53c5db82bd37 tempest-VolumesExtendTest-1305641598 None] Available shares ['osci02.corp.quobyte.com/cinder-vol-7227c971-30f4-4e57-91a9-0288c43b8131'] {{(pid=86561) _ensure_shares_mounted /opt/stack/cinder/cinder/volume/drivers/quobyte.py:647}}
Jul 06 12:16:01 devstack cinder-volume[86561]: DEBUG oslo_concurrency.lockutils [None req-66b94290-ad7b-43c7-8bf2-53c5db82bd37 tempest-VolumesExtendTest-1305641598 None] Lock "quobyte_ensure" "released" by "cinder.volume.drivers.quobyte.QuobyteDriver._ensure_shares_mounted" :: held 0.010s {{(pid=86561) inner /opt/stack/data/venv/lib/python3.12/site-packages/oslo_concurrency/lockutils.py:543}}
Jul 06 12:16:01 devstack cinder-volume[86561]: DEBUG cinder.volume.drivers.quobyte [None req-66b94290-ad7b-43c7-8bf2-53c5db82bd37 tempest-VolumesExtendTest-1305641598 None] Selected osci02.corp.quobyte.com/cinder-vol-7227c971-30f4-4e57-91a9-0288c43b8131 as target Quobyte volume. {{(pid=86561) _find_share /opt/stack/cinder/cinder/volume/drivers/quobyte.py:668}}
Jul 06 12:16:01 devstack cinder-volume[86561]: INFO cinder.volume.drivers.remotefs [None req-66b94290-ad7b-43c7-8bf2-53c5db82bd37 tempest-VolumesExtendTest-1305641598 None] casted to osci02.corp.quobyte.com/cinder-vol-7227c971-30f4-4e57-91a9-0288c43b8131
Jul 06 12:16:01 devstack cinder-volume[86561]: DEBUG oslo_concurrency.processutils [None req-66b94290-ad7b-43c7-8bf2-53c5db82bd37 tempest-VolumesExtendTest-1305641598 None] Running cmd (subprocess): sudo cinder-rootwrap /etc/cinder/rootwrap.conf qemu-img create -f qcow2 -o preallocation=metadata /opt/stack/data/cinder/mnt/0faa7e51d6bc577f682a8c7f8919079d/volume-b3efeed1-4cff-4d8a-ab52-019ac7632fbd 1073741824 {{(pid=86561) execute /opt/stack/data/venv/lib/python3.12/site-packages/oslo_concurrency/processutils.py:440}}
Jul 06 12:16:02 devstack sudo[93328]: quobyte : PWD=/ ; USER=root ; COMMAND=/opt/stack/data/venv/bin/cinder-rootwrap /etc/cinder/rootwrap.conf qemu-img create -f qcow2 -o preallocation=metadata /opt/stack/data/cinder/mnt/0faa7e51d6bc577f682a8c7f8919079d/volume-b3efeed1-4cff-4d8a-ab52-019ac7632fbd 1073741824
Jul 06 12:16:02 devstack sudo[93328]: pam_unix(sudo:session): session opened for user root(uid=0) by (uid=1000)
Jul 06 12:16:02 devstack cinder-volume[86561]: DEBUG cinder.volume.manager [None req-06682cf3-7887-4518-a6b5-0fe26987eca5 tempest-VolumesActionsTest-1626448900 None] Task 'cinder.volume.flows.manager.create_volume.CreateVolumeFromSpecTask;volume:create' (e0913e0a-def9-43b3-b66b-53a636df1185) transitioned into state 'SUCCESS' from state 'RUNNING' with result '{'status': 'creating', 'volume_name': 'volume-f76d5e45-8aeb-4bfc-a3d8-3c8a82161ca0', 'volume_size': 1}' {{(pid=86561) _task_receiver /opt/stack/data/venv/lib/python3.12/site-packages/taskflow/listeners/logging.py:218}}
Jul 06 12:16:02 devstack cinder-volume[86561]: DEBUG cinder.volume.manager [None req-06682cf3-7887-4518-a6b5-0fe26987eca5 tempest-VolumesActionsTest-1626448900 None] Task 'cinder.volume.flows.manager.create_volume.CreateVolumeOnFinishTask;volume:create, create.end' (fab72054-0b57-41ef-8da1-036c9640ba19) transitioned into state 'RUNNING' from state 'PENDING' {{(pid=86561) _task_receiver /opt/stack/data/venv/lib/python3.12/site-packages/taskflow/listeners/logging.py:242}}
Jul 06 12:16:02 devstack sudo[93327]: quobyte : PWD=/ ; USER=root ; COMMAND=/opt/stack/data/venv/bin/cinder-rootwrap /etc/cinder/rootwrap.conf env LC_ALL=C qemu-img info -f qcow2 --output=json --force-share /opt/stack/data/cinder/mnt/0faa7e51d6bc577f682a8c7f8919079d/volume-1f1b484a-a996-4de1-956a-42bde5cb1de8
Jul 06 12:16:02 devstack sudo[93327]: pam_unix(sudo:session): session opened for user root(uid=0) by (uid=1000)
Jul 06 12:16:02 devstack cinder-volume[86561]: INFO cinder.volume.flows.manager.create_volume [None req-06682cf3-7887-4518-a6b5-0fe26987eca5 tempest-VolumesActionsTest-1626448900 None] Volume volume-f76d5e45-8aeb-4bfc-a3d8-3c8a82161ca0 (f76d5e45-8aeb-4bfc-a3d8-3c8a82161ca0): created successfully
Jul 06 12:16:02 devstack cinder-volume[86561]: DEBUG cinder.volume.manager [None req-06682cf3-7887-4518-a6b5-0fe26987eca5 tempest-VolumesActionsTest-1626448900 None] Task 'cinder.volume.flows.manager.create_volume.CreateVolumeOnFinishTask;volume:create, create.end' (fab72054-0b57-41ef-8da1-036c9640ba19) transitioned into state 'SUCCESS' from state 'RUNNING' with result 'None' {{(pid=86561) _task_receiver /opt/stack/data/venv/lib/python3.12/site-packages/taskflow/listeners/logging.py:218}}
Jul 06 12:16:02 devstack cinder-volume[86561]: DEBUG cinder.volume.manager [None req-06682cf3-7887-4518-a6b5-0fe26987eca5 tempest-VolumesActionsTest-1626448900 None] Flow 'volume_create_manager' (e1c1c683-453d-4a83-9cce-ceb4897833ea) transitioned into state 'SUCCESS' from state 'RUNNING' {{(pid=86561) _flow_receiver /opt/stack/data/venv/lib/python3.12/site-packages/taskflow/listeners/logging.py:160}}
Jul 06 12:16:02 devstack cinder-volume[86561]: INFO cinder.volume.manager [None req-06682cf3-7887-4518-a6b5-0fe26987eca5 tempest-VolumesActionsTest-1626448900 None] Created volume successfully.
Jul 06 12:16:03 devstack sudo[93327]: pam_unix(sudo:session): session closed for user root
Jul 06 12:16:03 devstack cinder-volume[86561]: DEBUG oslo_concurrency.processutils [None req-4c95f57e-5306-4cfd-84fb-a65eee3c524f tempest-GroupsV314Test-954606303 None] CMD "/opt/stack/data/venv/bin/python3.12 -m oslo_concurrency.prlimit --as=1073741824 --cpu=60 -- sudo cinder-rootwrap /etc/cinder/rootwrap.conf env LC_ALL=C qemu-img info -f qcow2 --output=json --force-share /opt/stack/data/cinder/mnt/0faa7e51d6bc577f682a8c7f8919079d/volume-1f1b484a-a996-4de1-956a-42bde5cb1de8" returned: 0 in 1.082s {{(pid=86561) execute /opt/stack/data/venv/lib/python3.12/site-packages/oslo_concurrency/processutils.py:468}}
Jul 06 12:16:03 devstack cinder-volume[86561]: DEBUG oslo_concurrency.processutils [None req-4c95f57e-5306-4cfd-84fb-a65eee3c524f tempest-GroupsV314Test-954606303 None] Running cmd (subprocess): sudo cinder-rootwrap /etc/cinder/rootwrap.conf rm -f /opt/stack/data/cinder/mnt/0faa7e51d6bc577f682a8c7f8919079d/volume-1f1b484a-a996-4de1-956a-42bde5cb1de8 {{(pid=86561) execute /opt/stack/data/venv/lib/python3.12/site-packages/oslo_concurrency/processutils.py:440}}
Jul 06 12:16:03 devstack sudo[93337]: quobyte : PWD=/ ; USER=root ; COMMAND=/opt/stack/data/venv/bin/cinder-rootwrap /etc/cinder/rootwrap.conf rm -f /opt/stack/data/cinder/mnt/0faa7e51d6bc577f682a8c7f8919079d/volume-1f1b484a-a996-4de1-956a-42bde5cb1de8
Jul 06 12:16:03 devstack sudo[93337]: pam_unix(sudo:session): session opened for user root(uid=0) by (uid=1000)
Jul 06 12:16:03 devstack sudo[93328]: pam_unix(sudo:session): session closed for user root
Jul 06 12:16:03 devstack cinder-volume[86561]: DEBUG oslo_concurrency.processutils [None req-66b94290-ad7b-43c7-8bf2-53c5db82bd37 tempest-VolumesExtendTest-1305641598 None] CMD "sudo cinder-rootwrap /etc/cinder/rootwrap.conf qemu-img create -f qcow2 -o preallocation=metadata /opt/stack/data/cinder/mnt/0faa7e51d6bc577f682a8c7f8919079d/volume-b3efeed1-4cff-4d8a-ab52-019ac7632fbd 1073741824" returned: 0 in 1.138s {{(pid=86561) execute /opt/stack/data/venv/lib/python3.12/site-packages/oslo_concurrency/processutils.py:468}}
Jul 06 12:16:03 devstack cinder-volume[86561]: DEBUG oslo_concurrency.processutils [None req-66b94290-ad7b-43c7-8bf2-53c5db82bd37 tempest-VolumesExtendTest-1305641598 None] Running cmd (subprocess): sudo cinder-rootwrap /etc/cinder/rootwrap.conf chmod ugo+rw /opt/stack/data/cinder/mnt/0faa7e51d6bc577f682a8c7f8919079d/volume-b3efeed1-4cff-4d8a-ab52-019ac7632fbd {{(pid=86561) execute /opt/stack/data/venv/lib/python3.12/site-packages/oslo_concurrency/processutils.py:440}}
Jul 06 12:16:03 devstack sudo[93339]: quobyte : PWD=/ ; USER=root ; COMMAND=/opt/stack/data/venv/bin/cinder-rootwrap /etc/cinder/rootwrap.conf chmod ugo+rw /opt/stack/data/cinder/mnt/0faa7e51d6bc577f682a8c7f8919079d/volume-b3efeed1-4cff-4d8a-ab52-019ac7632fbd
Jul 06 12:16:03 devstack sudo[93339]: pam_unix(sudo:session): session opened for user root(uid=0) by (uid=1000)
Jul 06 12:16:03 devstack cinder-volume[86561]: DEBUG cinder.coordination [None req-e40e08cf-1b35-4369-8c10-0690e7205b26 tempest-VolumesActionsTest-1627363050 None] Acquiring lock "cinder-f76d5e45-8aeb-4bfc-a3d8-3c8a82161ca0-delete_volume" by "delete_volume" {{(pid=86561) __acquire /opt/stack/cinder/cinder/coordination.py:138}}
Jul 06 12:16:03 devstack cinder-volume[86561]: DEBUG cinder.coordination [None req-e40e08cf-1b35-4369-8c10-0690e7205b26 tempest-VolumesActionsTest-1627363050 None] Lock "cinder-f76d5e45-8aeb-4bfc-a3d8-3c8a82161ca0-delete_volume" acquired by "delete_volume" :: waited 0.039s {{(pid=86561) __acquire /opt/stack/cinder/cinder/coordination.py:141}}
Jul 06 12:16:03 devstack cinder-volume[86561]: DEBUG cinder.coordination [None req-e40e08cf-1b35-4369-8c10-0690e7205b26 tempest-VolumesActionsTest-1627363050 None] Acquiring lock "cinder-quobyte-f76d5e45-8aeb-4bfc-a3d8-3c8a82161ca0" by "delete_volume" {{(pid=86561) __acquire /opt/stack/cinder/cinder/coordination.py:138}}
Jul 06 12:16:03 devstack cinder-volume[86561]: DEBUG cinder.coordination [None req-e40e08cf-1b35-4369-8c10-0690e7205b26 tempest-VolumesActionsTest-1627363050 None] Lock "cinder-quobyte-f76d5e45-8aeb-4bfc-a3d8-3c8a82161ca0" acquired by "delete_volume" :: waited 0.025s {{(pid=86561) __acquire /opt/stack/cinder/cinder/coordination.py:141}}
