Aug 03 17:35:31 devstack cinder-volume[88682]: DEBUG cinder.volume.manager [None req-6cf637f4-516a-44e0-8165-d7c9b500ceba tempest-GroupSnapshotsTest-2081277977 None] Task 'cinder.volume.flows.manager.create_volume.ExtractVolumeRefTask;volume:create' (63554bbc-561f-4125-ba86-0694cf82b67a) transitioned into state 'SUCCESS' from state 'RUNNING' with result 'Volume(_name_id=None,admin_metadata=,attach_status='detached',availability_zone='nova',bootable=False,cluster=,cluster_name=None,consistencygroup=,consistencygroup_id=None,created_at=2026-08-03T15:35:31Z,deleted=False,deleted_at=None,display_description=None,display_name='tempest-volume-233540053',ec2_id=None,encryption_key_id=None,glance_metadata=,group=,group_id=03e2f05f-1f31-4555-8459-b1a312488009,host='devstack@QuobyteHD#QuobyteHD',id=6c26ddef-66a2-46bc-8389-a6f195900986,launched_at=None,metadata={},migration_status=None,multiattach=False,previous_status=None,project_id='7948926d0512480bb0cee7143d5a29b2',provider_auth=None,provider_geometry=None,provider_id=None,provider_location=None,replication_driver_data=None,replication_extended_status=None,replication_status=None,scheduled_at=2026-08-03T15:35:31Z,service_uuid=None,shared_targets=True,size=1,snapshot_id=None,snapshots=,source_volid=None,status='creating',terminated_at=None,updated_at=2026-08-03T15:35:31Z,use_quota=True,user_id='71a28019280a4201b88597548354bf16',volume_attachment=VolumeAttachmentList,volume_type=VolumeType(9ad9ec26-dfd8-4f6c-93d5-0aef3e9e2f9f),volume_type_id=9ad9ec26-dfd8-4f6c-93d5-0aef3e9e2f9f)' {{(pid=88682) _task_receiver /opt/stack/data/venv/lib/python3.12/site-packages/taskflow/listeners/logging.py:218}}
Aug 03 17:35:31 devstack cinder-volume[88682]: DEBUG cinder.volume.manager [None req-6cf637f4-516a-44e0-8165-d7c9b500ceba tempest-GroupSnapshotsTest-2081277977 None] Task 'cinder.volume.flows.manager.create_volume.OnFailureRescheduleTask;volume:create' (159c69f6-8c53-4f7e-901c-1f2b419e7c76) transitioned into state 'RUNNING' from state 'PENDING' {{(pid=88682) _task_receiver /opt/stack/data/venv/lib/python3.12/site-packages/taskflow/listeners/logging.py:242}}
Aug 03 17:35:31 devstack cinder-volume[88682]: DEBUG cinder.volume.manager [None req-6cf637f4-516a-44e0-8165-d7c9b500ceba tempest-GroupSnapshotsTest-2081277977 None] Task 'cinder.volume.flows.manager.create_volume.OnFailureRescheduleTask;volume:create' (159c69f6-8c53-4f7e-901c-1f2b419e7c76) transitioned into state 'SUCCESS' from state 'RUNNING' with result 'None' {{(pid=88682) _task_receiver /opt/stack/data/venv/lib/python3.12/site-packages/taskflow/listeners/logging.py:218}}
Aug 03 17:35:31 devstack cinder-volume[88682]: DEBUG cinder.volume.manager [None req-6cf637f4-516a-44e0-8165-d7c9b500ceba tempest-GroupSnapshotsTest-2081277977 None] Task 'cinder.volume.flows.manager.create_volume.ExtractVolumeSpecTask;volume:create' (aa7c3319-fd13-4bc0-b1a6-303f03528b07) transitioned into state 'RUNNING' from state 'PENDING' {{(pid=88682) _task_receiver /opt/stack/data/venv/lib/python3.12/site-packages/taskflow/listeners/logging.py:242}}
Aug 03 17:35:31 devstack cinder-volume[88682]: DEBUG cinder.volume.manager [None req-6cf637f4-516a-44e0-8165-d7c9b500ceba tempest-GroupSnapshotsTest-2081277977 None] Task 'cinder.volume.flows.manager.create_volume.ExtractVolumeSpecTask;volume:create' (aa7c3319-fd13-4bc0-b1a6-303f03528b07) transitioned into state 'SUCCESS' from state 'RUNNING' with result '{'status': 'creating', 'type': 'raw', 'volume_id': '6c26ddef-66a2-46bc-8389-a6f195900986', 'volume_name': 'volume-6c26ddef-66a2-46bc-8389-a6f195900986', 'volume_size': 1}' {{(pid=88682) _task_receiver /opt/stack/data/venv/lib/python3.12/site-packages/taskflow/listeners/logging.py:218}}
Aug 03 17:35:31 devstack cinder-volume[88682]: DEBUG cinder.volume.manager [None req-6cf637f4-516a-44e0-8165-d7c9b500ceba tempest-GroupSnapshotsTest-2081277977 None] Task 'cinder.volume.flows.manager.create_volume.NotifyVolumeActionTask;volume:create, create.start' (6f3e5d6f-9481-45ba-8dfa-1b4978d3b0e0) transitioned into state 'RUNNING' from state 'PENDING' {{(pid=88682) _task_receiver /opt/stack/data/venv/lib/python3.12/site-packages/taskflow/listeners/logging.py:242}}
Aug 03 17:35:31 devstack cinder-volume[88682]: DEBUG cinder.volume.manager [None req-6cf637f4-516a-44e0-8165-d7c9b500ceba tempest-GroupSnapshotsTest-2081277977 None] Task 'cinder.volume.flows.manager.create_volume.NotifyVolumeActionTask;volume:create, create.start' (6f3e5d6f-9481-45ba-8dfa-1b4978d3b0e0) transitioned into state 'SUCCESS' from state 'RUNNING' with result 'None' {{(pid=88682) _task_receiver /opt/stack/data/venv/lib/python3.12/site-packages/taskflow/listeners/logging.py:218}}
Aug 03 17:35:31 devstack cinder-volume[88682]: DEBUG cinder.volume.manager [None req-6cf637f4-516a-44e0-8165-d7c9b500ceba tempest-GroupSnapshotsTest-2081277977 None] Task 'cinder.volume.flows.manager.create_volume.CreateVolumeFromSpecTask;volume:create' (db8ecf1a-9ed7-47df-b6dd-eb9d755395e2) transitioned into state 'RUNNING' from state 'PENDING' {{(pid=88682) _task_receiver /opt/stack/data/venv/lib/python3.12/site-packages/taskflow/listeners/logging.py:242}}
Aug 03 17:35:31 devstack cinder-volume[88682]: INFO cinder.volume.flows.manager.create_volume [None req-6cf637f4-516a-44e0-8165-d7c9b500ceba tempest-GroupSnapshotsTest-2081277977 None] Volume 6c26ddef-66a2-46bc-8389-a6f195900986: being created as raw with specification: {'status': 'creating', 'volume_name': 'volume-6c26ddef-66a2-46bc-8389-a6f195900986', 'volume_size': 1}
Aug 03 17:35:31 devstack cinder-volume[88682]: DEBUG oslo_concurrency.lockutils [None req-6cf637f4-516a-44e0-8165-d7c9b500ceba tempest-GroupSnapshotsTest-2081277977 None] Acquiring lock "quobyte" by "cinder.volume.drivers.quobyte.QuobyteDriver.create_volume" {{(pid=88682) inner /opt/stack/data/venv/lib/python3.12/site-packages/oslo_concurrency/lockutils.py:512}}
Aug 03 17:35:31 devstack cinder-volume[88682]: DEBUG oslo_concurrency.lockutils [None req-6cf637f4-516a-44e0-8165-d7c9b500ceba tempest-GroupSnapshotsTest-2081277977 None] Lock "quobyte" acquired by "cinder.volume.drivers.quobyte.QuobyteDriver.create_volume" :: waited 0.001s {{(pid=88682) inner /opt/stack/data/venv/lib/python3.12/site-packages/oslo_concurrency/lockutils.py:525}}
Aug 03 17:35:31 devstack cinder-volume[88682]: DEBUG cinder.volume.drivers.quobyte [None req-6cf637f4-516a-44e0-8165-d7c9b500ceba tempest-GroupSnapshotsTest-2081277977 None] ==> create_volume: call "{'self': , 'volume': Volume(_name_id=None,admin_metadata=,attach_status='detached',availability_zone='nova',bootable=False,cluster=,cluster_name=None,consistencygroup=,consistencygroup_id=03e2f05f-1f31-4555-8459-b1a312488009,created_at=2026-08-03T15:35:31Z,deleted=False,deleted_at=None,display_description=None,display_name='tempest-volume-233540053',ec2_id=None,encryption_key_id=None,glance_metadata=,group=,group_id=03e2f05f-1f31-4555-8459-b1a312488009,host='devstack@QuobyteHD#QuobyteHD',id=6c26ddef-66a2-46bc-8389-a6f195900986,launched_at=None,metadata={},migration_status=None,multiattach=False,previous_status=None,project_id='7948926d0512480bb0cee7143d5a29b2',provider_auth=None,provider_geometry=None,provider_id=None,provider_location=None,replication_driver_data=None,replication_extended_status=None,replication_status=None,scheduled_at=2026-08-03T15:35:31Z,service_uuid=None,shared_targets=True,size=1,snapshot_id=None,snapshots=,source_volid=None,status='creating',terminated_at=None,updated_at=2026-08-03T15:35:31Z,use_quota=True,user_id='71a28019280a4201b88597548354bf16',volume_attachment=VolumeAttachmentList,volume_type=VolumeType(9ad9ec26-dfd8-4f6c-93d5-0aef3e9e2f9f),volume_type_id=9ad9ec26-dfd8-4f6c-93d5-0aef3e9e2f9f)}" {{(pid=88682) trace_logging_wrapper /opt/stack/cinder/cinder/volume/volume_utils.py:1497}}
Aug 03 17:35:31 devstack cinder-volume[88682]: DEBUG cinder.volume.drivers.remotefs [None req-6cf637f4-516a-44e0-8165-d7c9b500ceba tempest-GroupSnapshotsTest-2081277977 None] Creating volume 6c26ddef-66a2-46bc-8389-a6f195900986 {{(pid=88682) create_volume /opt/stack/cinder/cinder/volume/drivers/remotefs.py:292}}
Aug 03 17:35:31 devstack cinder-volume[88682]: DEBUG oslo_concurrency.lockutils [None req-6cf637f4-516a-44e0-8165-d7c9b500ceba tempest-GroupSnapshotsTest-2081277977 None] Acquiring lock "quobyte_ensure" by "cinder.volume.drivers.quobyte.QuobyteDriver._ensure_shares_mounted" {{(pid=88682) inner /opt/stack/data/venv/lib/python3.12/site-packages/oslo_concurrency/lockutils.py:512}}
Aug 03 17:35:31 devstack cinder-volume[88682]: DEBUG oslo_concurrency.lockutils [None req-6cf637f4-516a-44e0-8165-d7c9b500ceba tempest-GroupSnapshotsTest-2081277977 None] Lock "quobyte_ensure" acquired by "cinder.volume.drivers.quobyte.QuobyteDriver._ensure_shares_mounted" :: waited 0.000s {{(pid=88682) inner /opt/stack/data/venv/lib/python3.12/site-packages/oslo_concurrency/lockutils.py:525}}
Aug 03 17:35:31 devstack cinder-volume[88682]: DEBUG cinder.volume.drivers.quobyte [None req-6cf637f4-516a-44e0-8165-d7c9b500ceba tempest-GroupSnapshotsTest-2081277977 None] Quobyte Volume URL set to: {'osci02.corp.quobyte.com/cinder-vol-4a980e19-3ada-4ddb-8e63-23a59ae852b7': None} {{(pid=88682) _load_shares_config /opt/stack/cinder/cinder/volume/drivers/quobyte.py:665}}
Aug 03 17:35:31 devstack cinder-volume[88682]: DEBUG cinder.volume.drivers.quobyte [None req-6cf637f4-516a-44e0-8165-d7c9b500ceba tempest-GroupSnapshotsTest-2081277977 None] Available shares ['osci02.corp.quobyte.com/cinder-vol-4a980e19-3ada-4ddb-8e63-23a59ae852b7'] {{(pid=88682) _ensure_shares_mounted /opt/stack/cinder/cinder/volume/drivers/quobyte.py:695}}
Aug 03 17:35:31 devstack cinder-volume[88682]: DEBUG oslo_concurrency.lockutils [None req-6cf637f4-516a-44e0-8165-d7c9b500ceba tempest-GroupSnapshotsTest-2081277977 None] Lock "quobyte_ensure" "released" by "cinder.volume.drivers.quobyte.QuobyteDriver._ensure_shares_mounted" :: held 0.009s {{(pid=88682) inner /opt/stack/data/venv/lib/python3.12/site-packages/oslo_concurrency/lockutils.py:544}}
Aug 03 17:35:31 devstack cinder-volume[88682]: DEBUG cinder.volume.drivers.quobyte [None req-6cf637f4-516a-44e0-8165-d7c9b500ceba tempest-GroupSnapshotsTest-2081277977 None] Selected osci02.corp.quobyte.com/cinder-vol-4a980e19-3ada-4ddb-8e63-23a59ae852b7 as target Quobyte volume. {{(pid=88682) _find_share /opt/stack/cinder/cinder/volume/drivers/quobyte.py:716}}
Aug 03 17:35:31 devstack cinder-volume[88682]: INFO cinder.volume.drivers.remotefs [None req-6cf637f4-516a-44e0-8165-d7c9b500ceba tempest-GroupSnapshotsTest-2081277977 None] casted to osci02.corp.quobyte.com/cinder-vol-4a980e19-3ada-4ddb-8e63-23a59ae852b7
Aug 03 17:35:31 devstack cinder-volume[88682]: DEBUG oslo_concurrency.processutils [None req-6cf637f4-516a-44e0-8165-d7c9b500ceba tempest-GroupSnapshotsTest-2081277977 None] Running cmd (subprocess): sudo cinder-rootwrap /etc/cinder/rootwrap.conf qemu-img create -f qcow2 -o preallocation=metadata /opt/stack/data/cinder/mnt/2fe165d9a81ccb805f7417e273dfdfc9/volume-6c26ddef-66a2-46bc-8389-a6f195900986 1073741824 {{(pid=88682) execute /opt/stack/data/venv/lib/python3.12/site-packages/oslo_concurrency/processutils.py:440}}
Aug 03 17:35:31 devstack sudo[91314]: quobyte : PWD=/ ; USER=root ; COMMAND=/opt/stack/data/venv/bin/cinder-rootwrap /etc/cinder/rootwrap.conf qemu-img create -f qcow2 -o preallocation=metadata /opt/stack/data/cinder/mnt/2fe165d9a81ccb805f7417e273dfdfc9/volume-6c26ddef-66a2-46bc-8389-a6f195900986 1073741824
Aug 03 17:35:31 devstack sudo[91314]: pam_unix(sudo:session): session opened for user root(uid=0) by (uid=1000)
Aug 03 17:35:31 devstack sudo[91314]: pam_unix(sudo:session): session closed for user root
Aug 03 17:35:31 devstack cinder-volume[88682]: DEBUG oslo_concurrency.processutils [None req-6cf637f4-516a-44e0-8165-d7c9b500ceba tempest-GroupSnapshotsTest-2081277977 None] CMD "sudo cinder-rootwrap /etc/cinder/rootwrap.conf qemu-img create -f qcow2 -o preallocation=metadata /opt/stack/data/cinder/mnt/2fe165d9a81ccb805f7417e273dfdfc9/volume-6c26ddef-66a2-46bc-8389-a6f195900986 1073741824" returned: 0 in 0.612s {{(pid=88682) execute /opt/stack/data/venv/lib/python3.12/site-packages/oslo_concurrency/processutils.py:468}}
Aug 03 17:35:31 devstack cinder-volume[88682]: DEBUG oslo_concurrency.processutils [None req-6cf637f4-516a-44e0-8165-d7c9b500ceba tempest-GroupSnapshotsTest-2081277977 None] Running cmd (subprocess): sudo cinder-rootwrap /etc/cinder/rootwrap.conf chmod ugo+rw /opt/stack/data/cinder/mnt/2fe165d9a81ccb805f7417e273dfdfc9/volume-6c26ddef-66a2-46bc-8389-a6f195900986 {{(pid=88682) execute /opt/stack/data/venv/lib/python3.12/site-packages/oslo_concurrency/processutils.py:440}}
Aug 03 17:35:31 devstack sudo[91321]: quobyte : PWD=/ ; USER=root ; COMMAND=/opt/stack/data/venv/bin/cinder-rootwrap /etc/cinder/rootwrap.conf chmod ugo+rw /opt/stack/data/cinder/mnt/2fe165d9a81ccb805f7417e273dfdfc9/volume-6c26ddef-66a2-46bc-8389-a6f195900986
Aug 03 17:35:31 devstack sudo[91321]: pam_unix(sudo:session): session opened for user root(uid=0) by (uid=1000)
Aug 03 17:35:32 devstack sudo[91321]: pam_unix(sudo:session): session closed for user root
Aug 03 17:35:32 devstack cinder-volume[88682]: DEBUG oslo_concurrency.processutils [None req-6cf637f4-516a-44e0-8165-d7c9b500ceba tempest-GroupSnapshotsTest-2081277977 None] CMD "sudo cinder-rootwrap /etc/cinder/rootwrap.conf chmod ugo+rw /opt/stack/data/cinder/mnt/2fe165d9a81ccb805f7417e273dfdfc9/volume-6c26ddef-66a2-46bc-8389-a6f195900986" returned: 0 in 0.327s {{(pid=88682) execute /opt/stack/data/venv/lib/python3.12/site-packages/oslo_concurrency/processutils.py:468}}
Aug 03 17:35:32 devstack cinder-volume[88682]: DEBUG cinder.volume.drivers.quobyte [None req-6cf637f4-516a-44e0-8165-d7c9b500ceba tempest-GroupSnapshotsTest-2081277977 None] <== create_volume: return (1023ms) {'provider_location': 'osci02.corp.quobyte.com/cinder-vol-4a980e19-3ada-4ddb-8e63-23a59ae852b7'} {{(pid=88682) trace_logging_wrapper /opt/stack/cinder/cinder/volume/volume_utils.py:1522}}
Aug 03 17:35:32 devstack cinder-volume[88682]: DEBUG oslo_concurrency.lockutils [None req-6cf637f4-516a-44e0-8165-d7c9b500ceba tempest-GroupSnapshotsTest-2081277977 None] Lock "quobyte" "released" by "cinder.volume.drivers.quobyte.QuobyteDriver.create_volume" :: held 1.028s {{(pid=88682) inner /opt/stack/data/venv/lib/python3.12/site-packages/oslo_concurrency/lockutils.py:544}}
Aug 03 17:35:32 devstack cinder-volume[88682]: DEBUG cinder.volume.manager [None req-6cf637f4-516a-44e0-8165-d7c9b500ceba tempest-GroupSnapshotsTest-2081277977 None] Task 'cinder.volume.flows.manager.create_volume.CreateVolumeFromSpecTask;volume:create' (db8ecf1a-9ed7-47df-b6dd-eb9d755395e2) transitioned into state 'SUCCESS' from state 'RUNNING' with result '{'status': 'creating', 'volume_name': 'volume-6c26ddef-66a2-46bc-8389-a6f195900986', 'volume_size': 1}' {{(pid=88682) _task_receiver /opt/stack/data/venv/lib/python3.12/site-packages/taskflow/listeners/logging.py:218}}
Aug 03 17:35:32 devstack cinder-volume[88682]: DEBUG cinder.volume.manager [None req-6cf637f4-516a-44e0-8165-d7c9b500ceba tempest-GroupSnapshotsTest-2081277977 None] Task 'cinder.volume.flows.manager.create_volume.CreateVolumeOnFinishTask;volume:create, create.end' (43f58ed1-6f62-4e2e-bcf9-b1f51afdf5e2) transitioned into state 'RUNNING' from state 'PENDING' {{(pid=88682) _task_receiver /opt/stack/data/venv/lib/python3.12/site-packages/taskflow/listeners/logging.py:242}}
Aug 03 17:35:32 devstack cinder-volume[88682]: INFO cinder.volume.flows.manager.create_volume [None req-6cf637f4-516a-44e0-8165-d7c9b500ceba tempest-GroupSnapshotsTest-2081277977 None] Volume volume-6c26ddef-66a2-46bc-8389-a6f195900986 (6c26ddef-66a2-46bc-8389-a6f195900986): created successfully
Aug 03 17:35:32 devstack cinder-volume[88682]: DEBUG cinder.volume.manager [None req-6cf637f4-516a-44e0-8165-d7c9b500ceba tempest-GroupSnapshotsTest-2081277977 None] Task 'cinder.volume.flows.manager.create_volume.CreateVolumeOnFinishTask;volume:create, create.end' (43f58ed1-6f62-4e2e-bcf9-b1f51afdf5e2) transitioned into state 'SUCCESS' from state 'RUNNING' with result 'None' {{(pid=88682) _task_receiver /opt/stack/data/venv/lib/python3.12/site-packages/taskflow/listeners/logging.py:218}}
Aug 03 17:35:32 devstack cinder-volume[88682]: DEBUG cinder.volume.manager [None req-6cf637f4-516a-44e0-8165-d7c9b500ceba tempest-GroupSnapshotsTest-2081277977 None] Flow 'volume_create_manager' (a7001ac8-c1a7-408e-9ed5-9d223eda4687) transitioned into state 'SUCCESS' from state 'RUNNING' {{(pid=88682) _flow_receiver /opt/stack/data/venv/lib/python3.12/site-packages/taskflow/listeners/logging.py:160}}
Aug 03 17:35:32 devstack cinder-volume[88682]: INFO cinder.volume.manager [None req-6cf637f4-516a-44e0-8165-d7c9b500ceba tempest-GroupSnapshotsTest-2081277977 None] Created volume successfully.
Aug 03 17:35:33 devstack cinder-volume[88682]: INFO cinder.volume.manager [None req-ef735a38-10e9-46d9-8a0d-65a174d92b76 tempest-GroupSnapshotsTest-2081277977 None] Update group completed successfully.
Aug 03 17:35:35 devstack cinder-volume[88682]: INFO cinder.volume.manager [None req-8838f0e1-152c-4d76-b87c-0c9de01ed9a2 tempest-GroupSnapshotsTest-2081277977 None] Update group completed successfully.
Aug 03 17:35:35 devstack cinder-volume[88682]: DEBUG oslo_service.periodic_task [None req-91cf0cdc-eb36-4636-9c53-7ce043cc693b None None] Running periodic task VolumeManager.publish_service_capabilities {{(pid=88682) run_periodic_tasks /opt/stack/data/venv/lib/python3.12/site-packages/oslo_service/periodic_task.py:254}}
Aug 03 17:35:35 devstack cinder-volume[88682]: DEBUG oslo_concurrency.lockutils [None req-91cf0cdc-eb36-4636-9c53-7ce043cc693b None None] Acquiring lock "quobyte_ensure" by "cinder.volume.drivers.quobyte.QuobyteDriver._ensure_shares_mounted" {{(pid=88682) inner /opt/stack/data/venv/lib/python3.12/site-packages/oslo_concurrency/lockutils.py:512}}
Aug 03 17:35:35 devstack cinder-volume[88682]: DEBUG oslo_concurrency.lockutils [None req-91cf0cdc-eb36-4636-9c53-7ce043cc693b None None] Lock "quobyte_ensure" acquired by "cinder.volume.drivers.quobyte.QuobyteDriver._ensure_shares_mounted" :: waited 0.001s {{(pid=88682) inner /opt/stack/data/venv/lib/python3.12/site-packages/oslo_concurrency/lockutils.py:525}}
Aug 03 17:35:35 devstack cinder-volume[88682]: DEBUG cinder.volume.drivers.quobyte [None req-91cf0cdc-eb36-4636-9c53-7ce043cc693b None None] Quobyte Volume URL set to: {'osci02.corp.quobyte.com/cinder-vol-4a980e19-3ada-4ddb-8e63-23a59ae852b7': None} {{(pid=88682) _load_shares_config /opt/stack/cinder/cinder/volume/drivers/quobyte.py:665}}
Aug 03 17:35:35 devstack cinder-volume[88682]: DEBUG cinder.volume.drivers.quobyte [None req-91cf0cdc-eb36-4636-9c53-7ce043cc693b None None] Available shares ['osci02.corp.quobyte.com/cinder-vol-4a980e19-3ada-4ddb-8e63-23a59ae852b7'] {{(pid=88682) _ensure_shares_mounted /opt/stack/cinder/cinder/volume/drivers/quobyte.py:695}}
Aug 03 17:35:35 devstack cinder-volume[88682]: DEBUG oslo_concurrency.lockutils [None req-91cf0cdc-eb36-4636-9c53-7ce043cc693b None None] Lock "quobyte_ensure" "released" by "cinder.volume.drivers.quobyte.QuobyteDriver._ensure_shares_mounted" :: held 0.011s {{(pid=88682) inner /opt/stack/data/venv/lib/python3.12/site-packages/oslo_concurrency/lockutils.py:544}}
Aug 03 17:35:35 devstack cinder-volume[88682]: DEBUG oslo_concurrency.processutils [None req-91cf0cdc-eb36-4636-9c53-7ce043cc693b None None] Running cmd (subprocess): sudo cinder-rootwrap /etc/cinder/rootwrap.conf df --portability --block-size 1 /opt/stack/data/cinder/mnt/2fe165d9a81ccb805f7417e273dfdfc9 {{(pid=88682) execute /opt/stack/data/venv/lib/python3.12/site-packages/oslo_concurrency/processutils.py:440}}
Aug 03 17:35:35 devstack sudo[91391]: quobyte : PWD=/ ; USER=root ; COMMAND=/opt/stack/data/venv/bin/cinder-rootwrap /etc/cinder/rootwrap.conf df --portability --block-size 1 /opt/stack/data/cinder/mnt/2fe165d9a81ccb805f7417e273dfdfc9
Aug 03 17:35:35 devstack sudo[91391]: pam_unix(sudo:session): session opened for user root(uid=0) by (uid=1000)
Aug 03 17:35:36 devstack sudo[91391]: pam_unix(sudo:session): session closed for user root
Aug 03 17:35:36 devstack cinder-volume[88682]: DEBUG oslo_concurrency.processutils [None req-91cf0cdc-eb36-4636-9c53-7ce043cc693b None None] CMD "sudo cinder-rootwrap /etc/cinder/rootwrap.conf df --portability --block-size 1 /opt/stack/data/cinder/mnt/2fe165d9a81ccb805f7417e273dfdfc9" returned: 0 in 0.342s {{(pid=88682) execute /opt/stack/data/venv/lib/python3.12/site-packages/oslo_concurrency/processutils.py:468}}
Aug 03 17:35:36 devstack cinder-volume[88682]: DEBUG cinder.manager [None req-91cf0cdc-eb36-4636-9c53-7ce043cc693b None None] Notifying Schedulers of capabilities ... {{(pid=88682) _publish_service_capabilities /opt/stack/cinder/cinder/manager.py:219}}
Aug 03 17:35:36 devstack cinder-volume[88682]: DEBUG oslo_service.periodic_task [None req-91cf0cdc-eb36-4636-9c53-7ce043cc693b None None] Running periodic task VolumeManager._thread_info {{(pid=88682) run_periodic_tasks /opt/stack/data/venv/lib/python3.12/site-packages/oslo_service/periodic_task.py:254}}
Aug 03 17:35:36 devstack cinder-volume[88682]: DEBUG cinder.volume.manager [None req-91cf0cdc-eb36-4636-9c53-7ce043cc693b None None] thread count: 8 {{(pid=88682) _thread_info /opt/stack/cinder/cinder/volume/manager.py:5472}}
Aug 03 17:35:36 devstack cinder-volume[88682]: DEBUG cinder.volume.manager [None req-91cf0cdc-eb36-4636-9c53-7ce043cc693b None None] thread info: [<_MainThread(MainThread, started 131143165706368)>, , , , , , , ] {{(pid=88682) _thread_info /opt/stack/cinder/cinder/volume/manager.py:5473}}
Aug 03 17:35:36 devstack cinder-volume[88682]: INFO cinder.volume.manager [None req-4aee0b1e-c698-45b6-8203-638e5bbb6809 tempest-GroupSnapshotsTest-2081277977 None] Update group completed successfully.
Aug 03 17:35:37 devstack cinder-volume[88682]: INFO cinder.volume.manager [None req-a7675b24-406b-4f1b-8a55-eaf19788739f tempest-GroupSnapshotsTest-2081277977 None] Update group completed successfully.
Aug 03 17:35:39 devstack cinder-volume[88682]: INFO cinder.volume.manager [None req-ade74d6f-7e33-4851-9e94-709c668ff39a tempest-GroupSnapshotsTest-2081277977 None] GroupSnapshot 59f94ec8-13ff-4ceb-aef5-0633f90f128d: creating.
Aug 03 17:35:39 devstack cinder-volume[88682]: DEBUG cinder.volume.manager [None req-ade74d6f-7e33-4851-9e94-709c668ff39a tempest-GroupSnapshotsTest-2081277977 None] Group snapshot 59f94ec8-13ff-4ceb-aef5-0633f90f128d: creating. {{(pid=88682) create_group_snapshot /opt/stack/cinder/cinder/volume/manager.py:4175}}
Aug 03 17:35:39 devstack cinder-volume[88682]: DEBUG oslo_concurrency.lockutils [None req-ade74d6f-7e33-4851-9e94-709c668ff39a tempest-GroupSnapshotsTest-2081277977 None] Acquiring lock "quobyte" by "cinder.volume.drivers.quobyte.QuobyteDriver.create_snapshot" {{(pid=88682) inner /opt/stack/data/venv/lib/python3.12/site-packages/oslo_concurrency/lockutils.py:512}}
Aug 03 17:35:39 devstack cinder-volume[88682]: DEBUG oslo_concurrency.lockutils [None req-ade74d6f-7e33-4851-9e94-709c668ff39a tempest-GroupSnapshotsTest-2081277977 None] Lock "quobyte" acquired by "cinder.volume.drivers.quobyte.QuobyteDriver.create_snapshot" :: waited 0.001s {{(pid=88682) inner /opt/stack/data/venv/lib/python3.12/site-packages/oslo_concurrency/lockutils.py:525}}
Aug 03 17:35:39 devstack cinder-volume[88682]: DEBUG cinder.volume.drivers.remotefs [None req-ade74d6f-7e33-4851-9e94-709c668ff39a tempest-GroupSnapshotsTest-2081277977 None] Creating offline snapshot 09f05656-7bfa-4621-b7c5-342b9e2c5fd2 of volume 8f250fd0-0a43-4c01-bc94-b623b791d2b6 {{(pid=88682) _create_snapshot /opt/stack/cinder/cinder/volume/drivers/remotefs.py:1816}}
Aug 03 17:35:39 devstack cinder-volume[88682]: DEBUG oslo.privsep.daemon [-] privsep: reply[0c0c6cdf-c601-4898-8deb-1c864ccde1a1]: (4, 'qcow2') {{(pid=90506) _call_back /opt/stack/data/venv/lib/python3.12/site-packages/oslo_privsep/daemon.py:580}}
Aug 03 17:35:39 devstack cinder-volume[88682]: DEBUG oslo_concurrency.processutils [None req-ade74d6f-7e33-4851-9e94-709c668ff39a tempest-GroupSnapshotsTest-2081277977 None] Running cmd (subprocess): /opt/stack/data/venv/bin/python3.12 -m oslo_concurrency.prlimit --as=1073741824 --cpu=60 -- sudo cinder-rootwrap /etc/cinder/rootwrap.conf env LC_ALL=C qemu-img info -f qcow2 --output=json --force-share /opt/stack/data/cinder/mnt/2fe165d9a81ccb805f7417e273dfdfc9/volume-8f250fd0-0a43-4c01-bc94-b623b791d2b6 {{(pid=88682) execute /opt/stack/data/venv/lib/python3.12/site-packages/oslo_concurrency/processutils.py:440}}
Aug 03 17:35:39 devstack sudo[91405]: quobyte : PWD=/ ; USER=root ; COMMAND=/opt/stack/data/venv/bin/cinder-rootwrap /etc/cinder/rootwrap.conf env LC_ALL=C qemu-img info -f qcow2 --output=json --force-share /opt/stack/data/cinder/mnt/2fe165d9a81ccb805f7417e273dfdfc9/volume-8f250fd0-0a43-4c01-bc94-b623b791d2b6
Aug 03 17:35:39 devstack sudo[91405]: pam_unix(sudo:session): session opened for user root(uid=0) by (uid=1000)
Aug 03 17:35:39 devstack sudo[91405]: pam_unix(sudo:session): session closed for user root
Aug 03 17:35:39 devstack cinder-volume[88682]: DEBUG oslo_concurrency.processutils [None req-ade74d6f-7e33-4851-9e94-709c668ff39a tempest-GroupSnapshotsTest-2081277977 None] CMD "/opt/stack/data/venv/bin/python3.12 -m oslo_concurrency.prlimit --as=1073741824 --cpu=60 -- sudo cinder-rootwrap /etc/cinder/rootwrap.conf env LC_ALL=C qemu-img info -f qcow2 --output=json --force-share /opt/stack/data/cinder/mnt/2fe165d9a81ccb805f7417e273dfdfc9/volume-8f250fd0-0a43-4c01-bc94-b623b791d2b6" returned: 0 in 0.648s {{(pid=88682) execute /opt/stack/data/venv/lib/python3.12/site-packages/oslo_concurrency/processutils.py:468}}
Aug 03 17:35:39 devstack cinder-volume[88682]: DEBUG oslo_concurrency.processutils [None req-ade74d6f-7e33-4851-9e94-709c668ff39a tempest-GroupSnapshotsTest-2081277977 None] Running cmd (subprocess): sudo cinder-rootwrap /etc/cinder/rootwrap.conf qemu-img create -f qcow2 -o backing_file=/opt/stack/data/cinder/mnt/2fe165d9a81ccb805f7417e273dfdfc9/volume-8f250fd0-0a43-4c01-bc94-b623b791d2b6,backing_fmt=qcow2 /opt/stack/data/cinder/mnt/2fe165d9a81ccb805f7417e273dfdfc9/volume-8f250fd0-0a43-4c01-bc94-b623b791d2b6.09f05656-7bfa-4621-b7c5-342b9e2c5fd2 1G {{(pid=88682) execute /opt/stack/data/venv/lib/python3.12/site-packages/oslo_concurrency/processutils.py:440}}
Aug 03 17:35:40 devstack sudo[91414]: quobyte : PWD=/ ; USER=root ; COMMAND=/opt/stack/data/venv/bin/cinder-rootwrap /etc/cinder/rootwrap.conf qemu-img create -f qcow2 -o backing_file=/opt/stack/data/cinder/mnt/2fe165d9a81ccb805f7417e273dfdfc9/volume-8f250fd0-0a43-4c01-bc94-b623b791d2b6,backing_fmt=qcow2 /opt/stack/data/cinder/mnt/2fe165d9a81ccb805f7417e273dfdfc9/volume-8f250fd0-0a43-4c01-bc94-b623b791d2b6.09f05656-7bfa-4621-b7c5-342b9e2c5fd2 1G
Aug 03 17:35:40 devstack sudo[91414]: pam_unix(sudo:session): session opened for user root(uid=0) by (uid=1000)
Aug 03 17:35:40 devstack sudo[91414]: pam_unix(sudo:session): session closed for user root
Aug 03 17:35:40 devstack cinder-volume[88682]: DEBUG oslo_concurrency.processutils [None req-ade74d6f-7e33-4851-9e94-709c668ff39a tempest-GroupSnapshotsTest-2081277977 None] CMD "sudo cinder-rootwrap /etc/cinder/rootwrap.conf qemu-img create -f qcow2 -o backing_file=/opt/stack/data/cinder/mnt/2fe165d9a81ccb805f7417e273dfdfc9/volume-8f250fd0-0a43-4c01-bc94-b623b791d2b6,backing_fmt=qcow2 /opt/stack/data/cinder/mnt/2fe165d9a81ccb805f7417e273dfdfc9/volume-8f250fd0-0a43-4c01-bc94-b623b791d2b6.09f05656-7bfa-4621-b7c5-342b9e2c5fd2 1G" returned: 0 in 0.702s {{(pid=88682) execute /opt/stack/data/venv/lib/python3.12/site-packages/oslo_concurrency/processutils.py:468}}
Aug 03 17:35:40 devstack cinder-volume[88682]: DEBUG oslo_concurrency.processutils [None req-ade74d6f-7e33-4851-9e94-709c668ff39a tempest-GroupSnapshotsTest-2081277977 None] Running cmd (subprocess): sudo cinder-rootwrap /etc/cinder/rootwrap.conf qemu-img rebase -u -b volume-8f250fd0-0a43-4c01-bc94-b623b791d2b6 -F qcow2 /opt/stack/data/cinder/mnt/2fe165d9a81ccb805f7417e273dfdfc9/volume-8f250fd0-0a43-4c01-bc94-b623b791d2b6.09f05656-7bfa-4621-b7c5-342b9e2c5fd2 {{(pid=88682) execute /opt/stack/data/venv/lib/python3.12/site-packages/oslo_concurrency/processutils.py:440}}
Aug 03 17:35:40 devstack sudo[91428]: quobyte : PWD=/ ; USER=root ; COMMAND=/opt/stack/data/venv/bin/cinder-rootwrap /etc/cinder/rootwrap.conf qemu-img rebase -u -b volume-8f250fd0-0a43-4c01-bc94-b623b791d2b6 -F qcow2 /opt/stack/data/cinder/mnt/2fe165d9a81ccb805f7417e273dfdfc9/volume-8f250fd0-0a43-4c01-bc94-b623b791d2b6.09f05656-7bfa-4621-b7c5-342b9e2c5fd2
Aug 03 17:35:40 devstack sudo[91428]: pam_unix(sudo:session): session opened for user root(uid=0) by (uid=1000)
Aug 03 17:35:41 devstack sudo[91428]: pam_unix(sudo:session): session closed for user root
Aug 03 17:35:41 devstack cinder-volume[88682]: DEBUG oslo_concurrency.processutils [None req-ade74d6f-7e33-4851-9e94-709c668ff39a tempest-GroupSnapshotsTest-2081277977 None] CMD "sudo cinder-rootwrap /etc/cinder/rootwrap.conf qemu-img rebase -u -b volume-8f250fd0-0a43-4c01-bc94-b623b791d2b6 -F qcow2 /opt/stack/data/cinder/mnt/2fe165d9a81ccb805f7417e273dfdfc9/volume-8f250fd0-0a43-4c01-bc94-b623b791d2b6.09f05656-7bfa-4621-b7c5-342b9e2c5fd2" returned: 0 in 0.511s {{(pid=88682) execute /opt/stack/data/venv/lib/python3.12/site-packages/oslo_concurrency/processutils.py:468}}
Aug 03 17:35:41 devstack cinder-volume[88682]: WARNING cinder.volume.drivers.remotefs [None req-ade74d6f-7e33-4851-9e94-709c668ff39a tempest-GroupSnapshotsTest-2081277977 None] /opt/stack/data/cinder/mnt/2fe165d9a81ccb805f7417e273dfdfc9/volume-8f250fd0-0a43-4c01-bc94-b623b791d2b6.09f05656-7bfa-4621-b7c5-342b9e2c5fd2 is being set with open permissions: ugo+rw: NotImplementedError
Aug 03 17:35:41 devstack cinder-volume[88682]: DEBUG oslo_concurrency.processutils [None req-ade74d6f-7e33-4851-9e94-709c668ff39a tempest-GroupSnapshotsTest-2081277977 None] Running cmd (subprocess): sudo cinder-rootwrap /etc/cinder/rootwrap.conf chmod ugo+rw /opt/stack/data/cinder/mnt/2fe165d9a81ccb805f7417e273dfdfc9/volume-8f250fd0-0a43-4c01-bc94-b623b791d2b6.09f05656-7bfa-4621-b7c5-342b9e2c5fd2 {{(pid=88682) execute /opt/stack/data/venv/lib/python3.12/site-packages/oslo_concurrency/processutils.py:440}}
Aug 03 17:35:41 devstack sudo[91447]: quobyte : PWD=/ ; USER=root ; COMMAND=/opt/stack/data/venv/bin/cinder-rootwrap /etc/cinder/rootwrap.conf chmod ugo+rw /opt/stack/data/cinder/mnt/2fe165d9a81ccb805f7417e273dfdfc9/volume-8f250fd0-0a43-4c01-bc94-b623b791d2b6.09f05656-7bfa-4621-b7c5-342b9e2c5fd2
Aug 03 17:35:41 devstack sudo[91447]: pam_unix(sudo:session): session opened for user root(uid=0) by (uid=1000)
Aug 03 17:35:41 devstack sudo[91447]: pam_unix(sudo:session): session closed for user root
Aug 03 17:35:41 devstack cinder-volume[88682]: DEBUG oslo_concurrency.processutils [None req-ade74d6f-7e33-4851-9e94-709c668ff39a tempest-GroupSnapshotsTest-2081277977 None] CMD "sudo cinder-rootwrap /etc/cinder/rootwrap.conf chmod ugo+rw /opt/stack/data/cinder/mnt/2fe165d9a81ccb805f7417e273dfdfc9/volume-8f250fd0-0a43-4c01-bc94-b623b791d2b6.09f05656-7bfa-4621-b7c5-342b9e2c5fd2" returned: 0 in 0.359s {{(pid=88682) execute /opt/stack/data/venv/lib/python3.12/site-packages/oslo_concurrency/processutils.py:468}}
Aug 03 17:35:41 devstack cinder-volume[88682]: DEBUG oslo_concurrency.processutils [None req-ade74d6f-7e33-4851-9e94-709c668ff39a tempest-GroupSnapshotsTest-2081277977 None] Running cmd (subprocess): sudo cinder-rootwrap /etc/cinder/rootwrap.conf truncate -s0 /opt/stack/data/cinder/mnt/2fe165d9a81ccb805f7417e273dfdfc9/volume-8f250fd0-0a43-4c01-bc94-b623b791d2b6.info {{(pid=88682) execute /opt/stack/data/venv/lib/python3.12/site-packages/oslo_concurrency/processutils.py:440}}
Aug 03 17:35:41 devstack sudo[91455]: quobyte : PWD=/ ; USER=root ; COMMAND=/opt/stack/data/venv/bin/cinder-rootwrap /etc/cinder/rootwrap.conf truncate -s0 /opt/stack/data/cinder/mnt/2fe165d9a81ccb805f7417e273dfdfc9/volume-8f250fd0-0a43-4c01-bc94-b623b791d2b6.info
Aug 03 17:35:41 devstack sudo[91455]: pam_unix(sudo:session): session opened for user root(uid=0) by (uid=1000)
Aug 03 17:35:41 devstack sudo[91455]: pam_unix(sudo:session): session closed for user root
Aug 03 17:35:41 devstack cinder-volume[88682]: DEBUG oslo_concurrency.processutils [None req-ade74d6f-7e33-4851-9e94-709c668ff39a tempest-GroupSnapshotsTest-2081277977 None] CMD "sudo cinder-rootwrap /etc/cinder/rootwrap.conf truncate -s0 /opt/stack/data/cinder/mnt/2fe165d9a81ccb805f7417e273dfdfc9/volume-8f250fd0-0a43-4c01-bc94-b623b791d2b6.info" returned: 0 in 0.338s {{(pid=88682) execute /opt/stack/data/venv/lib/python3.12/site-packages/oslo_concurrency/processutils.py:468}}
Aug 03 17:35:41 devstack cinder-volume[88682]: WARNING cinder.volume.drivers.remotefs [None req-ade74d6f-7e33-4851-9e94-709c668ff39a tempest-GroupSnapshotsTest-2081277977 None] /opt/stack/data/cinder/mnt/2fe165d9a81ccb805f7417e273dfdfc9/volume-8f250fd0-0a43-4c01-bc94-b623b791d2b6.info is being set with open permissions: ugo+rw: NotImplementedError
Aug 03 17:35:41 devstack cinder-volume[88682]: DEBUG oslo_concurrency.processutils [None req-ade74d6f-7e33-4851-9e94-709c668ff39a tempest-GroupSnapshotsTest-2081277977 None] Running cmd (subprocess): sudo cinder-rootwrap /etc/cinder/rootwrap.conf chmod ugo+rw /opt/stack/data/cinder/mnt/2fe165d9a81ccb805f7417e273dfdfc9/volume-8f250fd0-0a43-4c01-bc94-b623b791d2b6.info {{(pid=88682) execute /opt/stack/data/venv/lib/python3.12/site-packages/oslo_concurrency/processutils.py:440}}
Aug 03 17:35:41 devstack sudo[91467]: quobyte : PWD=/ ; USER=root ; COMMAND=/opt/stack/data/venv/bin/cinder-rootwrap /etc/cinder/rootwrap.conf chmod ugo+rw /opt/stack/data/cinder/mnt/2fe165d9a81ccb805f7417e273dfdfc9/volume-8f250fd0-0a43-4c01-bc94-b623b791d2b6.info
Aug 03 17:35:41 devstack sudo[91467]: pam_unix(sudo:session): session opened for user root(uid=0) by (uid=1000)
Aug 03 17:35:42 devstack sudo[91467]: pam_unix(sudo:session): session closed for user root
Aug 03 17:35:42 devstack cinder-volume[88682]: DEBUG oslo_concurrency.processutils [None req-ade74d6f-7e33-4851-9e94-709c668ff39a tempest-GroupSnapshotsTest-2081277977 None] CMD "sudo cinder-rootwrap /etc/cinder/rootwrap.conf chmod ugo+rw /opt/stack/data/cinder/mnt/2fe165d9a81ccb805f7417e273dfdfc9/volume-8f250fd0-0a43-4c01-bc94-b623b791d2b6.info" returned: 0 in 0.266s {{(pid=88682) execute /opt/stack/data/venv/lib/python3.12/site-packages/oslo_concurrency/processutils.py:468}}
Aug 03 17:35:42 devstack cinder-volume[88682]: DEBUG oslo_concurrency.lockutils [None req-ade74d6f-7e33-4851-9e94-709c668ff39a tempest-GroupSnapshotsTest-2081277977 None] Lock "quobyte" "released" by "cinder.volume.drivers.quobyte.QuobyteDriver.create_snapshot" :: held 2.940s {{(pid=88682) inner /opt/stack/data/venv/lib/python3.12/site-packages/oslo_concurrency/lockutils.py:544}}
Aug 03 17:35:42 devstack cinder-volume[88682]: DEBUG oslo_concurrency.lockutils [None req-ade74d6f-7e33-4851-9e94-709c668ff39a tempest-GroupSnapshotsTest-2081277977 None] Acquiring lock "quobyte" by "cinder.volume.drivers.quobyte.QuobyteDriver.create_snapshot" {{(pid=88682) inner /opt/stack/data/venv/lib/python3.12/site-packages/oslo_concurrency/lockutils.py:512}}
Aug 03 17:35:42 devstack cinder-volume[88682]: DEBUG oslo_concurrency.lockutils [None req-ade74d6f-7e33-4851-9e94-709c668ff39a tempest-GroupSnapshotsTest-2081277977 None] Lock "quobyte" acquired by "cinder.volume.drivers.quobyte.QuobyteDriver.create_snapshot" :: waited 0.000s {{(pid=88682) inner /opt/stack/data/venv/lib/python3.12/site-packages/oslo_concurrency/lockutils.py:525}}
Aug 03 17:35:42 devstack cinder-volume[88682]: DEBUG cinder.volume.drivers.remotefs [None req-ade74d6f-7e33-4851-9e94-709c668ff39a tempest-GroupSnapshotsTest-2081277977 None] Creating offline snapshot 37ca18b9-efb1-4920-9f5c-a157dfcbf953 of volume 6c26ddef-66a2-46bc-8389-a6f195900986 {{(pid=88682) _create_snapshot /opt/stack/cinder/cinder/volume/drivers/remotefs.py:1816}}
Aug 03 17:35:42 devstack cinder-volume[88682]: DEBUG oslo.privsep.daemon [-] privsep: reply[b1718831-e4f3-4bd5-aa1e-9199224809fa]: (4, 'qcow2') {{(pid=90506) _call_back /opt/stack/data/venv/lib/python3.12/site-packages/oslo_privsep/daemon.py:580}}
Aug 03 17:35:42 devstack cinder-volume[88682]: DEBUG oslo_concurrency.processutils [None req-ade74d6f-7e33-4851-9e94-709c668ff39a tempest-GroupSnapshotsTest-2081277977 None] Running cmd (subprocess): /opt/stack/data/venv/bin/python3.12 -m oslo_concurrency.prlimit --as=1073741824 --cpu=60 -- sudo cinder-rootwrap /etc/cinder/rootwrap.conf env LC_ALL=C qemu-img info -f qcow2 --output=json --force-share /opt/stack/data/cinder/mnt/2fe165d9a81ccb805f7417e273dfdfc9/volume-6c26ddef-66a2-46bc-8389-a6f195900986 {{(pid=88682) execute /opt/stack/data/venv/lib/python3.12/site-packages/oslo_concurrency/processutils.py:440}}
Aug 03 17:35:42 devstack sudo[91474]: quobyte : PWD=/ ; USER=root ; COMMAND=/opt/stack/data/venv/bin/cinder-rootwrap /etc/cinder/rootwrap.conf env LC_ALL=C qemu-img info -f qcow2 --output=json --force-share /opt/stack/data/cinder/mnt/2fe165d9a81ccb805f7417e273dfdfc9/volume-6c26ddef-66a2-46bc-8389-a6f195900986
Aug 03 17:35:42 devstack sudo[91474]: pam_unix(sudo:session): session opened for user root(uid=0) by (uid=1000)
Aug 03 17:35:42 devstack sudo[91474]: pam_unix(sudo:session): session closed for user root
Aug 03 17:35:42 devstack cinder-volume[88682]: DEBUG oslo_concurrency.processutils [None req-ade74d6f-7e33-4851-9e94-709c668ff39a tempest-GroupSnapshotsTest-2081277977 None] CMD "/opt/stack/data/venv/bin/python3.12 -m oslo_concurrency.prlimit --as=1073741824 --cpu=60 -- sudo cinder-rootwrap /etc/cinder/rootwrap.conf env LC_ALL=C qemu-img info -f qcow2 --output=json --force-share /opt/stack/data/cinder/mnt/2fe165d9a81ccb805f7417e273dfdfc9/volume-6c26ddef-66a2-46bc-8389-a6f195900986" returned: 0 in 0.413s {{(pid=88682) execute /opt/stack/data/venv/lib/python3.12/site-packages/oslo_concurrency/processutils.py:468}}
Aug 03 17:35:42 devstack cinder-volume[88682]: DEBUG oslo_concurrency.processutils [None req-ade74d6f-7e33-4851-9e94-709c668ff39a tempest-GroupSnapshotsTest-2081277977 None] Running cmd (subprocess): sudo cinder-rootwrap /etc/cinder/rootwrap.conf qemu-img create -f qcow2 -o backing_file=/opt/stack/data/cinder/mnt/2fe165d9a81ccb805f7417e273dfdfc9/volume-6c26ddef-66a2-46bc-8389-a6f195900986,backing_fmt=qcow2 /opt/stack/data/cinder/mnt/2fe165d9a81ccb805f7417e273dfdfc9/volume-6c26ddef-66a2-46bc-8389-a6f195900986.37ca18b9-efb1-4920-9f5c-a157dfcbf953 1G {{(pid=88682) execute /opt/stack/data/venv/lib/python3.12/site-packages/oslo_concurrency/processutils.py:440}}
Aug 03 17:35:42 devstack sudo[91482]: quobyte : PWD=/ ; USER=root ; COMMAND=/opt/stack/data/venv/bin/cinder-rootwrap /etc/cinder/rootwrap.conf qemu-img create -f qcow2 -o backing_file=/opt/stack/data/cinder/mnt/2fe165d9a81ccb805f7417e273dfdfc9/volume-6c26ddef-66a2-46bc-8389-a6f195900986,backing_fmt=qcow2 /opt/stack/data/cinder/mnt/2fe165d9a81ccb805f7417e273dfdfc9/volume-6c26ddef-66a2-46bc-8389-a6f195900986.37ca18b9-efb1-4920-9f5c-a157dfcbf953 1G
Aug 03 17:35:42 devstack sudo[91482]: pam_unix(sudo:session): session opened for user root(uid=0) by (uid=1000)
Aug 03 17:35:43 devstack sudo[91482]: pam_unix(sudo:session): session closed for user root
Aug 03 17:35:43 devstack cinder-volume[88682]: DEBUG oslo_concurrency.processutils [None req-ade74d6f-7e33-4851-9e94-709c668ff39a tempest-GroupSnapshotsTest-2081277977 None] CMD "sudo cinder-rootwrap /etc/cinder/rootwrap.conf qemu-img create -f qcow2 -o backing_file=/opt/stack/data/cinder/mnt/2fe165d9a81ccb805f7417e273dfdfc9/volume-6c26ddef-66a2-46bc-8389-a6f195900986,backing_fmt=qcow2 /opt/stack/data/cinder/mnt/2fe165d9a81ccb805f7417e273dfdfc9/volume-6c26ddef-66a2-46bc-8389-a6f195900986.37ca18b9-efb1-4920-9f5c-a157dfcbf953 1G" returned: 0 in 0.650s {{(pid=88682) execute /opt/stack/data/venv/lib/python3.12/site-packages/oslo_concurrency/processutils.py:468}}
Aug 03 17:35:43 devstack cinder-volume[88682]: DEBUG oslo_concurrency.processutils [None req-ade74d6f-7e33-4851-9e94-709c668ff39a tempest-GroupSnapshotsTest-2081277977 None] Running cmd (subprocess): sudo cinder-rootwrap /etc/cinder/rootwrap.conf qemu-img rebase -u -b volume-6c26ddef-66a2-46bc-8389-a6f195900986 -F qcow2 /opt/stack/data/cinder/mnt/2fe165d9a81ccb805f7417e273dfdfc9/volume-6c26ddef-66a2-46bc-8389-a6f195900986.37ca18b9-efb1-4920-9f5c-a157dfcbf953 {{(pid=88682) execute /opt/stack/data/venv/lib/python3.12/site-packages/oslo_concurrency/processutils.py:440}}
Aug 03 17:35:43 devstack sudo[91489]: quobyte : PWD=/ ; USER=root ; COMMAND=/opt/stack/data/venv/bin/cinder-rootwrap /etc/cinder/rootwrap.conf qemu-img rebase -u -b volume-6c26ddef-66a2-46bc-8389-a6f195900986 -F qcow2 /opt/stack/data/cinder/mnt/2fe165d9a81ccb805f7417e273dfdfc9/volume-6c26ddef-66a2-46bc-8389-a6f195900986.37ca18b9-efb1-4920-9f5c-a157dfcbf953
Aug 03 17:35:43 devstack sudo[91489]: pam_unix(sudo:session): session opened for user root(uid=0) by (uid=1000)
Aug 03 17:35:43 devstack cinder-volume[88682]: DEBUG cinder.coordination [None req-eb9b3815-3cd9-4625-a1ff-84ba6139a370 tempest-TaggedAttachmentsTest-1373320154 None] Acquiring lock "cinder-f9cd065d-e1c1-4f1b-94b2-aa892edba1a9-delete_volume" by "delete_volume" {{(pid=88682) __acquire /opt/stack/cinder/cinder/coordination.py:138}}
Aug 03 17:35:43 devstack cinder-volume[88682]: DEBUG cinder.coordination [None req-eb9b3815-3cd9-4625-a1ff-84ba6139a370 tempest-TaggedAttachmentsTest-1373320154 None] Lock "cinder-f9cd065d-e1c1-4f1b-94b2-aa892edba1a9-delete_volume" acquired by "delete_volume" :: waited 0.026s {{(pid=88682) __acquire /opt/stack/cinder/cinder/coordination.py:141}}
Aug 03 17:35:43 devstack sudo[91489]: pam_unix(sudo:session): session closed for user root
Aug 03 17:35:43 devstack cinder-volume[88682]: DEBUG oslo_concurrency.processutils [None req-ade74d6f-7e33-4851-9e94-709c668ff39a tempest-GroupSnapshotsTest-2081277977 None] CMD "sudo cinder-rootwrap /etc/cinder/rootwrap.conf qemu-img rebase -u -b volume-6c26ddef-66a2-46bc-8389-a6f195900986 -F qcow2 /opt/stack/data/cinder/mnt/2fe165d9a81ccb805f7417e273dfdfc9/volume-6c26ddef-66a2-46bc-8389-a6f195900986.37ca18b9-efb1-4920-9f5c-a157dfcbf953" returned: 0 in 0.435s {{(pid=88682) execute /opt/stack/data/venv/lib/python3.12/site-packages/oslo_concurrency/processutils.py:468}}
Aug 03 17:35:43 devstack cinder-volume[88682]: WARNING cinder.volume.drivers.remotefs [None req-ade74d6f-7e33-4851-9e94-709c668ff39a tempest-GroupSnapshotsTest-2081277977 None] /opt/stack/data/cinder/mnt/2fe165d9a81ccb805f7417e273dfdfc9/volume-6c26ddef-66a2-46bc-8389-a6f195900986.37ca18b9-efb1-4920-9f5c-a157dfcbf953 is being set with open permissions: ugo+rw: NotImplementedError
Aug 03 17:35:43 devstack cinder-volume[88682]: DEBUG oslo_concurrency.processutils [None req-ade74d6f-7e33-4851-9e94-709c668ff39a tempest-GroupSnapshotsTest-2081277977 None] Running cmd (subprocess): sudo cinder-rootwrap /etc/cinder/rootwrap.conf chmod ugo+rw /opt/stack/data/cinder/mnt/2fe165d9a81ccb805f7417e273dfdfc9/volume-6c26ddef-66a2-46bc-8389-a6f195900986.37ca18b9-efb1-4920-9f5c-a157dfcbf953 {{(pid=88682) execute /opt/stack/data/venv/lib/python3.12/site-packages/oslo_concurrency/processutils.py:440}}
Aug 03 17:35:43 devstack cinder-volume[88682]: DEBUG cinder.coordination [None req-eb9b3815-3cd9-4625-a1ff-84ba6139a370 tempest-TaggedAttachmentsTest-1373320154 None] Acquiring lock "cinder-quobyte-f9cd065d-e1c1-4f1b-94b2-aa892edba1a9" by "delete_volume" {{(pid=88682) __acquire /opt/stack/cinder/cinder/coordination.py:138}}
Aug 03 17:35:43 devstack cinder-volume[88682]: DEBUG cinder.coordination [None req-eb9b3815-3cd9-4625-a1ff-84ba6139a370 tempest-TaggedAttachmentsTest-1373320154 None] Lock "cinder-quobyte-f9cd065d-e1c1-4f1b-94b2-aa892edba1a9" acquired by "delete_volume" :: waited 0.021s {{(pid=88682) __acquire /opt/stack/cinder/cinder/coordination.py:141}}
Aug 03 17:35:43 devstack sudo[91494]: quobyte : PWD=/ ; USER=root ; COMMAND=/opt/stack/data/venv/bin/cinder-rootwrap /etc/cinder/rootwrap.conf chmod ugo+rw /opt/stack/data/cinder/mnt/2fe165d9a81ccb805f7417e273dfdfc9/volume-6c26ddef-66a2-46bc-8389-a6f195900986.37ca18b9-efb1-4920-9f5c-a157dfcbf953
Aug 03 17:35:43 devstack sudo[91494]: pam_unix(sudo:session): session opened for user root(uid=0) by (uid=1000)
Aug 03 17:35:43 devstack cinder-volume[88682]: DEBUG oslo.privsep.daemon [-] privsep: reply[80cd177a-3879-4a97-9f88-e4a28dae979a]: (4, 'qcow2') {{(pid=90506) _call_back /opt/stack/data/venv/lib/python3.12/site-packages/oslo_privsep/daemon.py:580}}
Aug 03 17:35:43 devstack cinder-volume[88682]: DEBUG oslo_concurrency.processutils [None req-eb9b3815-3cd9-4625-a1ff-84ba6139a370 tempest-TaggedAttachmentsTest-1373320154 None] Running cmd (subprocess): /opt/stack/data/venv/bin/python3.12 -m oslo_concurrency.prlimit --as=1073741824 --cpu=60 -- sudo cinder-rootwrap /etc/cinder/rootwrap.conf env LC_ALL=C qemu-img info -f qcow2 --output=json --force-share /opt/stack/data/cinder/mnt/2fe165d9a81ccb805f7417e273dfdfc9/volume-f9cd065d-e1c1-4f1b-94b2-aa892edba1a9 {{(pid=88682) execute /opt/stack/data/venv/lib/python3.12/site-packages/oslo_concurrency/processutils.py:440}}
Aug 03 17:35:44 devstack sudo[91496]: quobyte : PWD=/ ; USER=root ; COMMAND=/opt/stack/data/venv/bin/cinder-rootwrap /etc/cinder/rootwrap.conf env LC_ALL=C qemu-img info -f qcow2 --output=json --force-share /opt/stack/data/cinder/mnt/2fe165d9a81ccb805f7417e273dfdfc9/volume-f9cd065d-e1c1-4f1b-94b2-aa892edba1a9
Aug 03 17:35:44 devstack sudo[91496]: pam_unix(sudo:session): session opened for user root(uid=0) by (uid=1000)
Aug 03 17:35:44 devstack sudo[91494]: pam_unix(sudo:session): session closed for user root
Aug 03 17:35:44 devstack cinder-volume[88682]: DEBUG oslo_concurrency.processutils [None req-ade74d6f-7e33-4851-9e94-709c668ff39a tempest-GroupSnapshotsTest-2081277977 None] CMD "sudo cinder-rootwrap /etc/cinder/rootwrap.conf chmod ugo+rw /opt/stack/data/cinder/mnt/2fe165d9a81ccb805f7417e273dfdfc9/volume-6c26ddef-66a2-46bc-8389-a6f195900986.37ca18b9-efb1-4920-9f5c-a157dfcbf953" returned: 0 in 0.504s {{(pid=88682) execute /opt/stack/data/venv/lib/python3.12/site-packages/oslo_concurrency/processutils.py:468}}
Aug 03 17:35:44 devstack cinder-volume[88682]: DEBUG oslo_concurrency.processutils [None req-ade74d6f-7e33-4851-9e94-709c668ff39a tempest-GroupSnapshotsTest-2081277977 None] Running cmd (subprocess): sudo cinder-rootwrap /etc/cinder/rootwrap.conf truncate -s0 /opt/stack/data/cinder/mnt/2fe165d9a81ccb805f7417e273dfdfc9/volume-6c26ddef-66a2-46bc-8389-a6f195900986.info {{(pid=88682) execute /opt/stack/data/venv/lib/python3.12/site-packages/oslo_concurrency/processutils.py:440}}
Aug 03 17:35:44 devstack sudo[91517]: quobyte : PWD=/ ; USER=root ; COMMAND=/opt/stack/data/venv/bin/cinder-rootwrap /etc/cinder/rootwrap.conf truncate -s0 /opt/stack/data/cinder/mnt/2fe165d9a81ccb805f7417e273dfdfc9/volume-6c26ddef-66a2-46bc-8389-a6f195900986.info
Aug 03 17:35:44 devstack sudo[91517]: pam_unix(sudo:session): session opened for user root(uid=0) by (uid=1000)
Aug 03 17:35:44 devstack sudo[91496]: pam_unix(sudo:session): session closed for user root
Aug 03 17:35:44 devstack cinder-volume[88682]: DEBUG oslo_concurrency.processutils [None req-eb9b3815-3cd9-4625-a1ff-84ba6139a370 tempest-TaggedAttachmentsTest-1373320154 None] CMD "/opt/stack/data/venv/bin/python3.12 -m oslo_concurrency.prlimit --as=1073741824 --cpu=60 -- sudo cinder-rootwrap /etc/cinder/rootwrap.conf env LC_ALL=C qemu-img info -f qcow2 --output=json --force-share /opt/stack/data/cinder/mnt/2fe165d9a81ccb805f7417e273dfdfc9/volume-f9cd065d-e1c1-4f1b-94b2-aa892edba1a9" returned: 0 in 0.674s {{(pid=88682) execute /opt/stack/data/venv/lib/python3.12/site-packages/oslo_concurrency/processutils.py:468}}
Aug 03 17:35:44 devstack cinder-volume[88682]: DEBUG oslo_concurrency.processutils [None req-eb9b3815-3cd9-4625-a1ff-84ba6139a370 tempest-TaggedAttachmentsTest-1373320154 None] Running cmd (subprocess): sudo cinder-rootwrap /etc/cinder/rootwrap.conf rm -f /opt/stack/data/cinder/mnt/2fe165d9a81ccb805f7417e273dfdfc9/volume-f9cd065d-e1c1-4f1b-94b2-aa892edba1a9 {{(pid=88682) execute /opt/stack/data/venv/lib/python3.12/site-packages/oslo_concurrency/processutils.py:440}}
Aug 03 17:35:44 devstack sudo[91535]: quobyte : PWD=/ ; USER=root ; COMMAND=/opt/stack/data/venv/bin/cinder-rootwrap /etc/cinder/rootwrap.conf rm -f /opt/stack/data/cinder/mnt/2fe165d9a81ccb805f7417e273dfdfc9/volume-f9cd065d-e1c1-4f1b-94b2-aa892edba1a9
Aug 03 17:35:44 devstack sudo[91535]: pam_unix(sudo:session): session opened for user root(uid=0) by (uid=1000)
Aug 03 17:35:44 devstack sudo[91517]: pam_unix(sudo:session): session closed for user root
Aug 03 17:35:44 devstack cinder-volume[88682]: DEBUG oslo_concurrency.processutils [None req-ade74d6f-7e33-4851-9e94-709c668ff39a tempest-GroupSnapshotsTest-2081277977 None] CMD "sudo cinder-rootwrap /etc/cinder/rootwrap.conf truncate -s0 /opt/stack/data/cinder/mnt/2fe165d9a81ccb805f7417e273dfdfc9/volume-6c26ddef-66a2-46bc-8389-a6f195900986.info" returned: 0 in 0.438s {{(pid=88682) execute /opt/stack/data/venv/lib/python3.12/site-packages/oslo_concurrency/processutils.py:468}}
Aug 03 17:35:44 devstack cinder-volume[88682]: WARNING cinder.volume.drivers.remotefs [None req-ade74d6f-7e33-4851-9e94-709c668ff39a tempest-GroupSnapshotsTest-2081277977 None] /opt/stack/data/cinder/mnt/2fe165d9a81ccb805f7417e273dfdfc9/volume-6c26ddef-66a2-46bc-8389-a6f195900986.info is being set with open permissions: ugo+rw: NotImplementedError
