Aug 03 17:28:34 devstack devstack@g-api.service[78491]: DEBUG glance.common.config [None req-63059088-7a55-40c0-b0bf-920696637b01 None None] barbican_service_user.collect_timing = False {{(pid=78491) log_opt_values /opt/stack/data/venv/lib/python3.12/site-packages/oslo_config/cfg.py:3545}}
Aug 03 17:28:34 devstack devstack@g-api.service[78491]: DEBUG glance.common.config [None req-63059088-7a55-40c0-b0bf-920696637b01 None None] barbican_service_user.insecure = False {{(pid=78491) log_opt_values /opt/stack/data/venv/lib/python3.12/site-packages/oslo_config/cfg.py:3545}}
Aug 03 17:28:34 devstack devstack@g-api.service[78491]: DEBUG glance.common.config [None req-63059088-7a55-40c0-b0bf-920696637b01 None None] barbican_service_user.keyfile = None {{(pid=78491) log_opt_values /opt/stack/data/venv/lib/python3.12/site-packages/oslo_config/cfg.py:3545}}
Aug 03 17:28:34 devstack devstack@g-api.service[78491]: DEBUG glance.common.config [None req-63059088-7a55-40c0-b0bf-920696637b01 None None] barbican_service_user.split_loggers = False {{(pid=78491) log_opt_values /opt/stack/data/venv/lib/python3.12/site-packages/oslo_config/cfg.py:3545}}
Aug 03 17:28:34 devstack devstack@g-api.service[78491]: DEBUG glance.common.config [None req-63059088-7a55-40c0-b0bf-920696637b01 None None] barbican_service_user.timeout = None {{(pid=78491) log_opt_values /opt/stack/data/venv/lib/python3.12/site-packages/oslo_config/cfg.py:3545}}
Aug 03 17:28:34 devstack devstack@g-api.service[78491]: DEBUG glance.common.config [None req-63059088-7a55-40c0-b0bf-920696637b01 None None] database.asyncio_connection = **** {{(pid=78491) log_opt_values /opt/stack/data/venv/lib/python3.12/site-packages/oslo_config/cfg.py:3545}}
Aug 03 17:28:34 devstack devstack@g-api.service[78491]: DEBUG glance.common.config [None req-63059088-7a55-40c0-b0bf-920696637b01 None None] database.asyncio_slave_connection = **** {{(pid=78491) log_opt_values /opt/stack/data/venv/lib/python3.12/site-packages/oslo_config/cfg.py:3545}}
Aug 03 17:28:34 devstack devstack@g-api.service[78491]: DEBUG glance.common.config [None req-63059088-7a55-40c0-b0bf-920696637b01 None None] database.backend = sqlalchemy {{(pid=78491) log_opt_values /opt/stack/data/venv/lib/python3.12/site-packages/oslo_config/cfg.py:3545}}
Aug 03 17:28:34 devstack devstack@g-api.service[78491]: DEBUG glance.common.config [None req-63059088-7a55-40c0-b0bf-920696637b01 None None] database.connection = **** {{(pid=78491) log_opt_values /opt/stack/data/venv/lib/python3.12/site-packages/oslo_config/cfg.py:3545}}
Aug 03 17:28:34 devstack devstack@g-api.service[78491]: DEBUG glance.common.config [None req-63059088-7a55-40c0-b0bf-920696637b01 None None] database.connection_debug = 0 {{(pid=78491) log_opt_values /opt/stack/data/venv/lib/python3.12/site-packages/oslo_config/cfg.py:3545}}
Aug 03 17:28:34 devstack devstack@g-api.service[78491]: DEBUG glance.common.config [None req-63059088-7a55-40c0-b0bf-920696637b01 None None] database.connection_parameters = {{(pid=78491) log_opt_values /opt/stack/data/venv/lib/python3.12/site-packages/oslo_config/cfg.py:3545}}
Aug 03 17:28:34 devstack devstack@g-api.service[78491]: DEBUG glance.common.config [None req-63059088-7a55-40c0-b0bf-920696637b01 None None] database.connection_recycle_time = 3600 {{(pid=78491) log_opt_values /opt/stack/data/venv/lib/python3.12/site-packages/oslo_config/cfg.py:3545}}
Aug 03 17:28:34 devstack devstack@g-api.service[78491]: DEBUG glance.common.config [None req-63059088-7a55-40c0-b0bf-920696637b01 None None] database.connection_trace = False {{(pid=78491) log_opt_values /opt/stack/data/venv/lib/python3.12/site-packages/oslo_config/cfg.py:3545}}
Aug 03 17:28:34 devstack devstack@g-api.service[78491]: DEBUG glance.common.config [None req-63059088-7a55-40c0-b0bf-920696637b01 None None] database.db_inc_retry_interval = True {{(pid=78491) log_opt_values /opt/stack/data/venv/lib/python3.12/site-packages/oslo_config/cfg.py:3545}}
Aug 03 17:28:34 devstack devstack@g-api.service[78491]: DEBUG glance.common.config [None req-63059088-7a55-40c0-b0bf-920696637b01 None None] database.db_max_retries = 20 {{(pid=78491) log_opt_values /opt/stack/data/venv/lib/python3.12/site-packages/oslo_config/cfg.py:3545}}
Aug 03 17:28:34 devstack devstack@g-api.service[78491]: DEBUG glance.common.config [None req-63059088-7a55-40c0-b0bf-920696637b01 None None] database.db_max_retry_interval = 10 {{(pid=78491) log_opt_values /opt/stack/data/venv/lib/python3.12/site-packages/oslo_config/cfg.py:3545}}
Aug 03 17:28:34 devstack devstack@g-api.service[78491]: DEBUG glance.common.config [None req-63059088-7a55-40c0-b0bf-920696637b01 None None] database.db_retry_interval = 1 {{(pid=78491) log_opt_values /opt/stack/data/venv/lib/python3.12/site-packages/oslo_config/cfg.py:3545}}
Aug 03 17:28:34 devstack devstack@g-api.service[78491]: DEBUG glance.common.config [None req-63059088-7a55-40c0-b0bf-920696637b01 None None] database.max_overflow = 50 {{(pid=78491) log_opt_values /opt/stack/data/venv/lib/python3.12/site-packages/oslo_config/cfg.py:3545}}
Aug 03 17:28:34 devstack devstack@g-api.service[78491]: DEBUG glance.common.config [None req-63059088-7a55-40c0-b0bf-920696637b01 None None] database.max_pool_size = 5 {{(pid=78491) log_opt_values /opt/stack/data/venv/lib/python3.12/site-packages/oslo_config/cfg.py:3545}}
Aug 03 17:28:34 devstack devstack@g-api.service[78491]: DEBUG glance.common.config [None req-63059088-7a55-40c0-b0bf-920696637b01 None None] database.max_retries = 10 {{(pid=78491) log_opt_values /opt/stack/data/venv/lib/python3.12/site-packages/oslo_config/cfg.py:3545}}
Aug 03 17:28:34 devstack devstack@g-api.service[78491]: DEBUG glance.common.config [None req-63059088-7a55-40c0-b0bf-920696637b01 None None] database.mysql_sql_mode = TRADITIONAL {{(pid=78491) log_opt_values /opt/stack/data/venv/lib/python3.12/site-packages/oslo_config/cfg.py:3545}}
Aug 03 17:28:34 devstack devstack@g-api.service[78491]: DEBUG glance.common.config [None req-63059088-7a55-40c0-b0bf-920696637b01 None None] database.mysql_wsrep_sync_wait = None {{(pid=78491) log_opt_values /opt/stack/data/venv/lib/python3.12/site-packages/oslo_config/cfg.py:3545}}
Aug 03 17:28:34 devstack devstack@g-api.service[78491]: DEBUG glance.common.config [None req-63059088-7a55-40c0-b0bf-920696637b01 None None] database.pool_timeout = None {{(pid=78491) log_opt_values /opt/stack/data/venv/lib/python3.12/site-packages/oslo_config/cfg.py:3545}}
Aug 03 17:28:34 devstack devstack@g-api.service[78491]: DEBUG glance.common.config [None req-63059088-7a55-40c0-b0bf-920696637b01 None None] database.retry_interval = 10 {{(pid=78491) log_opt_values /opt/stack/data/venv/lib/python3.12/site-packages/oslo_config/cfg.py:3545}}
Aug 03 17:28:34 devstack devstack@g-api.service[78491]: DEBUG glance.common.config [None req-63059088-7a55-40c0-b0bf-920696637b01 None None] database.slave_connection = **** {{(pid=78491) log_opt_values /opt/stack/data/venv/lib/python3.12/site-packages/oslo_config/cfg.py:3545}}
Aug 03 17:28:34 devstack devstack@g-api.service[78491]: DEBUG glance.common.config [None req-63059088-7a55-40c0-b0bf-920696637b01 None None] database.sqlite_synchronous = True {{(pid=78491) log_opt_values /opt/stack/data/venv/lib/python3.12/site-packages/oslo_config/cfg.py:3545}}
Aug 03 17:28:34 devstack devstack@g-api.service[78491]: DEBUG glance.common.config [None req-63059088-7a55-40c0-b0bf-920696637b01 None None] database.synchronous_reader = True {{(pid=78491) log_opt_values /opt/stack/data/venv/lib/python3.12/site-packages/oslo_config/cfg.py:3545}}
Aug 03 17:28:34 devstack devstack@g-api.service[78491]: DEBUG glance.common.config [None req-63059088-7a55-40c0-b0bf-920696637b01 None None] database.use_db_reconnect = False {{(pid=78491) log_opt_values /opt/stack/data/venv/lib/python3.12/site-packages/oslo_config/cfg.py:3545}}
Aug 03 17:28:34 devstack devstack@g-api.service[78491]: DEBUG glance.common.config [None req-63059088-7a55-40c0-b0bf-920696637b01 None None] healthcheck.allowed_source_ranges = [] {{(pid=78491) log_opt_values /opt/stack/data/venv/lib/python3.12/site-packages/oslo_config/cfg.py:3545}}
Aug 03 17:28:34 devstack devstack@g-api.service[78491]: DEBUG glance.common.config [None req-63059088-7a55-40c0-b0bf-920696637b01 None None] healthcheck.backends = ['disable_by_file'] {{(pid=78491) log_opt_values /opt/stack/data/venv/lib/python3.12/site-packages/oslo_config/cfg.py:3545}}
Aug 03 17:28:34 devstack devstack@g-api.service[78491]: DEBUG glance.common.config [None req-63059088-7a55-40c0-b0bf-920696637b01 None None] healthcheck.detailed = False {{(pid=78491) log_opt_values /opt/stack/data/venv/lib/python3.12/site-packages/oslo_config/cfg.py:3545}}
Aug 03 17:28:34 devstack devstack@g-api.service[78491]: DEBUG glance.common.config [None req-63059088-7a55-40c0-b0bf-920696637b01 None None] healthcheck.disable_by_file_path = None {{(pid=78491) log_opt_values /opt/stack/data/venv/lib/python3.12/site-packages/oslo_config/cfg.py:3545}}
Aug 03 17:28:34 devstack devstack@g-api.service[78491]: DEBUG glance.common.config [None req-63059088-7a55-40c0-b0bf-920696637b01 None None] healthcheck.ignore_proxied_requests = False {{(pid=78491) log_opt_values /opt/stack/data/venv/lib/python3.12/site-packages/oslo_config/cfg.py:3545}}
Aug 03 17:28:34 devstack devstack@g-api.service[78491]: DEBUG glance.common.config [None req-63059088-7a55-40c0-b0bf-920696637b01 None None] ******************************************************************************** {{(pid=78491) log_opt_values /opt/stack/data/venv/lib/python3.12/site-packages/oslo_config/cfg.py:3552}}
Aug 03 17:28:34 devstack devstack@g-api.service[78491]: WSGI app 0 (mountpoint='') ready in 6 seconds on interpreter 0x7c42e68a4668 pid: 78491 (default app)
Aug 03 17:28:38 devstack devstack@g-api.service[78490]: DEBUG glance.api.middleware.version_negotiation [None req-3a38b10f-ac4f-44ef-8721-dbb530d556c4 None None] Determining version of request: GET / Accept: application/json {{(pid=78490) process_request /opt/stack/glance/glance/api/middleware/version_negotiation.py:44}}
Aug 03 17:28:38 devstack devstack@g-api.service[78490]: DEBUG glance.api.middleware.version_negotiation [None req-3a38b10f-ac4f-44ef-8721-dbb530d556c4 None None] Using url versioning {{(pid=78490) process_request /opt/stack/glance/glance/api/middleware/version_negotiation.py:57}}
Aug 03 17:28:38 devstack devstack@g-api.service[78490]: DEBUG glance.api.middleware.version_negotiation [None req-3a38b10f-ac4f-44ef-8721-dbb530d556c4 None None] Unknown version. Returning version choices. {{(pid=78490) process_request /opt/stack/glance/glance/api/middleware/version_negotiation.py:64}}
Aug 03 17:28:38 devstack devstack@g-api.service[78490]: [pid: 78490|app: 0|req: 2/2] 127.0.0.1 () {34 vars in 519 bytes} [Mon Aug 3 17:28:38 2026] GET / => generated 1571 bytes in 3 msecs (HTTP/1.1 300) 3 headers in 106 bytes (1 switches on core 0)
Aug 03 17:28:38 devstack devstack@g-api.service[78491]: DEBUG glance.api.middleware.version_negotiation [None req-63059088-7a55-40c0-b0bf-920696637b01 None None] Determining version of request: POST /v2/images Accept: */* {{(pid=78491) process_request /opt/stack/glance/glance/api/middleware/version_negotiation.py:44}}
Aug 03 17:28:38 devstack devstack@g-api.service[78491]: DEBUG glance.api.middleware.version_negotiation [None req-63059088-7a55-40c0-b0bf-920696637b01 None None] Using url versioning {{(pid=78491) process_request /opt/stack/glance/glance/api/middleware/version_negotiation.py:57}}
Aug 03 17:28:38 devstack devstack@g-api.service[78491]: DEBUG glance.api.middleware.version_negotiation [None req-63059088-7a55-40c0-b0bf-920696637b01 None None] Matched version: v2 {{(pid=78491) process_request /opt/stack/glance/glance/api/middleware/version_negotiation.py:69}}
Aug 03 17:28:38 devstack devstack@g-api.service[78491]: DEBUG glance.api.middleware.version_negotiation [None req-63059088-7a55-40c0-b0bf-920696637b01 None None] new path /v2/images {{(pid=78491) process_request /opt/stack/glance/glance/api/middleware/version_negotiation.py:70}}
Aug 03 17:28:39 devstack devstack@g-api.service[78491]: [pid: 78491|app: 0|req: 1/3] 127.0.0.1 () {40 vars in 782 bytes} [Mon Aug 3 17:28:38 2026] POST /v2/images => generated 807 bytes in 1114 msecs (HTTP/1.1 201) 6 headers in 314 bytes (1 switches on core 0)
Aug 03 17:28:39 devstack devstack@g-api.service[78490]: DEBUG glance.api.middleware.version_negotiation [None req-3a38b10f-ac4f-44ef-8721-dbb530d556c4 None None] Determining version of request: PUT /v2/images/cfe26605-2d4b-40b6-866f-af688f11ca51/file Accept: {{(pid=78490) process_request /opt/stack/glance/glance/api/middleware/version_negotiation.py:44}}
Aug 03 17:28:39 devstack devstack@g-api.service[78490]: DEBUG glance.api.middleware.version_negotiation [None req-3a38b10f-ac4f-44ef-8721-dbb530d556c4 None None] Using url versioning {{(pid=78490) process_request /opt/stack/glance/glance/api/middleware/version_negotiation.py:57}}
Aug 03 17:28:39 devstack devstack@g-api.service[78490]: DEBUG glance.api.middleware.version_negotiation [None req-3a38b10f-ac4f-44ef-8721-dbb530d556c4 None None] Matched version: v2 {{(pid=78490) process_request /opt/stack/glance/glance/api/middleware/version_negotiation.py:69}}
Aug 03 17:28:39 devstack devstack@g-api.service[78490]: DEBUG glance.api.middleware.version_negotiation [None req-3a38b10f-ac4f-44ef-8721-dbb530d556c4 None None] new path /v2/images/cfe26605-2d4b-40b6-866f-af688f11ca51/file {{(pid=78490) process_request /opt/stack/glance/glance/api/middleware/version_negotiation.py:70}}
Aug 03 17:28:40 devstack devstack@g-api.service[78490]: INFO glance.api.v2.image_data [None req-1b656d91-42f7-4f07-8be7-5bc1a47bede5 admin admin] Unable to create trust: no such option collect_timing in group [keystone_authtoken] Use the existing user token.
Aug 03 17:28:40 devstack devstack@g-api.service[78490]: DEBUG glance.location [None req-1b656d91-42f7-4f07-8be7-5bc1a47bede5 admin admin] Enabling in-flight format inspection for qcow2 {{(pid=78490) set_data /opt/stack/glance/glance/location.py:596}}
Aug 03 17:28:40 devstack devstack@g-api.service[78490]: DEBUG oslo_utils.imageutils.format_inspector [None req-1b656d91-42f7-4f07-8be7-5bc1a47bede5 admin admin] Format inspector for vmdk does not match, excluding from consideration (Signature KDMV not found: b'QFI\xfb') {{(pid=78490) _process_chunk /opt/stack/data/venv/lib/python3.12/site-packages/oslo_utils/imageutils/format_inspector.py:1758}}
Aug 03 17:28:40 devstack devstack@g-api.service[78490]: DEBUG oslo_utils.imageutils.format_inspector [None req-1b656d91-42f7-4f07-8be7-5bc1a47bede5 admin admin] Format inspector for vhdx does not match, excluding from consideration (Region signature not found at 30000) {{(pid=78490) _process_chunk /opt/stack/data/venv/lib/python3.12/site-packages/oslo_utils/imageutils/format_inspector.py:1758}}
Aug 03 17:28:40 devstack devstack@g-api.service[78490]: DEBUG glance_store._drivers.filesystem [None req-1b656d91-42f7-4f07-8be7-5bc1a47bede5 admin admin] Wrote 21692416 bytes to /opt/stack/data/glance/images/cfe26605-2d4b-40b6-866f-af688f11ca51 with checksum 87617e24a5e30cb3b87fda8c0764838f and multihash 9a9bce0083a00939ec17c11febbfc767aa211aaa54f51e75c5a8b271a9b5637c77205a518b7a2007cb391d23cceb01e0e4e8d64832317151bc85b734b92a7be0 {{(pid=78490) add /opt/stack/data/venv/lib/python3.12/site-packages/glance_store/_drivers/filesystem.py:899}}
Aug 03 17:28:40 devstack devstack@g-api.service[78490]: INFO glance.location [None req-1b656d91-42f7-4f07-8be7-5bc1a47bede5 admin admin] Image format matched and virtual size computed: 117440512
Aug 03 17:28:40 devstack devstack@g-api.service[78490]: DEBUG glance_store.backend [None req-1b656d91-42f7-4f07-8be7-5bc1a47bede5 admin admin] Skipping store.set_acls... not implemented. {{(pid=78490) set_acls /opt/stack/data/venv/lib/python3.12/site-packages/glance_store/backend.py:507}}
Aug 03 17:28:40 devstack devstack@g-api.service[78490]: [pid: 78490|app: 0|req: 3/4] 127.0.0.1 () {40 vars in 875 bytes} [Mon Aug 3 17:28:39 2026] PUT /v2/images/cfe26605-2d4b-40b6-866f-af688f11ca51/file => generated 0 bytes in 1601 msecs (HTTP/1.1 204) 4 headers in 171 bytes (1 switches on core 0)
Aug 03 17:28:41 devstack devstack@g-api.service[78491]: DEBUG glance.api.middleware.version_negotiation [None req-20c2121e-e1c2-43d5-90f1-c31cf7696e47 admin admin] Determining version of request: GET /v2/images/cfe26605-2d4b-40b6-866f-af688f11ca51 Accept: */* {{(pid=78491) process_request /opt/stack/glance/glance/api/middleware/version_negotiation.py:44}}
Aug 03 17:28:41 devstack devstack@g-api.service[78491]: DEBUG glance.api.middleware.version_negotiation [None req-20c2121e-e1c2-43d5-90f1-c31cf7696e47 admin admin] Using url versioning {{(pid=78491) process_request /opt/stack/glance/glance/api/middleware/version_negotiation.py:57}}
Aug 03 17:28:41 devstack devstack@g-api.service[78491]: DEBUG glance.api.middleware.version_negotiation [None req-20c2121e-e1c2-43d5-90f1-c31cf7696e47 admin admin] Matched version: v2 {{(pid=78491) process_request /opt/stack/glance/glance/api/middleware/version_negotiation.py:69}}
Aug 03 17:28:41 devstack devstack@g-api.service[78491]: DEBUG glance.api.middleware.version_negotiation [None req-20c2121e-e1c2-43d5-90f1-c31cf7696e47 admin admin] new path /v2/images/cfe26605-2d4b-40b6-866f-af688f11ca51 {{(pid=78491) process_request /opt/stack/glance/glance/api/middleware/version_negotiation.py:70}}
Aug 03 17:28:41 devstack devstack@g-api.service[78491]: [pid: 78491|app: 0|req: 2/5] 127.0.0.1 () {36 vars in 802 bytes} [Mon Aug 3 17:28:40 2026] GET /v2/images/cfe26605-2d4b-40b6-866f-af688f11ca51 => generated 976 bytes in 21 msecs (HTTP/1.1 200) 4 headers in 157 bytes (1 switches on core 0)
Aug 03 17:28:50 devstack devstack@g-api.service[78490]: DEBUG dbcounter [-] [78490] Writing DB stats glance:INSERT=5,glance:SELECT=16,glance:UPDATE=2 {{(pid=78490) stat_writer /opt/stack/data/venv/lib/python3.12/site-packages/dbcounter.py:115}}
Aug 03 17:28:51 devstack devstack@g-api.service[78491]: DEBUG dbcounter [-] [78491] Writing DB stats glance:INSERT=9,glance:SELECT=6 {{(pid=78491) stat_writer /opt/stack/data/venv/lib/python3.12/site-packages/dbcounter.py:115}}
Aug 03 17:29:24 devstack devstack@g-api.service[78490]: DEBUG glance.api.middleware.version_negotiation [None req-1b656d91-42f7-4f07-8be7-5bc1a47bede5 admin admin] Determining version of request: GET / Accept: application/json {{(pid=78490) process_request /opt/stack/glance/glance/api/middleware/version_negotiation.py:44}}
Aug 03 17:29:24 devstack devstack@g-api.service[78490]: DEBUG glance.api.middleware.version_negotiation [None req-1b656d91-42f7-4f07-8be7-5bc1a47bede5 admin admin] Using url versioning {{(pid=78490) process_request /opt/stack/glance/glance/api/middleware/version_negotiation.py:57}}
Aug 03 17:29:24 devstack devstack@g-api.service[78490]: DEBUG glance.api.middleware.version_negotiation [None req-1b656d91-42f7-4f07-8be7-5bc1a47bede5 admin admin] Unknown version. Returning version choices. {{(pid=78490) process_request /opt/stack/glance/glance/api/middleware/version_negotiation.py:64}}
Aug 03 17:29:24 devstack devstack@g-api.service[78490]: [pid: 78490|app: 0|req: 4/6] 127.0.0.1 () {34 vars in 519 bytes} [Mon Aug 3 17:29:24 2026] GET / => generated 1571 bytes in 2 msecs (HTTP/1.1 300) 3 headers in 106 bytes (1 switches on core 0)
Aug 03 17:29:24 devstack devstack@g-api.service[78491]: DEBUG glance.api.middleware.version_negotiation [None req-fd65f69d-f460-419b-a0fc-69365f051e18 admin admin] Determining version of request: GET /v2/images Accept: application/json {{(pid=78491) process_request /opt/stack/glance/glance/api/middleware/version_negotiation.py:44}}
Aug 03 17:29:24 devstack devstack@g-api.service[78491]: DEBUG glance.api.middleware.version_negotiation [None req-fd65f69d-f460-419b-a0fc-69365f051e18 admin admin] Using url versioning {{(pid=78491) process_request /opt/stack/glance/glance/api/middleware/version_negotiation.py:57}}
Aug 03 17:29:24 devstack devstack@g-api.service[78491]: DEBUG glance.api.middleware.version_negotiation [None req-fd65f69d-f460-419b-a0fc-69365f051e18 admin admin] Matched version: v2 {{(pid=78491) process_request /opt/stack/glance/glance/api/middleware/version_negotiation.py:69}}
Aug 03 17:29:24 devstack devstack@g-api.service[78491]: DEBUG glance.api.middleware.version_negotiation [None req-fd65f69d-f460-419b-a0fc-69365f051e18 admin admin] new path /v2/images {{(pid=78491) process_request /opt/stack/glance/glance/api/middleware/version_negotiation.py:70}}
Aug 03 17:29:24 devstack devstack@g-api.service[78491]: [pid: 78491|app: 0|req: 3/7] 127.0.0.1 () {36 vars in 741 bytes} [Mon Aug 3 17:29:24 2026] GET /v2/images => generated 1045 bytes in 87 msecs (HTTP/1.1 200) 4 headers in 158 bytes (1 switches on core 0)
Aug 03 17:29:34 devstack devstack@g-api.service[78490]: DEBUG glance.api.middleware.version_negotiation [None req-1b656d91-42f7-4f07-8be7-5bc1a47bede5 admin admin] Determining version of request: GET / Accept: application/json {{(pid=78490) process_request /opt/stack/glance/glance/api/middleware/version_negotiation.py:44}}
Aug 03 17:29:34 devstack devstack@g-api.service[78490]: DEBUG glance.api.middleware.version_negotiation [None req-1b656d91-42f7-4f07-8be7-5bc1a47bede5 admin admin] Using url versioning {{(pid=78490) process_request /opt/stack/glance/glance/api/middleware/version_negotiation.py:57}}
Aug 03 17:29:34 devstack devstack@g-api.service[78490]: DEBUG glance.api.middleware.version_negotiation [None req-1b656d91-42f7-4f07-8be7-5bc1a47bede5 admin admin] Unknown version. Returning version choices. {{(pid=78490) process_request /opt/stack/glance/glance/api/middleware/version_negotiation.py:64}}
Aug 03 17:29:34 devstack devstack@g-api.service[78490]: [pid: 78490|app: 0|req: 5/8] 127.0.0.1 () {34 vars in 519 bytes} [Mon Aug 3 17:29:34 2026] GET / => generated 1571 bytes in 2 msecs (HTTP/1.1 300) 3 headers in 106 bytes (1 switches on core 0)
Aug 03 17:29:34 devstack devstack@g-api.service[78491]: DEBUG glance.api.middleware.version_negotiation [None req-8a3257e7-d217-41ea-aa4c-0f7a32a8e1a5 admin admin] Determining version of request: GET /v2/images/cfe26605-2d4b-40b6-866f-af688f11ca51 Accept: */* {{(pid=78491) process_request /opt/stack/glance/glance/api/middleware/version_negotiation.py:44}}
Aug 03 17:29:34 devstack devstack@g-api.service[78491]: DEBUG glance.api.middleware.version_negotiation [None req-8a3257e7-d217-41ea-aa4c-0f7a32a8e1a5 admin admin] Using url versioning {{(pid=78491) process_request /opt/stack/glance/glance/api/middleware/version_negotiation.py:57}}
Aug 03 17:29:34 devstack devstack@g-api.service[78491]: DEBUG glance.api.middleware.version_negotiation [None req-8a3257e7-d217-41ea-aa4c-0f7a32a8e1a5 admin admin] Matched version: v2 {{(pid=78491) process_request /opt/stack/glance/glance/api/middleware/version_negotiation.py:69}}
Aug 03 17:29:34 devstack devstack@g-api.service[78491]: DEBUG glance.api.middleware.version_negotiation [None req-8a3257e7-d217-41ea-aa4c-0f7a32a8e1a5 admin admin] new path /v2/images/cfe26605-2d4b-40b6-866f-af688f11ca51 {{(pid=78491) process_request /opt/stack/glance/glance/api/middleware/version_negotiation.py:70}}
Aug 03 17:29:34 devstack devstack@g-api.service[78491]: [pid: 78491|app: 0|req: 4/9] 127.0.0.1 () {36 vars in 802 bytes} [Mon Aug 3 17:29:34 2026] GET /v2/images/cfe26605-2d4b-40b6-866f-af688f11ca51 => generated 976 bytes in 71 msecs (HTTP/1.1 200) 4 headers in 157 bytes (1 switches on core 0)
Aug 03 17:29:41 devstack devstack@g-api.service[78490]: DEBUG glance.api.middleware.version_negotiation [None req-1b656d91-42f7-4f07-8be7-5bc1a47bede5 admin admin] Determining version of request: GET / Accept: application/json {{(pid=78490) process_request /opt/stack/glance/glance/api/middleware/version_negotiation.py:44}}
Aug 03 17:29:41 devstack devstack@g-api.service[78490]: DEBUG glance.api.middleware.version_negotiation [None req-1b656d91-42f7-4f07-8be7-5bc1a47bede5 admin admin] Using url versioning {{(pid=78490) process_request /opt/stack/glance/glance/api/middleware/version_negotiation.py:57}}
Aug 03 17:29:41 devstack devstack@g-api.service[78490]: DEBUG glance.api.middleware.version_negotiation [None req-1b656d91-42f7-4f07-8be7-5bc1a47bede5 admin admin] Unknown version. Returning version choices. {{(pid=78490) process_request /opt/stack/glance/glance/api/middleware/version_negotiation.py:64}}
Aug 03 17:29:41 devstack devstack@g-api.service[78490]: [pid: 78490|app: 0|req: 6/10] 127.0.0.1 () {34 vars in 519 bytes} [Mon Aug 3 17:29:41 2026] GET / => generated 1571 bytes in 2 msecs (HTTP/1.1 300) 3 headers in 106 bytes (1 switches on core 0)
Aug 03 17:29:41 devstack devstack@g-api.service[78491]: DEBUG glance.api.middleware.version_negotiation [None req-94506ec0-d248-4dee-80c3-e8ba469a55e4 admin admin] Determining version of request: GET /v2/images/cfe26605-2d4b-40b6-866f-af688f11ca51 Accept: */* {{(pid=78491) process_request /opt/stack/glance/glance/api/middleware/version_negotiation.py:44}}
Aug 03 17:29:41 devstack devstack@g-api.service[78491]: DEBUG glance.api.middleware.version_negotiation [None req-94506ec0-d248-4dee-80c3-e8ba469a55e4 admin admin] Using url versioning {{(pid=78491) process_request /opt/stack/glance/glance/api/middleware/version_negotiation.py:57}}
Aug 03 17:29:41 devstack devstack@g-api.service[78491]: DEBUG glance.api.middleware.version_negotiation [None req-94506ec0-d248-4dee-80c3-e8ba469a55e4 admin admin] Matched version: v2 {{(pid=78491) process_request /opt/stack/glance/glance/api/middleware/version_negotiation.py:69}}
Aug 03 17:29:41 devstack devstack@g-api.service[78491]: DEBUG glance.api.middleware.version_negotiation [None req-94506ec0-d248-4dee-80c3-e8ba469a55e4 admin admin] new path /v2/images/cfe26605-2d4b-40b6-866f-af688f11ca51 {{(pid=78491) process_request /opt/stack/glance/glance/api/middleware/version_negotiation.py:70}}
Aug 03 17:29:41 devstack devstack@g-api.service[78491]: [pid: 78491|app: 0|req: 5/11] 127.0.0.1 () {36 vars in 802 bytes} [Mon Aug 3 17:29:41 2026] GET /v2/images/cfe26605-2d4b-40b6-866f-af688f11ca51 => generated 976 bytes in 70 msecs (HTTP/1.1 200) 4 headers in 157 bytes (1 switches on core 0)
Aug 03 17:29:51 devstack devstack@g-api.service[78491]: DEBUG dbcounter [-] [78491] Writing DB stats glance:SELECT=5 {{(pid=78491) stat_writer /opt/stack/data/venv/lib/python3.12/site-packages/dbcounter.py:115}}
Aug 03 17:30:56 devstack devstack@g-api.service[78490]: DEBUG glance.api.middleware.version_negotiation [None req-1b656d91-42f7-4f07-8be7-5bc1a47bede5 admin admin] Determining version of request: GET / Accept: application/json {{(pid=78490) process_request /opt/stack/glance/glance/api/middleware/version_negotiation.py:44}}
Aug 03 17:30:56 devstack devstack@g-api.service[78490]: DEBUG glance.api.middleware.version_negotiation [None req-1b656d91-42f7-4f07-8be7-5bc1a47bede5 admin admin] Using url versioning {{(pid=78490) process_request /opt/stack/glance/glance/api/middleware/version_negotiation.py:57}}
Aug 03 17:30:56 devstack devstack@g-api.service[78490]: DEBUG glance.api.middleware.version_negotiation [None req-1b656d91-42f7-4f07-8be7-5bc1a47bede5 admin admin] Unknown version. Returning version choices. {{(pid=78490) process_request /opt/stack/glance/glance/api/middleware/version_negotiation.py:64}}
Aug 03 17:30:56 devstack devstack@g-api.service[78490]: [pid: 78490|app: 0|req: 7/12] 127.0.0.1 () {36 vars in 488 bytes} [Mon Aug 3 17:30:56 2026] GET / => generated 1571 bytes in 2 msecs (HTTP/1.1 300) 3 headers in 106 bytes (1 switches on core 0)
Aug 03 17:33:44 devstack devstack@g-api.service[78491]: DEBUG glance.api.middleware.version_negotiation [None req-2cd4d151-3050-450c-a9e7-87a306999469 admin admin] Determining version of request: GET / Accept: application/json {{(pid=78491) process_request /opt/stack/glance/glance/api/middleware/version_negotiation.py:44}}
Aug 03 17:33:44 devstack devstack@g-api.service[78491]: DEBUG glance.api.middleware.version_negotiation [None req-2cd4d151-3050-450c-a9e7-87a306999469 admin admin] Using url versioning {{(pid=78491) process_request /opt/stack/glance/glance/api/middleware/version_negotiation.py:57}}
Aug 03 17:33:44 devstack devstack@g-api.service[78491]: DEBUG glance.api.middleware.version_negotiation [None req-2cd4d151-3050-450c-a9e7-87a306999469 admin admin] Unknown version. Returning version choices. {{(pid=78491) process_request /opt/stack/glance/glance/api/middleware/version_negotiation.py:64}}
Aug 03 17:33:44 devstack devstack@g-api.service[78491]: [pid: 78491|app: 0|req: 6/13] 127.0.0.1 () {34 vars in 505 bytes} [Mon Aug 3 17:33:44 2026] GET / => generated 1571 bytes in 4 msecs (HTTP/1.1 300) 3 headers in 106 bytes (1 switches on core 0)
Aug 03 17:33:44 devstack devstack@g-api.service[78490]: DEBUG glance.api.middleware.version_negotiation [None req-1b656d91-42f7-4f07-8be7-5bc1a47bede5 admin admin] Determining version of request: GET /v2/images/cfe26605-2d4b-40b6-866f-af688f11ca51 Accept: */* {{(pid=78490) process_request /opt/stack/glance/glance/api/middleware/version_negotiation.py:44}}
Aug 03 17:33:44 devstack devstack@g-api.service[78490]: DEBUG glance.api.middleware.version_negotiation [None req-1b656d91-42f7-4f07-8be7-5bc1a47bede5 admin admin] Using url versioning {{(pid=78490) process_request /opt/stack/glance/glance/api/middleware/version_negotiation.py:57}}
Aug 03 17:33:44 devstack devstack@g-api.service[78490]: DEBUG glance.api.middleware.version_negotiation [None req-1b656d91-42f7-4f07-8be7-5bc1a47bede5 admin admin] Matched version: v2 {{(pid=78490) process_request /opt/stack/glance/glance/api/middleware/version_negotiation.py:69}}
Aug 03 17:33:44 devstack devstack@g-api.service[78490]: DEBUG glance.api.middleware.version_negotiation [None req-1b656d91-42f7-4f07-8be7-5bc1a47bede5 admin admin] new path /v2/images/cfe26605-2d4b-40b6-866f-af688f11ca51 {{(pid=78490) process_request /opt/stack/glance/glance/api/middleware/version_negotiation.py:70}}
Aug 03 17:33:44 devstack devstack@g-api.service[78490]: [pid: 78490|app: 0|req: 8/14] 127.0.0.1 () {42 vars in 1061 bytes} [Mon Aug 3 17:33:44 2026] GET /v2/images/cfe26605-2d4b-40b6-866f-af688f11ca51 => generated 976 bytes in 340 msecs (HTTP/1.1 200) 4 headers in 157 bytes (1 switches on core 0)
Aug 03 17:33:44 devstack devstack@g-api.service[78491]: DEBUG glance.api.middleware.version_negotiation [None req-2cd4d151-3050-450c-a9e7-87a306999469 admin admin] Determining version of request: GET /v2/schemas/image Accept: */* {{(pid=78491) process_request /opt/stack/glance/glance/api/middleware/version_negotiation.py:44}}
Aug 03 17:33:44 devstack devstack@g-api.service[78491]: DEBUG glance.api.middleware.version_negotiation [None req-2cd4d151-3050-450c-a9e7-87a306999469 admin admin] Using url versioning {{(pid=78491) process_request /opt/stack/glance/glance/api/middleware/version_negotiation.py:57}}
Aug 03 17:33:44 devstack devstack@g-api.service[78491]: DEBUG glance.api.middleware.version_negotiation [None req-2cd4d151-3050-450c-a9e7-87a306999469 admin admin] Matched version: v2 {{(pid=78491) process_request /opt/stack/glance/glance/api/middleware/version_negotiation.py:69}}
Aug 03 17:33:44 devstack devstack@g-api.service[78491]: DEBUG glance.api.middleware.version_negotiation [None req-2cd4d151-3050-450c-a9e7-87a306999469 admin admin] new path /v2/schemas/image {{(pid=78491) process_request /opt/stack/glance/glance/api/middleware/version_negotiation.py:70}}
Aug 03 17:33:44 devstack devstack@g-api.service[78491]: [pid: 78491|app: 0|req: 7/15] 127.0.0.1 () {42 vars in 1001 bytes} [Mon Aug 3 17:33:44 2026] GET /v2/schemas/image => generated 6083 bytes in 12 msecs (HTTP/1.1 200) 4 headers in 158 bytes (1 switches on core 0)
Aug 03 17:33:47 devstack devstack@g-api.service[78490]: DEBUG glance.api.middleware.version_negotiation [None req-accef742-d706-43b2-ac19-cfdad65e1335 tempest-DeleteServersTestJSON-762675302 tempest-DeleteServersTestJSON-762675302-project-member] Determining version of request: GET / Accept: application/json {{(pid=78490) process_request /opt/stack/glance/glance/api/middleware/version_negotiation.py:44}}
Aug 03 17:33:47 devstack devstack@g-api.service[78490]: DEBUG glance.api.middleware.version_negotiation [None req-accef742-d706-43b2-ac19-cfdad65e1335 tempest-DeleteServersTestJSON-762675302 tempest-DeleteServersTestJSON-762675302-project-member] Using url versioning {{(pid=78490) process_request /opt/stack/glance/glance/api/middleware/version_negotiation.py:57}}
Aug 03 17:33:47 devstack devstack@g-api.service[78490]: DEBUG glance.api.middleware.version_negotiation [None req-accef742-d706-43b2-ac19-cfdad65e1335 tempest-DeleteServersTestJSON-762675302 tempest-DeleteServersTestJSON-762675302-project-member] Unknown version. Returning version choices. {{(pid=78490) process_request /opt/stack/glance/glance/api/middleware/version_negotiation.py:64}}
Aug 03 17:33:47 devstack devstack@g-api.service[78490]: [pid: 78490|app: 0|req: 9/16] 127.0.0.1 () {34 vars in 505 bytes} [Mon Aug 3 17:33:47 2026] GET / => generated 1571 bytes in 4 msecs (HTTP/1.1 300) 3 headers in 106 bytes (1 switches on core 0)
Aug 03 17:33:47 devstack devstack@g-api.service[78491]: DEBUG glance.api.middleware.version_negotiation [None req-accef742-d706-43b2-ac19-cfdad65e1335 tempest-DeleteServersTestJSON-762675302 tempest-DeleteServersTestJSON-762675302-project-member] Determining version of request: GET /v2/images/cfe26605-2d4b-40b6-866f-af688f11ca51 Accept: */* {{(pid=78491) process_request /opt/stack/glance/glance/api/middleware/version_negotiation.py:44}}
Aug 03 17:33:47 devstack devstack@g-api.service[78491]: DEBUG glance.api.middleware.version_negotiation [None req-accef742-d706-43b2-ac19-cfdad65e1335 tempest-DeleteServersTestJSON-762675302 tempest-DeleteServersTestJSON-762675302-project-member] Using url versioning {{(pid=78491) process_request /opt/stack/glance/glance/api/middleware/version_negotiation.py:57}}
Aug 03 17:33:47 devstack devstack@g-api.service[78491]: DEBUG glance.api.middleware.version_negotiation [None req-accef742-d706-43b2-ac19-cfdad65e1335 tempest-DeleteServersTestJSON-762675302 tempest-DeleteServersTestJSON-762675302-project-member] Matched version: v2 {{(pid=78491) process_request /opt/stack/glance/glance/api/middleware/version_negotiation.py:69}}
Aug 03 17:33:47 devstack devstack@g-api.service[78491]: DEBUG glance.api.middleware.version_negotiation [None req-accef742-d706-43b2-ac19-cfdad65e1335 tempest-DeleteServersTestJSON-762675302 tempest-DeleteServersTestJSON-762675302-project-member] new path /v2/images/cfe26605-2d4b-40b6-866f-af688f11ca51 {{(pid=78491) process_request /opt/stack/glance/glance/api/middleware/version_negotiation.py:70}}
Aug 03 17:33:47 devstack devstack@g-api.service[78491]: [pid: 78491|app: 0|req: 8/17] 127.0.0.1 () {42 vars in 1061 bytes} [Mon Aug 3 17:33:47 2026] GET /v2/images/cfe26605-2d4b-40b6-866f-af688f11ca51 => generated 976 bytes in 210 msecs (HTTP/1.1 200) 4 headers in 157 bytes (1 switches on core 0)
Aug 03 17:33:47 devstack devstack@g-api.service[78490]: DEBUG glance.api.middleware.version_negotiation [None req-accef742-d706-43b2-ac19-cfdad65e1335 tempest-DeleteServersTestJSON-762675302 tempest-DeleteServersTestJSON-762675302-project-member] Determining version of request: GET /v2/schemas/image Accept: */* {{(pid=78490) process_request /opt/stack/glance/glance/api/middleware/version_negotiation.py:44}}
Aug 03 17:33:47 devstack devstack@g-api.service[78490]: DEBUG glance.api.middleware.version_negotiation [None req-accef742-d706-43b2-ac19-cfdad65e1335 tempest-DeleteServersTestJSON-762675302 tempest-DeleteServersTestJSON-762675302-project-member] Using url versioning {{(pid=78490) process_request /opt/stack/glance/glance/api/middleware/version_negotiation.py:57}}
Aug 03 17:33:47 devstack devstack@g-api.service[78490]: DEBUG glance.api.middleware.version_negotiation [None req-accef742-d706-43b2-ac19-cfdad65e1335 tempest-DeleteServersTestJSON-762675302 tempest-DeleteServersTestJSON-762675302-project-member] Matched version: v2 {{(pid=78490) process_request /opt/stack/glance/glance/api/middleware/version_negotiation.py:69}}
Aug 03 17:33:47 devstack devstack@g-api.service[78490]: DEBUG glance.api.middleware.version_negotiation [None req-accef742-d706-43b2-ac19-cfdad65e1335 tempest-DeleteServersTestJSON-762675302 tempest-DeleteServersTestJSON-762675302-project-member] new path /v2/schemas/image {{(pid=78490) process_request /opt/stack/glance/glance/api/middleware/version_negotiation.py:70}}
Aug 03 17:33:47 devstack devstack@g-api.service[78490]: [pid: 78490|app: 0|req: 10/18] 127.0.0.1 () {42 vars in 1001 bytes} [Mon Aug 3 17:33:47 2026] GET /v2/schemas/image => generated 6083 bytes in 10 msecs (HTTP/1.1 200) 4 headers in 158 bytes (1 switches on core 0)
Aug 03 17:33:54 devstack devstack@g-api.service[78490]: DEBUG dbcounter [-] [78490] Writing DB stats glance:SELECT=2 {{(pid=78490) stat_writer /opt/stack/data/venv/lib/python3.12/site-packages/dbcounter.py:115}}
Aug 03 17:33:57 devstack devstack@g-api.service[78491]: DEBUG dbcounter [-] [78491] Writing DB stats glance:SELECT=2 {{(pid=78491) stat_writer /opt/stack/data/venv/lib/python3.12/site-packages/dbcounter.py:115}}
Aug 03 17:34:00 devstack devstack@g-api.service[78491]: DEBUG glance.api.middleware.version_negotiation [None req-97bdfe00-1287-4041-8e45-d99f028d2341 tempest-ServersNegativeTestJSON-1730645109 tempest-ServersNegativeTestJSON-1730645109-project-member] Determining version of request: GET /v2/images/cfe26605-2d4b-40b6-866f-af688f11ca51 Accept: */* {{(pid=78491) process_request /opt/stack/glance/glance/api/middleware/version_negotiation.py:44}}
Aug 03 17:34:00 devstack devstack@g-api.service[78491]: DEBUG glance.api.middleware.version_negotiation [None req-97bdfe00-1287-4041-8e45-d99f028d2341 tempest-ServersNegativeTestJSON-1730645109 tempest-ServersNegativeTestJSON-1730645109-project-member] Using url versioning {{(pid=78491) process_request /opt/stack/glance/glance/api/middleware/version_negotiation.py:57}}
Aug 03 17:34:00 devstack devstack@g-api.service[78491]: DEBUG glance.api.middleware.version_negotiation [None req-97bdfe00-1287-4041-8e45-d99f028d2341 tempest-ServersNegativeTestJSON-1730645109 tempest-ServersNegativeTestJSON-1730645109-project-member] Matched version: v2 {{(pid=78491) process_request /opt/stack/glance/glance/api/middleware/version_negotiation.py:69}}
Aug 03 17:34:00 devstack devstack@g-api.service[78491]: DEBUG glance.api.middleware.version_negotiation [None req-97bdfe00-1287-4041-8e45-d99f028d2341 tempest-ServersNegativeTestJSON-1730645109 tempest-ServersNegativeTestJSON-1730645109-project-member] new path /v2/images/cfe26605-2d4b-40b6-866f-af688f11ca51 {{(pid=78491) process_request /opt/stack/glance/glance/api/middleware/version_negotiation.py:70}}
Aug 03 17:34:00 devstack devstack@g-api.service[78491]: [pid: 78491|app: 0|req: 9/19] 127.0.0.1 () {42 vars in 1061 bytes} [Mon Aug 3 17:34:00 2026] GET /v2/images/cfe26605-2d4b-40b6-866f-af688f11ca51 => generated 976 bytes in 45 msecs (HTTP/1.1 200) 4 headers in 157 bytes (1 switches on core 0)
Aug 03 17:34:00 devstack devstack@g-api.service[78490]: DEBUG glance.api.middleware.version_negotiation [None req-97bdfe00-1287-4041-8e45-d99f028d2341 tempest-ServersNegativeTestJSON-1730645109 tempest-ServersNegativeTestJSON-1730645109-project-member] Determining version of request: GET /v2/images/cfe26605-2d4b-40b6-866f-af688f11ca51/file Accept: */* {{(pid=78490) process_request /opt/stack/glance/glance/api/middleware/version_negotiation.py:44}}
Aug 03 17:34:00 devstack devstack@g-api.service[78490]: DEBUG glance.api.middleware.version_negotiation [None req-97bdfe00-1287-4041-8e45-d99f028d2341 tempest-ServersNegativeTestJSON-1730645109 tempest-ServersNegativeTestJSON-1730645109-project-member] Using url versioning {{(pid=78490) process_request /opt/stack/glance/glance/api/middleware/version_negotiation.py:57}}
Aug 03 17:34:00 devstack devstack@g-api.service[78490]: DEBUG glance.api.middleware.version_negotiation [None req-97bdfe00-1287-4041-8e45-d99f028d2341 tempest-ServersNegativeTestJSON-1730645109 tempest-ServersNegativeTestJSON-1730645109-project-member] Matched version: v2 {{(pid=78490) process_request /opt/stack/glance/glance/api/middleware/version_negotiation.py:69}}
Aug 03 17:34:00 devstack devstack@g-api.service[78490]: DEBUG glance.api.middleware.version_negotiation [None req-97bdfe00-1287-4041-8e45-d99f028d2341 tempest-ServersNegativeTestJSON-1730645109 tempest-ServersNegativeTestJSON-1730645109-project-member] new path /v2/images/cfe26605-2d4b-40b6-866f-af688f11ca51/file {{(pid=78490) process_request /opt/stack/glance/glance/api/middleware/version_negotiation.py:70}}
Aug 03 17:34:00 devstack devstack@g-api.service[78490]: DEBUG glance_store._drivers.filesystem [None req-accef742-d706-43b2-ac19-cfdad65e1335 tempest-DeleteServersTestJSON-762675302 tempest-DeleteServersTestJSON-762675302-project-member] Found image at /opt/stack/data/glance/images/cfe26605-2d4b-40b6-866f-af688f11ca51. Returning in ChunkedFile. {{(pid=78490) get /opt/stack/data/venv/lib/python3.12/site-packages/glance_store/_drivers/filesystem.py:724}}
Aug 03 17:34:00 devstack devstack@g-api.service[78490]: DEBUG glance.image_cache [None req-accef742-d706-43b2-ac19-cfdad65e1335 tempest-DeleteServersTestJSON-762675302 tempest-DeleteServersTestJSON-762675302-project-member] Tee'ing image 'cfe26605-2d4b-40b6-866f-af688f11ca51' into cache {{(pid=78490) get_caching_iter /opt/stack/glance/glance/image_cache/__init__.py:356}}
Aug 03 17:34:00 devstack devstack@g-api.service[78490]: DEBUG glance.image_cache.drivers.centralized_db [None req-accef742-d706-43b2-ac19-cfdad65e1335 tempest-DeleteServersTestJSON-762675302 tempest-DeleteServersTestJSON-762675302-project-member] Fetch finished, moving '/opt/stack/data/glance/cache/incomplete/cfe26605-2d4b-40b6-866f-af688f11ca51' to '/opt/stack/data/glance/cache/cfe26605-2d4b-40b6-866f-af688f11ca51' {{(pid=78490) commit /opt/stack/glance/glance/image_cache/drivers/centralized_db.py:243}}
Aug 03 17:34:00 devstack devstack@g-api.service[78490]: DEBUG glance.image_cache.drivers.centralized_db [None req-accef742-d706-43b2-ac19-cfdad65e1335 tempest-DeleteServersTestJSON-762675302 tempest-DeleteServersTestJSON-762675302-project-member] Image cached successfully. {{(pid=78490) commit /opt/stack/glance/glance/image_cache/drivers/centralized_db.py:258}}
Aug 03 17:34:00 devstack devstack@g-api.service[78490]: [pid: 78490|app: 0|req: 11/20] 127.0.0.1 () {42 vars in 1071 bytes} [Mon Aug 3 17:34:00 2026] GET /v2/images/cfe26605-2d4b-40b6-866f-af688f11ca51/file => generated 21692416 bytes in 783 msecs (HTTP/1.1 200) 4 headers in 191 bytes (337 switches on core 0)
Aug 03 17:34:01 devstack devstack@g-api.service[78491]: DEBUG glance.api.middleware.version_negotiation [None req-accef742-d706-43b2-ac19-cfdad65e1335 tempest-DeleteServersTestJSON-762675302 tempest-DeleteServersTestJSON-762675302-project-member] Determining version of request: GET /v2/images/cfe26605-2d4b-40b6-866f-af688f11ca51 Accept: */* {{(pid=78491) process_request /opt/stack/glance/glance/api/middleware/version_negotiation.py:44}}
Aug 03 17:34:01 devstack devstack@g-api.service[78491]: DEBUG glance.api.middleware.version_negotiation [None req-accef742-d706-43b2-ac19-cfdad65e1335 tempest-DeleteServersTestJSON-762675302 tempest-DeleteServersTestJSON-762675302-project-member] Using url versioning {{(pid=78491) process_request /opt/stack/glance/glance/api/middleware/version_negotiation.py:57}}
Aug 03 17:34:01 devstack devstack@g-api.service[78491]: DEBUG glance.api.middleware.version_negotiation [None req-accef742-d706-43b2-ac19-cfdad65e1335 tempest-DeleteServersTestJSON-762675302 tempest-DeleteServersTestJSON-762675302-project-member] Matched version: v2 {{(pid=78491) process_request /opt/stack/glance/glance/api/middleware/version_negotiation.py:69}}
Aug 03 17:34:01 devstack devstack@g-api.service[78491]: DEBUG glance.api.middleware.version_negotiation [None req-accef742-d706-43b2-ac19-cfdad65e1335 tempest-DeleteServersTestJSON-762675302 tempest-DeleteServersTestJSON-762675302-project-member] new path /v2/images/cfe26605-2d4b-40b6-866f-af688f11ca51 {{(pid=78491) process_request /opt/stack/glance/glance/api/middleware/version_negotiation.py:70}}
Aug 03 17:34:01 devstack devstack@g-api.service[78491]: [pid: 78491|app: 0|req: 10/21] 127.0.0.1 () {42 vars in 1061 bytes} [Mon Aug 3 17:34:01 2026] GET /v2/images/cfe26605-2d4b-40b6-866f-af688f11ca51 => generated 976 bytes in 86 msecs (HTTP/1.1 200) 4 headers in 157 bytes (1 switches on core 0)
Aug 03 17:34:01 devstack devstack@g-api.service[78490]: DEBUG glance.api.middleware.version_negotiation [None req-accef742-d706-43b2-ac19-cfdad65e1335 tempest-DeleteServersTestJSON-762675302 tempest-DeleteServersTestJSON-762675302-project-member] Determining version of request: GET /v2/schemas/image Accept: */* {{(pid=78490) process_request /opt/stack/glance/glance/api/middleware/version_negotiation.py:44}}
Aug 03 17:34:01 devstack devstack@g-api.service[78490]: DEBUG glance.api.middleware.version_negotiation [None req-accef742-d706-43b2-ac19-cfdad65e1335 tempest-DeleteServersTestJSON-762675302 tempest-DeleteServersTestJSON-762675302-project-member] Using url versioning {{(pid=78490) process_request /opt/stack/glance/glance/api/middleware/version_negotiation.py:57}}
Aug 03 17:34:01 devstack devstack@g-api.service[78490]: DEBUG glance.api.middleware.version_negotiation [None req-accef742-d706-43b2-ac19-cfdad65e1335 tempest-DeleteServersTestJSON-762675302 tempest-DeleteServersTestJSON-762675302-project-member] Matched version: v2 {{(pid=78490) process_request /opt/stack/glance/glance/api/middleware/version_negotiation.py:69}}
Aug 03 17:34:01 devstack devstack@g-api.service[78490]: DEBUG glance.api.middleware.version_negotiation [None req-accef742-d706-43b2-ac19-cfdad65e1335 tempest-DeleteServersTestJSON-762675302 tempest-DeleteServersTestJSON-762675302-project-member] new path /v2/schemas/image {{(pid=78490) process_request /opt/stack/glance/glance/api/middleware/version_negotiation.py:70}}
Aug 03 17:34:01 devstack devstack@g-api.service[78490]: [pid: 78490|app: 0|req: 12/22] 127.0.0.1 () {42 vars in 1001 bytes} [Mon Aug 3 17:34:01 2026] GET /v2/schemas/image => generated 6083 bytes in 15 msecs (HTTP/1.1 200) 4 headers in 158 bytes (1 switches on core 0)
Aug 03 17:34:10 devstack devstack@g-api.service[78490]: DEBUG dbcounter [-] [78490] Writing DB stats glance:SELECT=5,glance:INSERT=1 {{(pid=78490) stat_writer /opt/stack/data/venv/lib/python3.12/site-packages/dbcounter.py:115}}
Aug 03 17:34:11 devstack devstack@g-api.service[78491]: DEBUG dbcounter [-] [78491] Writing DB stats glance:SELECT=4 {{(pid=78491) stat_writer /opt/stack/data/venv/lib/python3.12/site-packages/dbcounter.py:115}}
Aug 03 17:34:15 devstack devstack@g-api.service[78491]: DEBUG glance.api.middleware.version_negotiation [None req-accef742-d706-43b2-ac19-cfdad65e1335 tempest-DeleteServersTestJSON-762675302 tempest-DeleteServersTestJSON-762675302-project-member] Determining version of request: GET /v2/images/cfe26605-2d4b-40b6-866f-af688f11ca51 Accept: */* {{(pid=78491) process_request /opt/stack/glance/glance/api/middleware/version_negotiation.py:44}}
Aug 03 17:34:15 devstack devstack@g-api.service[78491]: DEBUG glance.api.middleware.version_negotiation [None req-accef742-d706-43b2-ac19-cfdad65e1335 tempest-DeleteServersTestJSON-762675302 tempest-DeleteServersTestJSON-762675302-project-member] Using url versioning {{(pid=78491) process_request /opt/stack/glance/glance/api/middleware/version_negotiation.py:57}}
Aug 03 17:34:15 devstack devstack@g-api.service[78491]: DEBUG glance.api.middleware.version_negotiation [None req-accef742-d706-43b2-ac19-cfdad65e1335 tempest-DeleteServersTestJSON-762675302 tempest-DeleteServersTestJSON-762675302-project-member] Matched version: v2 {{(pid=78491) process_request /opt/stack/glance/glance/api/middleware/version_negotiation.py:69}}
Aug 03 17:34:15 devstack devstack@g-api.service[78491]: DEBUG glance.api.middleware.version_negotiation [None req-accef742-d706-43b2-ac19-cfdad65e1335 tempest-DeleteServersTestJSON-762675302 tempest-DeleteServersTestJSON-762675302-project-member] new path /v2/images/cfe26605-2d4b-40b6-866f-af688f11ca51 {{(pid=78491) process_request /opt/stack/glance/glance/api/middleware/version_negotiation.py:70}}
Aug 03 17:34:15 devstack devstack@g-api.service[78491]: [pid: 78491|app: 0|req: 11/23] 127.0.0.1 () {42 vars in 1061 bytes} [Mon Aug 3 17:34:15 2026] GET /v2/images/cfe26605-2d4b-40b6-866f-af688f11ca51 => generated 976 bytes in 29 msecs (HTTP/1.1 200) 4 headers in 157 bytes (1 switches on core 0)
Aug 03 17:34:15 devstack devstack@g-api.service[78490]: DEBUG glance.api.middleware.version_negotiation [None req-accef742-d706-43b2-ac19-cfdad65e1335 tempest-DeleteServersTestJSON-762675302 tempest-DeleteServersTestJSON-762675302-project-member] Determining version of request: GET /v2/schemas/image Accept: */* {{(pid=78490) process_request /opt/stack/glance/glance/api/middleware/version_negotiation.py:44}}
Aug 03 17:34:15 devstack devstack@g-api.service[78490]: DEBUG glance.api.middleware.version_negotiation [None req-accef742-d706-43b2-ac19-cfdad65e1335 tempest-DeleteServersTestJSON-762675302 tempest-DeleteServersTestJSON-762675302-project-member] Using url versioning {{(pid=78490) process_request /opt/stack/glance/glance/api/middleware/version_negotiation.py:57}}
Aug 03 17:34:15 devstack devstack@g-api.service[78490]: DEBUG glance.api.middleware.version_negotiation [None req-accef742-d706-43b2-ac19-cfdad65e1335 tempest-DeleteServersTestJSON-762675302 tempest-DeleteServersTestJSON-762675302-project-member] Matched version: v2 {{(pid=78490) process_request /opt/stack/glance/glance/api/middleware/version_negotiation.py:69}}
