Aug 14 17:42:16 devstack cinder-volume[94734]: DEBUG cinder.volume.drivers.quobyte [None req-256a014e-1127-4819-b981-098b08fd304c tempest-GroupsV320Test-1041002267 None] Quobyte Volume URL set to: {'osci02.corp.quobyte.com/cinder-vol-d889df69-8bce-4aea-a160-ab1b76ba2fe7': None} {{(pid=94734) _load_shares_config /opt/stack/cinder/cinder/volume/drivers/quobyte.py:665}}
Aug 14 17:42:16 devstack cinder-volume[94734]: DEBUG cinder.volume.drivers.quobyte [None req-256a014e-1127-4819-b981-098b08fd304c tempest-GroupsV320Test-1041002267 None] Available shares ['osci02.corp.quobyte.com/cinder-vol-d889df69-8bce-4aea-a160-ab1b76ba2fe7'] {{(pid=94734) _ensure_shares_mounted /opt/stack/cinder/cinder/volume/drivers/quobyte.py:695}}
Aug 14 17:42:16 devstack cinder-volume[94734]: DEBUG oslo_concurrency.lockutils [None req-256a014e-1127-4819-b981-098b08fd304c tempest-GroupsV320Test-1041002267 None] Lock "quobyte_ensure" "released" by "cinder.volume.drivers.quobyte.QuobyteDriver._ensure_shares_mounted" :: held 0.058s {{(pid=94734) inner /opt/stack/data/venv/lib/python3.12/site-packages/oslo_concurrency/lockutils.py:544}}
Aug 14 17:42:16 devstack cinder-volume[94734]: DEBUG oslo_concurrency.processutils [None req-256a014e-1127-4819-b981-098b08fd304c tempest-GroupsV320Test-1041002267 None] Running cmd (subprocess): sudo cinder-rootwrap /etc/cinder/rootwrap.conf df --portability --block-size 1 /opt/stack/data/cinder/mnt/f1082601a1add4b524ef7507dfc5a5a1 {{(pid=94734) execute /opt/stack/data/venv/lib/python3.12/site-packages/oslo_concurrency/processutils.py:440}}
Aug 14 17:42:16 devstack sudo[102577]: quobyte : PWD=/ ; USER=root ; COMMAND=/opt/stack/data/venv/bin/cinder-rootwrap /etc/cinder/rootwrap.conf df --portability --block-size 1 /opt/stack/data/cinder/mnt/f1082601a1add4b524ef7507dfc5a5a1
Aug 14 17:42:16 devstack sudo[102577]: pam_unix(sudo:session): session opened for user root(uid=0) by (uid=1000)
Aug 14 17:42:17 devstack sudo[102577]: pam_unix(sudo:session): session closed for user root
Aug 14 17:42:17 devstack cinder-volume[94734]: DEBUG oslo_concurrency.processutils [None req-256a014e-1127-4819-b981-098b08fd304c tempest-GroupsV320Test-1041002267 None] CMD "sudo cinder-rootwrap /etc/cinder/rootwrap.conf df --portability --block-size 1 /opt/stack/data/cinder/mnt/f1082601a1add4b524ef7507dfc5a5a1" returned: 0 in 0.641s {{(pid=94734) execute /opt/stack/data/venv/lib/python3.12/site-packages/oslo_concurrency/processutils.py:468}}
Aug 14 17:42:17 devstack cinder-volume[94734]: DEBUG cinder.manager [None req-256a014e-1127-4819-b981-098b08fd304c tempest-GroupsV320Test-1041002267 None] Notifying Schedulers of capabilities ... {{(pid=94734) _publish_service_capabilities /opt/stack/cinder/cinder/manager.py:219}}
Aug 14 17:42:17 devstack cinder-volume[94734]: INFO cinder.volume.manager [None req-256a014e-1127-4819-b981-098b08fd304c tempest-GroupsV320Test-1041002267 None] Delete group completed successfully.
Aug 14 17:42:19 devstack cinder-volume[94734]: INFO cinder.volume.manager [req-857a9075-2da3-4b42-83a3-6ea2e6b1343e req-3e4d053b-b6c4-41a5-a97d-d2e863693f4c tempest-ServerActionsTestOtherA-1524676458 None] Terminate volume connection completed successfully.
Aug 14 17:42:19 devstack cinder-volume[94734]: DEBUG cinder.volume.manager [req-857a9075-2da3-4b42-83a3-6ea2e6b1343e req-3e4d053b-b6c4-41a5-a97d-d2e863693f4c tempest-ServerActionsTestOtherA-1524676458 None] Deleting attachment 701212d9-68c1-4d7e-8ad0-0db5305222d2. {{(pid=94734) attachment_delete /opt/stack/cinder/cinder/volume/manager.py:5055}}
Aug 14 17:42:19 devstack cinder-volume[94734]: DEBUG cinder.coordination [req-857a9075-2da3-4b42-83a3-6ea2e6b1343e req-d1ac4e9e-56cb-4a74-9ca7-6f7fd5ac7581 tempest-ServerActionsTestOtherA-1524676458 None] Acquiring lock "cinder-be0edb40-9337-4bac-8971-abfa391cc662-delete_volume" by "delete_volume" {{(pid=94734) __acquire /opt/stack/cinder/cinder/coordination.py:138}}
Aug 14 17:42:19 devstack cinder-volume[94734]: DEBUG cinder.coordination [req-857a9075-2da3-4b42-83a3-6ea2e6b1343e req-d1ac4e9e-56cb-4a74-9ca7-6f7fd5ac7581 tempest-ServerActionsTestOtherA-1524676458 None] Lock "cinder-be0edb40-9337-4bac-8971-abfa391cc662-delete_volume" acquired by "delete_volume" :: waited 0.030s {{(pid=94734) __acquire /opt/stack/cinder/cinder/coordination.py:141}}
Aug 14 17:42:19 devstack cinder-volume[94734]: DEBUG cinder.coordination [req-857a9075-2da3-4b42-83a3-6ea2e6b1343e req-d1ac4e9e-56cb-4a74-9ca7-6f7fd5ac7581 tempest-ServerActionsTestOtherA-1524676458 None] Acquiring lock "cinder-quobyte-be0edb40-9337-4bac-8971-abfa391cc662" by "delete_volume" {{(pid=94734) __acquire /opt/stack/cinder/cinder/coordination.py:138}}
Aug 14 17:42:19 devstack cinder-volume[94734]: DEBUG cinder.coordination [req-857a9075-2da3-4b42-83a3-6ea2e6b1343e req-d1ac4e9e-56cb-4a74-9ca7-6f7fd5ac7581 tempest-ServerActionsTestOtherA-1524676458 None] Lock "cinder-quobyte-be0edb40-9337-4bac-8971-abfa391cc662" acquired by "delete_volume" :: waited 0.019s {{(pid=94734) __acquire /opt/stack/cinder/cinder/coordination.py:141}}
Aug 14 17:42:19 devstack cinder-volume[94734]: DEBUG oslo.privsep.daemon [-] privsep: reply[a66992cb-6d4b-4899-b2cd-b0c88f5208b7]: (4, 'qcow2') {{(pid=95585) _call_back /opt/stack/data/venv/lib/python3.12/site-packages/oslo_privsep/daemon.py:580}}
Aug 14 17:42:19 devstack cinder-volume[94734]: DEBUG oslo_concurrency.processutils [req-857a9075-2da3-4b42-83a3-6ea2e6b1343e req-d1ac4e9e-56cb-4a74-9ca7-6f7fd5ac7581 tempest-ServerActionsTestOtherA-1524676458 None] Running cmd (subprocess): /opt/stack/data/venv/bin/python3.12 -m oslo_concurrency.prlimit --as=1073741824 --cpu=60 -- sudo cinder-rootwrap /etc/cinder/rootwrap.conf env LC_ALL=C qemu-img info -f qcow2 --output=json --force-share /opt/stack/data/cinder/mnt/f1082601a1add4b524ef7507dfc5a5a1/volume-be0edb40-9337-4bac-8971-abfa391cc662 {{(pid=94734) execute /opt/stack/data/venv/lib/python3.12/site-packages/oslo_concurrency/processutils.py:440}}
Aug 14 17:42:19 devstack sudo[102618]: quobyte : PWD=/ ; USER=root ; COMMAND=/opt/stack/data/venv/bin/cinder-rootwrap /etc/cinder/rootwrap.conf env LC_ALL=C qemu-img info -f qcow2 --output=json --force-share /opt/stack/data/cinder/mnt/f1082601a1add4b524ef7507dfc5a5a1/volume-be0edb40-9337-4bac-8971-abfa391cc662
Aug 14 17:42:19 devstack sudo[102618]: pam_unix(sudo:session): session opened for user root(uid=0) by (uid=1000)
Aug 14 17:42:20 devstack sudo[102618]: pam_unix(sudo:session): session closed for user root
Aug 14 17:42:20 devstack cinder-volume[94734]: DEBUG oslo_concurrency.processutils [req-857a9075-2da3-4b42-83a3-6ea2e6b1343e req-d1ac4e9e-56cb-4a74-9ca7-6f7fd5ac7581 tempest-ServerActionsTestOtherA-1524676458 None] CMD "/opt/stack/data/venv/bin/python3.12 -m oslo_concurrency.prlimit --as=1073741824 --cpu=60 -- sudo cinder-rootwrap /etc/cinder/rootwrap.conf env LC_ALL=C qemu-img info -f qcow2 --output=json --force-share /opt/stack/data/cinder/mnt/f1082601a1add4b524ef7507dfc5a5a1/volume-be0edb40-9337-4bac-8971-abfa391cc662" returned: 0 in 0.705s {{(pid=94734) execute /opt/stack/data/venv/lib/python3.12/site-packages/oslo_concurrency/processutils.py:468}}
Aug 14 17:42:20 devstack cinder-volume[94734]: DEBUG oslo_concurrency.processutils [req-857a9075-2da3-4b42-83a3-6ea2e6b1343e req-d1ac4e9e-56cb-4a74-9ca7-6f7fd5ac7581 tempest-ServerActionsTestOtherA-1524676458 None] Running cmd (subprocess): sudo cinder-rootwrap /etc/cinder/rootwrap.conf rm -f /opt/stack/data/cinder/mnt/f1082601a1add4b524ef7507dfc5a5a1/volume-be0edb40-9337-4bac-8971-abfa391cc662 {{(pid=94734) execute /opt/stack/data/venv/lib/python3.12/site-packages/oslo_concurrency/processutils.py:440}}
Aug 14 17:42:20 devstack sudo[102623]: quobyte : PWD=/ ; USER=root ; COMMAND=/opt/stack/data/venv/bin/cinder-rootwrap /etc/cinder/rootwrap.conf rm -f /opt/stack/data/cinder/mnt/f1082601a1add4b524ef7507dfc5a5a1/volume-be0edb40-9337-4bac-8971-abfa391cc662
Aug 14 17:42:20 devstack sudo[102623]: pam_unix(sudo:session): session opened for user root(uid=0) by (uid=1000)
Aug 14 17:42:20 devstack cinder-volume[94734]: DEBUG cinder.coordination [None req-b642ffd9-74dc-4fbb-81df-3f7a219ea9bb tempest-ServerActionsTestOtherA-1524676458 None] Acquiring lock "cinder-e7c032d5-0a1c-4435-a00c-6ec439ad9bc4-delete_volume" by "delete_volume" {{(pid=94734) __acquire /opt/stack/cinder/cinder/coordination.py:138}}
Aug 14 17:42:20 devstack cinder-volume[94734]: DEBUG cinder.coordination [None req-b642ffd9-74dc-4fbb-81df-3f7a219ea9bb tempest-ServerActionsTestOtherA-1524676458 None] Lock "cinder-e7c032d5-0a1c-4435-a00c-6ec439ad9bc4-delete_volume" acquired by "delete_volume" :: waited 0.037s {{(pid=94734) __acquire /opt/stack/cinder/cinder/coordination.py:141}}
Aug 14 17:42:20 devstack cinder-volume[94734]: DEBUG cinder.coordination [None req-b642ffd9-74dc-4fbb-81df-3f7a219ea9bb tempest-ServerActionsTestOtherA-1524676458 None] Acquiring lock "cinder-quobyte-e7c032d5-0a1c-4435-a00c-6ec439ad9bc4" by "delete_volume" {{(pid=94734) __acquire /opt/stack/cinder/cinder/coordination.py:138}}
Aug 14 17:42:20 devstack cinder-volume[94734]: DEBUG cinder.coordination [None req-b642ffd9-74dc-4fbb-81df-3f7a219ea9bb tempest-ServerActionsTestOtherA-1524676458 None] Lock "cinder-quobyte-e7c032d5-0a1c-4435-a00c-6ec439ad9bc4" acquired by "delete_volume" :: waited 0.027s {{(pid=94734) __acquire /opt/stack/cinder/cinder/coordination.py:141}}
Aug 14 17:42:20 devstack sudo[102623]: pam_unix(sudo:session): session closed for user root
Aug 14 17:42:20 devstack cinder-volume[94734]: DEBUG oslo_concurrency.processutils [req-857a9075-2da3-4b42-83a3-6ea2e6b1343e req-d1ac4e9e-56cb-4a74-9ca7-6f7fd5ac7581 tempest-ServerActionsTestOtherA-1524676458 None] CMD "sudo cinder-rootwrap /etc/cinder/rootwrap.conf rm -f /opt/stack/data/cinder/mnt/f1082601a1add4b524ef7507dfc5a5a1/volume-be0edb40-9337-4bac-8971-abfa391cc662" returned: 0 in 0.499s {{(pid=94734) execute /opt/stack/data/venv/lib/python3.12/site-packages/oslo_concurrency/processutils.py:468}}
Aug 14 17:42:20 devstack cinder-volume[94734]: DEBUG cinder.coordination [req-857a9075-2da3-4b42-83a3-6ea2e6b1343e req-d1ac4e9e-56cb-4a74-9ca7-6f7fd5ac7581 tempest-ServerActionsTestOtherA-1524676458 None] Lock "cinder-quobyte-be0edb40-9337-4bac-8971-abfa391cc662" released by "delete_volume" :: held 1.282s {{(pid=94734) __release /opt/stack/cinder/cinder/coordination.py:152}}
Aug 14 17:42:20 devstack cinder-volume[94734]: DEBUG oslo.privsep.daemon [-] privsep: reply[e8125129-b55d-44ce-92d5-c8b5f60f6166]: (4, 'qcow2') {{(pid=95585) _call_back /opt/stack/data/venv/lib/python3.12/site-packages/oslo_privsep/daemon.py:580}}
Aug 14 17:42:20 devstack cinder-volume[94734]: DEBUG oslo_concurrency.processutils [None req-b642ffd9-74dc-4fbb-81df-3f7a219ea9bb tempest-ServerActionsTestOtherA-1524676458 None] Running cmd (subprocess): /opt/stack/data/venv/bin/python3.12 -m oslo_concurrency.prlimit --as=1073741824 --cpu=60 -- sudo cinder-rootwrap /etc/cinder/rootwrap.conf env LC_ALL=C qemu-img info -f qcow2 --output=json --force-share /opt/stack/data/cinder/mnt/f1082601a1add4b524ef7507dfc5a5a1/volume-e7c032d5-0a1c-4435-a00c-6ec439ad9bc4 {{(pid=94734) execute /opt/stack/data/venv/lib/python3.12/site-packages/oslo_concurrency/processutils.py:440}}
Aug 14 17:42:21 devstack cinder-volume[94734]: DEBUG cinder.quota [req-857a9075-2da3-4b42-83a3-6ea2e6b1343e req-d1ac4e9e-56cb-4a74-9ca7-6f7fd5ac7581 tempest-ServerActionsTestOtherA-1524676458 None] Created reservations ['bd1bb959-44e1-4023-b1ab-8bca788be0f5', '0cee729e-4306-496b-8ce3-0fce5c679d22', '8a30ce40-4ebd-48ac-b816-eb880cff882b', '4ae6c7d2-a935-471d-9a8e-f8168abf696a'] {{(pid=94734) reserve /opt/stack/cinder/cinder/quota.py:752}}
Aug 14 17:42:21 devstack sudo[102626]: quobyte : PWD=/ ; USER=root ; COMMAND=/opt/stack/data/venv/bin/cinder-rootwrap /etc/cinder/rootwrap.conf env LC_ALL=C qemu-img info -f qcow2 --output=json --force-share /opt/stack/data/cinder/mnt/f1082601a1add4b524ef7507dfc5a5a1/volume-e7c032d5-0a1c-4435-a00c-6ec439ad9bc4
Aug 14 17:42:21 devstack sudo[102626]: pam_unix(sudo:session): session opened for user root(uid=0) by (uid=1000)
Aug 14 17:42:21 devstack cinder-volume[94734]: DEBUG oslo_concurrency.lockutils [req-857a9075-2da3-4b42-83a3-6ea2e6b1343e req-d1ac4e9e-56cb-4a74-9ca7-6f7fd5ac7581 tempest-ServerActionsTestOtherA-1524676458 None] Acquiring lock "quobyte_ensure" by "cinder.volume.drivers.quobyte.QuobyteDriver._ensure_shares_mounted" {{(pid=94734) inner /opt/stack/data/venv/lib/python3.12/site-packages/oslo_concurrency/lockutils.py:512}}
Aug 14 17:42:21 devstack cinder-volume[94734]: DEBUG oslo_concurrency.lockutils [req-857a9075-2da3-4b42-83a3-6ea2e6b1343e req-d1ac4e9e-56cb-4a74-9ca7-6f7fd5ac7581 tempest-ServerActionsTestOtherA-1524676458 None] Lock "quobyte_ensure" acquired by "cinder.volume.drivers.quobyte.QuobyteDriver._ensure_shares_mounted" :: waited 0.001s {{(pid=94734) inner /opt/stack/data/venv/lib/python3.12/site-packages/oslo_concurrency/lockutils.py:525}}
Aug 14 17:42:21 devstack cinder-volume[94734]: DEBUG cinder.volume.drivers.quobyte [req-857a9075-2da3-4b42-83a3-6ea2e6b1343e req-d1ac4e9e-56cb-4a74-9ca7-6f7fd5ac7581 tempest-ServerActionsTestOtherA-1524676458 None] Quobyte Volume URL set to: {'osci02.corp.quobyte.com/cinder-vol-d889df69-8bce-4aea-a160-ab1b76ba2fe7': None} {{(pid=94734) _load_shares_config /opt/stack/cinder/cinder/volume/drivers/quobyte.py:665}}
Aug 14 17:42:21 devstack cinder-volume[94734]: DEBUG cinder.volume.drivers.quobyte [req-857a9075-2da3-4b42-83a3-6ea2e6b1343e req-d1ac4e9e-56cb-4a74-9ca7-6f7fd5ac7581 tempest-ServerActionsTestOtherA-1524676458 None] Available shares ['osci02.corp.quobyte.com/cinder-vol-d889df69-8bce-4aea-a160-ab1b76ba2fe7'] {{(pid=94734) _ensure_shares_mounted /opt/stack/cinder/cinder/volume/drivers/quobyte.py:695}}
Aug 14 17:42:21 devstack cinder-volume[94734]: DEBUG oslo_concurrency.lockutils [req-857a9075-2da3-4b42-83a3-6ea2e6b1343e req-d1ac4e9e-56cb-4a74-9ca7-6f7fd5ac7581 tempest-ServerActionsTestOtherA-1524676458 None] Lock "quobyte_ensure" "released" by "cinder.volume.drivers.quobyte.QuobyteDriver._ensure_shares_mounted" :: held 0.010s {{(pid=94734) inner /opt/stack/data/venv/lib/python3.12/site-packages/oslo_concurrency/lockutils.py:544}}
Aug 14 17:42:21 devstack cinder-volume[94734]: DEBUG oslo_concurrency.processutils [req-857a9075-2da3-4b42-83a3-6ea2e6b1343e req-d1ac4e9e-56cb-4a74-9ca7-6f7fd5ac7581 tempest-ServerActionsTestOtherA-1524676458 None] Running cmd (subprocess): sudo cinder-rootwrap /etc/cinder/rootwrap.conf df --portability --block-size 1 /opt/stack/data/cinder/mnt/f1082601a1add4b524ef7507dfc5a5a1 {{(pid=94734) execute /opt/stack/data/venv/lib/python3.12/site-packages/oslo_concurrency/processutils.py:440}}
Aug 14 17:42:21 devstack sudo[102628]: quobyte : PWD=/ ; USER=root ; COMMAND=/opt/stack/data/venv/bin/cinder-rootwrap /etc/cinder/rootwrap.conf df --portability --block-size 1 /opt/stack/data/cinder/mnt/f1082601a1add4b524ef7507dfc5a5a1
Aug 14 17:42:21 devstack sudo[102628]: pam_unix(sudo:session): session opened for user root(uid=0) by (uid=1000)
Aug 14 17:42:21 devstack sudo[102626]: pam_unix(sudo:session): session closed for user root
Aug 14 17:42:21 devstack cinder-volume[94734]: DEBUG oslo_concurrency.processutils [None req-b642ffd9-74dc-4fbb-81df-3f7a219ea9bb tempest-ServerActionsTestOtherA-1524676458 None] CMD "/opt/stack/data/venv/bin/python3.12 -m oslo_concurrency.prlimit --as=1073741824 --cpu=60 -- sudo cinder-rootwrap /etc/cinder/rootwrap.conf env LC_ALL=C qemu-img info -f qcow2 --output=json --force-share /opt/stack/data/cinder/mnt/f1082601a1add4b524ef7507dfc5a5a1/volume-e7c032d5-0a1c-4435-a00c-6ec439ad9bc4" returned: 0 in 0.585s {{(pid=94734) execute /opt/stack/data/venv/lib/python3.12/site-packages/oslo_concurrency/processutils.py:468}}
Aug 14 17:42:21 devstack cinder-volume[94734]: DEBUG oslo_concurrency.processutils [None req-b642ffd9-74dc-4fbb-81df-3f7a219ea9bb tempest-ServerActionsTestOtherA-1524676458 None] Running cmd (subprocess): sudo cinder-rootwrap /etc/cinder/rootwrap.conf rm -f /opt/stack/data/cinder/mnt/f1082601a1add4b524ef7507dfc5a5a1/volume-e7c032d5-0a1c-4435-a00c-6ec439ad9bc4 {{(pid=94734) execute /opt/stack/data/venv/lib/python3.12/site-packages/oslo_concurrency/processutils.py:440}}
Aug 14 17:42:21 devstack sudo[102628]: pam_unix(sudo:session): session closed for user root
Aug 14 17:42:21 devstack cinder-volume[94734]: DEBUG oslo_concurrency.processutils [req-857a9075-2da3-4b42-83a3-6ea2e6b1343e req-d1ac4e9e-56cb-4a74-9ca7-6f7fd5ac7581 tempest-ServerActionsTestOtherA-1524676458 None] CMD "sudo cinder-rootwrap /etc/cinder/rootwrap.conf df --portability --block-size 1 /opt/stack/data/cinder/mnt/f1082601a1add4b524ef7507dfc5a5a1" returned: 0 in 0.450s {{(pid=94734) execute /opt/stack/data/venv/lib/python3.12/site-packages/oslo_concurrency/processutils.py:468}}
Aug 14 17:42:21 devstack sudo[102636]: quobyte : PWD=/ ; USER=root ; COMMAND=/opt/stack/data/venv/bin/cinder-rootwrap /etc/cinder/rootwrap.conf rm -f /opt/stack/data/cinder/mnt/f1082601a1add4b524ef7507dfc5a5a1/volume-e7c032d5-0a1c-4435-a00c-6ec439ad9bc4
Aug 14 17:42:21 devstack cinder-volume[94734]: DEBUG cinder.manager [req-857a9075-2da3-4b42-83a3-6ea2e6b1343e req-d1ac4e9e-56cb-4a74-9ca7-6f7fd5ac7581 tempest-ServerActionsTestOtherA-1524676458 None] Notifying Schedulers of capabilities ... {{(pid=94734) _publish_service_capabilities /opt/stack/cinder/cinder/manager.py:219}}
Aug 14 17:42:21 devstack sudo[102636]: pam_unix(sudo:session): session opened for user root(uid=0) by (uid=1000)
Aug 14 17:42:21 devstack cinder-volume[94734]: INFO cinder.volume.manager [req-857a9075-2da3-4b42-83a3-6ea2e6b1343e req-d1ac4e9e-56cb-4a74-9ca7-6f7fd5ac7581 tempest-ServerActionsTestOtherA-1524676458 None] Deleted volume successfully.
Aug 14 17:42:21 devstack cinder-volume[94734]: DEBUG cinder.coordination [req-857a9075-2da3-4b42-83a3-6ea2e6b1343e req-d1ac4e9e-56cb-4a74-9ca7-6f7fd5ac7581 tempest-ServerActionsTestOtherA-1524676458 None] Lock "cinder-be0edb40-9337-4bac-8971-abfa391cc662-delete_volume" released by "delete_volume" :: held 2.102s {{(pid=94734) __release /opt/stack/cinder/cinder/coordination.py:152}}
Aug 14 17:42:21 devstack sudo[102636]: pam_unix(sudo:session): session closed for user root
Aug 14 17:42:22 devstack cinder-volume[94734]: DEBUG oslo_concurrency.processutils [None req-b642ffd9-74dc-4fbb-81df-3f7a219ea9bb tempest-ServerActionsTestOtherA-1524676458 None] CMD "sudo cinder-rootwrap /etc/cinder/rootwrap.conf rm -f /opt/stack/data/cinder/mnt/f1082601a1add4b524ef7507dfc5a5a1/volume-e7c032d5-0a1c-4435-a00c-6ec439ad9bc4" returned: 0 in 0.478s {{(pid=94734) execute /opt/stack/data/venv/lib/python3.12/site-packages/oslo_concurrency/processutils.py:468}}
Aug 14 17:42:22 devstack cinder-volume[94734]: DEBUG cinder.coordination [None req-b642ffd9-74dc-4fbb-81df-3f7a219ea9bb tempest-ServerActionsTestOtherA-1524676458 None] Lock "cinder-quobyte-e7c032d5-0a1c-4435-a00c-6ec439ad9bc4" released by "delete_volume" :: held 1.143s {{(pid=94734) __release /opt/stack/cinder/cinder/coordination.py:152}}
Aug 14 17:42:22 devstack cinder-volume[94734]: DEBUG cinder.quota [None req-b642ffd9-74dc-4fbb-81df-3f7a219ea9bb tempest-ServerActionsTestOtherA-1524676458 None] Created reservations ['bbba7409-6b12-4b82-a7a0-8432918bc33c', 'cfd40739-dbe3-4dc3-af99-f008cbab93d1', 'f9d4e75b-2560-4f5b-b4e8-8f805ce08d79', '35ab0cf9-12fd-40b4-a85f-3ad8f7ec4d4b'] {{(pid=94734) reserve /opt/stack/cinder/cinder/quota.py:752}}
Aug 14 17:42:22 devstack cinder-volume[94734]: DEBUG oslo_concurrency.lockutils [None req-b642ffd9-74dc-4fbb-81df-3f7a219ea9bb tempest-ServerActionsTestOtherA-1524676458 None] Acquiring lock "quobyte_ensure" by "cinder.volume.drivers.quobyte.QuobyteDriver._ensure_shares_mounted" {{(pid=94734) inner /opt/stack/data/venv/lib/python3.12/site-packages/oslo_concurrency/lockutils.py:512}}
Aug 14 17:42:22 devstack cinder-volume[94734]: DEBUG oslo_concurrency.lockutils [None req-b642ffd9-74dc-4fbb-81df-3f7a219ea9bb tempest-ServerActionsTestOtherA-1524676458 None] Lock "quobyte_ensure" acquired by "cinder.volume.drivers.quobyte.QuobyteDriver._ensure_shares_mounted" :: waited 0.001s {{(pid=94734) inner /opt/stack/data/venv/lib/python3.12/site-packages/oslo_concurrency/lockutils.py:525}}
Aug 14 17:42:22 devstack cinder-volume[94734]: DEBUG cinder.volume.drivers.quobyte [None req-b642ffd9-74dc-4fbb-81df-3f7a219ea9bb tempest-ServerActionsTestOtherA-1524676458 None] Quobyte Volume URL set to: {'osci02.corp.quobyte.com/cinder-vol-d889df69-8bce-4aea-a160-ab1b76ba2fe7': None} {{(pid=94734) _load_shares_config /opt/stack/cinder/cinder/volume/drivers/quobyte.py:665}}
Aug 14 17:42:22 devstack cinder-volume[94734]: DEBUG cinder.volume.drivers.quobyte [None req-b642ffd9-74dc-4fbb-81df-3f7a219ea9bb tempest-ServerActionsTestOtherA-1524676458 None] Available shares ['osci02.corp.quobyte.com/cinder-vol-d889df69-8bce-4aea-a160-ab1b76ba2fe7'] {{(pid=94734) _ensure_shares_mounted /opt/stack/cinder/cinder/volume/drivers/quobyte.py:695}}
Aug 14 17:42:22 devstack cinder-volume[94734]: DEBUG oslo_concurrency.lockutils [None req-b642ffd9-74dc-4fbb-81df-3f7a219ea9bb tempest-ServerActionsTestOtherA-1524676458 None] Lock "quobyte_ensure" "released" by "cinder.volume.drivers.quobyte.QuobyteDriver._ensure_shares_mounted" :: held 0.018s {{(pid=94734) inner /opt/stack/data/venv/lib/python3.12/site-packages/oslo_concurrency/lockutils.py:544}}
Aug 14 17:42:22 devstack cinder-volume[94734]: DEBUG oslo_concurrency.processutils [None req-b642ffd9-74dc-4fbb-81df-3f7a219ea9bb tempest-ServerActionsTestOtherA-1524676458 None] Running cmd (subprocess): sudo cinder-rootwrap /etc/cinder/rootwrap.conf df --portability --block-size 1 /opt/stack/data/cinder/mnt/f1082601a1add4b524ef7507dfc5a5a1 {{(pid=94734) execute /opt/stack/data/venv/lib/python3.12/site-packages/oslo_concurrency/processutils.py:440}}
Aug 14 17:42:22 devstack sudo[102641]: quobyte : PWD=/ ; USER=root ; COMMAND=/opt/stack/data/venv/bin/cinder-rootwrap /etc/cinder/rootwrap.conf df --portability --block-size 1 /opt/stack/data/cinder/mnt/f1082601a1add4b524ef7507dfc5a5a1
Aug 14 17:42:22 devstack sudo[102641]: pam_unix(sudo:session): session opened for user root(uid=0) by (uid=1000)
Aug 14 17:42:22 devstack sudo[102641]: pam_unix(sudo:session): session closed for user root
Aug 14 17:42:22 devstack cinder-volume[94734]: DEBUG oslo_concurrency.processutils [None req-b642ffd9-74dc-4fbb-81df-3f7a219ea9bb tempest-ServerActionsTestOtherA-1524676458 None] CMD "sudo cinder-rootwrap /etc/cinder/rootwrap.conf df --portability --block-size 1 /opt/stack/data/cinder/mnt/f1082601a1add4b524ef7507dfc5a5a1" returned: 0 in 0.550s {{(pid=94734) execute /opt/stack/data/venv/lib/python3.12/site-packages/oslo_concurrency/processutils.py:468}}
Aug 14 17:42:22 devstack cinder-volume[94734]: DEBUG cinder.manager [None req-b642ffd9-74dc-4fbb-81df-3f7a219ea9bb tempest-ServerActionsTestOtherA-1524676458 None] Notifying Schedulers of capabilities ... {{(pid=94734) _publish_service_capabilities /opt/stack/cinder/cinder/manager.py:219}}
Aug 14 17:42:22 devstack cinder-volume[94734]: INFO cinder.volume.manager [None req-b642ffd9-74dc-4fbb-81df-3f7a219ea9bb tempest-ServerActionsTestOtherA-1524676458 None] Deleted volume successfully.
Aug 14 17:42:22 devstack cinder-volume[94734]: DEBUG cinder.coordination [None req-b642ffd9-74dc-4fbb-81df-3f7a219ea9bb tempest-ServerActionsTestOtherA-1524676458 None] Lock "cinder-e7c032d5-0a1c-4435-a00c-6ec439ad9bc4-delete_volume" released by "delete_volume" :: held 2.113s {{(pid=94734) __release /opt/stack/cinder/cinder/coordination.py:152}}
Aug 14 17:42:30 devstack cinder-volume[94734]: DEBUG cinder.volume.flows.manager.create_volume [None req-725fc9a9-f7fb-4e5b-a826-4635e638acc7 tempest-VolumeSnapshotQuotasNegativeTestJSON-958774291 None] Volume reschedule parameters: True retry: {'num_attempts': 1, 'backends': ['devstack@QuobyteHD#QuobyteHD'], 'hosts': ['devstack@QuobyteHD#QuobyteHD']} {{(pid=94734) get_flow /opt/stack/cinder/cinder/volume/flows/manager/create_volume.py:1397}}
Aug 14 17:42:30 devstack cinder-volume[94734]: DEBUG cinder.volume.manager [None req-725fc9a9-f7fb-4e5b-a826-4635e638acc7 tempest-VolumeSnapshotQuotasNegativeTestJSON-958774291 None] Flow 'volume_create_manager' (65214e6f-d40e-4319-8310-685f760dbca0) transitioned into state 'RUNNING' from state 'PENDING' {{(pid=94734) _flow_receiver /opt/stack/data/venv/lib/python3.12/site-packages/taskflow/listeners/logging.py:160}}
Aug 14 17:42:30 devstack cinder-volume[94734]: DEBUG cinder.volume.manager [None req-725fc9a9-f7fb-4e5b-a826-4635e638acc7 tempest-VolumeSnapshotQuotasNegativeTestJSON-958774291 None] Task 'cinder.volume.flows.manager.create_volume.ExtractVolumeRefTask;volume:create' (af58b314-0522-4e9b-a512-1c8369e09a3e) transitioned into state 'RUNNING' from state 'PENDING' {{(pid=94734) _task_receiver /opt/stack/data/venv/lib/python3.12/site-packages/taskflow/listeners/logging.py:242}}
Aug 14 17:42:30 devstack cinder-volume[94734]: DEBUG cinder.volume.manager [None req-725fc9a9-f7fb-4e5b-a826-4635e638acc7 tempest-VolumeSnapshotQuotasNegativeTestJSON-958774291 None] Task 'cinder.volume.flows.manager.create_volume.ExtractVolumeRefTask;volume:create' (af58b314-0522-4e9b-a512-1c8369e09a3e) transitioned into state 'SUCCESS' from state 'RUNNING' with result 'Volume(_name_id=None,admin_metadata=,attach_status='detached',availability_zone='nova',bootable=False,cluster=,cluster_name=None,consistencygroup=,consistencygroup_id=None,created_at=2026-08-14T15:42:29Z,deleted=False,deleted_at=None,display_description=None,display_name='tempest-VolumeSnapshotQuotasNegativeTestJSON-Volume-485440697',ec2_id=None,encryption_key_id=None,glance_metadata=,group=,group_id=None,host='devstack@QuobyteHD#QuobyteHD',id=1c5ba1b2-741e-46d9-918b-350ed573adcb,launched_at=None,metadata={},migration_status=None,multiattach=False,previous_status=None,project_id='ab9138f6db394db998bd417729b4a19a',provider_auth=None,provider_geometry=None,provider_id=None,provider_location=None,replication_driver_data=None,replication_extended_status=None,replication_status=None,scheduled_at=2026-08-14T15:42:30Z,service_uuid=None,shared_targets=True,size=1,snapshot_id=None,snapshots=,source_volid=None,status='creating',terminated_at=None,updated_at=2026-08-14T15:42:30Z,use_quota=True,user_id='b8daa516075c45628aab29d6715b2454',volume_attachment=VolumeAttachmentList,volume_type=VolumeType(a230f72e-cde8-4a12-b203-b623284963db),volume_type_id=a230f72e-cde8-4a12-b203-b623284963db)' {{(pid=94734) _task_receiver /opt/stack/data/venv/lib/python3.12/site-packages/taskflow/listeners/logging.py:218}}
Aug 14 17:42:30 devstack cinder-volume[94734]: DEBUG cinder.volume.manager [None req-725fc9a9-f7fb-4e5b-a826-4635e638acc7 tempest-VolumeSnapshotQuotasNegativeTestJSON-958774291 None] Task 'cinder.volume.flows.manager.create_volume.OnFailureRescheduleTask;volume:create' (f4d377b5-eec8-40b1-a3ab-79dfcbb65c19) transitioned into state 'RUNNING' from state 'PENDING' {{(pid=94734) _task_receiver /opt/stack/data/venv/lib/python3.12/site-packages/taskflow/listeners/logging.py:242}}
Aug 14 17:42:30 devstack cinder-volume[94734]: DEBUG cinder.volume.manager [None req-725fc9a9-f7fb-4e5b-a826-4635e638acc7 tempest-VolumeSnapshotQuotasNegativeTestJSON-958774291 None] Task 'cinder.volume.flows.manager.create_volume.OnFailureRescheduleTask;volume:create' (f4d377b5-eec8-40b1-a3ab-79dfcbb65c19) transitioned into state 'SUCCESS' from state 'RUNNING' with result 'None' {{(pid=94734) _task_receiver /opt/stack/data/venv/lib/python3.12/site-packages/taskflow/listeners/logging.py:218}}
Aug 14 17:42:30 devstack cinder-volume[94734]: DEBUG cinder.volume.manager [None req-725fc9a9-f7fb-4e5b-a826-4635e638acc7 tempest-VolumeSnapshotQuotasNegativeTestJSON-958774291 None] Task 'cinder.volume.flows.manager.create_volume.ExtractVolumeSpecTask;volume:create' (6cc2c29a-6d69-4070-a5ed-9fc7c866ca5e) transitioned into state 'RUNNING' from state 'PENDING' {{(pid=94734) _task_receiver /opt/stack/data/venv/lib/python3.12/site-packages/taskflow/listeners/logging.py:242}}
Aug 14 17:42:30 devstack cinder-volume[94734]: DEBUG cinder.volume.manager [None req-725fc9a9-f7fb-4e5b-a826-4635e638acc7 tempest-VolumeSnapshotQuotasNegativeTestJSON-958774291 None] Task 'cinder.volume.flows.manager.create_volume.ExtractVolumeSpecTask;volume:create' (6cc2c29a-6d69-4070-a5ed-9fc7c866ca5e) transitioned into state 'SUCCESS' from state 'RUNNING' with result '{'status': 'creating', 'type': 'raw', 'volume_id': '1c5ba1b2-741e-46d9-918b-350ed573adcb', 'volume_name': 'volume-1c5ba1b2-741e-46d9-918b-350ed573adcb', 'volume_size': 1}' {{(pid=94734) _task_receiver /opt/stack/data/venv/lib/python3.12/site-packages/taskflow/listeners/logging.py:218}}
Aug 14 17:42:30 devstack cinder-volume[94734]: DEBUG cinder.volume.manager [None req-725fc9a9-f7fb-4e5b-a826-4635e638acc7 tempest-VolumeSnapshotQuotasNegativeTestJSON-958774291 None] Task 'cinder.volume.flows.manager.create_volume.NotifyVolumeActionTask;volume:create, create.start' (cf66715e-8623-44a4-a0c2-7bb3606ee3a5) transitioned into state 'RUNNING' from state 'PENDING' {{(pid=94734) _task_receiver /opt/stack/data/venv/lib/python3.12/site-packages/taskflow/listeners/logging.py:242}}
Aug 14 17:42:30 devstack cinder-volume[94734]: DEBUG cinder.volume.manager [None req-725fc9a9-f7fb-4e5b-a826-4635e638acc7 tempest-VolumeSnapshotQuotasNegativeTestJSON-958774291 None] Task 'cinder.volume.flows.manager.create_volume.NotifyVolumeActionTask;volume:create, create.start' (cf66715e-8623-44a4-a0c2-7bb3606ee3a5) transitioned into state 'SUCCESS' from state 'RUNNING' with result 'None' {{(pid=94734) _task_receiver /opt/stack/data/venv/lib/python3.12/site-packages/taskflow/listeners/logging.py:218}}
Aug 14 17:42:30 devstack cinder-volume[94734]: DEBUG cinder.volume.manager [None req-725fc9a9-f7fb-4e5b-a826-4635e638acc7 tempest-VolumeSnapshotQuotasNegativeTestJSON-958774291 None] Task 'cinder.volume.flows.manager.create_volume.CreateVolumeFromSpecTask;volume:create' (0cfeac21-5f9c-4b08-8666-0b17e4ee2fd3) transitioned into state 'RUNNING' from state 'PENDING' {{(pid=94734) _task_receiver /opt/stack/data/venv/lib/python3.12/site-packages/taskflow/listeners/logging.py:242}}
Aug 14 17:42:30 devstack cinder-volume[94734]: INFO cinder.volume.flows.manager.create_volume [None req-725fc9a9-f7fb-4e5b-a826-4635e638acc7 tempest-VolumeSnapshotQuotasNegativeTestJSON-958774291 None] Volume 1c5ba1b2-741e-46d9-918b-350ed573adcb: being created as raw with specification: {'status': 'creating', 'volume_name': 'volume-1c5ba1b2-741e-46d9-918b-350ed573adcb', 'volume_size': 1}
Aug 14 17:42:30 devstack cinder-volume[94734]: DEBUG oslo_concurrency.lockutils [None req-725fc9a9-f7fb-4e5b-a826-4635e638acc7 tempest-VolumeSnapshotQuotasNegativeTestJSON-958774291 None] Acquiring lock "quobyte" by "cinder.volume.drivers.quobyte.QuobyteDriver.create_volume" {{(pid=94734) inner /opt/stack/data/venv/lib/python3.12/site-packages/oslo_concurrency/lockutils.py:512}}
Aug 14 17:42:30 devstack cinder-volume[94734]: DEBUG oslo_concurrency.lockutils [None req-725fc9a9-f7fb-4e5b-a826-4635e638acc7 tempest-VolumeSnapshotQuotasNegativeTestJSON-958774291 None] Lock "quobyte" acquired by "cinder.volume.drivers.quobyte.QuobyteDriver.create_volume" :: waited 0.000s {{(pid=94734) inner /opt/stack/data/venv/lib/python3.12/site-packages/oslo_concurrency/lockutils.py:525}}
Aug 14 17:42:30 devstack cinder-volume[94734]: DEBUG cinder.volume.drivers.quobyte [None req-725fc9a9-f7fb-4e5b-a826-4635e638acc7 tempest-VolumeSnapshotQuotasNegativeTestJSON-958774291 None] ==> create_volume: call "{'self': , 'volume': Volume(_name_id=None,admin_metadata=,attach_status='detached',availability_zone='nova',bootable=False,cluster=,cluster_name=None,consistencygroup=,consistencygroup_id=None,created_at=2026-08-14T15:42:29Z,deleted=False,deleted_at=None,display_description=None,display_name='tempest-VolumeSnapshotQuotasNegativeTestJSON-Volume-485440697',ec2_id=None,encryption_key_id=None,glance_metadata=,group=,group_id=None,host='devstack@QuobyteHD#QuobyteHD',id=1c5ba1b2-741e-46d9-918b-350ed573adcb,launched_at=None,metadata={},migration_status=None,multiattach=False,previous_status=None,project_id='ab9138f6db394db998bd417729b4a19a',provider_auth=None,provider_geometry=None,provider_id=None,provider_location=None,replication_driver_data=None,replication_extended_status=None,replication_status=None,scheduled_at=2026-08-14T15:42:30Z,service_uuid=None,shared_targets=True,size=1,snapshot_id=None,snapshots=,source_volid=None,status='creating',terminated_at=None,updated_at=2026-08-14T15:42:30Z,use_quota=True,user_id='b8daa516075c45628aab29d6715b2454',volume_attachment=VolumeAttachmentList,volume_type=VolumeType(a230f72e-cde8-4a12-b203-b623284963db),volume_type_id=a230f72e-cde8-4a12-b203-b623284963db)}" {{(pid=94734) trace_logging_wrapper /opt/stack/cinder/cinder/volume/volume_utils.py:1497}}
Aug 14 17:42:30 devstack cinder-volume[94734]: DEBUG cinder.volume.drivers.remotefs [None req-725fc9a9-f7fb-4e5b-a826-4635e638acc7 tempest-VolumeSnapshotQuotasNegativeTestJSON-958774291 None] Creating volume 1c5ba1b2-741e-46d9-918b-350ed573adcb {{(pid=94734) create_volume /opt/stack/cinder/cinder/volume/drivers/remotefs.py:292}}
Aug 14 17:42:30 devstack cinder-volume[94734]: DEBUG oslo_concurrency.lockutils [None req-725fc9a9-f7fb-4e5b-a826-4635e638acc7 tempest-VolumeSnapshotQuotasNegativeTestJSON-958774291 None] Acquiring lock "quobyte_ensure" by "cinder.volume.drivers.quobyte.QuobyteDriver._ensure_shares_mounted" {{(pid=94734) inner /opt/stack/data/venv/lib/python3.12/site-packages/oslo_concurrency/lockutils.py:512}}
Aug 14 17:42:30 devstack cinder-volume[94734]: DEBUG oslo_concurrency.lockutils [None req-725fc9a9-f7fb-4e5b-a826-4635e638acc7 tempest-VolumeSnapshotQuotasNegativeTestJSON-958774291 None] Lock "quobyte_ensure" acquired by "cinder.volume.drivers.quobyte.QuobyteDriver._ensure_shares_mounted" :: waited 0.000s {{(pid=94734) inner /opt/stack/data/venv/lib/python3.12/site-packages/oslo_concurrency/lockutils.py:525}}
Aug 14 17:42:30 devstack cinder-volume[94734]: DEBUG cinder.volume.drivers.quobyte [None req-725fc9a9-f7fb-4e5b-a826-4635e638acc7 tempest-VolumeSnapshotQuotasNegativeTestJSON-958774291 None] Quobyte Volume URL set to: {'osci02.corp.quobyte.com/cinder-vol-d889df69-8bce-4aea-a160-ab1b76ba2fe7': None} {{(pid=94734) _load_shares_config /opt/stack/cinder/cinder/volume/drivers/quobyte.py:665}}
Aug 14 17:42:30 devstack cinder-volume[94734]: DEBUG cinder.volume.drivers.quobyte [None req-725fc9a9-f7fb-4e5b-a826-4635e638acc7 tempest-VolumeSnapshotQuotasNegativeTestJSON-958774291 None] Available shares ['osci02.corp.quobyte.com/cinder-vol-d889df69-8bce-4aea-a160-ab1b76ba2fe7'] {{(pid=94734) _ensure_shares_mounted /opt/stack/cinder/cinder/volume/drivers/quobyte.py:695}}
Aug 14 17:42:30 devstack cinder-volume[94734]: DEBUG oslo_concurrency.lockutils [None req-725fc9a9-f7fb-4e5b-a826-4635e638acc7 tempest-VolumeSnapshotQuotasNegativeTestJSON-958774291 None] Lock "quobyte_ensure" "released" by "cinder.volume.drivers.quobyte.QuobyteDriver._ensure_shares_mounted" :: held 0.009s {{(pid=94734) inner /opt/stack/data/venv/lib/python3.12/site-packages/oslo_concurrency/lockutils.py:544}}
Aug 14 17:42:30 devstack cinder-volume[94734]: DEBUG cinder.volume.drivers.quobyte [None req-725fc9a9-f7fb-4e5b-a826-4635e638acc7 tempest-VolumeSnapshotQuotasNegativeTestJSON-958774291 None] Selected osci02.corp.quobyte.com/cinder-vol-d889df69-8bce-4aea-a160-ab1b76ba2fe7 as target Quobyte volume. {{(pid=94734) _find_share /opt/stack/cinder/cinder/volume/drivers/quobyte.py:716}}
Aug 14 17:42:30 devstack cinder-volume[94734]: INFO cinder.volume.drivers.remotefs [None req-725fc9a9-f7fb-4e5b-a826-4635e638acc7 tempest-VolumeSnapshotQuotasNegativeTestJSON-958774291 None] casted to osci02.corp.quobyte.com/cinder-vol-d889df69-8bce-4aea-a160-ab1b76ba2fe7
Aug 14 17:42:30 devstack cinder-volume[94734]: DEBUG oslo_concurrency.processutils [None req-725fc9a9-f7fb-4e5b-a826-4635e638acc7 tempest-VolumeSnapshotQuotasNegativeTestJSON-958774291 None] Running cmd (subprocess): sudo cinder-rootwrap /etc/cinder/rootwrap.conf qemu-img create -f qcow2 -o preallocation=metadata /opt/stack/data/cinder/mnt/f1082601a1add4b524ef7507dfc5a5a1/volume-1c5ba1b2-741e-46d9-918b-350ed573adcb 1073741824 {{(pid=94734) execute /opt/stack/data/venv/lib/python3.12/site-packages/oslo_concurrency/processutils.py:440}}
Aug 14 17:42:30 devstack sudo[102674]: quobyte : PWD=/ ; USER=root ; COMMAND=/opt/stack/data/venv/bin/cinder-rootwrap /etc/cinder/rootwrap.conf qemu-img create -f qcow2 -o preallocation=metadata /opt/stack/data/cinder/mnt/f1082601a1add4b524ef7507dfc5a5a1/volume-1c5ba1b2-741e-46d9-918b-350ed573adcb 1073741824
Aug 14 17:42:30 devstack sudo[102674]: pam_unix(sudo:session): session opened for user root(uid=0) by (uid=1000)
Aug 14 17:42:30 devstack sudo[102674]: pam_unix(sudo:session): session closed for user root
Aug 14 17:42:30 devstack cinder-volume[94734]: DEBUG oslo_concurrency.processutils [None req-725fc9a9-f7fb-4e5b-a826-4635e638acc7 tempest-VolumeSnapshotQuotasNegativeTestJSON-958774291 None] CMD "sudo cinder-rootwrap /etc/cinder/rootwrap.conf qemu-img create -f qcow2 -o preallocation=metadata /opt/stack/data/cinder/mnt/f1082601a1add4b524ef7507dfc5a5a1/volume-1c5ba1b2-741e-46d9-918b-350ed573adcb 1073741824" returned: 0 in 0.664s {{(pid=94734) execute /opt/stack/data/venv/lib/python3.12/site-packages/oslo_concurrency/processutils.py:468}}
Aug 14 17:42:30 devstack cinder-volume[94734]: DEBUG oslo_concurrency.processutils [None req-725fc9a9-f7fb-4e5b-a826-4635e638acc7 tempest-VolumeSnapshotQuotasNegativeTestJSON-958774291 None] Running cmd (subprocess): sudo cinder-rootwrap /etc/cinder/rootwrap.conf chmod ugo+rw /opt/stack/data/cinder/mnt/f1082601a1add4b524ef7507dfc5a5a1/volume-1c5ba1b2-741e-46d9-918b-350ed573adcb {{(pid=94734) execute /opt/stack/data/venv/lib/python3.12/site-packages/oslo_concurrency/processutils.py:440}}
Aug 14 17:42:30 devstack sudo[102680]: quobyte : PWD=/ ; USER=root ; COMMAND=/opt/stack/data/venv/bin/cinder-rootwrap /etc/cinder/rootwrap.conf chmod ugo+rw /opt/stack/data/cinder/mnt/f1082601a1add4b524ef7507dfc5a5a1/volume-1c5ba1b2-741e-46d9-918b-350ed573adcb
Aug 14 17:42:30 devstack sudo[102680]: pam_unix(sudo:session): session opened for user root(uid=0) by (uid=1000)
Aug 14 17:42:31 devstack sudo[102680]: pam_unix(sudo:session): session closed for user root
Aug 14 17:42:31 devstack cinder-volume[94734]: DEBUG oslo_concurrency.processutils [None req-725fc9a9-f7fb-4e5b-a826-4635e638acc7 tempest-VolumeSnapshotQuotasNegativeTestJSON-958774291 None] CMD "sudo cinder-rootwrap /etc/cinder/rootwrap.conf chmod ugo+rw /opt/stack/data/cinder/mnt/f1082601a1add4b524ef7507dfc5a5a1/volume-1c5ba1b2-741e-46d9-918b-350ed573adcb" returned: 0 in 0.357s {{(pid=94734) execute /opt/stack/data/venv/lib/python3.12/site-packages/oslo_concurrency/processutils.py:468}}
Aug 14 17:42:31 devstack cinder-volume[94734]: DEBUG cinder.volume.drivers.quobyte [None req-725fc9a9-f7fb-4e5b-a826-4635e638acc7 tempest-VolumeSnapshotQuotasNegativeTestJSON-958774291 None] <== create_volume: return (1100ms) {'provider_location': 'osci02.corp.quobyte.com/cinder-vol-d889df69-8bce-4aea-a160-ab1b76ba2fe7'} {{(pid=94734) trace_logging_wrapper /opt/stack/cinder/cinder/volume/volume_utils.py:1522}}
Aug 14 17:42:31 devstack cinder-volume[94734]: DEBUG oslo_concurrency.lockutils [None req-725fc9a9-f7fb-4e5b-a826-4635e638acc7 tempest-VolumeSnapshotQuotasNegativeTestJSON-958774291 None] Lock "quobyte" "released" by "cinder.volume.drivers.quobyte.QuobyteDriver.create_volume" :: held 1.103s {{(pid=94734) inner /opt/stack/data/venv/lib/python3.12/site-packages/oslo_concurrency/lockutils.py:544}}
Aug 14 17:42:31 devstack cinder-volume[94734]: DEBUG cinder.volume.manager [None req-725fc9a9-f7fb-4e5b-a826-4635e638acc7 tempest-VolumeSnapshotQuotasNegativeTestJSON-958774291 None] Task 'cinder.volume.flows.manager.create_volume.CreateVolumeFromSpecTask;volume:create' (0cfeac21-5f9c-4b08-8666-0b17e4ee2fd3) transitioned into state 'SUCCESS' from state 'RUNNING' with result '{'status': 'creating', 'volume_name': 'volume-1c5ba1b2-741e-46d9-918b-350ed573adcb', 'volume_size': 1}' {{(pid=94734) _task_receiver /opt/stack/data/venv/lib/python3.12/site-packages/taskflow/listeners/logging.py:218}}
Aug 14 17:42:31 devstack cinder-volume[94734]: DEBUG cinder.volume.manager [None req-725fc9a9-f7fb-4e5b-a826-4635e638acc7 tempest-VolumeSnapshotQuotasNegativeTestJSON-958774291 None] Task 'cinder.volume.flows.manager.create_volume.CreateVolumeOnFinishTask;volume:create, create.end' (6190b9ad-a691-4620-9cf7-8cdcce78553e) transitioned into state 'RUNNING' from state 'PENDING' {{(pid=94734) _task_receiver /opt/stack/data/venv/lib/python3.12/site-packages/taskflow/listeners/logging.py:242}}
Aug 14 17:42:31 devstack cinder-volume[94734]: INFO cinder.volume.flows.manager.create_volume [None req-725fc9a9-f7fb-4e5b-a826-4635e638acc7 tempest-VolumeSnapshotQuotasNegativeTestJSON-958774291 None] Volume volume-1c5ba1b2-741e-46d9-918b-350ed573adcb (1c5ba1b2-741e-46d9-918b-350ed573adcb): created successfully
Aug 14 17:42:31 devstack cinder-volume[94734]: DEBUG cinder.volume.manager [None req-725fc9a9-f7fb-4e5b-a826-4635e638acc7 tempest-VolumeSnapshotQuotasNegativeTestJSON-958774291 None] Task 'cinder.volume.flows.manager.create_volume.CreateVolumeOnFinishTask;volume:create, create.end' (6190b9ad-a691-4620-9cf7-8cdcce78553e) transitioned into state 'SUCCESS' from state 'RUNNING' with result 'None' {{(pid=94734) _task_receiver /opt/stack/data/venv/lib/python3.12/site-packages/taskflow/listeners/logging.py:218}}
Aug 14 17:42:31 devstack cinder-volume[94734]: DEBUG cinder.volume.manager [None req-725fc9a9-f7fb-4e5b-a826-4635e638acc7 tempest-VolumeSnapshotQuotasNegativeTestJSON-958774291 None] Flow 'volume_create_manager' (65214e6f-d40e-4319-8310-685f760dbca0) transitioned into state 'SUCCESS' from state 'RUNNING' {{(pid=94734) _flow_receiver /opt/stack/data/venv/lib/python3.12/site-packages/taskflow/listeners/logging.py:160}}
Aug 14 17:42:31 devstack cinder-volume[94734]: INFO cinder.volume.manager [None req-725fc9a9-f7fb-4e5b-a826-4635e638acc7 tempest-VolumeSnapshotQuotasNegativeTestJSON-958774291 None] Created volume successfully.
Aug 14 17:42:32 devstack cinder-volume[94734]: DEBUG oslo_concurrency.lockutils [None req-d1c0bd7f-6ab3-42d1-84fd-e16c31ec9630 tempest-VolumeSnapshotQuotasNegativeTestJSON-958774291 None] Acquiring lock "quobyte" by "cinder.volume.drivers.quobyte.QuobyteDriver.create_snapshot" {{(pid=94734) inner /opt/stack/data/venv/lib/python3.12/site-packages/oslo_concurrency/lockutils.py:512}}
Aug 14 17:42:32 devstack cinder-volume[94734]: DEBUG oslo_concurrency.lockutils [None req-d1c0bd7f-6ab3-42d1-84fd-e16c31ec9630 tempest-VolumeSnapshotQuotasNegativeTestJSON-958774291 None] Lock "quobyte" acquired by "cinder.volume.drivers.quobyte.QuobyteDriver.create_snapshot" :: waited 0.001s {{(pid=94734) inner /opt/stack/data/venv/lib/python3.12/site-packages/oslo_concurrency/lockutils.py:525}}
Aug 14 17:42:32 devstack cinder-volume[94734]: DEBUG cinder.volume.drivers.remotefs [None req-d1c0bd7f-6ab3-42d1-84fd-e16c31ec9630 tempest-VolumeSnapshotQuotasNegativeTestJSON-958774291 None] Creating offline snapshot 52e75c04-7b9f-487b-b75c-214b501bf2e5 of volume 1c5ba1b2-741e-46d9-918b-350ed573adcb {{(pid=94734) _create_snapshot /opt/stack/cinder/cinder/volume/drivers/remotefs.py:1816}}
Aug 14 17:42:32 devstack cinder-volume[94734]: DEBUG oslo.privsep.daemon [-] privsep: reply[8a317094-8de3-48e7-a5e5-aba96ae72a03]: (4, 'qcow2') {{(pid=95585) _call_back /opt/stack/data/venv/lib/python3.12/site-packages/oslo_privsep/daemon.py:580}}
Aug 14 17:42:32 devstack cinder-volume[94734]: DEBUG oslo_concurrency.processutils [None req-d1c0bd7f-6ab3-42d1-84fd-e16c31ec9630 tempest-VolumeSnapshotQuotasNegativeTestJSON-958774291 None] Running cmd (subprocess): /opt/stack/data/venv/bin/python3.12 -m oslo_concurrency.prlimit --as=1073741824 --cpu=60 -- sudo cinder-rootwrap /etc/cinder/rootwrap.conf env LC_ALL=C qemu-img info -f qcow2 --output=json --force-share /opt/stack/data/cinder/mnt/f1082601a1add4b524ef7507dfc5a5a1/volume-1c5ba1b2-741e-46d9-918b-350ed573adcb {{(pid=94734) execute /opt/stack/data/venv/lib/python3.12/site-packages/oslo_concurrency/processutils.py:440}}
Aug 14 17:42:32 devstack sudo[102684]: quobyte : PWD=/ ; USER=root ; COMMAND=/opt/stack/data/venv/bin/cinder-rootwrap /etc/cinder/rootwrap.conf env LC_ALL=C qemu-img info -f qcow2 --output=json --force-share /opt/stack/data/cinder/mnt/f1082601a1add4b524ef7507dfc5a5a1/volume-1c5ba1b2-741e-46d9-918b-350ed573adcb
Aug 14 17:42:32 devstack sudo[102684]: pam_unix(sudo:session): session opened for user root(uid=0) by (uid=1000)
Aug 14 17:42:33 devstack sudo[102684]: pam_unix(sudo:session): session closed for user root
Aug 14 17:42:33 devstack cinder-volume[94734]: DEBUG oslo_concurrency.processutils [None req-d1c0bd7f-6ab3-42d1-84fd-e16c31ec9630 tempest-VolumeSnapshotQuotasNegativeTestJSON-958774291 None] CMD "/opt/stack/data/venv/bin/python3.12 -m oslo_concurrency.prlimit --as=1073741824 --cpu=60 -- sudo cinder-rootwrap /etc/cinder/rootwrap.conf env LC_ALL=C qemu-img info -f qcow2 --output=json --force-share /opt/stack/data/cinder/mnt/f1082601a1add4b524ef7507dfc5a5a1/volume-1c5ba1b2-741e-46d9-918b-350ed573adcb" returned: 0 in 0.673s {{(pid=94734) execute /opt/stack/data/venv/lib/python3.12/site-packages/oslo_concurrency/processutils.py:468}}
Aug 14 17:42:33 devstack cinder-volume[94734]: DEBUG oslo_concurrency.processutils [None req-d1c0bd7f-6ab3-42d1-84fd-e16c31ec9630 tempest-VolumeSnapshotQuotasNegativeTestJSON-958774291 None] Running cmd (subprocess): sudo cinder-rootwrap /etc/cinder/rootwrap.conf qemu-img create -f qcow2 -o backing_file=/opt/stack/data/cinder/mnt/f1082601a1add4b524ef7507dfc5a5a1/volume-1c5ba1b2-741e-46d9-918b-350ed573adcb,backing_fmt=qcow2 /opt/stack/data/cinder/mnt/f1082601a1add4b524ef7507dfc5a5a1/volume-1c5ba1b2-741e-46d9-918b-350ed573adcb.52e75c04-7b9f-487b-b75c-214b501bf2e5 1G {{(pid=94734) execute /opt/stack/data/venv/lib/python3.12/site-packages/oslo_concurrency/processutils.py:440}}
Aug 14 17:42:33 devstack sudo[102690]: quobyte : PWD=/ ; USER=root ; COMMAND=/opt/stack/data/venv/bin/cinder-rootwrap /etc/cinder/rootwrap.conf qemu-img create -f qcow2 -o backing_file=/opt/stack/data/cinder/mnt/f1082601a1add4b524ef7507dfc5a5a1/volume-1c5ba1b2-741e-46d9-918b-350ed573adcb,backing_fmt=qcow2 /opt/stack/data/cinder/mnt/f1082601a1add4b524ef7507dfc5a5a1/volume-1c5ba1b2-741e-46d9-918b-350ed573adcb.52e75c04-7b9f-487b-b75c-214b501bf2e5 1G
Aug 14 17:42:33 devstack sudo[102690]: pam_unix(sudo:session): session opened for user root(uid=0) by (uid=1000)
Aug 14 17:42:33 devstack sudo[102690]: pam_unix(sudo:session): session closed for user root
Aug 14 17:42:33 devstack cinder-volume[94734]: DEBUG oslo_concurrency.processutils [None req-d1c0bd7f-6ab3-42d1-84fd-e16c31ec9630 tempest-VolumeSnapshotQuotasNegativeTestJSON-958774291 None] CMD "sudo cinder-rootwrap /etc/cinder/rootwrap.conf qemu-img create -f qcow2 -o backing_file=/opt/stack/data/cinder/mnt/f1082601a1add4b524ef7507dfc5a5a1/volume-1c5ba1b2-741e-46d9-918b-350ed573adcb,backing_fmt=qcow2 /opt/stack/data/cinder/mnt/f1082601a1add4b524ef7507dfc5a5a1/volume-1c5ba1b2-741e-46d9-918b-350ed573adcb.52e75c04-7b9f-487b-b75c-214b501bf2e5 1G" returned: 0 in 0.609s {{(pid=94734) execute /opt/stack/data/venv/lib/python3.12/site-packages/oslo_concurrency/processutils.py:468}}
Aug 14 17:42:33 devstack cinder-volume[94734]: DEBUG oslo_concurrency.processutils [None req-d1c0bd7f-6ab3-42d1-84fd-e16c31ec9630 tempest-VolumeSnapshotQuotasNegativeTestJSON-958774291 None] Running cmd (subprocess): sudo cinder-rootwrap /etc/cinder/rootwrap.conf qemu-img rebase -u -b volume-1c5ba1b2-741e-46d9-918b-350ed573adcb -F qcow2 /opt/stack/data/cinder/mnt/f1082601a1add4b524ef7507dfc5a5a1/volume-1c5ba1b2-741e-46d9-918b-350ed573adcb.52e75c04-7b9f-487b-b75c-214b501bf2e5 {{(pid=94734) execute /opt/stack/data/venv/lib/python3.12/site-packages/oslo_concurrency/processutils.py:440}}
Aug 14 17:42:34 devstack sudo[102695]: quobyte : PWD=/ ; USER=root ; COMMAND=/opt/stack/data/venv/bin/cinder-rootwrap /etc/cinder/rootwrap.conf qemu-img rebase -u -b volume-1c5ba1b2-741e-46d9-918b-350ed573adcb -F qcow2 /opt/stack/data/cinder/mnt/f1082601a1add4b524ef7507dfc5a5a1/volume-1c5ba1b2-741e-46d9-918b-350ed573adcb.52e75c04-7b9f-487b-b75c-214b501bf2e5
Aug 14 17:42:34 devstack sudo[102695]: pam_unix(sudo:session): session opened for user root(uid=0) by (uid=1000)
Aug 14 17:42:34 devstack sudo[102695]: pam_unix(sudo:session): session closed for user root
Aug 14 17:42:34 devstack cinder-volume[94734]: DEBUG oslo_concurrency.processutils [None req-d1c0bd7f-6ab3-42d1-84fd-e16c31ec9630 tempest-VolumeSnapshotQuotasNegativeTestJSON-958774291 None] CMD "sudo cinder-rootwrap /etc/cinder/rootwrap.conf qemu-img rebase -u -b volume-1c5ba1b2-741e-46d9-918b-350ed573adcb -F qcow2 /opt/stack/data/cinder/mnt/f1082601a1add4b524ef7507dfc5a5a1/volume-1c5ba1b2-741e-46d9-918b-350ed573adcb.52e75c04-7b9f-487b-b75c-214b501bf2e5" returned: 0 in 0.398s {{(pid=94734) execute /opt/stack/data/venv/lib/python3.12/site-packages/oslo_concurrency/processutils.py:468}}
Aug 14 17:42:34 devstack cinder-volume[94734]: WARNING cinder.volume.drivers.remotefs [None req-d1c0bd7f-6ab3-42d1-84fd-e16c31ec9630 tempest-VolumeSnapshotQuotasNegativeTestJSON-958774291 None] /opt/stack/data/cinder/mnt/f1082601a1add4b524ef7507dfc5a5a1/volume-1c5ba1b2-741e-46d9-918b-350ed573adcb.52e75c04-7b9f-487b-b75c-214b501bf2e5 is being set with open permissions: ugo+rw
