Aug 14 17:40:34 devstack cinder-volume[94734]: DEBUG oslo_concurrency.processutils [None req-407bf001-9ea5-4a39-92ff-5570cd307fbb tempest-VolumesDeleteCascade-1325214080 None] Running cmd (subprocess): sudo cinder-rootwrap /etc/cinder/rootwrap.conf chmod ugo+rw /opt/stack/data/cinder/mnt/f1082601a1add4b524ef7507dfc5a5a1/volume-ea82095c-9b08-43ea-b13a-7a17cf94990e {{(pid=94734) execute /opt/stack/data/venv/lib/python3.12/site-packages/oslo_concurrency/processutils.py:440}}
Aug 14 17:40:34 devstack sudo[100460]: quobyte : PWD=/ ; USER=root ; COMMAND=/opt/stack/data/venv/bin/cinder-rootwrap /etc/cinder/rootwrap.conf chmod ugo+rw /opt/stack/data/cinder/mnt/f1082601a1add4b524ef7507dfc5a5a1/volume-ea82095c-9b08-43ea-b13a-7a17cf94990e
Aug 14 17:40:34 devstack sudo[100460]: pam_unix(sudo:session): session opened for user root(uid=0) by (uid=1000)
Aug 14 17:40:34 devstack sudo[100460]: pam_unix(sudo:session): session closed for user root
Aug 14 17:40:34 devstack cinder-volume[94734]: DEBUG oslo_concurrency.processutils [None req-407bf001-9ea5-4a39-92ff-5570cd307fbb tempest-VolumesDeleteCascade-1325214080 None] CMD "sudo cinder-rootwrap /etc/cinder/rootwrap.conf chmod ugo+rw /opt/stack/data/cinder/mnt/f1082601a1add4b524ef7507dfc5a5a1/volume-ea82095c-9b08-43ea-b13a-7a17cf94990e" returned: 0 in 0.446s {{(pid=94734) execute /opt/stack/data/venv/lib/python3.12/site-packages/oslo_concurrency/processutils.py:468}}
Aug 14 17:40:34 devstack cinder-volume[94734]: DEBUG cinder.volume.drivers.quobyte [None req-407bf001-9ea5-4a39-92ff-5570cd307fbb tempest-VolumesDeleteCascade-1325214080 None] <== create_volume: return (1720ms) {'provider_location': 'osci02.corp.quobyte.com/cinder-vol-d889df69-8bce-4aea-a160-ab1b76ba2fe7'} {{(pid=94734) trace_logging_wrapper /opt/stack/cinder/cinder/volume/volume_utils.py:1522}}
Aug 14 17:40:34 devstack cinder-volume[94734]: DEBUG oslo_concurrency.lockutils [None req-407bf001-9ea5-4a39-92ff-5570cd307fbb tempest-VolumesDeleteCascade-1325214080 None] Lock "quobyte" "released" by "cinder.volume.drivers.quobyte.QuobyteDriver.create_volume" :: held 1.722s {{(pid=94734) inner /opt/stack/data/venv/lib/python3.12/site-packages/oslo_concurrency/lockutils.py:544}}
Aug 14 17:40:34 devstack cinder-volume[94734]: DEBUG cinder.volume.manager [None req-407bf001-9ea5-4a39-92ff-5570cd307fbb tempest-VolumesDeleteCascade-1325214080 None] Task 'cinder.volume.flows.manager.create_volume.CreateVolumeFromSpecTask;volume:create' (9cf93a54-6aca-4309-b452-ff6afcfc25ef) transitioned into state 'SUCCESS' from state 'RUNNING' with result '{'status': 'creating', 'volume_name': 'volume-ea82095c-9b08-43ea-b13a-7a17cf94990e', 'volume_size': 1}' {{(pid=94734) _task_receiver /opt/stack/data/venv/lib/python3.12/site-packages/taskflow/listeners/logging.py:218}}
Aug 14 17:40:34 devstack cinder-volume[94734]: DEBUG cinder.volume.manager [None req-407bf001-9ea5-4a39-92ff-5570cd307fbb tempest-VolumesDeleteCascade-1325214080 None] Task 'cinder.volume.flows.manager.create_volume.CreateVolumeOnFinishTask;volume:create, create.end' (06584cfa-8a9a-49e2-92c5-93a516c42c56) transitioned into state 'RUNNING' from state 'PENDING' {{(pid=94734) _task_receiver /opt/stack/data/venv/lib/python3.12/site-packages/taskflow/listeners/logging.py:242}}
Aug 14 17:40:34 devstack cinder-volume[94734]: INFO cinder.volume.flows.manager.create_volume [None req-407bf001-9ea5-4a39-92ff-5570cd307fbb tempest-VolumesDeleteCascade-1325214080 None] Volume volume-ea82095c-9b08-43ea-b13a-7a17cf94990e (ea82095c-9b08-43ea-b13a-7a17cf94990e): created successfully
Aug 14 17:40:34 devstack cinder-volume[94734]: DEBUG cinder.volume.manager [None req-407bf001-9ea5-4a39-92ff-5570cd307fbb tempest-VolumesDeleteCascade-1325214080 None] Task 'cinder.volume.flows.manager.create_volume.CreateVolumeOnFinishTask;volume:create, create.end' (06584cfa-8a9a-49e2-92c5-93a516c42c56) transitioned into state 'SUCCESS' from state 'RUNNING' with result 'None' {{(pid=94734) _task_receiver /opt/stack/data/venv/lib/python3.12/site-packages/taskflow/listeners/logging.py:218}}
Aug 14 17:40:34 devstack cinder-volume[94734]: DEBUG cinder.volume.manager [None req-407bf001-9ea5-4a39-92ff-5570cd307fbb tempest-VolumesDeleteCascade-1325214080 None] Flow 'volume_create_manager' (97d9d7d5-41d8-4b80-92f9-fe6a18f0296c) transitioned into state 'SUCCESS' from state 'RUNNING' {{(pid=94734) _flow_receiver /opt/stack/data/venv/lib/python3.12/site-packages/taskflow/listeners/logging.py:160}}
Aug 14 17:40:34 devstack cinder-volume[94734]: INFO cinder.volume.manager [None req-407bf001-9ea5-4a39-92ff-5570cd307fbb tempest-VolumesDeleteCascade-1325214080 None] Created volume successfully.
Aug 14 17:40:35 devstack cinder-volume[94734]: DEBUG oslo_concurrency.lockutils [None req-fd668f76-fcf7-4eb8-8cdd-9be126630b10 tempest-VolumesDeleteCascade-1325214080 None] Acquiring lock "quobyte" by "cinder.volume.drivers.quobyte.QuobyteDriver.create_snapshot" {{(pid=94734) inner /opt/stack/data/venv/lib/python3.12/site-packages/oslo_concurrency/lockutils.py:512}}
Aug 14 17:40:35 devstack cinder-volume[94734]: DEBUG oslo_concurrency.lockutils [None req-fd668f76-fcf7-4eb8-8cdd-9be126630b10 tempest-VolumesDeleteCascade-1325214080 None] Lock "quobyte" acquired by "cinder.volume.drivers.quobyte.QuobyteDriver.create_snapshot" :: waited 0.001s {{(pid=94734) inner /opt/stack/data/venv/lib/python3.12/site-packages/oslo_concurrency/lockutils.py:525}}
Aug 14 17:40:35 devstack cinder-volume[94734]: DEBUG cinder.volume.drivers.remotefs [None req-fd668f76-fcf7-4eb8-8cdd-9be126630b10 tempest-VolumesDeleteCascade-1325214080 None] Creating offline snapshot b17cb9da-d62d-42ff-899e-2fd54e035f6c of volume ea82095c-9b08-43ea-b13a-7a17cf94990e {{(pid=94734) _create_snapshot /opt/stack/cinder/cinder/volume/drivers/remotefs.py:1816}}
Aug 14 17:40:35 devstack cinder-volume[94734]: DEBUG oslo.privsep.daemon [-] privsep: reply[02eb6045-b87f-4a65-bedd-8d11e04da14d]: (4, 'qcow2') {{(pid=95585) _call_back /opt/stack/data/venv/lib/python3.12/site-packages/oslo_privsep/daemon.py:580}}
Aug 14 17:40:35 devstack cinder-volume[94734]: DEBUG oslo_concurrency.processutils [None req-fd668f76-fcf7-4eb8-8cdd-9be126630b10 tempest-VolumesDeleteCascade-1325214080 None] Running cmd (subprocess): /opt/stack/data/venv/bin/python3.12 -m oslo_concurrency.prlimit --as=1073741824 --cpu=60 -- sudo cinder-rootwrap /etc/cinder/rootwrap.conf env LC_ALL=C qemu-img info -f qcow2 --output=json --force-share /opt/stack/data/cinder/mnt/f1082601a1add4b524ef7507dfc5a5a1/volume-ea82095c-9b08-43ea-b13a-7a17cf94990e {{(pid=94734) execute /opt/stack/data/venv/lib/python3.12/site-packages/oslo_concurrency/processutils.py:440}}
Aug 14 17:40:35 devstack sudo[100474]: quobyte : PWD=/ ; USER=root ; COMMAND=/opt/stack/data/venv/bin/cinder-rootwrap /etc/cinder/rootwrap.conf env LC_ALL=C qemu-img info -f qcow2 --output=json --force-share /opt/stack/data/cinder/mnt/f1082601a1add4b524ef7507dfc5a5a1/volume-ea82095c-9b08-43ea-b13a-7a17cf94990e
Aug 14 17:40:35 devstack sudo[100474]: pam_unix(sudo:session): session opened for user root(uid=0) by (uid=1000)
Aug 14 17:40:35 devstack sudo[100474]: pam_unix(sudo:session): session closed for user root
Aug 14 17:40:35 devstack cinder-volume[94734]: DEBUG oslo_concurrency.processutils [None req-fd668f76-fcf7-4eb8-8cdd-9be126630b10 tempest-VolumesDeleteCascade-1325214080 None] CMD "/opt/stack/data/venv/bin/python3.12 -m oslo_concurrency.prlimit --as=1073741824 --cpu=60 -- sudo cinder-rootwrap /etc/cinder/rootwrap.conf env LC_ALL=C qemu-img info -f qcow2 --output=json --force-share /opt/stack/data/cinder/mnt/f1082601a1add4b524ef7507dfc5a5a1/volume-ea82095c-9b08-43ea-b13a-7a17cf94990e" returned: 0 in 0.544s {{(pid=94734) execute /opt/stack/data/venv/lib/python3.12/site-packages/oslo_concurrency/processutils.py:468}}
Aug 14 17:40:35 devstack cinder-volume[94734]: DEBUG oslo_concurrency.processutils [None req-fd668f76-fcf7-4eb8-8cdd-9be126630b10 tempest-VolumesDeleteCascade-1325214080 None] Running cmd (subprocess): sudo cinder-rootwrap /etc/cinder/rootwrap.conf qemu-img create -f qcow2 -o backing_file=/opt/stack/data/cinder/mnt/f1082601a1add4b524ef7507dfc5a5a1/volume-ea82095c-9b08-43ea-b13a-7a17cf94990e,backing_fmt=qcow2 /opt/stack/data/cinder/mnt/f1082601a1add4b524ef7507dfc5a5a1/volume-ea82095c-9b08-43ea-b13a-7a17cf94990e.b17cb9da-d62d-42ff-899e-2fd54e035f6c 1G {{(pid=94734) execute /opt/stack/data/venv/lib/python3.12/site-packages/oslo_concurrency/processutils.py:440}}
Aug 14 17:40:36 devstack sudo[100491]: quobyte : PWD=/ ; USER=root ; COMMAND=/opt/stack/data/venv/bin/cinder-rootwrap /etc/cinder/rootwrap.conf qemu-img create -f qcow2 -o backing_file=/opt/stack/data/cinder/mnt/f1082601a1add4b524ef7507dfc5a5a1/volume-ea82095c-9b08-43ea-b13a-7a17cf94990e,backing_fmt=qcow2 /opt/stack/data/cinder/mnt/f1082601a1add4b524ef7507dfc5a5a1/volume-ea82095c-9b08-43ea-b13a-7a17cf94990e.b17cb9da-d62d-42ff-899e-2fd54e035f6c 1G
Aug 14 17:40:36 devstack sudo[100491]: pam_unix(sudo:session): session opened for user root(uid=0) by (uid=1000)
Aug 14 17:40:36 devstack sudo[100491]: pam_unix(sudo:session): session closed for user root
Aug 14 17:40:36 devstack cinder-volume[94734]: DEBUG oslo_concurrency.processutils [None req-fd668f76-fcf7-4eb8-8cdd-9be126630b10 tempest-VolumesDeleteCascade-1325214080 None] CMD "sudo cinder-rootwrap /etc/cinder/rootwrap.conf qemu-img create -f qcow2 -o backing_file=/opt/stack/data/cinder/mnt/f1082601a1add4b524ef7507dfc5a5a1/volume-ea82095c-9b08-43ea-b13a-7a17cf94990e,backing_fmt=qcow2 /opt/stack/data/cinder/mnt/f1082601a1add4b524ef7507dfc5a5a1/volume-ea82095c-9b08-43ea-b13a-7a17cf94990e.b17cb9da-d62d-42ff-899e-2fd54e035f6c 1G" returned: 0 in 0.703s {{(pid=94734) execute /opt/stack/data/venv/lib/python3.12/site-packages/oslo_concurrency/processutils.py:468}}
Aug 14 17:40:36 devstack cinder-volume[94734]: DEBUG oslo_concurrency.processutils [None req-fd668f76-fcf7-4eb8-8cdd-9be126630b10 tempest-VolumesDeleteCascade-1325214080 None] Running cmd (subprocess): sudo cinder-rootwrap /etc/cinder/rootwrap.conf qemu-img rebase -u -b volume-ea82095c-9b08-43ea-b13a-7a17cf94990e -F qcow2 /opt/stack/data/cinder/mnt/f1082601a1add4b524ef7507dfc5a5a1/volume-ea82095c-9b08-43ea-b13a-7a17cf94990e.b17cb9da-d62d-42ff-899e-2fd54e035f6c {{(pid=94734) execute /opt/stack/data/venv/lib/python3.12/site-packages/oslo_concurrency/processutils.py:440}}
Aug 14 17:40:36 devstack sudo[100499]: quobyte : PWD=/ ; USER=root ; COMMAND=/opt/stack/data/venv/bin/cinder-rootwrap /etc/cinder/rootwrap.conf qemu-img rebase -u -b volume-ea82095c-9b08-43ea-b13a-7a17cf94990e -F qcow2 /opt/stack/data/cinder/mnt/f1082601a1add4b524ef7507dfc5a5a1/volume-ea82095c-9b08-43ea-b13a-7a17cf94990e.b17cb9da-d62d-42ff-899e-2fd54e035f6c
Aug 14 17:40:36 devstack sudo[100499]: pam_unix(sudo:session): session opened for user root(uid=0) by (uid=1000)
Aug 14 17:40:37 devstack sudo[100499]: pam_unix(sudo:session): session closed for user root
Aug 14 17:40:37 devstack cinder-volume[94734]: DEBUG oslo_concurrency.processutils [None req-fd668f76-fcf7-4eb8-8cdd-9be126630b10 tempest-VolumesDeleteCascade-1325214080 None] CMD "sudo cinder-rootwrap /etc/cinder/rootwrap.conf qemu-img rebase -u -b volume-ea82095c-9b08-43ea-b13a-7a17cf94990e -F qcow2 /opt/stack/data/cinder/mnt/f1082601a1add4b524ef7507dfc5a5a1/volume-ea82095c-9b08-43ea-b13a-7a17cf94990e.b17cb9da-d62d-42ff-899e-2fd54e035f6c" returned: 0 in 0.527s {{(pid=94734) execute /opt/stack/data/venv/lib/python3.12/site-packages/oslo_concurrency/processutils.py:468}}
Aug 14 17:40:37 devstack cinder-volume[94734]: WARNING cinder.volume.drivers.remotefs [None req-fd668f76-fcf7-4eb8-8cdd-9be126630b10 tempest-VolumesDeleteCascade-1325214080 None] /opt/stack/data/cinder/mnt/f1082601a1add4b524ef7507dfc5a5a1/volume-ea82095c-9b08-43ea-b13a-7a17cf94990e.b17cb9da-d62d-42ff-899e-2fd54e035f6c is being set with open permissions: ugo+rw
Aug 14 17:40:37 devstack cinder-volume[94734]: DEBUG oslo_concurrency.processutils [None req-fd668f76-fcf7-4eb8-8cdd-9be126630b10 tempest-VolumesDeleteCascade-1325214080 None] Running cmd (subprocess): sudo cinder-rootwrap /etc/cinder/rootwrap.conf chmod ugo+rw /opt/stack/data/cinder/mnt/f1082601a1add4b524ef7507dfc5a5a1/volume-ea82095c-9b08-43ea-b13a-7a17cf94990e.b17cb9da-d62d-42ff-899e-2fd54e035f6c {{(pid=94734) execute /opt/stack/data/venv/lib/python3.12/site-packages/oslo_concurrency/processutils.py:440}}
Aug 14 17:40:37 devstack sudo[100508]: quobyte : PWD=/ ; USER=root ; COMMAND=/opt/stack/data/venv/bin/cinder-rootwrap /etc/cinder/rootwrap.conf chmod ugo+rw /opt/stack/data/cinder/mnt/f1082601a1add4b524ef7507dfc5a5a1/volume-ea82095c-9b08-43ea-b13a-7a17cf94990e.b17cb9da-d62d-42ff-899e-2fd54e035f6c
Aug 14 17:40:37 devstack sudo[100508]: pam_unix(sudo:session): session opened for user root(uid=0) by (uid=1000)
Aug 14 17:40:37 devstack cinder-volume[94734]: INFO cinder.volume.manager [req-2c2f412f-e58f-4311-9c6f-8368763ea21f req-ecb25645-9469-41c3-b105-f707d1b561b2 tempest-ServerActionsTestOtherA-1524676458 None] Terminate volume connection completed successfully.
Aug 14 17:40:37 devstack cinder-volume[94734]: DEBUG cinder.volume.manager [req-2c2f412f-e58f-4311-9c6f-8368763ea21f req-ecb25645-9469-41c3-b105-f707d1b561b2 tempest-ServerActionsTestOtherA-1524676458 None] Deleting attachment fc85db19-672b-4cd0-b12b-4cb053c5eb46. {{(pid=94734) attachment_delete /opt/stack/cinder/cinder/volume/manager.py:5055}}
Aug 14 17:40:37 devstack sudo[100508]: pam_unix(sudo:session): session closed for user root
Aug 14 17:40:37 devstack cinder-volume[94734]: DEBUG oslo_concurrency.processutils [None req-fd668f76-fcf7-4eb8-8cdd-9be126630b10 tempest-VolumesDeleteCascade-1325214080 None] CMD "sudo cinder-rootwrap /etc/cinder/rootwrap.conf chmod ugo+rw /opt/stack/data/cinder/mnt/f1082601a1add4b524ef7507dfc5a5a1/volume-ea82095c-9b08-43ea-b13a-7a17cf94990e.b17cb9da-d62d-42ff-899e-2fd54e035f6c" returned: 0 in 0.421s {{(pid=94734) execute /opt/stack/data/venv/lib/python3.12/site-packages/oslo_concurrency/processutils.py:468}}
Aug 14 17:40:37 devstack cinder-volume[94734]: DEBUG oslo_concurrency.processutils [None req-fd668f76-fcf7-4eb8-8cdd-9be126630b10 tempest-VolumesDeleteCascade-1325214080 None] Running cmd (subprocess): sudo cinder-rootwrap /etc/cinder/rootwrap.conf truncate -s0 /opt/stack/data/cinder/mnt/f1082601a1add4b524ef7507dfc5a5a1/volume-ea82095c-9b08-43ea-b13a-7a17cf94990e.info {{(pid=94734) execute /opt/stack/data/venv/lib/python3.12/site-packages/oslo_concurrency/processutils.py:440}}
Aug 14 17:40:37 devstack sudo[100515]: quobyte : PWD=/ ; USER=root ; COMMAND=/opt/stack/data/venv/bin/cinder-rootwrap /etc/cinder/rootwrap.conf truncate -s0 /opt/stack/data/cinder/mnt/f1082601a1add4b524ef7507dfc5a5a1/volume-ea82095c-9b08-43ea-b13a-7a17cf94990e.info
Aug 14 17:40:37 devstack sudo[100515]: pam_unix(sudo:session): session opened for user root(uid=0) by (uid=1000)
Aug 14 17:40:38 devstack sudo[100515]: pam_unix(sudo:session): session closed for user root
Aug 14 17:40:38 devstack cinder-volume[94734]: DEBUG oslo_concurrency.processutils [None req-fd668f76-fcf7-4eb8-8cdd-9be126630b10 tempest-VolumesDeleteCascade-1325214080 None] CMD "sudo cinder-rootwrap /etc/cinder/rootwrap.conf truncate -s0 /opt/stack/data/cinder/mnt/f1082601a1add4b524ef7507dfc5a5a1/volume-ea82095c-9b08-43ea-b13a-7a17cf94990e.info" returned: 0 in 0.643s {{(pid=94734) execute /opt/stack/data/venv/lib/python3.12/site-packages/oslo_concurrency/processutils.py:468}}
Aug 14 17:40:38 devstack cinder-volume[94734]: WARNING cinder.volume.drivers.remotefs [None req-fd668f76-fcf7-4eb8-8cdd-9be126630b10 tempest-VolumesDeleteCascade-1325214080 None] /opt/stack/data/cinder/mnt/f1082601a1add4b524ef7507dfc5a5a1/volume-ea82095c-9b08-43ea-b13a-7a17cf94990e.info is being set with open permissions: ugo+rw
Aug 14 17:40:38 devstack cinder-volume[94734]: DEBUG oslo_concurrency.processutils [None req-fd668f76-fcf7-4eb8-8cdd-9be126630b10 tempest-VolumesDeleteCascade-1325214080 None] Running cmd (subprocess): sudo cinder-rootwrap /etc/cinder/rootwrap.conf chmod ugo+rw /opt/stack/data/cinder/mnt/f1082601a1add4b524ef7507dfc5a5a1/volume-ea82095c-9b08-43ea-b13a-7a17cf94990e.info {{(pid=94734) execute /opt/stack/data/venv/lib/python3.12/site-packages/oslo_concurrency/processutils.py:440}}
Aug 14 17:40:38 devstack sudo[100596]: quobyte : PWD=/ ; USER=root ; COMMAND=/opt/stack/data/venv/bin/cinder-rootwrap /etc/cinder/rootwrap.conf chmod ugo+rw /opt/stack/data/cinder/mnt/f1082601a1add4b524ef7507dfc5a5a1/volume-ea82095c-9b08-43ea-b13a-7a17cf94990e.info
Aug 14 17:40:38 devstack sudo[100596]: pam_unix(sudo:session): session opened for user root(uid=0) by (uid=1000)
Aug 14 17:40:38 devstack sudo[100596]: pam_unix(sudo:session): session closed for user root
Aug 14 17:40:38 devstack cinder-volume[94734]: DEBUG oslo_concurrency.processutils [None req-fd668f76-fcf7-4eb8-8cdd-9be126630b10 tempest-VolumesDeleteCascade-1325214080 None] CMD "sudo cinder-rootwrap /etc/cinder/rootwrap.conf chmod ugo+rw /opt/stack/data/cinder/mnt/f1082601a1add4b524ef7507dfc5a5a1/volume-ea82095c-9b08-43ea-b13a-7a17cf94990e.info" returned: 0 in 0.559s {{(pid=94734) execute /opt/stack/data/venv/lib/python3.12/site-packages/oslo_concurrency/processutils.py:468}}
Aug 14 17:40:38 devstack cinder-volume[94734]: DEBUG oslo_concurrency.lockutils [None req-fd668f76-fcf7-4eb8-8cdd-9be126630b10 tempest-VolumesDeleteCascade-1325214080 None] Lock "quobyte" "released" by "cinder.volume.drivers.quobyte.QuobyteDriver.create_snapshot" :: held 3.570s {{(pid=94734) inner /opt/stack/data/venv/lib/python3.12/site-packages/oslo_concurrency/lockutils.py:544}}
Aug 14 17:40:38 devstack cinder-volume[94734]: INFO cinder.volume.manager [None req-fd668f76-fcf7-4eb8-8cdd-9be126630b10 tempest-VolumesDeleteCascade-1325214080 None] Create snapshot completed successfully
Aug 14 17:40:40 devstack cinder-volume[94734]: DEBUG oslo_concurrency.lockutils [None req-d5fc85d5-0f25-4873-b7c2-5fc4d103a30b tempest-VolumesDeleteCascade-1325214080 None] Acquiring lock "quobyte" by "cinder.volume.drivers.quobyte.QuobyteDriver.create_snapshot" {{(pid=94734) inner /opt/stack/data/venv/lib/python3.12/site-packages/oslo_concurrency/lockutils.py:512}}
Aug 14 17:40:40 devstack cinder-volume[94734]: DEBUG oslo_concurrency.lockutils [None req-d5fc85d5-0f25-4873-b7c2-5fc4d103a30b tempest-VolumesDeleteCascade-1325214080 None] Lock "quobyte" acquired by "cinder.volume.drivers.quobyte.QuobyteDriver.create_snapshot" :: waited 0.001s {{(pid=94734) inner /opt/stack/data/venv/lib/python3.12/site-packages/oslo_concurrency/lockutils.py:525}}
Aug 14 17:40:40 devstack cinder-volume[94734]: DEBUG cinder.volume.drivers.remotefs [None req-d5fc85d5-0f25-4873-b7c2-5fc4d103a30b tempest-VolumesDeleteCascade-1325214080 None] Creating offline snapshot ea6f9664-44c8-49a2-80bf-949571286532 of volume ea82095c-9b08-43ea-b13a-7a17cf94990e {{(pid=94734) _create_snapshot /opt/stack/cinder/cinder/volume/drivers/remotefs.py:1816}}
Aug 14 17:40:40 devstack cinder-volume[94734]: DEBUG oslo.privsep.daemon [-] privsep: reply[03af4814-96ba-4b0f-a84e-9f367e86a9a2]: (4, 'qcow2') {{(pid=95585) _call_back /opt/stack/data/venv/lib/python3.12/site-packages/oslo_privsep/daemon.py:580}}
Aug 14 17:40:40 devstack cinder-volume[94734]: DEBUG oslo_concurrency.processutils [None req-d5fc85d5-0f25-4873-b7c2-5fc4d103a30b tempest-VolumesDeleteCascade-1325214080 None] Running cmd (subprocess): /opt/stack/data/venv/bin/python3.12 -m oslo_concurrency.prlimit --as=1073741824 --cpu=60 -- sudo cinder-rootwrap /etc/cinder/rootwrap.conf env LC_ALL=C qemu-img info -f qcow2 --output=json --force-share /opt/stack/data/cinder/mnt/f1082601a1add4b524ef7507dfc5a5a1/volume-ea82095c-9b08-43ea-b13a-7a17cf94990e.b17cb9da-d62d-42ff-899e-2fd54e035f6c {{(pid=94734) execute /opt/stack/data/venv/lib/python3.12/site-packages/oslo_concurrency/processutils.py:440}}
Aug 14 17:40:40 devstack sudo[101025]: quobyte : PWD=/ ; USER=root ; COMMAND=/opt/stack/data/venv/bin/cinder-rootwrap /etc/cinder/rootwrap.conf env LC_ALL=C qemu-img info -f qcow2 --output=json --force-share /opt/stack/data/cinder/mnt/f1082601a1add4b524ef7507dfc5a5a1/volume-ea82095c-9b08-43ea-b13a-7a17cf94990e.b17cb9da-d62d-42ff-899e-2fd54e035f6c
Aug 14 17:40:40 devstack sudo[101025]: pam_unix(sudo:session): session opened for user root(uid=0) by (uid=1000)
Aug 14 17:40:41 devstack sudo[101025]: pam_unix(sudo:session): session closed for user root
Aug 14 17:40:41 devstack cinder-volume[94734]: DEBUG oslo_concurrency.processutils [None req-d5fc85d5-0f25-4873-b7c2-5fc4d103a30b tempest-VolumesDeleteCascade-1325214080 None] CMD "/opt/stack/data/venv/bin/python3.12 -m oslo_concurrency.prlimit --as=1073741824 --cpu=60 -- sudo cinder-rootwrap /etc/cinder/rootwrap.conf env LC_ALL=C qemu-img info -f qcow2 --output=json --force-share /opt/stack/data/cinder/mnt/f1082601a1add4b524ef7507dfc5a5a1/volume-ea82095c-9b08-43ea-b13a-7a17cf94990e.b17cb9da-d62d-42ff-899e-2fd54e035f6c" returned: 0 in 1.040s {{(pid=94734) execute /opt/stack/data/venv/lib/python3.12/site-packages/oslo_concurrency/processutils.py:468}}
Aug 14 17:40:41 devstack cinder-volume[94734]: DEBUG cinder.volume.drivers.remotefs [None req-d5fc85d5-0f25-4873-b7c2-5fc4d103a30b tempest-VolumesDeleteCascade-1325214080 None] Fetching qemu-img info with special backing_file_template: (/opt/stack/data/cinder/mnt/[0-9a-f]+/)?(volume-ea82095c-9b08-43ea-b13a-7a17cf94990e(.(tmp-snap-)?[0-9a-f-]+)?|volume_from_snapshot_cache/(tmp-snap-)?[0-9a-f-]+(.(child-|parent-)[0-9a-f-]+)?)$ {{(pid=94734) _qemu_img_info_base /opt/stack/cinder/cinder/volume/drivers/remotefs.py:896}}
Aug 14 17:40:41 devstack cinder-volume[94734]: DEBUG oslo_concurrency.processutils [None req-d5fc85d5-0f25-4873-b7c2-5fc4d103a30b tempest-VolumesDeleteCascade-1325214080 None] Running cmd (subprocess): sudo cinder-rootwrap /etc/cinder/rootwrap.conf qemu-img create -f qcow2 -o backing_file=/opt/stack/data/cinder/mnt/f1082601a1add4b524ef7507dfc5a5a1/volume-ea82095c-9b08-43ea-b13a-7a17cf94990e.b17cb9da-d62d-42ff-899e-2fd54e035f6c,backing_fmt=qcow2 /opt/stack/data/cinder/mnt/f1082601a1add4b524ef7507dfc5a5a1/volume-ea82095c-9b08-43ea-b13a-7a17cf94990e.ea6f9664-44c8-49a2-80bf-949571286532 1G {{(pid=94734) execute /opt/stack/data/venv/lib/python3.12/site-packages/oslo_concurrency/processutils.py:440}}
Aug 14 17:40:41 devstack sudo[101063]: quobyte : PWD=/ ; USER=root ; COMMAND=/opt/stack/data/venv/bin/cinder-rootwrap /etc/cinder/rootwrap.conf qemu-img create -f qcow2 -o backing_file=/opt/stack/data/cinder/mnt/f1082601a1add4b524ef7507dfc5a5a1/volume-ea82095c-9b08-43ea-b13a-7a17cf94990e.b17cb9da-d62d-42ff-899e-2fd54e035f6c,backing_fmt=qcow2 /opt/stack/data/cinder/mnt/f1082601a1add4b524ef7507dfc5a5a1/volume-ea82095c-9b08-43ea-b13a-7a17cf94990e.ea6f9664-44c8-49a2-80bf-949571286532 1G
Aug 14 17:40:41 devstack sudo[101063]: pam_unix(sudo:session): session opened for user root(uid=0) by (uid=1000)
Aug 14 17:40:42 devstack sudo[101063]: pam_unix(sudo:session): session closed for user root
Aug 14 17:40:42 devstack cinder-volume[94734]: DEBUG oslo_concurrency.processutils [None req-d5fc85d5-0f25-4873-b7c2-5fc4d103a30b tempest-VolumesDeleteCascade-1325214080 None] CMD "sudo cinder-rootwrap /etc/cinder/rootwrap.conf qemu-img create -f qcow2 -o backing_file=/opt/stack/data/cinder/mnt/f1082601a1add4b524ef7507dfc5a5a1/volume-ea82095c-9b08-43ea-b13a-7a17cf94990e.b17cb9da-d62d-42ff-899e-2fd54e035f6c,backing_fmt=qcow2 /opt/stack/data/cinder/mnt/f1082601a1add4b524ef7507dfc5a5a1/volume-ea82095c-9b08-43ea-b13a-7a17cf94990e.ea6f9664-44c8-49a2-80bf-949571286532 1G" returned: 0 in 1.185s {{(pid=94734) execute /opt/stack/data/venv/lib/python3.12/site-packages/oslo_concurrency/processutils.py:468}}
Aug 14 17:40:42 devstack cinder-volume[94734]: DEBUG oslo_concurrency.processutils [None req-d5fc85d5-0f25-4873-b7c2-5fc4d103a30b tempest-VolumesDeleteCascade-1325214080 None] Running cmd (subprocess): sudo cinder-rootwrap /etc/cinder/rootwrap.conf qemu-img rebase -u -b volume-ea82095c-9b08-43ea-b13a-7a17cf94990e.b17cb9da-d62d-42ff-899e-2fd54e035f6c -F qcow2 /opt/stack/data/cinder/mnt/f1082601a1add4b524ef7507dfc5a5a1/volume-ea82095c-9b08-43ea-b13a-7a17cf94990e.ea6f9664-44c8-49a2-80bf-949571286532 {{(pid=94734) execute /opt/stack/data/venv/lib/python3.12/site-packages/oslo_concurrency/processutils.py:440}}
Aug 14 17:40:42 devstack sudo[101121]: quobyte : PWD=/ ; USER=root ; COMMAND=/opt/stack/data/venv/bin/cinder-rootwrap /etc/cinder/rootwrap.conf qemu-img rebase -u -b volume-ea82095c-9b08-43ea-b13a-7a17cf94990e.b17cb9da-d62d-42ff-899e-2fd54e035f6c -F qcow2 /opt/stack/data/cinder/mnt/f1082601a1add4b524ef7507dfc5a5a1/volume-ea82095c-9b08-43ea-b13a-7a17cf94990e.ea6f9664-44c8-49a2-80bf-949571286532
Aug 14 17:40:42 devstack sudo[101121]: pam_unix(sudo:session): session opened for user root(uid=0) by (uid=1000)
Aug 14 17:40:43 devstack sudo[101121]: pam_unix(sudo:session): session closed for user root
Aug 14 17:40:43 devstack cinder-volume[94734]: DEBUG oslo_concurrency.processutils [None req-d5fc85d5-0f25-4873-b7c2-5fc4d103a30b tempest-VolumesDeleteCascade-1325214080 None] CMD "sudo cinder-rootwrap /etc/cinder/rootwrap.conf qemu-img rebase -u -b volume-ea82095c-9b08-43ea-b13a-7a17cf94990e.b17cb9da-d62d-42ff-899e-2fd54e035f6c -F qcow2 /opt/stack/data/cinder/mnt/f1082601a1add4b524ef7507dfc5a5a1/volume-ea82095c-9b08-43ea-b13a-7a17cf94990e.ea6f9664-44c8-49a2-80bf-949571286532" returned: 0 in 0.638s {{(pid=94734) execute /opt/stack/data/venv/lib/python3.12/site-packages/oslo_concurrency/processutils.py:468}}
Aug 14 17:40:43 devstack cinder-volume[94734]: WARNING cinder.volume.drivers.remotefs [None req-d5fc85d5-0f25-4873-b7c2-5fc4d103a30b tempest-VolumesDeleteCascade-1325214080 None] /opt/stack/data/cinder/mnt/f1082601a1add4b524ef7507dfc5a5a1/volume-ea82095c-9b08-43ea-b13a-7a17cf94990e.ea6f9664-44c8-49a2-80bf-949571286532 is being set with open permissions: ugo+rw
Aug 14 17:40:43 devstack cinder-volume[94734]: DEBUG oslo_concurrency.processutils [None req-d5fc85d5-0f25-4873-b7c2-5fc4d103a30b tempest-VolumesDeleteCascade-1325214080 None] Running cmd (subprocess): sudo cinder-rootwrap /etc/cinder/rootwrap.conf chmod ugo+rw /opt/stack/data/cinder/mnt/f1082601a1add4b524ef7507dfc5a5a1/volume-ea82095c-9b08-43ea-b13a-7a17cf94990e.ea6f9664-44c8-49a2-80bf-949571286532 {{(pid=94734) execute /opt/stack/data/venv/lib/python3.12/site-packages/oslo_concurrency/processutils.py:440}}
Aug 14 17:40:43 devstack sudo[101138]: quobyte : PWD=/ ; USER=root ; COMMAND=/opt/stack/data/venv/bin/cinder-rootwrap /etc/cinder/rootwrap.conf chmod ugo+rw /opt/stack/data/cinder/mnt/f1082601a1add4b524ef7507dfc5a5a1/volume-ea82095c-9b08-43ea-b13a-7a17cf94990e.ea6f9664-44c8-49a2-80bf-949571286532
Aug 14 17:40:43 devstack sudo[101138]: pam_unix(sudo:session): session opened for user root(uid=0) by (uid=1000)
Aug 14 17:40:43 devstack sudo[101138]: pam_unix(sudo:session): session closed for user root
Aug 14 17:40:43 devstack cinder-volume[94734]: DEBUG oslo_concurrency.processutils [None req-d5fc85d5-0f25-4873-b7c2-5fc4d103a30b tempest-VolumesDeleteCascade-1325214080 None] CMD "sudo cinder-rootwrap /etc/cinder/rootwrap.conf chmod ugo+rw /opt/stack/data/cinder/mnt/f1082601a1add4b524ef7507dfc5a5a1/volume-ea82095c-9b08-43ea-b13a-7a17cf94990e.ea6f9664-44c8-49a2-80bf-949571286532" returned: 0 in 0.505s {{(pid=94734) execute /opt/stack/data/venv/lib/python3.12/site-packages/oslo_concurrency/processutils.py:468}}
Aug 14 17:40:44 devstack cinder-volume[94734]: DEBUG oslo_concurrency.lockutils [None req-d5fc85d5-0f25-4873-b7c2-5fc4d103a30b tempest-VolumesDeleteCascade-1325214080 None] Lock "quobyte" "released" by "cinder.volume.drivers.quobyte.QuobyteDriver.create_snapshot" :: held 3.605s {{(pid=94734) inner /opt/stack/data/venv/lib/python3.12/site-packages/oslo_concurrency/lockutils.py:544}}
Aug 14 17:40:44 devstack cinder-volume[94734]: INFO cinder.volume.manager [None req-d5fc85d5-0f25-4873-b7c2-5fc4d103a30b tempest-VolumesDeleteCascade-1325214080 None] Create snapshot completed successfully
Aug 14 17:40:45 devstack cinder-volume[94734]: DEBUG cinder.coordination [None req-ad3af3d2-0b99-465d-bca5-819b54419c3c tempest-VolumesDeleteCascade-1325214080 None] Acquiring lock "cinder-ea82095c-9b08-43ea-b13a-7a17cf94990e-delete_volume" by "delete_volume" {{(pid=94734) __acquire /opt/stack/cinder/cinder/coordination.py:138}}
Aug 14 17:40:45 devstack cinder-volume[94734]: DEBUG cinder.coordination [None req-ad3af3d2-0b99-465d-bca5-819b54419c3c tempest-VolumesDeleteCascade-1325214080 None] Lock "cinder-ea82095c-9b08-43ea-b13a-7a17cf94990e-delete_volume" acquired by "delete_volume" :: waited 0.041s {{(pid=94734) __acquire /opt/stack/cinder/cinder/coordination.py:141}}
Aug 14 17:40:45 devstack cinder-volume[94734]: DEBUG dbcounter [-] [94734] Writing DB stats cinder:SELECT=83,cinder:UPDATE=77,cinder:INSERT=15,cinder:DELETE=7 {{(pid=94734) stat_writer /opt/stack/data/venv/lib/python3.12/site-packages/dbcounter.py:115}}
Aug 14 17:40:45 devstack cinder-volume[94734]: DEBUG cinder.volume.manager [None req-ad3af3d2-0b99-465d-bca5-819b54419c3c tempest-VolumesDeleteCascade-1325214080 None] Performing cascade delete. {{(pid=94734) delete_volume /opt/stack/cinder/cinder/volume/manager.py:995}}
Aug 14 17:40:45 devstack cinder-volume[94734]: DEBUG cinder.coordination [None req-ad3af3d2-0b99-465d-bca5-819b54419c3c tempest-VolumesDeleteCascade-1325214080 None] Acquiring lock "cinder-b17cb9da-d62d-42ff-899e-2fd54e035f6c-delete_snapshot" by "delete_snapshot" {{(pid=94734) __acquire /opt/stack/cinder/cinder/coordination.py:138}}
Aug 14 17:40:45 devstack cinder-volume[94734]: DEBUG cinder.coordination [None req-ad3af3d2-0b99-465d-bca5-819b54419c3c tempest-VolumesDeleteCascade-1325214080 None] Lock "cinder-b17cb9da-d62d-42ff-899e-2fd54e035f6c-delete_snapshot" acquired by "delete_snapshot" :: waited 0.032s {{(pid=94734) __acquire /opt/stack/cinder/cinder/coordination.py:141}}
Aug 14 17:40:45 devstack cinder-volume[94734]: DEBUG cinder.coordination [None req-ad3af3d2-0b99-465d-bca5-819b54419c3c tempest-VolumesDeleteCascade-1325214080 None] Acquiring lock "cinder-quobyte-ea82095c-9b08-43ea-b13a-7a17cf94990e" by "delete_snapshot" {{(pid=94734) __acquire /opt/stack/cinder/cinder/coordination.py:138}}
Aug 14 17:40:45 devstack cinder-volume[94734]: DEBUG cinder.coordination [None req-ad3af3d2-0b99-465d-bca5-819b54419c3c tempest-VolumesDeleteCascade-1325214080 None] Lock "cinder-quobyte-ea82095c-9b08-43ea-b13a-7a17cf94990e" acquired by "delete_snapshot" :: waited 0.019s {{(pid=94734) __acquire /opt/stack/cinder/cinder/coordination.py:141}}
Aug 14 17:40:45 devstack cinder-volume[94734]: DEBUG cinder.coordination [None req-ad3af3d2-0b99-465d-bca5-819b54419c3c tempest-VolumesDeleteCascade-1325214080 None] Acquiring lock "cinder-quobyte-b17cb9da-d62d-42ff-899e-2fd54e035f6c" by "_delete_snapshot" {{(pid=94734) __acquire /opt/stack/cinder/cinder/coordination.py:138}}
Aug 14 17:40:45 devstack cinder-volume[94734]: DEBUG cinder.coordination [None req-ad3af3d2-0b99-465d-bca5-819b54419c3c tempest-VolumesDeleteCascade-1325214080 None] Lock "cinder-quobyte-b17cb9da-d62d-42ff-899e-2fd54e035f6c" acquired by "_delete_snapshot" :: waited 0.017s {{(pid=94734) __acquire /opt/stack/cinder/cinder/coordination.py:141}}
Aug 14 17:40:45 devstack cinder-volume[94734]: DEBUG cinder.volume.drivers.remotefs [None req-ad3af3d2-0b99-465d-bca5-819b54419c3c tempest-VolumesDeleteCascade-1325214080 None] Deleting offline snapshot b17cb9da-d62d-42ff-899e-2fd54e035f6c of volume ea82095c-9b08-43ea-b13a-7a17cf94990e {{(pid=94734) _delete_snapshot /opt/stack/cinder/cinder/volume/drivers/remotefs.py:1288}}
Aug 14 17:40:45 devstack cinder-volume[94734]: DEBUG cinder.volume.drivers.remotefs [None req-ad3af3d2-0b99-465d-bca5-819b54419c3c tempest-VolumesDeleteCascade-1325214080 None] snapshot_file for this snap is: volume-ea82095c-9b08-43ea-b13a-7a17cf94990e.b17cb9da-d62d-42ff-899e-2fd54e035f6c {{(pid=94734) _delete_snapshot /opt/stack/cinder/cinder/volume/drivers/remotefs.py:1317}}
Aug 14 17:40:45 devstack cinder-volume[94734]: DEBUG oslo.privsep.daemon [-] privsep: reply[4e82f520-50ab-4720-b741-97554a5b00fe]: (4, 'qcow2') {{(pid=95585) _call_back /opt/stack/data/venv/lib/python3.12/site-packages/oslo_privsep/daemon.py:580}}
Aug 14 17:40:45 devstack cinder-volume[94734]: DEBUG oslo_concurrency.processutils [None req-ad3af3d2-0b99-465d-bca5-819b54419c3c tempest-VolumesDeleteCascade-1325214080 None] Running cmd (subprocess): /opt/stack/data/venv/bin/python3.12 -m oslo_concurrency.prlimit --as=1073741824 --cpu=60 -- sudo cinder-rootwrap /etc/cinder/rootwrap.conf env LC_ALL=C qemu-img info -f qcow2 --output=json --force-share /opt/stack/data/cinder/mnt/f1082601a1add4b524ef7507dfc5a5a1/volume-ea82095c-9b08-43ea-b13a-7a17cf94990e.b17cb9da-d62d-42ff-899e-2fd54e035f6c {{(pid=94734) execute /opt/stack/data/venv/lib/python3.12/site-packages/oslo_concurrency/processutils.py:440}}
Aug 14 17:40:45 devstack sudo[101169]: quobyte : PWD=/ ; USER=root ; COMMAND=/opt/stack/data/venv/bin/cinder-rootwrap /etc/cinder/rootwrap.conf env LC_ALL=C qemu-img info -f qcow2 --output=json --force-share /opt/stack/data/cinder/mnt/f1082601a1add4b524ef7507dfc5a5a1/volume-ea82095c-9b08-43ea-b13a-7a17cf94990e.b17cb9da-d62d-42ff-899e-2fd54e035f6c
Aug 14 17:40:45 devstack sudo[101169]: pam_unix(sudo:session): session opened for user root(uid=0) by (uid=1000)
Aug 14 17:40:45 devstack cinder-volume[94734]: DEBUG oslo_service.periodic_task [None req-4507f4e4-6dcc-4d64-ae6e-59735fccc29e None None] Running periodic task VolumeManager.publish_service_capabilities {{(pid=94734) run_periodic_tasks /opt/stack/data/venv/lib/python3.12/site-packages/oslo_service/periodic_task.py:254}}
Aug 14 17:40:45 devstack cinder-volume[94734]: DEBUG oslo_concurrency.lockutils [None req-4507f4e4-6dcc-4d64-ae6e-59735fccc29e None None] Acquiring lock "quobyte_ensure" by "cinder.volume.drivers.quobyte.QuobyteDriver._ensure_shares_mounted" {{(pid=94734) inner /opt/stack/data/venv/lib/python3.12/site-packages/oslo_concurrency/lockutils.py:512}}
Aug 14 17:40:45 devstack cinder-volume[94734]: DEBUG oslo_concurrency.lockutils [None req-4507f4e4-6dcc-4d64-ae6e-59735fccc29e None None] Lock "quobyte_ensure" acquired by "cinder.volume.drivers.quobyte.QuobyteDriver._ensure_shares_mounted" :: waited 0.000s {{(pid=94734) inner /opt/stack/data/venv/lib/python3.12/site-packages/oslo_concurrency/lockutils.py:525}}
Aug 14 17:40:45 devstack cinder-volume[94734]: DEBUG cinder.volume.drivers.quobyte [None req-4507f4e4-6dcc-4d64-ae6e-59735fccc29e None None] Quobyte Volume URL set to: {'osci02.corp.quobyte.com/cinder-vol-d889df69-8bce-4aea-a160-ab1b76ba2fe7': None} {{(pid=94734) _load_shares_config /opt/stack/cinder/cinder/volume/drivers/quobyte.py:665}}
Aug 14 17:40:45 devstack cinder-volume[94734]: DEBUG cinder.volume.drivers.quobyte [None req-4507f4e4-6dcc-4d64-ae6e-59735fccc29e None None] Available shares ['osci02.corp.quobyte.com/cinder-vol-d889df69-8bce-4aea-a160-ab1b76ba2fe7'] {{(pid=94734) _ensure_shares_mounted /opt/stack/cinder/cinder/volume/drivers/quobyte.py:695}}
Aug 14 17:40:45 devstack cinder-volume[94734]: DEBUG oslo_concurrency.lockutils [None req-4507f4e4-6dcc-4d64-ae6e-59735fccc29e None None] Lock "quobyte_ensure" "released" by "cinder.volume.drivers.quobyte.QuobyteDriver._ensure_shares_mounted" :: held 0.065s {{(pid=94734) inner /opt/stack/data/venv/lib/python3.12/site-packages/oslo_concurrency/lockutils.py:544}}
Aug 14 17:40:45 devstack cinder-volume[94734]: DEBUG oslo_concurrency.processutils [None req-4507f4e4-6dcc-4d64-ae6e-59735fccc29e None None] Running cmd (subprocess): sudo cinder-rootwrap /etc/cinder/rootwrap.conf df --portability --block-size 1 /opt/stack/data/cinder/mnt/f1082601a1add4b524ef7507dfc5a5a1 {{(pid=94734) execute /opt/stack/data/venv/lib/python3.12/site-packages/oslo_concurrency/processutils.py:440}}
Aug 14 17:40:45 devstack sudo[101175]: quobyte : PWD=/ ; USER=root ; COMMAND=/opt/stack/data/venv/bin/cinder-rootwrap /etc/cinder/rootwrap.conf df --portability --block-size 1 /opt/stack/data/cinder/mnt/f1082601a1add4b524ef7507dfc5a5a1
Aug 14 17:40:45 devstack sudo[101175]: pam_unix(sudo:session): session opened for user root(uid=0) by (uid=1000)
Aug 14 17:40:46 devstack sudo[101169]: pam_unix(sudo:session): session closed for user root
Aug 14 17:40:46 devstack cinder-volume[94734]: DEBUG oslo_concurrency.processutils [None req-ad3af3d2-0b99-465d-bca5-819b54419c3c tempest-VolumesDeleteCascade-1325214080 None] CMD "/opt/stack/data/venv/bin/python3.12 -m oslo_concurrency.prlimit --as=1073741824 --cpu=60 -- sudo cinder-rootwrap /etc/cinder/rootwrap.conf env LC_ALL=C qemu-img info -f qcow2 --output=json --force-share /opt/stack/data/cinder/mnt/f1082601a1add4b524ef7507dfc5a5a1/volume-ea82095c-9b08-43ea-b13a-7a17cf94990e.b17cb9da-d62d-42ff-899e-2fd54e035f6c" returned: 0 in 1.178s {{(pid=94734) execute /opt/stack/data/venv/lib/python3.12/site-packages/oslo_concurrency/processutils.py:468}}
Aug 14 17:40:46 devstack cinder-volume[94734]: DEBUG cinder.volume.drivers.remotefs [None req-ad3af3d2-0b99-465d-bca5-819b54419c3c tempest-VolumesDeleteCascade-1325214080 None] Fetching qemu-img info with special backing_file_template: (/opt/stack/data/cinder/mnt/[0-9a-f]+/)?(volume-ea82095c-9b08-43ea-b13a-7a17cf94990e(.(tmp-snap-)?[0-9a-f-]+)?|volume_from_snapshot_cache/(tmp-snap-)?[0-9a-f-]+(.(child-|parent-)[0-9a-f-]+)?)$ {{(pid=94734) _qemu_img_info_base /opt/stack/cinder/cinder/volume/drivers/remotefs.py:896}}
Aug 14 17:40:46 devstack cinder-volume[94734]: DEBUG oslo.privsep.daemon [-] privsep: reply[35a40b3d-69eb-40b4-a025-9ee4ff3ad533]: (4, 'qcow2') {{(pid=95585) _call_back /opt/stack/data/venv/lib/python3.12/site-packages/oslo_privsep/daemon.py:580}}
Aug 14 17:40:46 devstack cinder-volume[94734]: DEBUG oslo_concurrency.processutils [None req-ad3af3d2-0b99-465d-bca5-819b54419c3c tempest-VolumesDeleteCascade-1325214080 None] Running cmd (subprocess): /opt/stack/data/venv/bin/python3.12 -m oslo_concurrency.prlimit --as=1073741824 --cpu=60 -- sudo cinder-rootwrap /etc/cinder/rootwrap.conf env LC_ALL=C qemu-img info -f qcow2 --output=json --force-share /opt/stack/data/cinder/mnt/f1082601a1add4b524ef7507dfc5a5a1/volume-ea82095c-9b08-43ea-b13a-7a17cf94990e {{(pid=94734) execute /opt/stack/data/venv/lib/python3.12/site-packages/oslo_concurrency/processutils.py:440}}
Aug 14 17:40:46 devstack sudo[101175]: pam_unix(sudo:session): session closed for user root
Aug 14 17:40:46 devstack cinder-volume[94734]: DEBUG oslo_concurrency.processutils [None req-4507f4e4-6dcc-4d64-ae6e-59735fccc29e None None] CMD "sudo cinder-rootwrap /etc/cinder/rootwrap.conf df --portability --block-size 1 /opt/stack/data/cinder/mnt/f1082601a1add4b524ef7507dfc5a5a1" returned: 0 in 0.844s {{(pid=94734) execute /opt/stack/data/venv/lib/python3.12/site-packages/oslo_concurrency/processutils.py:468}}
Aug 14 17:40:46 devstack cinder-volume[94734]: DEBUG cinder.manager [None req-4507f4e4-6dcc-4d64-ae6e-59735fccc29e None None] Notifying Schedulers of capabilities ... {{(pid=94734) _publish_service_capabilities /opt/stack/cinder/cinder/manager.py:219}}
Aug 14 17:40:46 devstack cinder-volume[94734]: DEBUG oslo_service.periodic_task [None req-4507f4e4-6dcc-4d64-ae6e-59735fccc29e None None] Running periodic task VolumeManager._thread_info {{(pid=94734) run_periodic_tasks /opt/stack/data/venv/lib/python3.12/site-packages/oslo_service/periodic_task.py:254}}
Aug 14 17:40:46 devstack cinder-volume[94734]: DEBUG cinder.volume.manager [None req-4507f4e4-6dcc-4d64-ae6e-59735fccc29e None None] thread count: 9 {{(pid=94734) _thread_info /opt/stack/cinder/cinder/volume/manager.py:5472}}
Aug 14 17:40:46 devstack cinder-volume[94734]: DEBUG cinder.volume.manager [None req-4507f4e4-6dcc-4d64-ae6e-59735fccc29e None None] thread info: [<_MainThread(MainThread, started 140521884037248)>, , , , , , , , ] {{(pid=94734) _thread_info /opt/stack/cinder/cinder/volume/manager.py:5473}}
Aug 14 17:40:46 devstack sudo[101182]: quobyte : PWD=/ ; USER=root ; COMMAND=/opt/stack/data/venv/bin/cinder-rootwrap /etc/cinder/rootwrap.conf env LC_ALL=C qemu-img info -f qcow2 --output=json --force-share /opt/stack/data/cinder/mnt/f1082601a1add4b524ef7507dfc5a5a1/volume-ea82095c-9b08-43ea-b13a-7a17cf94990e
Aug 14 17:40:46 devstack sudo[101182]: pam_unix(sudo:session): session opened for user root(uid=0) by (uid=1000)
Aug 14 17:40:47 devstack sudo[101182]: pam_unix(sudo:session): session closed for user root
Aug 14 17:40:47 devstack cinder-volume[94734]: DEBUG oslo_concurrency.processutils [None req-ad3af3d2-0b99-465d-bca5-819b54419c3c tempest-VolumesDeleteCascade-1325214080 None] CMD "/opt/stack/data/venv/bin/python3.12 -m oslo_concurrency.prlimit --as=1073741824 --cpu=60 -- sudo cinder-rootwrap /etc/cinder/rootwrap.conf env LC_ALL=C qemu-img info -f qcow2 --output=json --force-share /opt/stack/data/cinder/mnt/f1082601a1add4b524ef7507dfc5a5a1/volume-ea82095c-9b08-43ea-b13a-7a17cf94990e" returned: 0 in 0.844s {{(pid=94734) execute /opt/stack/data/venv/lib/python3.12/site-packages/oslo_concurrency/processutils.py:468}}
Aug 14 17:40:47 devstack cinder-volume[94734]: DEBUG oslo.privsep.daemon [-] privsep: reply[e686f6e6-b573-4ba6-8c51-fd93c8efb252]: (4, 'qcow2') {{(pid=95585) _call_back /opt/stack/data/venv/lib/python3.12/site-packages/oslo_privsep/daemon.py:580}}
Aug 14 17:40:47 devstack cinder-volume[94734]: DEBUG oslo_concurrency.processutils [None req-ad3af3d2-0b99-465d-bca5-819b54419c3c tempest-VolumesDeleteCascade-1325214080 None] Running cmd (subprocess): /opt/stack/data/venv/bin/python3.12 -m oslo_concurrency.prlimit --as=1073741824 --cpu=60 -- sudo cinder-rootwrap /etc/cinder/rootwrap.conf env LC_ALL=C qemu-img info -f qcow2 --output=json --force-share /opt/stack/data/cinder/mnt/f1082601a1add4b524ef7507dfc5a5a1/volume-ea82095c-9b08-43ea-b13a-7a17cf94990e.ea6f9664-44c8-49a2-80bf-949571286532 {{(pid=94734) execute /opt/stack/data/venv/lib/python3.12/site-packages/oslo_concurrency/processutils.py:440}}
Aug 14 17:40:47 devstack sudo[101187]: quobyte : PWD=/ ; USER=root ; COMMAND=/opt/stack/data/venv/bin/cinder-rootwrap /etc/cinder/rootwrap.conf env LC_ALL=C qemu-img info -f qcow2 --output=json --force-share /opt/stack/data/cinder/mnt/f1082601a1add4b524ef7507dfc5a5a1/volume-ea82095c-9b08-43ea-b13a-7a17cf94990e.ea6f9664-44c8-49a2-80bf-949571286532
Aug 14 17:40:47 devstack sudo[101187]: pam_unix(sudo:session): session opened for user root(uid=0) by (uid=1000)
Aug 14 17:40:48 devstack sudo[101187]: pam_unix(sudo:session): session closed for user root
Aug 14 17:40:48 devstack cinder-volume[94734]: DEBUG oslo_concurrency.processutils [None req-ad3af3d2-0b99-465d-bca5-819b54419c3c tempest-VolumesDeleteCascade-1325214080 None] CMD "/opt/stack/data/venv/bin/python3.12 -m oslo_concurrency.prlimit --as=1073741824 --cpu=60 -- sudo cinder-rootwrap /etc/cinder/rootwrap.conf env LC_ALL=C qemu-img info -f qcow2 --output=json --force-share /opt/stack/data/cinder/mnt/f1082601a1add4b524ef7507dfc5a5a1/volume-ea82095c-9b08-43ea-b13a-7a17cf94990e.ea6f9664-44c8-49a2-80bf-949571286532" returned: 0 in 0.856s {{(pid=94734) execute /opt/stack/data/venv/lib/python3.12/site-packages/oslo_concurrency/processutils.py:468}}
Aug 14 17:40:48 devstack cinder-volume[94734]: DEBUG cinder.volume.drivers.remotefs [None req-ad3af3d2-0b99-465d-bca5-819b54419c3c tempest-VolumesDeleteCascade-1325214080 None] Fetching qemu-img info with special backing_file_template: (/opt/stack/data/cinder/mnt/[0-9a-f]+/)?(volume-ea82095c-9b08-43ea-b13a-7a17cf94990e(.(tmp-snap-)?[0-9a-f-]+)?|volume_from_snapshot_cache/(tmp-snap-)?[0-9a-f-]+(.(child-|parent-)[0-9a-f-]+)?)$ {{(pid=94734) _qemu_img_info_base /opt/stack/cinder/cinder/volume/drivers/remotefs.py:896}}
Aug 14 17:40:48 devstack cinder-volume[94734]: DEBUG oslo.privsep.daemon [-] privsep: reply[fcac906a-ee33-4541-a996-7a11b31a2360]: (4, 'qcow2') {{(pid=95585) _call_back /opt/stack/data/venv/lib/python3.12/site-packages/oslo_privsep/daemon.py:580}}
Aug 14 17:40:48 devstack cinder-volume[94734]: DEBUG oslo_concurrency.processutils [None req-ad3af3d2-0b99-465d-bca5-819b54419c3c tempest-VolumesDeleteCascade-1325214080 None] Running cmd (subprocess): /opt/stack/data/venv/bin/python3.12 -m oslo_concurrency.prlimit --as=1073741824 --cpu=60 -- sudo cinder-rootwrap /etc/cinder/rootwrap.conf env LC_ALL=C qemu-img info -f qcow2 --output=json --force-share /opt/stack/data/cinder/mnt/f1082601a1add4b524ef7507dfc5a5a1/volume-ea82095c-9b08-43ea-b13a-7a17cf94990e.b17cb9da-d62d-42ff-899e-2fd54e035f6c {{(pid=94734) execute /opt/stack/data/venv/lib/python3.12/site-packages/oslo_concurrency/processutils.py:440}}
Aug 14 17:40:48 devstack sudo[101196]: quobyte : PWD=/ ; USER=root ; COMMAND=/opt/stack/data/venv/bin/cinder-rootwrap /etc/cinder/rootwrap.conf env LC_ALL=C qemu-img info -f qcow2 --output=json --force-share /opt/stack/data/cinder/mnt/f1082601a1add4b524ef7507dfc5a5a1/volume-ea82095c-9b08-43ea-b13a-7a17cf94990e.b17cb9da-d62d-42ff-899e-2fd54e035f6c
Aug 14 17:40:48 devstack sudo[101196]: pam_unix(sudo:session): session opened for user root(uid=0) by (uid=1000)
Aug 14 17:40:49 devstack sudo[101196]: pam_unix(sudo:session): session closed for user root
Aug 14 17:40:49 devstack cinder-volume[94734]: DEBUG oslo_concurrency.processutils [None req-ad3af3d2-0b99-465d-bca5-819b54419c3c tempest-VolumesDeleteCascade-1325214080 None] CMD "/opt/stack/data/venv/bin/python3.12 -m oslo_concurrency.prlimit --as=1073741824 --cpu=60 -- sudo cinder-rootwrap /etc/cinder/rootwrap.conf env LC_ALL=C qemu-img info -f qcow2 --output=json --force-share /opt/stack/data/cinder/mnt/f1082601a1add4b524ef7507dfc5a5a1/volume-ea82095c-9b08-43ea-b13a-7a17cf94990e.b17cb9da-d62d-42ff-899e-2fd54e035f6c" returned: 0 in 1.064s {{(pid=94734) execute /opt/stack/data/venv/lib/python3.12/site-packages/oslo_concurrency/processutils.py:468}}
Aug 14 17:40:49 devstack cinder-volume[94734]: DEBUG cinder.volume.drivers.remotefs [None req-ad3af3d2-0b99-465d-bca5-819b54419c3c tempest-VolumesDeleteCascade-1325214080 None] Fetching qemu-img info with special backing_file_template: (/opt/stack/data/cinder/mnt/[0-9a-f]+/)?(volume-ea82095c-9b08-43ea-b13a-7a17cf94990e(.(tmp-snap-)?[0-9a-f-]+)?|volume_from_snapshot_cache/(tmp-snap-)?[0-9a-f-]+(.(child-|parent-)[0-9a-f-]+)?)$ {{(pid=94734) _qemu_img_info_base /opt/stack/cinder/cinder/volume/drivers/remotefs.py:896}}
Aug 14 17:40:49 devstack cinder-volume[94734]: DEBUG oslo.privsep.daemon [-] privsep: reply[eeaabc52-fe46-4490-9b16-96230994ffc8]: (4, 'qcow2') {{(pid=95585) _call_back /opt/stack/data/venv/lib/python3.12/site-packages/oslo_privsep/daemon.py:580}}
Aug 14 17:40:49 devstack cinder-volume[94734]: DEBUG oslo_concurrency.processutils [None req-ad3af3d2-0b99-465d-bca5-819b54419c3c tempest-VolumesDeleteCascade-1325214080 None] Running cmd (subprocess): /opt/stack/data/venv/bin/python3.12 -m oslo_concurrency.prlimit --as=1073741824 --cpu=60 -- sudo cinder-rootwrap /etc/cinder/rootwrap.conf env LC_ALL=C qemu-img info -f qcow2 --output=json --force-share /opt/stack/data/cinder/mnt/f1082601a1add4b524ef7507dfc5a5a1/volume-ea82095c-9b08-43ea-b13a-7a17cf94990e {{(pid=94734) execute /opt/stack/data/venv/lib/python3.12/site-packages/oslo_concurrency/processutils.py:440}}
Aug 14 17:40:49 devstack sudo[101207]: quobyte : PWD=/ ; USER=root ; COMMAND=/opt/stack/data/venv/bin/cinder-rootwrap /etc/cinder/rootwrap.conf env LC_ALL=C qemu-img info -f qcow2 --output=json --force-share /opt/stack/data/cinder/mnt/f1082601a1add4b524ef7507dfc5a5a1/volume-ea82095c-9b08-43ea-b13a-7a17cf94990e
Aug 14 17:40:49 devstack sudo[101207]: pam_unix(sudo:session): session opened for user root(uid=0) by (uid=1000)
Aug 14 17:40:50 devstack sudo[101207]: pam_unix(sudo:session): session closed for user root
Aug 14 17:40:50 devstack cinder-volume[94734]: DEBUG oslo_concurrency.processutils [None req-ad3af3d2-0b99-465d-bca5-819b54419c3c tempest-VolumesDeleteCascade-1325214080 None] CMD "/opt/stack/data/venv/bin/python3.12 -m oslo_concurrency.prlimit --as=1073741824 --cpu=60 -- sudo cinder-rootwrap /etc/cinder/rootwrap.conf env LC_ALL=C qemu-img info -f qcow2 --output=json --force-share /opt/stack/data/cinder/mnt/f1082601a1add4b524ef7507dfc5a5a1/volume-ea82095c-9b08-43ea-b13a-7a17cf94990e" returned: 0 in 1.071s {{(pid=94734) execute /opt/stack/data/venv/lib/python3.12/site-packages/oslo_concurrency/processutils.py:468}}
Aug 14 17:40:50 devstack cinder-volume[94734]: DEBUG oslo_concurrency.processutils [None req-ad3af3d2-0b99-465d-bca5-819b54419c3c tempest-VolumesDeleteCascade-1325214080 None] Running cmd (subprocess): sudo cinder-rootwrap /etc/cinder/rootwrap.conf qemu-img commit -d /opt/stack/data/cinder/mnt/f1082601a1add4b524ef7507dfc5a5a1/volume-ea82095c-9b08-43ea-b13a-7a17cf94990e.b17cb9da-d62d-42ff-899e-2fd54e035f6c {{(pid=94734) execute /opt/stack/data/venv/lib/python3.12/site-packages/oslo_concurrency/processutils.py:440}}
Aug 14 17:40:50 devstack sudo[101213]: quobyte : PWD=/ ; USER=root ; COMMAND=/opt/stack/data/venv/bin/cinder-rootwrap /etc/cinder/rootwrap.conf qemu-img commit -d /opt/stack/data/cinder/mnt/f1082601a1add4b524ef7507dfc5a5a1/volume-ea82095c-9b08-43ea-b13a-7a17cf94990e.b17cb9da-d62d-42ff-899e-2fd54e035f6c
Aug 14 17:40:50 devstack sudo[101213]: pam_unix(sudo:session): session opened for user root(uid=0) by (uid=1000)
Aug 14 17:40:51 devstack sudo[101213]: pam_unix(sudo:session): session closed for user root
Aug 14 17:40:51 devstack cinder-volume[94734]: DEBUG oslo_concurrency.processutils [None req-ad3af3d2-0b99-465d-bca5-819b54419c3c tempest-VolumesDeleteCascade-1325214080 None] CMD "sudo cinder-rootwrap /etc/cinder/rootwrap.conf qemu-img commit -d /opt/stack/data/cinder/mnt/f1082601a1add4b524ef7507dfc5a5a1/volume-ea82095c-9b08-43ea-b13a-7a17cf94990e.b17cb9da-d62d-42ff-899e-2fd54e035f6c" returned: 0 in 1.117s {{(pid=94734) execute /opt/stack/data/venv/lib/python3.12/site-packages/oslo_concurrency/processutils.py:468}}
