Aug 14 17:39:51 devstack cinder-volume[94744]: DEBUG oslo_concurrency.lockutils [None req-c4837278-532b-4fb7-bab2-7e7b4669831e tempest-GroupSnapshotsTest-810470755 None] Lock "quobyte_ensure" "released" by "cinder.volume.drivers.quobyte.QuobyteDriver._ensure_shares_mounted" :: held 0.012s {{(pid=94744) inner /opt/stack/data/venv/lib/python3.12/site-packages/oslo_concurrency/lockutils.py:544}}
Aug 14 17:39:51 devstack cinder-volume[94744]: DEBUG cinder.volume.drivers.quobyte [None req-c4837278-532b-4fb7-bab2-7e7b4669831e tempest-GroupSnapshotsTest-810470755 None] Selected osci02.corp.quobyte.com/cinder-vol-30685ad8-57e5-4ec9-9c0e-164dfc23f61a as target Quobyte volume. {{(pid=94744) _find_share /opt/stack/cinder/cinder/volume/drivers/quobyte.py:716}}
Aug 14 17:39:51 devstack cinder-volume[94744]: INFO cinder.volume.drivers.remotefs [None req-c4837278-532b-4fb7-bab2-7e7b4669831e tempest-GroupSnapshotsTest-810470755 None] casted to osci02.corp.quobyte.com/cinder-vol-30685ad8-57e5-4ec9-9c0e-164dfc23f61a
Aug 14 17:39:51 devstack cinder-volume[94744]: DEBUG oslo_concurrency.processutils [None req-c4837278-532b-4fb7-bab2-7e7b4669831e tempest-GroupSnapshotsTest-810470755 None] Running cmd (subprocess): sudo cinder-rootwrap /etc/cinder/rootwrap.conf qemu-img create -f qcow2 -o preallocation=metadata /opt/stack/data/cinder/mnt/5ea05c9d2be45778252609e23fa0355d/volume-c45d923b-e459-43e9-b0ca-fe3e2ccffbfa 1073741824 {{(pid=94744) execute /opt/stack/data/venv/lib/python3.12/site-packages/oslo_concurrency/processutils.py:440}}
Aug 14 17:39:51 devstack sudo[99400]: quobyte : PWD=/ ; USER=root ; COMMAND=/opt/stack/data/venv/bin/cinder-rootwrap /etc/cinder/rootwrap.conf qemu-img create -f qcow2 -o preallocation=metadata /opt/stack/data/cinder/mnt/5ea05c9d2be45778252609e23fa0355d/volume-c45d923b-e459-43e9-b0ca-fe3e2ccffbfa 1073741824
Aug 14 17:39:51 devstack sudo[99400]: pam_unix(sudo:session): session opened for user root(uid=0) by (uid=1000)
Aug 14 17:39:51 devstack sudo[99400]: pam_unix(sudo:session): session closed for user root
Aug 14 17:39:51 devstack cinder-volume[94744]: DEBUG oslo_concurrency.processutils [None req-c4837278-532b-4fb7-bab2-7e7b4669831e tempest-GroupSnapshotsTest-810470755 None] CMD "sudo cinder-rootwrap /etc/cinder/rootwrap.conf qemu-img create -f qcow2 -o preallocation=metadata /opt/stack/data/cinder/mnt/5ea05c9d2be45778252609e23fa0355d/volume-c45d923b-e459-43e9-b0ca-fe3e2ccffbfa 1073741824" returned: 0 in 0.607s {{(pid=94744) execute /opt/stack/data/venv/lib/python3.12/site-packages/oslo_concurrency/processutils.py:468}}
Aug 14 17:39:52 devstack cinder-volume[94744]: DEBUG oslo_concurrency.processutils [None req-c4837278-532b-4fb7-bab2-7e7b4669831e tempest-GroupSnapshotsTest-810470755 None] Running cmd (subprocess): sudo cinder-rootwrap /etc/cinder/rootwrap.conf chmod ugo+rw /opt/stack/data/cinder/mnt/5ea05c9d2be45778252609e23fa0355d/volume-c45d923b-e459-43e9-b0ca-fe3e2ccffbfa {{(pid=94744) execute /opt/stack/data/venv/lib/python3.12/site-packages/oslo_concurrency/processutils.py:440}}
Aug 14 17:39:52 devstack sudo[99406]: quobyte : PWD=/ ; USER=root ; COMMAND=/opt/stack/data/venv/bin/cinder-rootwrap /etc/cinder/rootwrap.conf chmod ugo+rw /opt/stack/data/cinder/mnt/5ea05c9d2be45778252609e23fa0355d/volume-c45d923b-e459-43e9-b0ca-fe3e2ccffbfa
Aug 14 17:39:52 devstack sudo[99406]: pam_unix(sudo:session): session opened for user root(uid=0) by (uid=1000)
Aug 14 17:39:52 devstack sudo[99406]: pam_unix(sudo:session): session closed for user root
Aug 14 17:39:52 devstack cinder-volume[94744]: DEBUG oslo_concurrency.processutils [None req-c4837278-532b-4fb7-bab2-7e7b4669831e tempest-GroupSnapshotsTest-810470755 None] CMD "sudo cinder-rootwrap /etc/cinder/rootwrap.conf chmod ugo+rw /opt/stack/data/cinder/mnt/5ea05c9d2be45778252609e23fa0355d/volume-c45d923b-e459-43e9-b0ca-fe3e2ccffbfa" returned: 0 in 0.289s {{(pid=94744) execute /opt/stack/data/venv/lib/python3.12/site-packages/oslo_concurrency/processutils.py:468}}
Aug 14 17:39:52 devstack cinder-volume[94744]: DEBUG cinder.volume.drivers.quobyte [None req-c4837278-532b-4fb7-bab2-7e7b4669831e tempest-GroupSnapshotsTest-810470755 None] <== create_volume: return (955ms) {'provider_location': 'osci02.corp.quobyte.com/cinder-vol-30685ad8-57e5-4ec9-9c0e-164dfc23f61a'} {{(pid=94744) trace_logging_wrapper /opt/stack/cinder/cinder/volume/volume_utils.py:1522}}
Aug 14 17:39:52 devstack cinder-volume[94744]: DEBUG oslo_concurrency.lockutils [None req-c4837278-532b-4fb7-bab2-7e7b4669831e tempest-GroupSnapshotsTest-810470755 None] Lock "quobyte" "released" by "cinder.volume.drivers.quobyte.QuobyteDriver.create_volume" :: held 0.959s {{(pid=94744) inner /opt/stack/data/venv/lib/python3.12/site-packages/oslo_concurrency/lockutils.py:544}}
Aug 14 17:39:52 devstack cinder-volume[94744]: DEBUG cinder.volume.manager [None req-c4837278-532b-4fb7-bab2-7e7b4669831e tempest-GroupSnapshotsTest-810470755 None] Task 'cinder.volume.flows.manager.create_volume.CreateVolumeFromSpecTask;volume:create' (8a2b01f3-ec49-4fc3-8fc6-c891760b8e88) transitioned into state 'SUCCESS' from state 'RUNNING' with result '{'status': 'creating', 'volume_name': 'volume-c45d923b-e459-43e9-b0ca-fe3e2ccffbfa', 'volume_size': 1}' {{(pid=94744) _task_receiver /opt/stack/data/venv/lib/python3.12/site-packages/taskflow/listeners/logging.py:218}}
Aug 14 17:39:52 devstack cinder-volume[94744]: DEBUG cinder.volume.manager [None req-c4837278-532b-4fb7-bab2-7e7b4669831e tempest-GroupSnapshotsTest-810470755 None] Task 'cinder.volume.flows.manager.create_volume.CreateVolumeOnFinishTask;volume:create, create.end' (6e0df9b5-41dc-4dca-9262-0be7354bb8a4) transitioned into state 'RUNNING' from state 'PENDING' {{(pid=94744) _task_receiver /opt/stack/data/venv/lib/python3.12/site-packages/taskflow/listeners/logging.py:242}}
Aug 14 17:39:52 devstack cinder-volume[94744]: INFO cinder.volume.flows.manager.create_volume [None req-c4837278-532b-4fb7-bab2-7e7b4669831e tempest-GroupSnapshotsTest-810470755 None] Volume volume-c45d923b-e459-43e9-b0ca-fe3e2ccffbfa (c45d923b-e459-43e9-b0ca-fe3e2ccffbfa): created successfully
Aug 14 17:39:52 devstack cinder-volume[94744]: DEBUG cinder.volume.manager [None req-c4837278-532b-4fb7-bab2-7e7b4669831e tempest-GroupSnapshotsTest-810470755 None] Task 'cinder.volume.flows.manager.create_volume.CreateVolumeOnFinishTask;volume:create, create.end' (6e0df9b5-41dc-4dca-9262-0be7354bb8a4) transitioned into state 'SUCCESS' from state 'RUNNING' with result 'None' {{(pid=94744) _task_receiver /opt/stack/data/venv/lib/python3.12/site-packages/taskflow/listeners/logging.py:218}}
Aug 14 17:39:52 devstack cinder-volume[94744]: DEBUG cinder.volume.manager [None req-c4837278-532b-4fb7-bab2-7e7b4669831e tempest-GroupSnapshotsTest-810470755 None] Flow 'volume_create_manager' (7d55091c-009b-43fd-8ba6-6d5cd3058e62) transitioned into state 'SUCCESS' from state 'RUNNING' {{(pid=94744) _flow_receiver /opt/stack/data/venv/lib/python3.12/site-packages/taskflow/listeners/logging.py:160}}
Aug 14 17:39:52 devstack cinder-volume[94744]: INFO cinder.volume.manager [None req-c4837278-532b-4fb7-bab2-7e7b4669831e tempest-GroupSnapshotsTest-810470755 None] Created volume successfully.
Aug 14 17:39:53 devstack cinder-volume[94744]: DEBUG dbcounter [-] [94744] Writing DB stats cinder:SELECT=127,cinder:UPDATE=129,cinder:INSERT=27,cinder:DELETE=3 {{(pid=94744) stat_writer /opt/stack/data/venv/lib/python3.12/site-packages/dbcounter.py:115}}
Aug 14 17:39:53 devstack cinder-volume[94744]: DEBUG dbcounter [-] [94744] Writing DB stats cinder:SELECT=121,cinder:UPDATE=123,cinder:INSERT=27,cinder:DELETE=6 {{(pid=94744) stat_writer /opt/stack/data/venv/lib/python3.12/site-packages/dbcounter.py:115}}
Aug 14 17:39:53 devstack cinder-volume[94744]: INFO cinder.volume.manager [None req-84e7a92c-421b-4f3c-bb6b-953399f9149f tempest-GroupSnapshotsTest-810470755 None] Update group completed successfully.
Aug 14 17:39:55 devstack cinder-volume[94744]: INFO cinder.volume.manager [None req-449a95ad-bb93-47ef-b454-9f5e0b01ad01 tempest-GroupSnapshotsTest-810470755 None] Update group completed successfully.
Aug 14 17:39:56 devstack cinder-volume[94744]: INFO cinder.volume.manager [None req-540aefc1-2cc3-4819-b557-0210ef5c8619 tempest-GroupSnapshotsTest-810470755 None] Update group completed successfully.
Aug 14 17:39:57 devstack cinder-volume[94744]: INFO cinder.volume.manager [None req-4f697c7e-8880-4c85-8110-3042dce04447 tempest-GroupsV320Test-576940370 None] Group tempest-GroupsV320Test-Group-1693276609: creating
Aug 14 17:39:57 devstack cinder-volume[94744]: INFO cinder.volume.manager [None req-4f697c7e-8880-4c85-8110-3042dce04447 tempest-GroupsV320Test-576940370 None] Group tempest-GroupsV320Test-Group-1693276609: created successfully
Aug 14 17:39:57 devstack cinder-volume[94744]: INFO cinder.volume.manager [None req-4f697c7e-8880-4c85-8110-3042dce04447 tempest-GroupsV320Test-576940370 None] Create group completed successfully.
Aug 14 17:39:57 devstack cinder-volume[94744]: INFO cinder.volume.manager [None req-711ea49e-b926-426c-8f7d-6c8b2522ba9a tempest-GroupSnapshotsTest-810470755 None] Update group completed successfully.
Aug 14 17:39:59 devstack cinder-volume[94744]: DEBUG cinder.quota [None req-90b2fe27-1dd7-4697-a948-ec96a2b7028f tempest-GroupsV320Test-576940370 None] Created reservations ['51e2489e-9f2f-4080-9a17-b40e97693eb2'] {{(pid=94744) reserve /opt/stack/cinder/cinder/quota.py:752}}
Aug 14 17:39:59 devstack cinder-volume[94744]: DEBUG oslo_concurrency.lockutils [None req-90b2fe27-1dd7-4697-a948-ec96a2b7028f tempest-GroupsV320Test-576940370 None] Acquiring lock "quobyte_ensure" by "cinder.volume.drivers.quobyte.QuobyteDriver._ensure_shares_mounted" {{(pid=94744) inner /opt/stack/data/venv/lib/python3.12/site-packages/oslo_concurrency/lockutils.py:512}}
Aug 14 17:39:59 devstack cinder-volume[94744]: DEBUG oslo_concurrency.lockutils [None req-90b2fe27-1dd7-4697-a948-ec96a2b7028f tempest-GroupsV320Test-576940370 None] Lock "quobyte_ensure" acquired by "cinder.volume.drivers.quobyte.QuobyteDriver._ensure_shares_mounted" :: waited 0.002s {{(pid=94744) inner /opt/stack/data/venv/lib/python3.12/site-packages/oslo_concurrency/lockutils.py:525}}
Aug 14 17:39:59 devstack cinder-volume[94744]: DEBUG cinder.volume.drivers.quobyte [None req-90b2fe27-1dd7-4697-a948-ec96a2b7028f tempest-GroupsV320Test-576940370 None] Quobyte Volume URL set to: {'osci02.corp.quobyte.com/cinder-vol-30685ad8-57e5-4ec9-9c0e-164dfc23f61a': None} {{(pid=94744) _load_shares_config /opt/stack/cinder/cinder/volume/drivers/quobyte.py:665}}
Aug 14 17:39:59 devstack cinder-volume[94744]: DEBUG cinder.volume.drivers.quobyte [None req-90b2fe27-1dd7-4697-a948-ec96a2b7028f tempest-GroupsV320Test-576940370 None] Available shares ['osci02.corp.quobyte.com/cinder-vol-30685ad8-57e5-4ec9-9c0e-164dfc23f61a'] {{(pid=94744) _ensure_shares_mounted /opt/stack/cinder/cinder/volume/drivers/quobyte.py:695}}
Aug 14 17:39:59 devstack cinder-volume[94744]: DEBUG oslo_concurrency.lockutils [None req-90b2fe27-1dd7-4697-a948-ec96a2b7028f tempest-GroupsV320Test-576940370 None] Lock "quobyte_ensure" "released" by "cinder.volume.drivers.quobyte.QuobyteDriver._ensure_shares_mounted" :: held 0.018s {{(pid=94744) inner /opt/stack/data/venv/lib/python3.12/site-packages/oslo_concurrency/lockutils.py:544}}
Aug 14 17:39:59 devstack cinder-volume[94744]: DEBUG oslo_concurrency.processutils [None req-90b2fe27-1dd7-4697-a948-ec96a2b7028f tempest-GroupsV320Test-576940370 None] Running cmd (subprocess): sudo cinder-rootwrap /etc/cinder/rootwrap.conf df --portability --block-size 1 /opt/stack/data/cinder/mnt/5ea05c9d2be45778252609e23fa0355d {{(pid=94744) execute /opt/stack/data/venv/lib/python3.12/site-packages/oslo_concurrency/processutils.py:440}}
Aug 14 17:39:59 devstack sudo[99415]: quobyte : PWD=/ ; USER=root ; COMMAND=/opt/stack/data/venv/bin/cinder-rootwrap /etc/cinder/rootwrap.conf df --portability --block-size 1 /opt/stack/data/cinder/mnt/5ea05c9d2be45778252609e23fa0355d
Aug 14 17:39:59 devstack sudo[99415]: pam_unix(sudo:session): session opened for user root(uid=0) by (uid=1000)
Aug 14 17:39:59 devstack cinder-volume[94744]: INFO cinder.volume.manager [None req-4c2d4ba3-b6b2-4436-b11f-3429920f369b tempest-GroupSnapshotsTest-810470755 None] GroupSnapshot be4375ef-88cf-4b93-974c-6bd816224eb1: creating.
Aug 14 17:39:59 devstack cinder-volume[94744]: DEBUG cinder.volume.manager [None req-4c2d4ba3-b6b2-4436-b11f-3429920f369b tempest-GroupSnapshotsTest-810470755 None] Group snapshot be4375ef-88cf-4b93-974c-6bd816224eb1: creating. {{(pid=94744) create_group_snapshot /opt/stack/cinder/cinder/volume/manager.py:4175}}
Aug 14 17:39:59 devstack cinder-volume[94744]: DEBUG oslo_concurrency.lockutils [None req-4c2d4ba3-b6b2-4436-b11f-3429920f369b tempest-GroupSnapshotsTest-810470755 None] Acquiring lock "quobyte" by "cinder.volume.drivers.quobyte.QuobyteDriver.create_snapshot" {{(pid=94744) inner /opt/stack/data/venv/lib/python3.12/site-packages/oslo_concurrency/lockutils.py:512}}
Aug 14 17:39:59 devstack cinder-volume[94744]: DEBUG oslo_concurrency.lockutils [None req-4c2d4ba3-b6b2-4436-b11f-3429920f369b tempest-GroupSnapshotsTest-810470755 None] Lock "quobyte" acquired by "cinder.volume.drivers.quobyte.QuobyteDriver.create_snapshot" :: waited 0.001s {{(pid=94744) inner /opt/stack/data/venv/lib/python3.12/site-packages/oslo_concurrency/lockutils.py:525}}
Aug 14 17:39:59 devstack cinder-volume[94744]: DEBUG cinder.volume.drivers.remotefs [None req-4c2d4ba3-b6b2-4436-b11f-3429920f369b tempest-GroupSnapshotsTest-810470755 None] Creating offline snapshot 0234f771-bf5c-45f6-b7bf-1c48a867d7cd of volume c45d923b-e459-43e9-b0ca-fe3e2ccffbfa {{(pid=94744) _create_snapshot /opt/stack/cinder/cinder/volume/drivers/remotefs.py:1816}}
Aug 14 17:39:59 devstack cinder-volume[94744]: DEBUG oslo.privsep.daemon [-] privsep: reply[21d391a4-8322-4a0c-8e57-53ff61bc3817]: (4, 'qcow2') {{(pid=95883) _call_back /opt/stack/data/venv/lib/python3.12/site-packages/oslo_privsep/daemon.py:580}}
Aug 14 17:39:59 devstack cinder-volume[94744]: DEBUG oslo_concurrency.processutils [None req-4c2d4ba3-b6b2-4436-b11f-3429920f369b tempest-GroupSnapshotsTest-810470755 None] Running cmd (subprocess): /opt/stack/data/venv/bin/python3.12 -m oslo_concurrency.prlimit --as=1073741824 --cpu=60 -- sudo cinder-rootwrap /etc/cinder/rootwrap.conf env LC_ALL=C qemu-img info -f qcow2 --output=json --force-share /opt/stack/data/cinder/mnt/5ea05c9d2be45778252609e23fa0355d/volume-c45d923b-e459-43e9-b0ca-fe3e2ccffbfa {{(pid=94744) execute /opt/stack/data/venv/lib/python3.12/site-packages/oslo_concurrency/processutils.py:440}}
Aug 14 17:39:59 devstack sudo[99415]: pam_unix(sudo:session): session closed for user root
Aug 14 17:39:59 devstack cinder-volume[94744]: DEBUG oslo_concurrency.processutils [None req-90b2fe27-1dd7-4697-a948-ec96a2b7028f tempest-GroupsV320Test-576940370 None] CMD "sudo cinder-rootwrap /etc/cinder/rootwrap.conf df --portability --block-size 1 /opt/stack/data/cinder/mnt/5ea05c9d2be45778252609e23fa0355d" returned: 0 in 0.541s {{(pid=94744) execute /opt/stack/data/venv/lib/python3.12/site-packages/oslo_concurrency/processutils.py:468}}
Aug 14 17:39:59 devstack cinder-volume[94744]: DEBUG cinder.manager [None req-90b2fe27-1dd7-4697-a948-ec96a2b7028f tempest-GroupsV320Test-576940370 None] Notifying Schedulers of capabilities ... {{(pid=94744) _publish_service_capabilities /opt/stack/cinder/cinder/manager.py:219}}
Aug 14 17:39:59 devstack cinder-volume[94744]: INFO cinder.volume.manager [None req-90b2fe27-1dd7-4697-a948-ec96a2b7028f tempest-GroupsV320Test-576940370 None] Delete group completed successfully.
Aug 14 17:40:00 devstack sudo[99425]: quobyte : PWD=/ ; USER=root ; COMMAND=/opt/stack/data/venv/bin/cinder-rootwrap /etc/cinder/rootwrap.conf env LC_ALL=C qemu-img info -f qcow2 --output=json --force-share /opt/stack/data/cinder/mnt/5ea05c9d2be45778252609e23fa0355d/volume-c45d923b-e459-43e9-b0ca-fe3e2ccffbfa
Aug 14 17:40:00 devstack sudo[99425]: pam_unix(sudo:session): session opened for user root(uid=0) by (uid=1000)
Aug 14 17:40:00 devstack sudo[99425]: pam_unix(sudo:session): session closed for user root
Aug 14 17:40:00 devstack cinder-volume[94744]: DEBUG oslo_concurrency.processutils [None req-4c2d4ba3-b6b2-4436-b11f-3429920f369b tempest-GroupSnapshotsTest-810470755 None] CMD "/opt/stack/data/venv/bin/python3.12 -m oslo_concurrency.prlimit --as=1073741824 --cpu=60 -- sudo cinder-rootwrap /etc/cinder/rootwrap.conf env LC_ALL=C qemu-img info -f qcow2 --output=json --force-share /opt/stack/data/cinder/mnt/5ea05c9d2be45778252609e23fa0355d/volume-c45d923b-e459-43e9-b0ca-fe3e2ccffbfa" returned: 0 in 0.747s {{(pid=94744) execute /opt/stack/data/venv/lib/python3.12/site-packages/oslo_concurrency/processutils.py:468}}
Aug 14 17:40:00 devstack cinder-volume[94744]: DEBUG oslo_concurrency.processutils [None req-4c2d4ba3-b6b2-4436-b11f-3429920f369b tempest-GroupSnapshotsTest-810470755 None] Running cmd (subprocess): sudo cinder-rootwrap /etc/cinder/rootwrap.conf qemu-img create -f qcow2 -o backing_file=/opt/stack/data/cinder/mnt/5ea05c9d2be45778252609e23fa0355d/volume-c45d923b-e459-43e9-b0ca-fe3e2ccffbfa,backing_fmt=qcow2 /opt/stack/data/cinder/mnt/5ea05c9d2be45778252609e23fa0355d/volume-c45d923b-e459-43e9-b0ca-fe3e2ccffbfa.0234f771-bf5c-45f6-b7bf-1c48a867d7cd 1G {{(pid=94744) execute /opt/stack/data/venv/lib/python3.12/site-packages/oslo_concurrency/processutils.py:440}}
Aug 14 17:40:00 devstack sudo[99450]: quobyte : PWD=/ ; USER=root ; COMMAND=/opt/stack/data/venv/bin/cinder-rootwrap /etc/cinder/rootwrap.conf qemu-img create -f qcow2 -o backing_file=/opt/stack/data/cinder/mnt/5ea05c9d2be45778252609e23fa0355d/volume-c45d923b-e459-43e9-b0ca-fe3e2ccffbfa,backing_fmt=qcow2 /opt/stack/data/cinder/mnt/5ea05c9d2be45778252609e23fa0355d/volume-c45d923b-e459-43e9-b0ca-fe3e2ccffbfa.0234f771-bf5c-45f6-b7bf-1c48a867d7cd 1G
Aug 14 17:40:00 devstack sudo[99450]: pam_unix(sudo:session): session opened for user root(uid=0) by (uid=1000)
Aug 14 17:40:01 devstack sudo[99450]: pam_unix(sudo:session): session closed for user root
Aug 14 17:40:01 devstack cinder-volume[94744]: DEBUG oslo_concurrency.processutils [None req-4c2d4ba3-b6b2-4436-b11f-3429920f369b tempest-GroupSnapshotsTest-810470755 None] CMD "sudo cinder-rootwrap /etc/cinder/rootwrap.conf qemu-img create -f qcow2 -o backing_file=/opt/stack/data/cinder/mnt/5ea05c9d2be45778252609e23fa0355d/volume-c45d923b-e459-43e9-b0ca-fe3e2ccffbfa,backing_fmt=qcow2 /opt/stack/data/cinder/mnt/5ea05c9d2be45778252609e23fa0355d/volume-c45d923b-e459-43e9-b0ca-fe3e2ccffbfa.0234f771-bf5c-45f6-b7bf-1c48a867d7cd 1G" returned: 0 in 0.845s {{(pid=94744) execute /opt/stack/data/venv/lib/python3.12/site-packages/oslo_concurrency/processutils.py:468}}
Aug 14 17:40:01 devstack cinder-volume[94744]: DEBUG oslo_concurrency.processutils [None req-4c2d4ba3-b6b2-4436-b11f-3429920f369b tempest-GroupSnapshotsTest-810470755 None] Running cmd (subprocess): sudo cinder-rootwrap /etc/cinder/rootwrap.conf qemu-img rebase -u -b volume-c45d923b-e459-43e9-b0ca-fe3e2ccffbfa -F qcow2 /opt/stack/data/cinder/mnt/5ea05c9d2be45778252609e23fa0355d/volume-c45d923b-e459-43e9-b0ca-fe3e2ccffbfa.0234f771-bf5c-45f6-b7bf-1c48a867d7cd {{(pid=94744) execute /opt/stack/data/venv/lib/python3.12/site-packages/oslo_concurrency/processutils.py:440}}
Aug 14 17:40:01 devstack sudo[99478]: quobyte : PWD=/ ; USER=root ; COMMAND=/opt/stack/data/venv/bin/cinder-rootwrap /etc/cinder/rootwrap.conf qemu-img rebase -u -b volume-c45d923b-e459-43e9-b0ca-fe3e2ccffbfa -F qcow2 /opt/stack/data/cinder/mnt/5ea05c9d2be45778252609e23fa0355d/volume-c45d923b-e459-43e9-b0ca-fe3e2ccffbfa.0234f771-bf5c-45f6-b7bf-1c48a867d7cd
Aug 14 17:40:01 devstack sudo[99478]: pam_unix(sudo:session): session opened for user root(uid=0) by (uid=1000)
Aug 14 17:40:02 devstack sudo[99478]: pam_unix(sudo:session): session closed for user root
Aug 14 17:40:02 devstack cinder-volume[94744]: DEBUG oslo_concurrency.processutils [None req-4c2d4ba3-b6b2-4436-b11f-3429920f369b tempest-GroupSnapshotsTest-810470755 None] CMD "sudo cinder-rootwrap /etc/cinder/rootwrap.conf qemu-img rebase -u -b volume-c45d923b-e459-43e9-b0ca-fe3e2ccffbfa -F qcow2 /opt/stack/data/cinder/mnt/5ea05c9d2be45778252609e23fa0355d/volume-c45d923b-e459-43e9-b0ca-fe3e2ccffbfa.0234f771-bf5c-45f6-b7bf-1c48a867d7cd" returned: 0 in 0.562s {{(pid=94744) execute /opt/stack/data/venv/lib/python3.12/site-packages/oslo_concurrency/processutils.py:468}}
Aug 14 17:40:02 devstack cinder-volume[94744]: WARNING cinder.volume.drivers.remotefs [None req-4c2d4ba3-b6b2-4436-b11f-3429920f369b tempest-GroupSnapshotsTest-810470755 None] /opt/stack/data/cinder/mnt/5ea05c9d2be45778252609e23fa0355d/volume-c45d923b-e459-43e9-b0ca-fe3e2ccffbfa.0234f771-bf5c-45f6-b7bf-1c48a867d7cd is being set with open permissions: ugo+rw: NotImplementedError
Aug 14 17:40:02 devstack cinder-volume[94744]: DEBUG oslo_concurrency.processutils [None req-4c2d4ba3-b6b2-4436-b11f-3429920f369b tempest-GroupSnapshotsTest-810470755 None] Running cmd (subprocess): sudo cinder-rootwrap /etc/cinder/rootwrap.conf chmod ugo+rw /opt/stack/data/cinder/mnt/5ea05c9d2be45778252609e23fa0355d/volume-c45d923b-e459-43e9-b0ca-fe3e2ccffbfa.0234f771-bf5c-45f6-b7bf-1c48a867d7cd {{(pid=94744) execute /opt/stack/data/venv/lib/python3.12/site-packages/oslo_concurrency/processutils.py:440}}
Aug 14 17:40:02 devstack sudo[99486]: quobyte : PWD=/ ; USER=root ; COMMAND=/opt/stack/data/venv/bin/cinder-rootwrap /etc/cinder/rootwrap.conf chmod ugo+rw /opt/stack/data/cinder/mnt/5ea05c9d2be45778252609e23fa0355d/volume-c45d923b-e459-43e9-b0ca-fe3e2ccffbfa.0234f771-bf5c-45f6-b7bf-1c48a867d7cd
Aug 14 17:40:02 devstack sudo[99486]: pam_unix(sudo:session): session opened for user root(uid=0) by (uid=1000)
Aug 14 17:40:02 devstack sudo[99486]: pam_unix(sudo:session): session closed for user root
Aug 14 17:40:02 devstack cinder-volume[94744]: DEBUG oslo_concurrency.processutils [None req-4c2d4ba3-b6b2-4436-b11f-3429920f369b tempest-GroupSnapshotsTest-810470755 None] CMD "sudo cinder-rootwrap /etc/cinder/rootwrap.conf chmod ugo+rw /opt/stack/data/cinder/mnt/5ea05c9d2be45778252609e23fa0355d/volume-c45d923b-e459-43e9-b0ca-fe3e2ccffbfa.0234f771-bf5c-45f6-b7bf-1c48a867d7cd" returned: 0 in 0.348s {{(pid=94744) execute /opt/stack/data/venv/lib/python3.12/site-packages/oslo_concurrency/processutils.py:468}}
Aug 14 17:40:02 devstack cinder-volume[94744]: DEBUG oslo_concurrency.processutils [None req-4c2d4ba3-b6b2-4436-b11f-3429920f369b tempest-GroupSnapshotsTest-810470755 None] Running cmd (subprocess): sudo cinder-rootwrap /etc/cinder/rootwrap.conf truncate -s0 /opt/stack/data/cinder/mnt/5ea05c9d2be45778252609e23fa0355d/volume-c45d923b-e459-43e9-b0ca-fe3e2ccffbfa.info {{(pid=94744) execute /opt/stack/data/venv/lib/python3.12/site-packages/oslo_concurrency/processutils.py:440}}
Aug 14 17:40:02 devstack sudo[99490]: quobyte : PWD=/ ; USER=root ; COMMAND=/opt/stack/data/venv/bin/cinder-rootwrap /etc/cinder/rootwrap.conf truncate -s0 /opt/stack/data/cinder/mnt/5ea05c9d2be45778252609e23fa0355d/volume-c45d923b-e459-43e9-b0ca-fe3e2ccffbfa.info
Aug 14 17:40:02 devstack sudo[99490]: pam_unix(sudo:session): session opened for user root(uid=0) by (uid=1000)
Aug 14 17:40:02 devstack sudo[99490]: pam_unix(sudo:session): session closed for user root
Aug 14 17:40:02 devstack cinder-volume[94744]: DEBUG oslo_concurrency.processutils [None req-4c2d4ba3-b6b2-4436-b11f-3429920f369b tempest-GroupSnapshotsTest-810470755 None] CMD "sudo cinder-rootwrap /etc/cinder/rootwrap.conf truncate -s0 /opt/stack/data/cinder/mnt/5ea05c9d2be45778252609e23fa0355d/volume-c45d923b-e459-43e9-b0ca-fe3e2ccffbfa.info" returned: 0 in 0.435s {{(pid=94744) execute /opt/stack/data/venv/lib/python3.12/site-packages/oslo_concurrency/processutils.py:468}}
Aug 14 17:40:02 devstack cinder-volume[94744]: WARNING cinder.volume.drivers.remotefs [None req-4c2d4ba3-b6b2-4436-b11f-3429920f369b tempest-GroupSnapshotsTest-810470755 None] /opt/stack/data/cinder/mnt/5ea05c9d2be45778252609e23fa0355d/volume-c45d923b-e459-43e9-b0ca-fe3e2ccffbfa.info is being set with open permissions: ugo+rw: NotImplementedError
Aug 14 17:40:02 devstack cinder-volume[94744]: DEBUG oslo_concurrency.processutils [None req-4c2d4ba3-b6b2-4436-b11f-3429920f369b tempest-GroupSnapshotsTest-810470755 None] Running cmd (subprocess): sudo cinder-rootwrap /etc/cinder/rootwrap.conf chmod ugo+rw /opt/stack/data/cinder/mnt/5ea05c9d2be45778252609e23fa0355d/volume-c45d923b-e459-43e9-b0ca-fe3e2ccffbfa.info {{(pid=94744) execute /opt/stack/data/venv/lib/python3.12/site-packages/oslo_concurrency/processutils.py:440}}
Aug 14 17:40:02 devstack sudo[99519]: quobyte : PWD=/ ; USER=root ; COMMAND=/opt/stack/data/venv/bin/cinder-rootwrap /etc/cinder/rootwrap.conf chmod ugo+rw /opt/stack/data/cinder/mnt/5ea05c9d2be45778252609e23fa0355d/volume-c45d923b-e459-43e9-b0ca-fe3e2ccffbfa.info
Aug 14 17:40:02 devstack sudo[99519]: pam_unix(sudo:session): session opened for user root(uid=0) by (uid=1000)
Aug 14 17:40:03 devstack sudo[99519]: pam_unix(sudo:session): session closed for user root
Aug 14 17:40:03 devstack cinder-volume[94744]: DEBUG oslo_concurrency.processutils [None req-4c2d4ba3-b6b2-4436-b11f-3429920f369b tempest-GroupSnapshotsTest-810470755 None] CMD "sudo cinder-rootwrap /etc/cinder/rootwrap.conf chmod ugo+rw /opt/stack/data/cinder/mnt/5ea05c9d2be45778252609e23fa0355d/volume-c45d923b-e459-43e9-b0ca-fe3e2ccffbfa.info" returned: 0 in 0.369s {{(pid=94744) execute /opt/stack/data/venv/lib/python3.12/site-packages/oslo_concurrency/processutils.py:468}}
Aug 14 17:40:03 devstack cinder-volume[94744]: DEBUG oslo_concurrency.lockutils [None req-4c2d4ba3-b6b2-4436-b11f-3429920f369b tempest-GroupSnapshotsTest-810470755 None] Lock "quobyte" "released" by "cinder.volume.drivers.quobyte.QuobyteDriver.create_snapshot" :: held 3.422s {{(pid=94744) inner /opt/stack/data/venv/lib/python3.12/site-packages/oslo_concurrency/lockutils.py:544}}
Aug 14 17:40:03 devstack cinder-volume[94744]: DEBUG oslo_concurrency.lockutils [None req-4c2d4ba3-b6b2-4436-b11f-3429920f369b tempest-GroupSnapshotsTest-810470755 None] Acquiring lock "quobyte" by "cinder.volume.drivers.quobyte.QuobyteDriver.create_snapshot" {{(pid=94744) inner /opt/stack/data/venv/lib/python3.12/site-packages/oslo_concurrency/lockutils.py:512}}
Aug 14 17:40:03 devstack cinder-volume[94744]: DEBUG oslo_concurrency.lockutils [None req-4c2d4ba3-b6b2-4436-b11f-3429920f369b tempest-GroupSnapshotsTest-810470755 None] Lock "quobyte" acquired by "cinder.volume.drivers.quobyte.QuobyteDriver.create_snapshot" :: waited 0.001s {{(pid=94744) inner /opt/stack/data/venv/lib/python3.12/site-packages/oslo_concurrency/lockutils.py:525}}
Aug 14 17:40:03 devstack cinder-volume[94744]: DEBUG cinder.volume.drivers.remotefs [None req-4c2d4ba3-b6b2-4436-b11f-3429920f369b tempest-GroupSnapshotsTest-810470755 None] Creating offline snapshot 7ce38202-6287-443d-9d14-691e1958eea4 of volume e405d828-c832-4cb8-b3cb-0a54817300d1 {{(pid=94744) _create_snapshot /opt/stack/cinder/cinder/volume/drivers/remotefs.py:1816}}
Aug 14 17:40:03 devstack cinder-volume[94744]: DEBUG oslo.privsep.daemon [-] privsep: reply[feb9d975-38b1-4066-bab6-b4eec66f07c4]: (4, 'qcow2') {{(pid=95883) _call_back /opt/stack/data/venv/lib/python3.12/site-packages/oslo_privsep/daemon.py:580}}
Aug 14 17:40:03 devstack cinder-volume[94744]: DEBUG oslo_concurrency.processutils [None req-4c2d4ba3-b6b2-4436-b11f-3429920f369b tempest-GroupSnapshotsTest-810470755 None] Running cmd (subprocess): /opt/stack/data/venv/bin/python3.12 -m oslo_concurrency.prlimit --as=1073741824 --cpu=60 -- sudo cinder-rootwrap /etc/cinder/rootwrap.conf env LC_ALL=C qemu-img info -f qcow2 --output=json --force-share /opt/stack/data/cinder/mnt/5ea05c9d2be45778252609e23fa0355d/volume-e405d828-c832-4cb8-b3cb-0a54817300d1 {{(pid=94744) execute /opt/stack/data/venv/lib/python3.12/site-packages/oslo_concurrency/processutils.py:440}}
Aug 14 17:40:03 devstack sudo[99522]: quobyte : PWD=/ ; USER=root ; COMMAND=/opt/stack/data/venv/bin/cinder-rootwrap /etc/cinder/rootwrap.conf env LC_ALL=C qemu-img info -f qcow2 --output=json --force-share /opt/stack/data/cinder/mnt/5ea05c9d2be45778252609e23fa0355d/volume-e405d828-c832-4cb8-b3cb-0a54817300d1
Aug 14 17:40:03 devstack sudo[99522]: pam_unix(sudo:session): session opened for user root(uid=0) by (uid=1000)
Aug 14 17:40:03 devstack sudo[99522]: pam_unix(sudo:session): session closed for user root
Aug 14 17:40:03 devstack cinder-volume[94744]: DEBUG oslo_concurrency.processutils [None req-4c2d4ba3-b6b2-4436-b11f-3429920f369b tempest-GroupSnapshotsTest-810470755 None] CMD "/opt/stack/data/venv/bin/python3.12 -m oslo_concurrency.prlimit --as=1073741824 --cpu=60 -- sudo cinder-rootwrap /etc/cinder/rootwrap.conf env LC_ALL=C qemu-img info -f qcow2 --output=json --force-share /opt/stack/data/cinder/mnt/5ea05c9d2be45778252609e23fa0355d/volume-e405d828-c832-4cb8-b3cb-0a54817300d1" returned: 0 in 0.523s {{(pid=94744) execute /opt/stack/data/venv/lib/python3.12/site-packages/oslo_concurrency/processutils.py:468}}
Aug 14 17:40:03 devstack cinder-volume[94744]: DEBUG oslo_concurrency.processutils [None req-4c2d4ba3-b6b2-4436-b11f-3429920f369b tempest-GroupSnapshotsTest-810470755 None] Running cmd (subprocess): sudo cinder-rootwrap /etc/cinder/rootwrap.conf qemu-img create -f qcow2 -o backing_file=/opt/stack/data/cinder/mnt/5ea05c9d2be45778252609e23fa0355d/volume-e405d828-c832-4cb8-b3cb-0a54817300d1,backing_fmt=qcow2 /opt/stack/data/cinder/mnt/5ea05c9d2be45778252609e23fa0355d/volume-e405d828-c832-4cb8-b3cb-0a54817300d1.7ce38202-6287-443d-9d14-691e1958eea4 1G {{(pid=94744) execute /opt/stack/data/venv/lib/python3.12/site-packages/oslo_concurrency/processutils.py:440}}
Aug 14 17:40:03 devstack sudo[99527]: quobyte : PWD=/ ; USER=root ; COMMAND=/opt/stack/data/venv/bin/cinder-rootwrap /etc/cinder/rootwrap.conf qemu-img create -f qcow2 -o backing_file=/opt/stack/data/cinder/mnt/5ea05c9d2be45778252609e23fa0355d/volume-e405d828-c832-4cb8-b3cb-0a54817300d1,backing_fmt=qcow2 /opt/stack/data/cinder/mnt/5ea05c9d2be45778252609e23fa0355d/volume-e405d828-c832-4cb8-b3cb-0a54817300d1.7ce38202-6287-443d-9d14-691e1958eea4 1G
Aug 14 17:40:03 devstack sudo[99527]: pam_unix(sudo:session): session opened for user root(uid=0) by (uid=1000)
Aug 14 17:40:04 devstack sudo[99527]: pam_unix(sudo:session): session closed for user root
Aug 14 17:40:04 devstack cinder-volume[94744]: DEBUG oslo_concurrency.processutils [None req-4c2d4ba3-b6b2-4436-b11f-3429920f369b tempest-GroupSnapshotsTest-810470755 None] CMD "sudo cinder-rootwrap /etc/cinder/rootwrap.conf qemu-img create -f qcow2 -o backing_file=/opt/stack/data/cinder/mnt/5ea05c9d2be45778252609e23fa0355d/volume-e405d828-c832-4cb8-b3cb-0a54817300d1,backing_fmt=qcow2 /opt/stack/data/cinder/mnt/5ea05c9d2be45778252609e23fa0355d/volume-e405d828-c832-4cb8-b3cb-0a54817300d1.7ce38202-6287-443d-9d14-691e1958eea4 1G" returned: 0 in 0.646s {{(pid=94744) execute /opt/stack/data/venv/lib/python3.12/site-packages/oslo_concurrency/processutils.py:468}}
Aug 14 17:40:04 devstack cinder-volume[94744]: DEBUG oslo_concurrency.processutils [None req-4c2d4ba3-b6b2-4436-b11f-3429920f369b tempest-GroupSnapshotsTest-810470755 None] Running cmd (subprocess): sudo cinder-rootwrap /etc/cinder/rootwrap.conf qemu-img rebase -u -b volume-e405d828-c832-4cb8-b3cb-0a54817300d1 -F qcow2 /opt/stack/data/cinder/mnt/5ea05c9d2be45778252609e23fa0355d/volume-e405d828-c832-4cb8-b3cb-0a54817300d1.7ce38202-6287-443d-9d14-691e1958eea4 {{(pid=94744) execute /opt/stack/data/venv/lib/python3.12/site-packages/oslo_concurrency/processutils.py:440}}
Aug 14 17:40:04 devstack sudo[99535]: quobyte : PWD=/ ; USER=root ; COMMAND=/opt/stack/data/venv/bin/cinder-rootwrap /etc/cinder/rootwrap.conf qemu-img rebase -u -b volume-e405d828-c832-4cb8-b3cb-0a54817300d1 -F qcow2 /opt/stack/data/cinder/mnt/5ea05c9d2be45778252609e23fa0355d/volume-e405d828-c832-4cb8-b3cb-0a54817300d1.7ce38202-6287-443d-9d14-691e1958eea4
Aug 14 17:40:04 devstack sudo[99535]: pam_unix(sudo:session): session opened for user root(uid=0) by (uid=1000)
Aug 14 17:40:04 devstack sudo[99535]: pam_unix(sudo:session): session closed for user root
Aug 14 17:40:04 devstack cinder-volume[94744]: DEBUG oslo_concurrency.processutils [None req-4c2d4ba3-b6b2-4436-b11f-3429920f369b tempest-GroupSnapshotsTest-810470755 None] CMD "sudo cinder-rootwrap /etc/cinder/rootwrap.conf qemu-img rebase -u -b volume-e405d828-c832-4cb8-b3cb-0a54817300d1 -F qcow2 /opt/stack/data/cinder/mnt/5ea05c9d2be45778252609e23fa0355d/volume-e405d828-c832-4cb8-b3cb-0a54817300d1.7ce38202-6287-443d-9d14-691e1958eea4" returned: 0 in 0.389s {{(pid=94744) execute /opt/stack/data/venv/lib/python3.12/site-packages/oslo_concurrency/processutils.py:468}}
Aug 14 17:40:04 devstack cinder-volume[94744]: WARNING cinder.volume.drivers.remotefs [None req-4c2d4ba3-b6b2-4436-b11f-3429920f369b tempest-GroupSnapshotsTest-810470755 None] /opt/stack/data/cinder/mnt/5ea05c9d2be45778252609e23fa0355d/volume-e405d828-c832-4cb8-b3cb-0a54817300d1.7ce38202-6287-443d-9d14-691e1958eea4 is being set with open permissions: ugo+rw: NotImplementedError
Aug 14 17:40:04 devstack cinder-volume[94744]: DEBUG oslo_concurrency.processutils [None req-4c2d4ba3-b6b2-4436-b11f-3429920f369b tempest-GroupSnapshotsTest-810470755 None] Running cmd (subprocess): sudo cinder-rootwrap /etc/cinder/rootwrap.conf chmod ugo+rw /opt/stack/data/cinder/mnt/5ea05c9d2be45778252609e23fa0355d/volume-e405d828-c832-4cb8-b3cb-0a54817300d1.7ce38202-6287-443d-9d14-691e1958eea4 {{(pid=94744) execute /opt/stack/data/venv/lib/python3.12/site-packages/oslo_concurrency/processutils.py:440}}
Aug 14 17:40:04 devstack sudo[99550]: quobyte : PWD=/ ; USER=root ; COMMAND=/opt/stack/data/venv/bin/cinder-rootwrap /etc/cinder/rootwrap.conf chmod ugo+rw /opt/stack/data/cinder/mnt/5ea05c9d2be45778252609e23fa0355d/volume-e405d828-c832-4cb8-b3cb-0a54817300d1.7ce38202-6287-443d-9d14-691e1958eea4
Aug 14 17:40:04 devstack sudo[99550]: pam_unix(sudo:session): session opened for user root(uid=0) by (uid=1000)
Aug 14 17:40:05 devstack sudo[99550]: pam_unix(sudo:session): session closed for user root
Aug 14 17:40:05 devstack cinder-volume[94744]: DEBUG oslo_concurrency.processutils [None req-4c2d4ba3-b6b2-4436-b11f-3429920f369b tempest-GroupSnapshotsTest-810470755 None] CMD "sudo cinder-rootwrap /etc/cinder/rootwrap.conf chmod ugo+rw /opt/stack/data/cinder/mnt/5ea05c9d2be45778252609e23fa0355d/volume-e405d828-c832-4cb8-b3cb-0a54817300d1.7ce38202-6287-443d-9d14-691e1958eea4" returned: 0 in 0.298s {{(pid=94744) execute /opt/stack/data/venv/lib/python3.12/site-packages/oslo_concurrency/processutils.py:468}}
Aug 14 17:40:05 devstack cinder-volume[94744]: DEBUG oslo_concurrency.processutils [None req-4c2d4ba3-b6b2-4436-b11f-3429920f369b tempest-GroupSnapshotsTest-810470755 None] Running cmd (subprocess): sudo cinder-rootwrap /etc/cinder/rootwrap.conf truncate -s0 /opt/stack/data/cinder/mnt/5ea05c9d2be45778252609e23fa0355d/volume-e405d828-c832-4cb8-b3cb-0a54817300d1.info {{(pid=94744) execute /opt/stack/data/venv/lib/python3.12/site-packages/oslo_concurrency/processutils.py:440}}
Aug 14 17:40:05 devstack sudo[99560]: quobyte : PWD=/ ; USER=root ; COMMAND=/opt/stack/data/venv/bin/cinder-rootwrap /etc/cinder/rootwrap.conf truncate -s0 /opt/stack/data/cinder/mnt/5ea05c9d2be45778252609e23fa0355d/volume-e405d828-c832-4cb8-b3cb-0a54817300d1.info
Aug 14 17:40:05 devstack sudo[99560]: pam_unix(sudo:session): session opened for user root(uid=0) by (uid=1000)
Aug 14 17:40:05 devstack sudo[99560]: pam_unix(sudo:session): session closed for user root
Aug 14 17:40:05 devstack cinder-volume[94744]: DEBUG oslo_concurrency.processutils [None req-4c2d4ba3-b6b2-4436-b11f-3429920f369b tempest-GroupSnapshotsTest-810470755 None] CMD "sudo cinder-rootwrap /etc/cinder/rootwrap.conf truncate -s0 /opt/stack/data/cinder/mnt/5ea05c9d2be45778252609e23fa0355d/volume-e405d828-c832-4cb8-b3cb-0a54817300d1.info" returned: 0 in 0.347s {{(pid=94744) execute /opt/stack/data/venv/lib/python3.12/site-packages/oslo_concurrency/processutils.py:468}}
Aug 14 17:40:05 devstack cinder-volume[94744]: WARNING cinder.volume.drivers.remotefs [None req-4c2d4ba3-b6b2-4436-b11f-3429920f369b tempest-GroupSnapshotsTest-810470755 None] /opt/stack/data/cinder/mnt/5ea05c9d2be45778252609e23fa0355d/volume-e405d828-c832-4cb8-b3cb-0a54817300d1.info is being set with open permissions: ugo+rw: NotImplementedError
Aug 14 17:40:05 devstack cinder-volume[94744]: DEBUG oslo_concurrency.processutils [None req-4c2d4ba3-b6b2-4436-b11f-3429920f369b tempest-GroupSnapshotsTest-810470755 None] Running cmd (subprocess): sudo cinder-rootwrap /etc/cinder/rootwrap.conf chmod ugo+rw /opt/stack/data/cinder/mnt/5ea05c9d2be45778252609e23fa0355d/volume-e405d828-c832-4cb8-b3cb-0a54817300d1.info {{(pid=94744) execute /opt/stack/data/venv/lib/python3.12/site-packages/oslo_concurrency/processutils.py:440}}
Aug 14 17:40:05 devstack sudo[99563]: quobyte : PWD=/ ; USER=root ; COMMAND=/opt/stack/data/venv/bin/cinder-rootwrap /etc/cinder/rootwrap.conf chmod ugo+rw /opt/stack/data/cinder/mnt/5ea05c9d2be45778252609e23fa0355d/volume-e405d828-c832-4cb8-b3cb-0a54817300d1.info
Aug 14 17:40:05 devstack sudo[99563]: pam_unix(sudo:session): session opened for user root(uid=0) by (uid=1000)
Aug 14 17:40:05 devstack sudo[99563]: pam_unix(sudo:session): session closed for user root
Aug 14 17:40:05 devstack cinder-volume[94744]: DEBUG oslo_concurrency.processutils [None req-4c2d4ba3-b6b2-4436-b11f-3429920f369b tempest-GroupSnapshotsTest-810470755 None] CMD "sudo cinder-rootwrap /etc/cinder/rootwrap.conf chmod ugo+rw /opt/stack/data/cinder/mnt/5ea05c9d2be45778252609e23fa0355d/volume-e405d828-c832-4cb8-b3cb-0a54817300d1.info" returned: 0 in 0.374s {{(pid=94744) execute /opt/stack/data/venv/lib/python3.12/site-packages/oslo_concurrency/processutils.py:468}}
Aug 14 17:40:05 devstack cinder-volume[94744]: DEBUG oslo_concurrency.lockutils [None req-4c2d4ba3-b6b2-4436-b11f-3429920f369b tempest-GroupSnapshotsTest-810470755 None] Lock "quobyte" "released" by "cinder.volume.drivers.quobyte.QuobyteDriver.create_snapshot" :: held 2.699s {{(pid=94744) inner /opt/stack/data/venv/lib/python3.12/site-packages/oslo_concurrency/lockutils.py:544}}
Aug 14 17:40:06 devstack cinder-volume[94744]: INFO cinder.volume.manager [None req-4c2d4ba3-b6b2-4436-b11f-3429920f369b tempest-GroupSnapshotsTest-810470755 None] group_snapshot be4375ef-88cf-4b93-974c-6bd816224eb1: created successfully
Aug 14 17:40:06 devstack cinder-volume[94744]: INFO cinder.volume.manager [None req-53a4e5d0-471d-4775-82bb-3c116ea9df14 tempest-GroupSnapshotsTest-810470755 None] group_snapshot be4375ef-88cf-4b93-974c-6bd816224eb1: deleting
Aug 14 17:40:06 devstack cinder-volume[94744]: DEBUG cinder.volume.manager [None req-53a4e5d0-471d-4775-82bb-3c116ea9df14 tempest-GroupSnapshotsTest-810470755 None] group_snapshot be4375ef-88cf-4b93-974c-6bd816224eb1: deleting {{(pid=94744) delete_group_snapshot /opt/stack/cinder/cinder/volume/manager.py:4350}}
Aug 14 17:40:06 devstack cinder-volume[94744]: DEBUG cinder.coordination [None req-53a4e5d0-471d-4775-82bb-3c116ea9df14 tempest-GroupSnapshotsTest-810470755 None] Acquiring lock "cinder-quobyte-c45d923b-e459-43e9-b0ca-fe3e2ccffbfa" by "delete_snapshot" {{(pid=94744) __acquire /opt/stack/cinder/cinder/coordination.py:138}}
Aug 14 17:40:06 devstack cinder-volume[94744]: DEBUG cinder.coordination [None req-53a4e5d0-471d-4775-82bb-3c116ea9df14 tempest-GroupSnapshotsTest-810470755 None] Lock "cinder-quobyte-c45d923b-e459-43e9-b0ca-fe3e2ccffbfa" acquired by "delete_snapshot" :: waited 0.018s {{(pid=94744) __acquire /opt/stack/cinder/cinder/coordination.py:141}}
Aug 14 17:40:06 devstack cinder-volume[94744]: DEBUG cinder.coordination [None req-53a4e5d0-471d-4775-82bb-3c116ea9df14 tempest-GroupSnapshotsTest-810470755 None] Acquiring lock "cinder-quobyte-0234f771-bf5c-45f6-b7bf-1c48a867d7cd" by "_delete_snapshot" {{(pid=94744) __acquire /opt/stack/cinder/cinder/coordination.py:138}}
Aug 14 17:40:06 devstack cinder-volume[94744]: DEBUG cinder.coordination [None req-53a4e5d0-471d-4775-82bb-3c116ea9df14 tempest-GroupSnapshotsTest-810470755 None] Lock "cinder-quobyte-0234f771-bf5c-45f6-b7bf-1c48a867d7cd" acquired by "_delete_snapshot" :: waited 0.024s {{(pid=94744) __acquire /opt/stack/cinder/cinder/coordination.py:141}}
Aug 14 17:40:06 devstack cinder-volume[94744]: DEBUG cinder.volume.drivers.remotefs [None req-53a4e5d0-471d-4775-82bb-3c116ea9df14 tempest-GroupSnapshotsTest-810470755 None] Deleting offline snapshot 0234f771-bf5c-45f6-b7bf-1c48a867d7cd of volume c45d923b-e459-43e9-b0ca-fe3e2ccffbfa {{(pid=94744) _delete_snapshot /opt/stack/cinder/cinder/volume/drivers/remotefs.py:1288}}
Aug 14 17:40:06 devstack cinder-volume[94744]: DEBUG cinder.volume.drivers.remotefs [None req-53a4e5d0-471d-4775-82bb-3c116ea9df14 tempest-GroupSnapshotsTest-810470755 None] snapshot_file for this snap is: volume-c45d923b-e459-43e9-b0ca-fe3e2ccffbfa.0234f771-bf5c-45f6-b7bf-1c48a867d7cd {{(pid=94744) _delete_snapshot /opt/stack/cinder/cinder/volume/drivers/remotefs.py:1317}}
Aug 14 17:40:06 devstack cinder-volume[94744]: DEBUG oslo.privsep.daemon [-] privsep: reply[0c692571-0f18-4dce-9fbb-7939c0b99f5b]: (4, 'qcow2') {{(pid=95883) _call_back /opt/stack/data/venv/lib/python3.12/site-packages/oslo_privsep/daemon.py:580}}
Aug 14 17:40:06 devstack cinder-volume[94744]: DEBUG oslo_concurrency.processutils [None req-53a4e5d0-471d-4775-82bb-3c116ea9df14 tempest-GroupSnapshotsTest-810470755 None] Running cmd (subprocess): /opt/stack/data/venv/bin/python3.12 -m oslo_concurrency.prlimit --as=1073741824 --cpu=60 -- sudo cinder-rootwrap /etc/cinder/rootwrap.conf env LC_ALL=C qemu-img info -f qcow2 --output=json --force-share /opt/stack/data/cinder/mnt/5ea05c9d2be45778252609e23fa0355d/volume-c45d923b-e459-43e9-b0ca-fe3e2ccffbfa.0234f771-bf5c-45f6-b7bf-1c48a867d7cd {{(pid=94744) execute /opt/stack/data/venv/lib/python3.12/site-packages/oslo_concurrency/processutils.py:440}}
Aug 14 17:40:06 devstack sudo[99566]: quobyte : PWD=/ ; USER=root ; COMMAND=/opt/stack/data/venv/bin/cinder-rootwrap /etc/cinder/rootwrap.conf env LC_ALL=C qemu-img info -f qcow2 --output=json --force-share /opt/stack/data/cinder/mnt/5ea05c9d2be45778252609e23fa0355d/volume-c45d923b-e459-43e9-b0ca-fe3e2ccffbfa.0234f771-bf5c-45f6-b7bf-1c48a867d7cd
Aug 14 17:40:06 devstack sudo[99566]: pam_unix(sudo:session): session opened for user root(uid=0) by (uid=1000)
Aug 14 17:40:06 devstack cinder-volume[94744]: DEBUG cinder.coordination [None req-3b077c93-8770-475d-8008-2dde57799557 tempest-AttachVolumeShelveTestJSON-1530465656 None] Acquiring lock "cinder-ef12b8b6-524b-42a2-8b5a-5775bfe4b62d-delete_volume" by "delete_volume" {{(pid=94744) __acquire /opt/stack/cinder/cinder/coordination.py:138}}
Aug 14 17:40:06 devstack cinder-volume[94744]: DEBUG cinder.coordination [None req-3b077c93-8770-475d-8008-2dde57799557 tempest-AttachVolumeShelveTestJSON-1530465656 None] Lock "cinder-ef12b8b6-524b-42a2-8b5a-5775bfe4b62d-delete_volume" acquired by "delete_volume" :: waited 0.023s {{(pid=94744) __acquire /opt/stack/cinder/cinder/coordination.py:141}}
Aug 14 17:40:06 devstack cinder-volume[94744]: DEBUG cinder.coordination [None req-3b077c93-8770-475d-8008-2dde57799557 tempest-AttachVolumeShelveTestJSON-1530465656 None] Acquiring lock "cinder-quobyte-ef12b8b6-524b-42a2-8b5a-5775bfe4b62d" by "delete_volume" {{(pid=94744) __acquire /opt/stack/cinder/cinder/coordination.py:138}}
Aug 14 17:40:06 devstack cinder-volume[94744]: DEBUG cinder.coordination [None req-3b077c93-8770-475d-8008-2dde57799557 tempest-AttachVolumeShelveTestJSON-1530465656 None] Lock "cinder-quobyte-ef12b8b6-524b-42a2-8b5a-5775bfe4b62d" acquired by "delete_volume" :: waited 0.016s {{(pid=94744) __acquire /opt/stack/cinder/cinder/coordination.py:141}}
Aug 14 17:40:06 devstack cinder-volume[94744]: DEBUG oslo.privsep.daemon [-] privsep: reply[b75267dc-3abd-4bac-8def-80af395649bc]: (4, 'qcow2') {{(pid=95883) _call_back /opt/stack/data/venv/lib/python3.12/site-packages/oslo_privsep/daemon.py:580}}
Aug 14 17:40:06 devstack cinder-volume[94744]: DEBUG oslo_concurrency.processutils [None req-3b077c93-8770-475d-8008-2dde57799557 tempest-AttachVolumeShelveTestJSON-1530465656 None] Running cmd (subprocess): /opt/stack/data/venv/bin/python3.12 -m oslo_concurrency.prlimit --as=1073741824 --cpu=60 -- sudo cinder-rootwrap /etc/cinder/rootwrap.conf env LC_ALL=C qemu-img info -f qcow2 --output=json --force-share /opt/stack/data/cinder/mnt/5ea05c9d2be45778252609e23fa0355d/volume-ef12b8b6-524b-42a2-8b5a-5775bfe4b62d {{(pid=94744) execute /opt/stack/data/venv/lib/python3.12/site-packages/oslo_concurrency/processutils.py:440}}
Aug 14 17:40:07 devstack sudo[99566]: pam_unix(sudo:session): session closed for user root
Aug 14 17:40:07 devstack cinder-volume[94744]: DEBUG oslo_concurrency.processutils [None req-53a4e5d0-471d-4775-82bb-3c116ea9df14 tempest-GroupSnapshotsTest-810470755 None] CMD "/opt/stack/data/venv/bin/python3.12 -m oslo_concurrency.prlimit --as=1073741824 --cpu=60 -- sudo cinder-rootwrap /etc/cinder/rootwrap.conf env LC_ALL=C qemu-img info -f qcow2 --output=json --force-share /opt/stack/data/cinder/mnt/5ea05c9d2be45778252609e23fa0355d/volume-c45d923b-e459-43e9-b0ca-fe3e2ccffbfa.0234f771-bf5c-45f6-b7bf-1c48a867d7cd" returned: 0 in 0.519s {{(pid=94744) execute /opt/stack/data/venv/lib/python3.12/site-packages/oslo_concurrency/processutils.py:468}}
Aug 14 17:40:07 devstack cinder-volume[94744]: DEBUG cinder.volume.drivers.remotefs [None req-53a4e5d0-471d-4775-82bb-3c116ea9df14 tempest-GroupSnapshotsTest-810470755 None] Fetching qemu-img info with special backing_file_template: (/opt/stack/data/cinder/mnt/[0-9a-f]+/)?(volume-c45d923b-e459-43e9-b0ca-fe3e2ccffbfa(.(tmp-snap-)?[0-9a-f-]+)?|volume_from_snapshot_cache/(tmp-snap-)?[0-9a-f-]+(.(child-|parent-)[0-9a-f-]+)?)$ {{(pid=94744) _qemu_img_info_base /opt/stack/cinder/cinder/volume/drivers/remotefs.py:896}}
Aug 14 17:40:07 devstack cinder-volume[94744]: DEBUG oslo.privsep.daemon [-] privsep: reply[e2fd7847-ee64-47ef-b4fe-8a3be6189c4b]: (4, 'qcow2') {{(pid=95883) _call_back /opt/stack/data/venv/lib/python3.12/site-packages/oslo_privsep/daemon.py:580}}
Aug 14 17:40:07 devstack cinder-volume[94744]: DEBUG oslo_concurrency.processutils [None req-53a4e5d0-471d-4775-82bb-3c116ea9df14 tempest-GroupSnapshotsTest-810470755 None] Running cmd (subprocess): /opt/stack/data/venv/bin/python3.12 -m oslo_concurrency.prlimit --as=1073741824 --cpu=60 -- sudo cinder-rootwrap /etc/cinder/rootwrap.conf env LC_ALL=C qemu-img info -f qcow2 --output=json --force-share /opt/stack/data/cinder/mnt/5ea05c9d2be45778252609e23fa0355d/volume-c45d923b-e459-43e9-b0ca-fe3e2ccffbfa {{(pid=94744) execute /opt/stack/data/venv/lib/python3.12/site-packages/oslo_concurrency/processutils.py:440}}
Aug 14 17:40:07 devstack sudo[99572]: quobyte : PWD=/ ; USER=root ; COMMAND=/opt/stack/data/venv/bin/cinder-rootwrap /etc/cinder/rootwrap.conf env LC_ALL=C qemu-img info -f qcow2 --output=json --force-share /opt/stack/data/cinder/mnt/5ea05c9d2be45778252609e23fa0355d/volume-ef12b8b6-524b-42a2-8b5a-5775bfe4b62d
Aug 14 17:40:07 devstack sudo[99572]: pam_unix(sudo:session): session opened for user root(uid=0) by (uid=1000)
Aug 14 17:40:07 devstack sudo[99573]: quobyte : PWD=/ ; USER=root ; COMMAND=/opt/stack/data/venv/bin/cinder-rootwrap /etc/cinder/rootwrap.conf env LC_ALL=C qemu-img info -f qcow2 --output=json --force-share /opt/stack/data/cinder/mnt/5ea05c9d2be45778252609e23fa0355d/volume-c45d923b-e459-43e9-b0ca-fe3e2ccffbfa
Aug 14 17:40:07 devstack sudo[99573]: pam_unix(sudo:session): session opened for user root(uid=0) by (uid=1000)
Aug 14 17:40:07 devstack sudo[99572]: pam_unix(sudo:session): session closed for user root
Aug 14 17:40:07 devstack cinder-volume[94744]: DEBUG oslo_concurrency.processutils [None req-3b077c93-8770-475d-8008-2dde57799557 tempest-AttachVolumeShelveTestJSON-1530465656 None] CMD "/opt/stack/data/venv/bin/python3.12 -m oslo_concurrency.prlimit --as=1073741824 --cpu=60 -- sudo cinder-rootwrap /etc/cinder/rootwrap.conf env LC_ALL=C qemu-img info -f qcow2 --output=json --force-share /opt/stack/data/cinder/mnt/5ea05c9d2be45778252609e23fa0355d/volume-ef12b8b6-524b-42a2-8b5a-5775bfe4b62d" returned: 0 in 0.414s {{(pid=94744) execute /opt/stack/data/venv/lib/python3.12/site-packages/oslo_concurrency/processutils.py:468}}
Aug 14 17:40:07 devstack cinder-volume[94744]: DEBUG oslo_concurrency.processutils [None req-3b077c93-8770-475d-8008-2dde57799557 tempest-AttachVolumeShelveTestJSON-1530465656 None] Running cmd (subprocess): sudo cinder-rootwrap /etc/cinder/rootwrap.conf rm -f /opt/stack/data/cinder/mnt/5ea05c9d2be45778252609e23fa0355d/volume-ef12b8b6-524b-42a2-8b5a-5775bfe4b62d {{(pid=94744) execute /opt/stack/data/venv/lib/python3.12/site-packages/oslo_concurrency/processutils.py:440}}
Aug 14 17:40:07 devstack sudo[99581]: quobyte : PWD=/ ; USER=root ; COMMAND=/opt/stack/data/venv/bin/cinder-rootwrap /etc/cinder/rootwrap.conf rm -f /opt/stack/data/cinder/mnt/5ea05c9d2be45778252609e23fa0355d/volume-ef12b8b6-524b-42a2-8b5a-5775bfe4b62d
Aug 14 17:40:07 devstack sudo[99581]: pam_unix(sudo:session): session opened for user root(uid=0) by (uid=1000)
Aug 14 17:40:07 devstack sudo[99573]: pam_unix(sudo:session): session closed for user root
Aug 14 17:40:07 devstack cinder-volume[94744]: DEBUG oslo_concurrency.processutils [None req-53a4e5d0-471d-4775-82bb-3c116ea9df14 tempest-GroupSnapshotsTest-810470755 None] CMD "/opt/stack/data/venv/bin/python3.12 -m oslo_concurrency.prlimit --as=1073741824 --cpu=60 -- sudo cinder-rootwrap /etc/cinder/rootwrap.conf env LC_ALL=C qemu-img info -f qcow2 --output=json --force-share /opt/stack/data/cinder/mnt/5ea05c9d2be45778252609e23fa0355d/volume-c45d923b-e459-43e9-b0ca-fe3e2ccffbfa" returned: 0 in 0.426s {{(pid=94744) execute /opt/stack/data/venv/lib/python3.12/site-packages/oslo_concurrency/processutils.py:468}}
