Jul 06 15:18:04 devstack devstack@g-api.service[75946]: DEBUG glance.common.config [None req-1bd05574-fb5b-4fda-8033-5df2af3942ab None None] barbican_service_user.keyfile = None {{(pid=75946) log_opt_values /opt/stack/data/venv/lib/python3.12/site-packages/oslo_config/cfg.py:3253}}
Jul 06 15:18:04 devstack devstack@g-api.service[75946]: DEBUG glance.common.config [None req-1bd05574-fb5b-4fda-8033-5df2af3942ab None None] barbican_service_user.split_loggers = False {{(pid=75946) log_opt_values /opt/stack/data/venv/lib/python3.12/site-packages/oslo_config/cfg.py:3253}}
Jul 06 15:18:04 devstack devstack@g-api.service[75946]: DEBUG glance.common.config [None req-1bd05574-fb5b-4fda-8033-5df2af3942ab None None] barbican_service_user.timeout = None {{(pid=75946) log_opt_values /opt/stack/data/venv/lib/python3.12/site-packages/oslo_config/cfg.py:3253}}
Jul 06 15:18:04 devstack devstack@g-api.service[75946]: DEBUG glance.common.config [None req-1bd05574-fb5b-4fda-8033-5df2af3942ab None None] database.asyncio_connection = **** {{(pid=75946) log_opt_values /opt/stack/data/venv/lib/python3.12/site-packages/oslo_config/cfg.py:3253}}
Jul 06 15:18:04 devstack devstack@g-api.service[75946]: DEBUG glance.common.config [None req-1bd05574-fb5b-4fda-8033-5df2af3942ab None None] database.asyncio_slave_connection = **** {{(pid=75946) log_opt_values /opt/stack/data/venv/lib/python3.12/site-packages/oslo_config/cfg.py:3253}}
Jul 06 15:18:04 devstack devstack@g-api.service[75946]: DEBUG glance.common.config [None req-1bd05574-fb5b-4fda-8033-5df2af3942ab None None] database.backend = sqlalchemy {{(pid=75946) log_opt_values /opt/stack/data/venv/lib/python3.12/site-packages/oslo_config/cfg.py:3253}}
Jul 06 15:18:04 devstack devstack@g-api.service[75946]: DEBUG glance.common.config [None req-1bd05574-fb5b-4fda-8033-5df2af3942ab None None] database.connection = **** {{(pid=75946) log_opt_values /opt/stack/data/venv/lib/python3.12/site-packages/oslo_config/cfg.py:3253}}
Jul 06 15:18:04 devstack devstack@g-api.service[75946]: DEBUG glance.common.config [None req-1bd05574-fb5b-4fda-8033-5df2af3942ab None None] database.connection_debug = 0 {{(pid=75946) log_opt_values /opt/stack/data/venv/lib/python3.12/site-packages/oslo_config/cfg.py:3253}}
Jul 06 15:18:04 devstack devstack@g-api.service[75946]: DEBUG glance.common.config [None req-1bd05574-fb5b-4fda-8033-5df2af3942ab None None] database.connection_parameters = {{(pid=75946) log_opt_values /opt/stack/data/venv/lib/python3.12/site-packages/oslo_config/cfg.py:3253}}
Jul 06 15:18:04 devstack devstack@g-api.service[75946]: DEBUG glance.common.config [None req-1bd05574-fb5b-4fda-8033-5df2af3942ab None None] database.connection_recycle_time = 3600 {{(pid=75946) log_opt_values /opt/stack/data/venv/lib/python3.12/site-packages/oslo_config/cfg.py:3253}}
Jul 06 15:18:04 devstack devstack@g-api.service[75946]: DEBUG glance.common.config [None req-1bd05574-fb5b-4fda-8033-5df2af3942ab None None] database.connection_trace = False {{(pid=75946) log_opt_values /opt/stack/data/venv/lib/python3.12/site-packages/oslo_config/cfg.py:3253}}
Jul 06 15:18:04 devstack devstack@g-api.service[75946]: DEBUG glance.common.config [None req-1bd05574-fb5b-4fda-8033-5df2af3942ab None None] database.db_inc_retry_interval = True {{(pid=75946) log_opt_values /opt/stack/data/venv/lib/python3.12/site-packages/oslo_config/cfg.py:3253}}
Jul 06 15:18:04 devstack devstack@g-api.service[75946]: DEBUG glance.common.config [None req-1bd05574-fb5b-4fda-8033-5df2af3942ab None None] database.db_max_retries = 20 {{(pid=75946) log_opt_values /opt/stack/data/venv/lib/python3.12/site-packages/oslo_config/cfg.py:3253}}
Jul 06 15:18:04 devstack devstack@g-api.service[75946]: DEBUG glance.common.config [None req-1bd05574-fb5b-4fda-8033-5df2af3942ab None None] database.db_max_retry_interval = 10 {{(pid=75946) log_opt_values /opt/stack/data/venv/lib/python3.12/site-packages/oslo_config/cfg.py:3253}}
Jul 06 15:18:04 devstack devstack@g-api.service[75946]: DEBUG glance.common.config [None req-1bd05574-fb5b-4fda-8033-5df2af3942ab None None] database.db_retry_interval = 1 {{(pid=75946) log_opt_values /opt/stack/data/venv/lib/python3.12/site-packages/oslo_config/cfg.py:3253}}
Jul 06 15:18:04 devstack devstack@g-api.service[75946]: DEBUG glance.common.config [None req-1bd05574-fb5b-4fda-8033-5df2af3942ab None None] database.max_overflow = 50 {{(pid=75946) log_opt_values /opt/stack/data/venv/lib/python3.12/site-packages/oslo_config/cfg.py:3253}}
Jul 06 15:18:04 devstack devstack@g-api.service[75946]: DEBUG glance.common.config [None req-1bd05574-fb5b-4fda-8033-5df2af3942ab None None] database.max_pool_size = 5 {{(pid=75946) log_opt_values /opt/stack/data/venv/lib/python3.12/site-packages/oslo_config/cfg.py:3253}}
Jul 06 15:18:04 devstack devstack@g-api.service[75946]: DEBUG glance.common.config [None req-1bd05574-fb5b-4fda-8033-5df2af3942ab None None] database.max_retries = 10 {{(pid=75946) log_opt_values /opt/stack/data/venv/lib/python3.12/site-packages/oslo_config/cfg.py:3253}}
Jul 06 15:18:04 devstack devstack@g-api.service[75946]: DEBUG glance.common.config [None req-1bd05574-fb5b-4fda-8033-5df2af3942ab None None] database.mysql_sql_mode = TRADITIONAL {{(pid=75946) log_opt_values /opt/stack/data/venv/lib/python3.12/site-packages/oslo_config/cfg.py:3253}}
Jul 06 15:18:04 devstack devstack@g-api.service[75946]: DEBUG glance.common.config [None req-1bd05574-fb5b-4fda-8033-5df2af3942ab None None] database.mysql_wsrep_sync_wait = None {{(pid=75946) log_opt_values /opt/stack/data/venv/lib/python3.12/site-packages/oslo_config/cfg.py:3253}}
Jul 06 15:18:04 devstack devstack@g-api.service[75946]: DEBUG glance.common.config [None req-1bd05574-fb5b-4fda-8033-5df2af3942ab None None] database.pool_timeout = None {{(pid=75946) log_opt_values /opt/stack/data/venv/lib/python3.12/site-packages/oslo_config/cfg.py:3253}}
Jul 06 15:18:04 devstack devstack@g-api.service[75946]: DEBUG glance.common.config [None req-1bd05574-fb5b-4fda-8033-5df2af3942ab None None] database.retry_interval = 10 {{(pid=75946) log_opt_values /opt/stack/data/venv/lib/python3.12/site-packages/oslo_config/cfg.py:3253}}
Jul 06 15:18:04 devstack devstack@g-api.service[75946]: DEBUG glance.common.config [None req-1bd05574-fb5b-4fda-8033-5df2af3942ab None None] database.slave_connection = **** {{(pid=75946) log_opt_values /opt/stack/data/venv/lib/python3.12/site-packages/oslo_config/cfg.py:3253}}
Jul 06 15:18:04 devstack devstack@g-api.service[75946]: DEBUG glance.common.config [None req-1bd05574-fb5b-4fda-8033-5df2af3942ab None None] database.sqlite_synchronous = True {{(pid=75946) log_opt_values /opt/stack/data/venv/lib/python3.12/site-packages/oslo_config/cfg.py:3253}}
Jul 06 15:18:04 devstack devstack@g-api.service[75946]: DEBUG glance.common.config [None req-1bd05574-fb5b-4fda-8033-5df2af3942ab None None] database.synchronous_reader = True {{(pid=75946) log_opt_values /opt/stack/data/venv/lib/python3.12/site-packages/oslo_config/cfg.py:3253}}
Jul 06 15:18:04 devstack devstack@g-api.service[75946]: DEBUG glance.common.config [None req-1bd05574-fb5b-4fda-8033-5df2af3942ab None None] database.use_db_reconnect = False {{(pid=75946) log_opt_values /opt/stack/data/venv/lib/python3.12/site-packages/oslo_config/cfg.py:3253}}
Jul 06 15:18:04 devstack devstack@g-api.service[75946]: DEBUG glance.common.config [None req-1bd05574-fb5b-4fda-8033-5df2af3942ab None None] healthcheck.allowed_source_ranges = [] {{(pid=75946) log_opt_values /opt/stack/data/venv/lib/python3.12/site-packages/oslo_config/cfg.py:3253}}
Jul 06 15:18:04 devstack devstack@g-api.service[75946]: DEBUG glance.common.config [None req-1bd05574-fb5b-4fda-8033-5df2af3942ab None None] healthcheck.backends = ['disable_by_file'] {{(pid=75946) log_opt_values /opt/stack/data/venv/lib/python3.12/site-packages/oslo_config/cfg.py:3253}}
Jul 06 15:18:04 devstack devstack@g-api.service[75946]: DEBUG glance.common.config [None req-1bd05574-fb5b-4fda-8033-5df2af3942ab None None] healthcheck.detailed = False {{(pid=75946) log_opt_values /opt/stack/data/venv/lib/python3.12/site-packages/oslo_config/cfg.py:3253}}
Jul 06 15:18:04 devstack devstack@g-api.service[75946]: DEBUG glance.common.config [None req-1bd05574-fb5b-4fda-8033-5df2af3942ab None None] healthcheck.disable_by_file_path = None {{(pid=75946) log_opt_values /opt/stack/data/venv/lib/python3.12/site-packages/oslo_config/cfg.py:3253}}
Jul 06 15:18:04 devstack devstack@g-api.service[75946]: DEBUG glance.common.config [None req-1bd05574-fb5b-4fda-8033-5df2af3942ab None None] healthcheck.ignore_proxied_requests = False {{(pid=75946) log_opt_values /opt/stack/data/venv/lib/python3.12/site-packages/oslo_config/cfg.py:3253}}
Jul 06 15:18:04 devstack devstack@g-api.service[75946]: DEBUG glance.common.config [None req-1bd05574-fb5b-4fda-8033-5df2af3942ab None None] ******************************************************************************** {{(pid=75946) log_opt_values /opt/stack/data/venv/lib/python3.12/site-packages/oslo_config/cfg.py:3260}}
Jul 06 15:18:04 devstack devstack@g-api.service[75946]: WSGI app 0 (mountpoint='') ready in 6 seconds on interpreter 0x714856ca3668 pid: 75946 (default app)
Jul 06 15:18:08 devstack devstack@g-api.service[75947]: DEBUG glance.api.middleware.version_negotiation [None req-85105316-e09d-4f43-9d12-2ecc39c2586f None None] Determining version of request: GET / Accept: application/json {{(pid=75947) process_request /opt/stack/glance/glance/api/middleware/version_negotiation.py:44}}
Jul 06 15:18:08 devstack devstack@g-api.service[75947]: DEBUG glance.api.middleware.version_negotiation [None req-85105316-e09d-4f43-9d12-2ecc39c2586f None None] Using url versioning {{(pid=75947) process_request /opt/stack/glance/glance/api/middleware/version_negotiation.py:57}}
Jul 06 15:18:08 devstack devstack@g-api.service[75947]: DEBUG glance.api.middleware.version_negotiation [None req-85105316-e09d-4f43-9d12-2ecc39c2586f None None] Unknown version. Returning version choices. {{(pid=75947) process_request /opt/stack/glance/glance/api/middleware/version_negotiation.py:64}}
Jul 06 15:18:08 devstack devstack@g-api.service[75947]: [pid: 75947|app: 0|req: 2/2] 127.0.0.1 () {34 vars in 516 bytes} [Mon Jul 6 15:18:08 2026] GET / => generated 1557 bytes in 5 msecs (HTTP/1.1 300) 3 headers in 106 bytes (1 switches on core 0)
Jul 06 15:18:08 devstack devstack@g-api.service[75946]: DEBUG glance.api.middleware.version_negotiation [None req-1bd05574-fb5b-4fda-8033-5df2af3942ab None None] Determining version of request: POST /v2/images Accept: */* {{(pid=75946) process_request /opt/stack/glance/glance/api/middleware/version_negotiation.py:44}}
Jul 06 15:18:08 devstack devstack@g-api.service[75946]: DEBUG glance.api.middleware.version_negotiation [None req-1bd05574-fb5b-4fda-8033-5df2af3942ab None None] Using url versioning {{(pid=75946) process_request /opt/stack/glance/glance/api/middleware/version_negotiation.py:57}}
Jul 06 15:18:08 devstack devstack@g-api.service[75946]: DEBUG glance.api.middleware.version_negotiation [None req-1bd05574-fb5b-4fda-8033-5df2af3942ab None None] Matched version: v2 {{(pid=75946) process_request /opt/stack/glance/glance/api/middleware/version_negotiation.py:69}}
Jul 06 15:18:08 devstack devstack@g-api.service[75946]: DEBUG glance.api.middleware.version_negotiation [None req-1bd05574-fb5b-4fda-8033-5df2af3942ab None None] new path /v2/images {{(pid=75946) process_request /opt/stack/glance/glance/api/middleware/version_negotiation.py:70}}
Jul 06 15:18:09 devstack devstack@g-api.service[75946]: [pid: 75946|app: 0|req: 1/3] 127.0.0.1 () {40 vars in 779 bytes} [Mon Jul 6 15:18:08 2026] POST /v2/images => generated 807 bytes in 1173 msecs (HTTP/1.1 201) 6 headers in 314 bytes (1 switches on core 0)
Jul 06 15:18:09 devstack devstack@g-api.service[75947]: DEBUG glance.api.middleware.version_negotiation [None req-85105316-e09d-4f43-9d12-2ecc39c2586f None None] Determining version of request: PUT /v2/images/aab1d6f3-bc8c-4137-9f0e-54346f68c452/file Accept: {{(pid=75947) process_request /opt/stack/glance/glance/api/middleware/version_negotiation.py:44}}
Jul 06 15:18:09 devstack devstack@g-api.service[75947]: DEBUG glance.api.middleware.version_negotiation [None req-85105316-e09d-4f43-9d12-2ecc39c2586f None None] Using url versioning {{(pid=75947) process_request /opt/stack/glance/glance/api/middleware/version_negotiation.py:57}}
Jul 06 15:18:09 devstack devstack@g-api.service[75947]: DEBUG glance.api.middleware.version_negotiation [None req-85105316-e09d-4f43-9d12-2ecc39c2586f None None] Matched version: v2 {{(pid=75947) process_request /opt/stack/glance/glance/api/middleware/version_negotiation.py:69}}
Jul 06 15:18:09 devstack devstack@g-api.service[75947]: DEBUG glance.api.middleware.version_negotiation [None req-85105316-e09d-4f43-9d12-2ecc39c2586f None None] new path /v2/images/aab1d6f3-bc8c-4137-9f0e-54346f68c452/file {{(pid=75947) process_request /opt/stack/glance/glance/api/middleware/version_negotiation.py:70}}
Jul 06 15:18:10 devstack devstack@g-api.service[75947]: INFO glance.api.v2.image_data [None req-45f8c447-35dc-4b11-9c57-5700664df402 admin admin] Unable to create trust: no such option collect_timing in group [keystone_authtoken] Use the existing user token.
Jul 06 15:18:10 devstack devstack@g-api.service[75947]: DEBUG glance.location [None req-45f8c447-35dc-4b11-9c57-5700664df402 admin admin] Enabling in-flight format inspection for qcow2 {{(pid=75947) set_data /opt/stack/glance/glance/location.py:596}}
Jul 06 15:18:10 devstack devstack@g-api.service[75947]: DEBUG oslo_utils.imageutils.format_inspector [None req-45f8c447-35dc-4b11-9c57-5700664df402 admin admin] Format inspector for vmdk does not match, excluding from consideration (Signature KDMV not found: b'QFI\xfb') {{(pid=75947) _process_chunk /opt/stack/data/venv/lib/python3.12/site-packages/oslo_utils/imageutils/format_inspector.py:1758}}
Jul 06 15:18:10 devstack devstack@g-api.service[75947]: DEBUG oslo_utils.imageutils.format_inspector [None req-45f8c447-35dc-4b11-9c57-5700664df402 admin admin] Format inspector for vhdx does not match, excluding from consideration (Region signature not found at 30000) {{(pid=75947) _process_chunk /opt/stack/data/venv/lib/python3.12/site-packages/oslo_utils/imageutils/format_inspector.py:1758}}
Jul 06 15:18:11 devstack devstack@g-api.service[75947]: DEBUG glance_store._drivers.filesystem [None req-45f8c447-35dc-4b11-9c57-5700664df402 admin admin] Wrote 21692416 bytes to /opt/stack/data/glance/images/aab1d6f3-bc8c-4137-9f0e-54346f68c452 with checksum 87617e24a5e30cb3b87fda8c0764838f and multihash 9a9bce0083a00939ec17c11febbfc767aa211aaa54f51e75c5a8b271a9b5637c77205a518b7a2007cb391d23cceb01e0e4e8d64832317151bc85b734b92a7be0 {{(pid=75947) add /opt/stack/data/venv/lib/python3.12/site-packages/glance_store/_drivers/filesystem.py:899}}
Jul 06 15:18:11 devstack devstack@g-api.service[75947]: INFO glance.location [None req-45f8c447-35dc-4b11-9c57-5700664df402 admin admin] Image format matched and virtual size computed: 117440512
Jul 06 15:18:11 devstack devstack@g-api.service[75947]: DEBUG glance_store.backend [None req-45f8c447-35dc-4b11-9c57-5700664df402 admin admin] Skipping store.set_acls... not implemented. {{(pid=75947) set_acls /opt/stack/data/venv/lib/python3.12/site-packages/glance_store/backend.py:507}}
Jul 06 15:18:11 devstack devstack@g-api.service[75947]: [pid: 75947|app: 0|req: 3/4] 127.0.0.1 () {40 vars in 872 bytes} [Mon Jul 6 15:18:09 2026] PUT /v2/images/aab1d6f3-bc8c-4137-9f0e-54346f68c452/file => generated 0 bytes in 1837 msecs (HTTP/1.1 204) 4 headers in 171 bytes (1 switches on core 0)
Jul 06 15:18:11 devstack devstack@g-api.service[75946]: DEBUG glance.api.middleware.version_negotiation [None req-f4a7c43c-9b61-4bde-8902-ef1d7fb0f676 admin admin] Determining version of request: GET /v2/images/aab1d6f3-bc8c-4137-9f0e-54346f68c452 Accept: */* {{(pid=75946) process_request /opt/stack/glance/glance/api/middleware/version_negotiation.py:44}}
Jul 06 15:18:11 devstack devstack@g-api.service[75946]: DEBUG glance.api.middleware.version_negotiation [None req-f4a7c43c-9b61-4bde-8902-ef1d7fb0f676 admin admin] Using url versioning {{(pid=75946) process_request /opt/stack/glance/glance/api/middleware/version_negotiation.py:57}}
Jul 06 15:18:11 devstack devstack@g-api.service[75946]: DEBUG glance.api.middleware.version_negotiation [None req-f4a7c43c-9b61-4bde-8902-ef1d7fb0f676 admin admin] Matched version: v2 {{(pid=75946) process_request /opt/stack/glance/glance/api/middleware/version_negotiation.py:69}}
Jul 06 15:18:11 devstack devstack@g-api.service[75946]: DEBUG glance.api.middleware.version_negotiation [None req-f4a7c43c-9b61-4bde-8902-ef1d7fb0f676 admin admin] new path /v2/images/aab1d6f3-bc8c-4137-9f0e-54346f68c452 {{(pid=75946) process_request /opt/stack/glance/glance/api/middleware/version_negotiation.py:70}}
Jul 06 15:18:11 devstack devstack@g-api.service[75946]: [pid: 75946|app: 0|req: 2/5] 127.0.0.1 () {36 vars in 799 bytes} [Mon Jul 6 15:18:11 2026] GET /v2/images/aab1d6f3-bc8c-4137-9f0e-54346f68c452 => generated 976 bytes in 21 msecs (HTTP/1.1 200) 4 headers in 157 bytes (1 switches on core 0)
Jul 06 15:18:21 devstack devstack@g-api.service[75947]: DEBUG dbcounter [-] [75947] Writing DB stats glance:INSERT=5,glance:SELECT=16,glance:UPDATE=2 {{(pid=75947) stat_writer /opt/stack/data/venv/lib/python3.12/site-packages/dbcounter.py:115}}
Jul 06 15:18:21 devstack devstack@g-api.service[75946]: DEBUG dbcounter [-] [75946] Writing DB stats glance:INSERT=9,glance:SELECT=6 {{(pid=75946) stat_writer /opt/stack/data/venv/lib/python3.12/site-packages/dbcounter.py:115}}
Jul 06 15:18:56 devstack devstack@g-api.service[75947]: DEBUG glance.api.middleware.version_negotiation [None req-45f8c447-35dc-4b11-9c57-5700664df402 admin admin] Determining version of request: GET / Accept: application/json {{(pid=75947) process_request /opt/stack/glance/glance/api/middleware/version_negotiation.py:44}}
Jul 06 15:18:56 devstack devstack@g-api.service[75947]: DEBUG glance.api.middleware.version_negotiation [None req-45f8c447-35dc-4b11-9c57-5700664df402 admin admin] Using url versioning {{(pid=75947) process_request /opt/stack/glance/glance/api/middleware/version_negotiation.py:57}}
Jul 06 15:18:56 devstack devstack@g-api.service[75947]: DEBUG glance.api.middleware.version_negotiation [None req-45f8c447-35dc-4b11-9c57-5700664df402 admin admin] Unknown version. Returning version choices. {{(pid=75947) process_request /opt/stack/glance/glance/api/middleware/version_negotiation.py:64}}
Jul 06 15:18:56 devstack devstack@g-api.service[75947]: [pid: 75947|app: 0|req: 4/6] 127.0.0.1 () {34 vars in 516 bytes} [Mon Jul 6 15:18:56 2026] GET / => generated 1557 bytes in 2 msecs (HTTP/1.1 300) 3 headers in 106 bytes (1 switches on core 0)
Jul 06 15:18:56 devstack devstack@g-api.service[75946]: DEBUG glance.api.middleware.version_negotiation [None req-c604ff52-c209-4b1f-9389-d4bd113e34b8 admin admin] Determining version of request: GET /v2/images Accept: application/json {{(pid=75946) process_request /opt/stack/glance/glance/api/middleware/version_negotiation.py:44}}
Jul 06 15:18:56 devstack devstack@g-api.service[75946]: DEBUG glance.api.middleware.version_negotiation [None req-c604ff52-c209-4b1f-9389-d4bd113e34b8 admin admin] Using url versioning {{(pid=75946) process_request /opt/stack/glance/glance/api/middleware/version_negotiation.py:57}}
Jul 06 15:18:56 devstack devstack@g-api.service[75946]: DEBUG glance.api.middleware.version_negotiation [None req-c604ff52-c209-4b1f-9389-d4bd113e34b8 admin admin] Matched version: v2 {{(pid=75946) process_request /opt/stack/glance/glance/api/middleware/version_negotiation.py:69}}
Jul 06 15:18:56 devstack devstack@g-api.service[75946]: DEBUG glance.api.middleware.version_negotiation [None req-c604ff52-c209-4b1f-9389-d4bd113e34b8 admin admin] new path /v2/images {{(pid=75946) process_request /opt/stack/glance/glance/api/middleware/version_negotiation.py:70}}
Jul 06 15:18:56 devstack devstack@g-api.service[75946]: [pid: 75946|app: 0|req: 3/7] 127.0.0.1 () {36 vars in 738 bytes} [Mon Jul 6 15:18:56 2026] GET /v2/images => generated 1045 bytes in 87 msecs (HTTP/1.1 200) 4 headers in 158 bytes (1 switches on core 0)
Jul 06 15:19:06 devstack devstack@g-api.service[75947]: DEBUG glance.api.middleware.version_negotiation [None req-45f8c447-35dc-4b11-9c57-5700664df402 admin admin] Determining version of request: GET / Accept: application/json {{(pid=75947) process_request /opt/stack/glance/glance/api/middleware/version_negotiation.py:44}}
Jul 06 15:19:06 devstack devstack@g-api.service[75947]: DEBUG glance.api.middleware.version_negotiation [None req-45f8c447-35dc-4b11-9c57-5700664df402 admin admin] Using url versioning {{(pid=75947) process_request /opt/stack/glance/glance/api/middleware/version_negotiation.py:57}}
Jul 06 15:19:06 devstack devstack@g-api.service[75947]: DEBUG glance.api.middleware.version_negotiation [None req-45f8c447-35dc-4b11-9c57-5700664df402 admin admin] Unknown version. Returning version choices. {{(pid=75947) process_request /opt/stack/glance/glance/api/middleware/version_negotiation.py:64}}
Jul 06 15:19:06 devstack devstack@g-api.service[75947]: [pid: 75947|app: 0|req: 5/8] 127.0.0.1 () {34 vars in 516 bytes} [Mon Jul 6 15:19:06 2026] GET / => generated 1557 bytes in 2 msecs (HTTP/1.1 300) 3 headers in 106 bytes (1 switches on core 0)
Jul 06 15:19:06 devstack devstack@g-api.service[75946]: DEBUG glance.api.middleware.version_negotiation [None req-c523d80e-ca5c-417b-928d-42cb31b60255 admin admin] Determining version of request: GET /v2/images/aab1d6f3-bc8c-4137-9f0e-54346f68c452 Accept: */* {{(pid=75946) process_request /opt/stack/glance/glance/api/middleware/version_negotiation.py:44}}
Jul 06 15:19:06 devstack devstack@g-api.service[75946]: DEBUG glance.api.middleware.version_negotiation [None req-c523d80e-ca5c-417b-928d-42cb31b60255 admin admin] Using url versioning {{(pid=75946) process_request /opt/stack/glance/glance/api/middleware/version_negotiation.py:57}}
Jul 06 15:19:06 devstack devstack@g-api.service[75946]: DEBUG glance.api.middleware.version_negotiation [None req-c523d80e-ca5c-417b-928d-42cb31b60255 admin admin] Matched version: v2 {{(pid=75946) process_request /opt/stack/glance/glance/api/middleware/version_negotiation.py:69}}
Jul 06 15:19:06 devstack devstack@g-api.service[75946]: DEBUG glance.api.middleware.version_negotiation [None req-c523d80e-ca5c-417b-928d-42cb31b60255 admin admin] new path /v2/images/aab1d6f3-bc8c-4137-9f0e-54346f68c452 {{(pid=75946) process_request /opt/stack/glance/glance/api/middleware/version_negotiation.py:70}}
Jul 06 15:19:06 devstack devstack@g-api.service[75946]: [pid: 75946|app: 0|req: 4/9] 127.0.0.1 () {36 vars in 799 bytes} [Mon Jul 6 15:19:06 2026] GET /v2/images/aab1d6f3-bc8c-4137-9f0e-54346f68c452 => generated 976 bytes in 68 msecs (HTTP/1.1 200) 4 headers in 157 bytes (1 switches on core 0)
Jul 06 15:19:12 devstack devstack@g-api.service[75947]: DEBUG glance.api.middleware.version_negotiation [None req-45f8c447-35dc-4b11-9c57-5700664df402 admin admin] Determining version of request: GET / Accept: application/json {{(pid=75947) process_request /opt/stack/glance/glance/api/middleware/version_negotiation.py:44}}
Jul 06 15:19:12 devstack devstack@g-api.service[75947]: DEBUG glance.api.middleware.version_negotiation [None req-45f8c447-35dc-4b11-9c57-5700664df402 admin admin] Using url versioning {{(pid=75947) process_request /opt/stack/glance/glance/api/middleware/version_negotiation.py:57}}
Jul 06 15:19:12 devstack devstack@g-api.service[75947]: DEBUG glance.api.middleware.version_negotiation [None req-45f8c447-35dc-4b11-9c57-5700664df402 admin admin] Unknown version. Returning version choices. {{(pid=75947) process_request /opt/stack/glance/glance/api/middleware/version_negotiation.py:64}}
Jul 06 15:19:12 devstack devstack@g-api.service[75947]: [pid: 75947|app: 0|req: 6/10] 127.0.0.1 () {34 vars in 516 bytes} [Mon Jul 6 15:19:12 2026] GET / => generated 1557 bytes in 2 msecs (HTTP/1.1 300) 3 headers in 106 bytes (1 switches on core 0)
Jul 06 15:19:12 devstack devstack@g-api.service[75946]: DEBUG glance.api.middleware.version_negotiation [None req-95725d78-79a5-4416-8b61-7b2bf68ef30c admin admin] Determining version of request: GET /v2/images/aab1d6f3-bc8c-4137-9f0e-54346f68c452 Accept: */* {{(pid=75946) process_request /opt/stack/glance/glance/api/middleware/version_negotiation.py:44}}
Jul 06 15:19:12 devstack devstack@g-api.service[75946]: DEBUG glance.api.middleware.version_negotiation [None req-95725d78-79a5-4416-8b61-7b2bf68ef30c admin admin] Using url versioning {{(pid=75946) process_request /opt/stack/glance/glance/api/middleware/version_negotiation.py:57}}
Jul 06 15:19:12 devstack devstack@g-api.service[75946]: DEBUG glance.api.middleware.version_negotiation [None req-95725d78-79a5-4416-8b61-7b2bf68ef30c admin admin] Matched version: v2 {{(pid=75946) process_request /opt/stack/glance/glance/api/middleware/version_negotiation.py:69}}
Jul 06 15:19:12 devstack devstack@g-api.service[75946]: DEBUG glance.api.middleware.version_negotiation [None req-95725d78-79a5-4416-8b61-7b2bf68ef30c admin admin] new path /v2/images/aab1d6f3-bc8c-4137-9f0e-54346f68c452 {{(pid=75946) process_request /opt/stack/glance/glance/api/middleware/version_negotiation.py:70}}
Jul 06 15:19:12 devstack devstack@g-api.service[75946]: [pid: 75946|app: 0|req: 5/11] 127.0.0.1 () {36 vars in 799 bytes} [Mon Jul 6 15:19:12 2026] GET /v2/images/aab1d6f3-bc8c-4137-9f0e-54346f68c452 => generated 976 bytes in 73 msecs (HTTP/1.1 200) 4 headers in 157 bytes (1 switches on core 0)
Jul 06 15:19:22 devstack devstack@g-api.service[75946]: DEBUG dbcounter [-] [75946] Writing DB stats glance:SELECT=5 {{(pid=75946) stat_writer /opt/stack/data/venv/lib/python3.12/site-packages/dbcounter.py:115}}
Jul 06 15:20:26 devstack devstack@g-api.service[75947]: DEBUG glance.api.middleware.version_negotiation [None req-45f8c447-35dc-4b11-9c57-5700664df402 admin admin] Determining version of request: GET / Accept: application/json {{(pid=75947) process_request /opt/stack/glance/glance/api/middleware/version_negotiation.py:44}}
Jul 06 15:20:26 devstack devstack@g-api.service[75947]: DEBUG glance.api.middleware.version_negotiation [None req-45f8c447-35dc-4b11-9c57-5700664df402 admin admin] Using url versioning {{(pid=75947) process_request /opt/stack/glance/glance/api/middleware/version_negotiation.py:57}}
Jul 06 15:20:26 devstack devstack@g-api.service[75947]: DEBUG glance.api.middleware.version_negotiation [None req-45f8c447-35dc-4b11-9c57-5700664df402 admin admin] Unknown version. Returning version choices. {{(pid=75947) process_request /opt/stack/glance/glance/api/middleware/version_negotiation.py:64}}
Jul 06 15:20:26 devstack devstack@g-api.service[75947]: [pid: 75947|app: 0|req: 7/12] 127.0.0.1 () {36 vars in 485 bytes} [Mon Jul 6 15:20:26 2026] GET / => generated 1557 bytes in 2 msecs (HTTP/1.1 300) 3 headers in 106 bytes (1 switches on core 0)
Jul 06 15:23:08 devstack devstack@g-api.service[75946]: DEBUG glance.api.middleware.version_negotiation [None req-3a2df449-34df-4317-a0c0-83eb0103597f admin admin] Determining version of request: GET / Accept: application/json {{(pid=75946) process_request /opt/stack/glance/glance/api/middleware/version_negotiation.py:44}}
Jul 06 15:23:08 devstack devstack@g-api.service[75946]: DEBUG glance.api.middleware.version_negotiation [None req-3a2df449-34df-4317-a0c0-83eb0103597f admin admin] Using url versioning {{(pid=75946) process_request /opt/stack/glance/glance/api/middleware/version_negotiation.py:57}}
Jul 06 15:23:08 devstack devstack@g-api.service[75946]: DEBUG glance.api.middleware.version_negotiation [None req-3a2df449-34df-4317-a0c0-83eb0103597f admin admin] Unknown version. Returning version choices. {{(pid=75946) process_request /opt/stack/glance/glance/api/middleware/version_negotiation.py:64}}
Jul 06 15:23:08 devstack devstack@g-api.service[75946]: [pid: 75946|app: 0|req: 6/13] 127.0.0.1 () {34 vars in 502 bytes} [Mon Jul 6 15:23:08 2026] GET / => generated 1557 bytes in 5 msecs (HTTP/1.1 300) 3 headers in 106 bytes (1 switches on core 0)
Jul 06 15:23:08 devstack devstack@g-api.service[75947]: DEBUG glance.api.middleware.version_negotiation [None req-45f8c447-35dc-4b11-9c57-5700664df402 admin admin] Determining version of request: GET /v2/images/aab1d6f3-bc8c-4137-9f0e-54346f68c452 Accept: */* {{(pid=75947) process_request /opt/stack/glance/glance/api/middleware/version_negotiation.py:44}}
Jul 06 15:23:08 devstack devstack@g-api.service[75947]: DEBUG glance.api.middleware.version_negotiation [None req-45f8c447-35dc-4b11-9c57-5700664df402 admin admin] Using url versioning {{(pid=75947) process_request /opt/stack/glance/glance/api/middleware/version_negotiation.py:57}}
Jul 06 15:23:08 devstack devstack@g-api.service[75947]: DEBUG glance.api.middleware.version_negotiation [None req-45f8c447-35dc-4b11-9c57-5700664df402 admin admin] Matched version: v2 {{(pid=75947) process_request /opt/stack/glance/glance/api/middleware/version_negotiation.py:69}}
Jul 06 15:23:08 devstack devstack@g-api.service[75947]: DEBUG glance.api.middleware.version_negotiation [None req-45f8c447-35dc-4b11-9c57-5700664df402 admin admin] new path /v2/images/aab1d6f3-bc8c-4137-9f0e-54346f68c452 {{(pid=75947) process_request /opt/stack/glance/glance/api/middleware/version_negotiation.py:70}}
Jul 06 15:23:08 devstack devstack@g-api.service[75947]: [pid: 75947|app: 0|req: 8/14] 127.0.0.1 () {42 vars in 1058 bytes} [Mon Jul 6 15:23:08 2026] GET /v2/images/aab1d6f3-bc8c-4137-9f0e-54346f68c452 => generated 976 bytes in 47 msecs (HTTP/1.1 200) 4 headers in 157 bytes (1 switches on core 0)
Jul 06 15:23:08 devstack devstack@g-api.service[75946]: DEBUG glance.api.middleware.version_negotiation [None req-3a2df449-34df-4317-a0c0-83eb0103597f admin admin] Determining version of request: GET /v2/schemas/image Accept: */* {{(pid=75946) process_request /opt/stack/glance/glance/api/middleware/version_negotiation.py:44}}
Jul 06 15:23:08 devstack devstack@g-api.service[75946]: DEBUG glance.api.middleware.version_negotiation [None req-3a2df449-34df-4317-a0c0-83eb0103597f admin admin] Using url versioning {{(pid=75946) process_request /opt/stack/glance/glance/api/middleware/version_negotiation.py:57}}
Jul 06 15:23:08 devstack devstack@g-api.service[75946]: DEBUG glance.api.middleware.version_negotiation [None req-3a2df449-34df-4317-a0c0-83eb0103597f admin admin] Matched version: v2 {{(pid=75946) process_request /opt/stack/glance/glance/api/middleware/version_negotiation.py:69}}
Jul 06 15:23:08 devstack devstack@g-api.service[75946]: DEBUG glance.api.middleware.version_negotiation [None req-3a2df449-34df-4317-a0c0-83eb0103597f admin admin] new path /v2/schemas/image {{(pid=75946) process_request /opt/stack/glance/glance/api/middleware/version_negotiation.py:70}}
Jul 06 15:23:08 devstack devstack@g-api.service[75946]: [pid: 75946|app: 0|req: 7/15] 127.0.0.1 () {42 vars in 998 bytes} [Mon Jul 6 15:23:08 2026] GET /v2/schemas/image => generated 6083 bytes in 8 msecs (HTTP/1.1 200) 4 headers in 158 bytes (1 switches on core 0)
Jul 06 15:23:18 devstack devstack@g-api.service[75947]: DEBUG dbcounter [-] [75947] Writing DB stats glance:SELECT=2 {{(pid=75947) stat_writer /opt/stack/data/venv/lib/python3.12/site-packages/dbcounter.py:115}}
Jul 06 15:23:21 devstack devstack@g-api.service[75947]: DEBUG glance.api.middleware.version_negotiation [None req-3b4da5a8-027b-4f57-9138-1043adec60ed tempest-DeleteServersTestJSON-452695415 tempest-DeleteServersTestJSON-452695415-project-member] Determining version of request: GET /v2/images/aab1d6f3-bc8c-4137-9f0e-54346f68c452 Accept: */* {{(pid=75947) process_request /opt/stack/glance/glance/api/middleware/version_negotiation.py:44}}
Jul 06 15:23:21 devstack devstack@g-api.service[75947]: DEBUG glance.api.middleware.version_negotiation [None req-3b4da5a8-027b-4f57-9138-1043adec60ed tempest-DeleteServersTestJSON-452695415 tempest-DeleteServersTestJSON-452695415-project-member] Using url versioning {{(pid=75947) process_request /opt/stack/glance/glance/api/middleware/version_negotiation.py:57}}
Jul 06 15:23:21 devstack devstack@g-api.service[75947]: DEBUG glance.api.middleware.version_negotiation [None req-3b4da5a8-027b-4f57-9138-1043adec60ed tempest-DeleteServersTestJSON-452695415 tempest-DeleteServersTestJSON-452695415-project-member] Matched version: v2 {{(pid=75947) process_request /opt/stack/glance/glance/api/middleware/version_negotiation.py:69}}
Jul 06 15:23:21 devstack devstack@g-api.service[75947]: DEBUG glance.api.middleware.version_negotiation [None req-3b4da5a8-027b-4f57-9138-1043adec60ed tempest-DeleteServersTestJSON-452695415 tempest-DeleteServersTestJSON-452695415-project-member] new path /v2/images/aab1d6f3-bc8c-4137-9f0e-54346f68c452 {{(pid=75947) process_request /opt/stack/glance/glance/api/middleware/version_negotiation.py:70}}
Jul 06 15:23:21 devstack devstack@g-api.service[75947]: [pid: 75947|app: 0|req: 9/16] 127.0.0.1 () {42 vars in 1058 bytes} [Mon Jul 6 15:23:21 2026] GET /v2/images/aab1d6f3-bc8c-4137-9f0e-54346f68c452 => generated 976 bytes in 34 msecs (HTTP/1.1 200) 4 headers in 157 bytes (1 switches on core 0)
Jul 06 15:23:21 devstack devstack@g-api.service[75946]: DEBUG glance.api.middleware.version_negotiation [None req-3b4da5a8-027b-4f57-9138-1043adec60ed tempest-DeleteServersTestJSON-452695415 tempest-DeleteServersTestJSON-452695415-project-member] Determining version of request: GET /v2/images/aab1d6f3-bc8c-4137-9f0e-54346f68c452/file Accept: */* {{(pid=75946) process_request /opt/stack/glance/glance/api/middleware/version_negotiation.py:44}}
Jul 06 15:23:21 devstack devstack@g-api.service[75946]: DEBUG glance.api.middleware.version_negotiation [None req-3b4da5a8-027b-4f57-9138-1043adec60ed tempest-DeleteServersTestJSON-452695415 tempest-DeleteServersTestJSON-452695415-project-member] Using url versioning {{(pid=75946) process_request /opt/stack/glance/glance/api/middleware/version_negotiation.py:57}}
Jul 06 15:23:21 devstack devstack@g-api.service[75946]: DEBUG glance.api.middleware.version_negotiation [None req-3b4da5a8-027b-4f57-9138-1043adec60ed tempest-DeleteServersTestJSON-452695415 tempest-DeleteServersTestJSON-452695415-project-member] Matched version: v2 {{(pid=75946) process_request /opt/stack/glance/glance/api/middleware/version_negotiation.py:69}}
Jul 06 15:23:21 devstack devstack@g-api.service[75946]: DEBUG glance.api.middleware.version_negotiation [None req-3b4da5a8-027b-4f57-9138-1043adec60ed tempest-DeleteServersTestJSON-452695415 tempest-DeleteServersTestJSON-452695415-project-member] new path /v2/images/aab1d6f3-bc8c-4137-9f0e-54346f68c452/file {{(pid=75946) process_request /opt/stack/glance/glance/api/middleware/version_negotiation.py:70}}
Jul 06 15:23:21 devstack devstack@g-api.service[75946]: DEBUG glance_store._drivers.filesystem [None req-3b4da5a8-027b-4f57-9138-1043adec60ed tempest-DeleteServersTestJSON-452695415 tempest-DeleteServersTestJSON-452695415-project-member] Found image at /opt/stack/data/glance/images/aab1d6f3-bc8c-4137-9f0e-54346f68c452. Returning in ChunkedFile. {{(pid=75946) get /opt/stack/data/venv/lib/python3.12/site-packages/glance_store/_drivers/filesystem.py:724}}
Jul 06 15:23:21 devstack devstack@g-api.service[75946]: DEBUG glance.image_cache [None req-3b4da5a8-027b-4f57-9138-1043adec60ed tempest-DeleteServersTestJSON-452695415 tempest-DeleteServersTestJSON-452695415-project-member] Tee'ing image 'aab1d6f3-bc8c-4137-9f0e-54346f68c452' into cache {{(pid=75946) get_caching_iter /opt/stack/glance/glance/image_cache/__init__.py:356}}
Jul 06 15:23:21 devstack devstack@g-api.service[75946]: DEBUG glance.image_cache.drivers.centralized_db [None req-3b4da5a8-027b-4f57-9138-1043adec60ed tempest-DeleteServersTestJSON-452695415 tempest-DeleteServersTestJSON-452695415-project-member] Fetch finished, moving '/opt/stack/data/glance/cache/incomplete/aab1d6f3-bc8c-4137-9f0e-54346f68c452' to '/opt/stack/data/glance/cache/aab1d6f3-bc8c-4137-9f0e-54346f68c452' {{(pid=75946) commit /opt/stack/glance/glance/image_cache/drivers/centralized_db.py:243}}
Jul 06 15:23:21 devstack devstack@g-api.service[75946]: DEBUG glance.image_cache.drivers.centralized_db [None req-3b4da5a8-027b-4f57-9138-1043adec60ed tempest-DeleteServersTestJSON-452695415 tempest-DeleteServersTestJSON-452695415-project-member] Image cached successfully. {{(pid=75946) commit /opt/stack/glance/glance/image_cache/drivers/centralized_db.py:258}}
Jul 06 15:23:21 devstack devstack@g-api.service[75946]: [pid: 75946|app: 0|req: 8/17] 127.0.0.1 () {42 vars in 1068 bytes} [Mon Jul 6 15:23:21 2026] GET /v2/images/aab1d6f3-bc8c-4137-9f0e-54346f68c452/file => generated 21692416 bytes in 427 msecs (HTTP/1.1 200) 4 headers in 191 bytes (336 switches on core 0)
Jul 06 15:23:22 devstack devstack@g-api.service[75947]: DEBUG glance.api.middleware.version_negotiation [None req-3b4da5a8-027b-4f57-9138-1043adec60ed tempest-DeleteServersTestJSON-452695415 tempest-DeleteServersTestJSON-452695415-project-member] Determining version of request: GET /v2/images/aab1d6f3-bc8c-4137-9f0e-54346f68c452 Accept: */* {{(pid=75947) process_request /opt/stack/glance/glance/api/middleware/version_negotiation.py:44}}
Jul 06 15:23:22 devstack devstack@g-api.service[75947]: DEBUG glance.api.middleware.version_negotiation [None req-3b4da5a8-027b-4f57-9138-1043adec60ed tempest-DeleteServersTestJSON-452695415 tempest-DeleteServersTestJSON-452695415-project-member] Using url versioning {{(pid=75947) process_request /opt/stack/glance/glance/api/middleware/version_negotiation.py:57}}
Jul 06 15:23:22 devstack devstack@g-api.service[75947]: DEBUG glance.api.middleware.version_negotiation [None req-3b4da5a8-027b-4f57-9138-1043adec60ed tempest-DeleteServersTestJSON-452695415 tempest-DeleteServersTestJSON-452695415-project-member] Matched version: v2 {{(pid=75947) process_request /opt/stack/glance/glance/api/middleware/version_negotiation.py:69}}
Jul 06 15:23:22 devstack devstack@g-api.service[75947]: DEBUG glance.api.middleware.version_negotiation [None req-3b4da5a8-027b-4f57-9138-1043adec60ed tempest-DeleteServersTestJSON-452695415 tempest-DeleteServersTestJSON-452695415-project-member] new path /v2/images/aab1d6f3-bc8c-4137-9f0e-54346f68c452 {{(pid=75947) process_request /opt/stack/glance/glance/api/middleware/version_negotiation.py:70}}
Jul 06 15:23:22 devstack devstack@g-api.service[75947]: [pid: 75947|app: 0|req: 10/18] 127.0.0.1 () {42 vars in 1058 bytes} [Mon Jul 6 15:23:22 2026] GET /v2/images/aab1d6f3-bc8c-4137-9f0e-54346f68c452 => generated 976 bytes in 30 msecs (HTTP/1.1 200) 4 headers in 157 bytes (1 switches on core 0)
Jul 06 15:23:22 devstack devstack@g-api.service[75946]: DEBUG glance.api.middleware.version_negotiation [None req-3b4da5a8-027b-4f57-9138-1043adec60ed tempest-DeleteServersTestJSON-452695415 tempest-DeleteServersTestJSON-452695415-project-member] Determining version of request: GET /v2/schemas/image Accept: */* {{(pid=75946) process_request /opt/stack/glance/glance/api/middleware/version_negotiation.py:44}}
Jul 06 15:23:22 devstack devstack@g-api.service[75946]: DEBUG glance.api.middleware.version_negotiation [None req-3b4da5a8-027b-4f57-9138-1043adec60ed tempest-DeleteServersTestJSON-452695415 tempest-DeleteServersTestJSON-452695415-project-member] Using url versioning {{(pid=75946) process_request /opt/stack/glance/glance/api/middleware/version_negotiation.py:57}}
Jul 06 15:23:22 devstack devstack@g-api.service[75946]: DEBUG glance.api.middleware.version_negotiation [None req-3b4da5a8-027b-4f57-9138-1043adec60ed tempest-DeleteServersTestJSON-452695415 tempest-DeleteServersTestJSON-452695415-project-member] Matched version: v2 {{(pid=75946) process_request /opt/stack/glance/glance/api/middleware/version_negotiation.py:69}}
Jul 06 15:23:22 devstack devstack@g-api.service[75946]: DEBUG glance.api.middleware.version_negotiation [None req-3b4da5a8-027b-4f57-9138-1043adec60ed tempest-DeleteServersTestJSON-452695415 tempest-DeleteServersTestJSON-452695415-project-member] new path /v2/schemas/image {{(pid=75946) process_request /opt/stack/glance/glance/api/middleware/version_negotiation.py:70}}
Jul 06 15:23:22 devstack devstack@g-api.service[75946]: [pid: 75946|app: 0|req: 9/19] 127.0.0.1 () {42 vars in 998 bytes} [Mon Jul 6 15:23:22 2026] GET /v2/schemas/image => generated 6083 bytes in 11 msecs (HTTP/1.1 200) 4 headers in 158 bytes (1 switches on core 0)
Jul 06 15:23:31 devstack devstack@g-api.service[75946]: DEBUG dbcounter [-] [75946] Writing DB stats glance:SELECT=5,glance:INSERT=1 {{(pid=75946) stat_writer /opt/stack/data/venv/lib/python3.12/site-packages/dbcounter.py:115}}
Jul 06 15:23:32 devstack devstack@g-api.service[75947]: DEBUG dbcounter [-] [75947] Writing DB stats glance:SELECT=4 {{(pid=75947) stat_writer /opt/stack/data/venv/lib/python3.12/site-packages/dbcounter.py:115}}
Jul 06 15:23:47 devstack devstack@g-api.service[75947]: DEBUG glance.api.middleware.version_negotiation [None req-3b4da5a8-027b-4f57-9138-1043adec60ed tempest-DeleteServersTestJSON-452695415 tempest-DeleteServersTestJSON-452695415-project-member] Determining version of request: GET /v2/images/aab1d6f3-bc8c-4137-9f0e-54346f68c452 Accept: */* {{(pid=75947) process_request /opt/stack/glance/glance/api/middleware/version_negotiation.py:44}}
Jul 06 15:23:47 devstack devstack@g-api.service[75947]: DEBUG glance.api.middleware.version_negotiation [None req-3b4da5a8-027b-4f57-9138-1043adec60ed tempest-DeleteServersTestJSON-452695415 tempest-DeleteServersTestJSON-452695415-project-member] Using url versioning {{(pid=75947) process_request /opt/stack/glance/glance/api/middleware/version_negotiation.py:57}}
Jul 06 15:23:47 devstack devstack@g-api.service[75947]: DEBUG glance.api.middleware.version_negotiation [None req-3b4da5a8-027b-4f57-9138-1043adec60ed tempest-DeleteServersTestJSON-452695415 tempest-DeleteServersTestJSON-452695415-project-member] Matched version: v2 {{(pid=75947) process_request /opt/stack/glance/glance/api/middleware/version_negotiation.py:69}}
Jul 06 15:23:47 devstack devstack@g-api.service[75947]: DEBUG glance.api.middleware.version_negotiation [None req-3b4da5a8-027b-4f57-9138-1043adec60ed tempest-DeleteServersTestJSON-452695415 tempest-DeleteServersTestJSON-452695415-project-member] new path /v2/images/aab1d6f3-bc8c-4137-9f0e-54346f68c452 {{(pid=75947) process_request /opt/stack/glance/glance/api/middleware/version_negotiation.py:70}}
Jul 06 15:23:47 devstack devstack@g-api.service[75947]: [pid: 75947|app: 0|req: 11/20] 127.0.0.1 () {42 vars in 1058 bytes} [Mon Jul 6 15:23:47 2026] GET /v2/images/aab1d6f3-bc8c-4137-9f0e-54346f68c452 => generated 976 bytes in 40 msecs (HTTP/1.1 200) 4 headers in 157 bytes (1 switches on core 0)
Jul 06 15:23:47 devstack devstack@g-api.service[75946]: DEBUG glance.api.middleware.version_negotiation [None req-3b4da5a8-027b-4f57-9138-1043adec60ed tempest-DeleteServersTestJSON-452695415 tempest-DeleteServersTestJSON-452695415-project-member] Determining version of request: GET /v2/schemas/image Accept: */* {{(pid=75946) process_request /opt/stack/glance/glance/api/middleware/version_negotiation.py:44}}
Jul 06 15:23:47 devstack devstack@g-api.service[75946]: DEBUG glance.api.middleware.version_negotiation [None req-3b4da5a8-027b-4f57-9138-1043adec60ed tempest-DeleteServersTestJSON-452695415 tempest-DeleteServersTestJSON-452695415-project-member] Using url versioning {{(pid=75946) process_request /opt/stack/glance/glance/api/middleware/version_negotiation.py:57}}
Jul 06 15:23:47 devstack devstack@g-api.service[75946]: DEBUG glance.api.middleware.version_negotiation [None req-3b4da5a8-027b-4f57-9138-1043adec60ed tempest-DeleteServersTestJSON-452695415 tempest-DeleteServersTestJSON-452695415-project-member] Matched version: v2 {{(pid=75946) process_request /opt/stack/glance/glance/api/middleware/version_negotiation.py:69}}
Jul 06 15:23:47 devstack devstack@g-api.service[75946]: DEBUG glance.api.middleware.version_negotiation [None req-3b4da5a8-027b-4f57-9138-1043adec60ed tempest-DeleteServersTestJSON-452695415 tempest-DeleteServersTestJSON-452695415-project-member] new path /v2/schemas/image {{(pid=75946) process_request /opt/stack/glance/glance/api/middleware/version_negotiation.py:70}}
Jul 06 15:23:47 devstack devstack@g-api.service[75946]: [pid: 75946|app: 0|req: 10/21] 127.0.0.1 () {42 vars in 998 bytes} [Mon Jul 6 15:23:47 2026] GET /v2/schemas/image => generated 6083 bytes in 7 msecs (HTTP/1.1 200) 4 headers in 158 bytes (1 switches on core 0)
Jul 06 15:23:57 devstack devstack@g-api.service[75947]: DEBUG dbcounter [-] [75947] Writing DB stats glance:SELECT=2 {{(pid=75947) stat_writer /opt/stack/data/venv/lib/python3.12/site-packages/dbcounter.py:115}}
Jul 06 15:24:23 devstack devstack@g-api.service[75947]: DEBUG glance.api.middleware.version_negotiation [None req-3d5c95b7-7f31-457a-a973-e1d2854451ec tempest-VolumesAdminNegativeTest-1858998553 tempest-VolumesAdminNegativeTest-1858998553-project-member] Determining version of request: GET / Accept: application/json {{(pid=75947) process_request /opt/stack/glance/glance/api/middleware/version_negotiation.py:44}}
Jul 06 15:24:23 devstack devstack@g-api.service[75947]: DEBUG glance.api.middleware.version_negotiation [None req-3d5c95b7-7f31-457a-a973-e1d2854451ec tempest-VolumesAdminNegativeTest-1858998553 tempest-VolumesAdminNegativeTest-1858998553-project-member] Using url versioning {{(pid=75947) process_request /opt/stack/glance/glance/api/middleware/version_negotiation.py:57}}
Jul 06 15:24:23 devstack devstack@g-api.service[75947]: DEBUG glance.api.middleware.version_negotiation [None req-3d5c95b7-7f31-457a-a973-e1d2854451ec tempest-VolumesAdminNegativeTest-1858998553 tempest-VolumesAdminNegativeTest-1858998553-project-member] Unknown version. Returning version choices. {{(pid=75947) process_request /opt/stack/glance/glance/api/middleware/version_negotiation.py:64}}
Jul 06 15:24:23 devstack devstack@g-api.service[75947]: [pid: 75947|app: 0|req: 12/22] 127.0.0.1 () {34 vars in 502 bytes} [Mon Jul 6 15:24:23 2026] GET / => generated 1557 bytes in 4 msecs (HTTP/1.1 300) 3 headers in 106 bytes (1 switches on core 0)
Jul 06 15:24:23 devstack devstack@g-api.service[75946]: DEBUG glance.api.middleware.version_negotiation [None req-3d5c95b7-7f31-457a-a973-e1d2854451ec tempest-VolumesAdminNegativeTest-1858998553 tempest-VolumesAdminNegativeTest-1858998553-project-member] Determining version of request: GET /v2/images/aab1d6f3-bc8c-4137-9f0e-54346f68c452 Accept: */* {{(pid=75946) process_request /opt/stack/glance/glance/api/middleware/version_negotiation.py:44}}
Jul 06 15:24:23 devstack devstack@g-api.service[75946]: DEBUG glance.api.middleware.version_negotiation [None req-3d5c95b7-7f31-457a-a973-e1d2854451ec tempest-VolumesAdminNegativeTest-1858998553 tempest-VolumesAdminNegativeTest-1858998553-project-member] Using url versioning {{(pid=75946) process_request /opt/stack/glance/glance/api/middleware/version_negotiation.py:57}}
Jul 06 15:24:23 devstack devstack@g-api.service[75946]: DEBUG glance.api.middleware.version_negotiation [None req-3d5c95b7-7f31-457a-a973-e1d2854451ec tempest-VolumesAdminNegativeTest-1858998553 tempest-VolumesAdminNegativeTest-1858998553-project-member] Matched version: v2 {{(pid=75946) process_request /opt/stack/glance/glance/api/middleware/version_negotiation.py:69}}
Jul 06 15:24:23 devstack devstack@g-api.service[75946]: DEBUG glance.api.middleware.version_negotiation [None req-3d5c95b7-7f31-457a-a973-e1d2854451ec tempest-VolumesAdminNegativeTest-1858998553 tempest-VolumesAdminNegativeTest-1858998553-project-member] new path /v2/images/aab1d6f3-bc8c-4137-9f0e-54346f68c452 {{(pid=75946) process_request /opt/stack/glance/glance/api/middleware/version_negotiation.py:70}}
Jul 06 15:24:23 devstack devstack@g-api.service[75946]: [pid: 75946|app: 0|req: 11/23] 127.0.0.1 () {42 vars in 1058 bytes} [Mon Jul 6 15:24:23 2026] GET /v2/images/aab1d6f3-bc8c-4137-9f0e-54346f68c452 => generated 976 bytes in 29 msecs (HTTP/1.1 200) 4 headers in 157 bytes (1 switches on core 0)
Jul 06 15:24:23 devstack devstack@g-api.service[75947]: DEBUG glance.api.middleware.version_negotiation [None req-3d5c95b7-7f31-457a-a973-e1d2854451ec tempest-VolumesAdminNegativeTest-1858998553 tempest-VolumesAdminNegativeTest-1858998553-project-member] Determining version of request: GET /v2/schemas/image Accept: */* {{(pid=75947) process_request /opt/stack/glance/glance/api/middleware/version_negotiation.py:44}}
Jul 06 15:24:23 devstack devstack@g-api.service[75947]: DEBUG glance.api.middleware.version_negotiation [None req-3d5c95b7-7f31-457a-a973-e1d2854451ec tempest-VolumesAdminNegativeTest-1858998553 tempest-VolumesAdminNegativeTest-1858998553-project-member] Using url versioning {{(pid=75947) process_request /opt/stack/glance/glance/api/middleware/version_negotiation.py:57}}
Jul 06 15:24:23 devstack devstack@g-api.service[75947]: DEBUG glance.api.middleware.version_negotiation [None req-3d5c95b7-7f31-457a-a973-e1d2854451ec tempest-VolumesAdminNegativeTest-1858998553 tempest-VolumesAdminNegativeTest-1858998553-project-member] Matched version: v2 {{(pid=75947) process_request /opt/stack/glance/glance/api/middleware/version_negotiation.py:69}}
Jul 06 15:24:23 devstack devstack@g-api.service[75947]: DEBUG glance.api.middleware.version_negotiation [None req-3d5c95b7-7f31-457a-a973-e1d2854451ec tempest-VolumesAdminNegativeTest-1858998553 tempest-VolumesAdminNegativeTest-1858998553-project-member] new path /v2/schemas/image {{(pid=75947) process_request /opt/stack/glance/glance/api/middleware/version_negotiation.py:70}}
Jul 06 15:24:23 devstack devstack@g-api.service[75947]: [pid: 75947|app: 0|req: 13/24] 127.0.0.1 () {42 vars in 998 bytes} [Mon Jul 6 15:24:23 2026] GET /v2/schemas/image => generated 6083 bytes in 8 msecs (HTTP/1.1 200) 4 headers in 158 bytes (1 switches on core 0)
