Jul 07 17:24:04 devstack cinder-volume[87251]: INFO cinder.volume.manager [None req-46ea887f-affb-4921-936b-f30c748f1f26 tempest-GroupSnapshotsTest-449809021 None] GroupSnapshot 2aa187e5-7442-4fb1-a5e2-cec73a112b47: creating.
Jul 07 17:24:04 devstack cinder-volume[87251]: DEBUG cinder.volume.manager [None req-46ea887f-affb-4921-936b-f30c748f1f26 tempest-GroupSnapshotsTest-449809021 None] Group snapshot 2aa187e5-7442-4fb1-a5e2-cec73a112b47: creating. {{(pid=87251) create_group_snapshot /opt/stack/cinder/cinder/volume/manager.py:4175}}
Jul 07 17:24:04 devstack cinder-volume[87251]: DEBUG oslo_concurrency.lockutils [None req-46ea887f-affb-4921-936b-f30c748f1f26 tempest-GroupSnapshotsTest-449809021 None] Acquiring lock "quobyte" by "cinder.volume.drivers.quobyte.QuobyteDriver.create_snapshot" {{(pid=87251) inner /opt/stack/data/venv/lib/python3.12/site-packages/oslo_concurrency/lockutils.py:511}}
Jul 07 17:24:04 devstack cinder-volume[87251]: DEBUG oslo_concurrency.lockutils [None req-46ea887f-affb-4921-936b-f30c748f1f26 tempest-GroupSnapshotsTest-449809021 None] Lock "quobyte" acquired by "cinder.volume.drivers.quobyte.QuobyteDriver.create_snapshot" :: waited 0.001s {{(pid=87251) inner /opt/stack/data/venv/lib/python3.12/site-packages/oslo_concurrency/lockutils.py:524}}
Jul 07 17:24:04 devstack cinder-volume[87251]: DEBUG cinder.volume.drivers.remotefs [None req-46ea887f-affb-4921-936b-f30c748f1f26 tempest-GroupSnapshotsTest-449809021 None] Creating offline snapshot 0676e79e-9172-4bf1-938b-13fdea1ed3bb of volume 1ec5ebbf-274b-4d13-a5ed-0e62145994b8 {{(pid=87251) _create_snapshot /opt/stack/cinder/cinder/volume/drivers/remotefs.py:1816}}
Jul 07 17:24:04 devstack cinder-volume[87251]: DEBUG oslo.privsep.daemon [-] privsep: reply[58bd2024-36b0-4533-adce-5a2160f0b231]: (4, 'qcow2') {{(pid=88195) _call_back /opt/stack/data/venv/lib/python3.12/site-packages/oslo_privsep/daemon.py:580}}
Jul 07 17:24:04 devstack cinder-volume[87251]: DEBUG oslo_concurrency.processutils [None req-46ea887f-affb-4921-936b-f30c748f1f26 tempest-GroupSnapshotsTest-449809021 None] Running cmd (subprocess): /opt/stack/data/venv/bin/python3.12 -m oslo_concurrency.prlimit --as=1073741824 --cpu=60 -- sudo cinder-rootwrap /etc/cinder/rootwrap.conf env LC_ALL=C qemu-img info -f qcow2 --output=json --force-share /opt/stack/data/cinder/mnt/d90def05935bcdc5070626ae5be9165f/volume-1ec5ebbf-274b-4d13-a5ed-0e62145994b8 {{(pid=87251) execute /opt/stack/data/venv/lib/python3.12/site-packages/oslo_concurrency/processutils.py:440}}
Jul 07 17:24:04 devstack sudo[90605]: quobyte : PWD=/ ; USER=root ; COMMAND=/opt/stack/data/venv/bin/cinder-rootwrap /etc/cinder/rootwrap.conf env LC_ALL=C qemu-img info -f qcow2 --output=json --force-share /opt/stack/data/cinder/mnt/d90def05935bcdc5070626ae5be9165f/volume-1ec5ebbf-274b-4d13-a5ed-0e62145994b8
Jul 07 17:24:04 devstack sudo[90605]: pam_unix(sudo:session): session opened for user root(uid=0) by (uid=1000)
Jul 07 17:24:05 devstack sudo[90605]: pam_unix(sudo:session): session closed for user root
Jul 07 17:24:05 devstack cinder-volume[87251]: DEBUG oslo_concurrency.processutils [None req-46ea887f-affb-4921-936b-f30c748f1f26 tempest-GroupSnapshotsTest-449809021 None] CMD "/opt/stack/data/venv/bin/python3.12 -m oslo_concurrency.prlimit --as=1073741824 --cpu=60 -- sudo cinder-rootwrap /etc/cinder/rootwrap.conf env LC_ALL=C qemu-img info -f qcow2 --output=json --force-share /opt/stack/data/cinder/mnt/d90def05935bcdc5070626ae5be9165f/volume-1ec5ebbf-274b-4d13-a5ed-0e62145994b8" returned: 0 in 1.442s {{(pid=87251) execute /opt/stack/data/venv/lib/python3.12/site-packages/oslo_concurrency/processutils.py:468}}
Jul 07 17:24:05 devstack cinder-volume[87251]: DEBUG oslo_concurrency.processutils [None req-46ea887f-affb-4921-936b-f30c748f1f26 tempest-GroupSnapshotsTest-449809021 None] Running cmd (subprocess): sudo cinder-rootwrap /etc/cinder/rootwrap.conf qemu-img create -f qcow2 -o backing_file=/opt/stack/data/cinder/mnt/d90def05935bcdc5070626ae5be9165f/volume-1ec5ebbf-274b-4d13-a5ed-0e62145994b8,backing_fmt=qcow2 /opt/stack/data/cinder/mnt/d90def05935bcdc5070626ae5be9165f/volume-1ec5ebbf-274b-4d13-a5ed-0e62145994b8.0676e79e-9172-4bf1-938b-13fdea1ed3bb 1G {{(pid=87251) execute /opt/stack/data/venv/lib/python3.12/site-packages/oslo_concurrency/processutils.py:440}}
Jul 07 17:24:05 devstack sudo[90652]: quobyte : PWD=/ ; USER=root ; COMMAND=/opt/stack/data/venv/bin/cinder-rootwrap /etc/cinder/rootwrap.conf qemu-img create -f qcow2 -o backing_file=/opt/stack/data/cinder/mnt/d90def05935bcdc5070626ae5be9165f/volume-1ec5ebbf-274b-4d13-a5ed-0e62145994b8,backing_fmt=qcow2 /opt/stack/data/cinder/mnt/d90def05935bcdc5070626ae5be9165f/volume-1ec5ebbf-274b-4d13-a5ed-0e62145994b8.0676e79e-9172-4bf1-938b-13fdea1ed3bb 1G
Jul 07 17:24:05 devstack sudo[90652]: pam_unix(sudo:session): session opened for user root(uid=0) by (uid=1000)
Jul 07 17:24:06 devstack sudo[90652]: pam_unix(sudo:session): session closed for user root
Jul 07 17:24:06 devstack cinder-volume[87251]: DEBUG oslo_concurrency.processutils [None req-46ea887f-affb-4921-936b-f30c748f1f26 tempest-GroupSnapshotsTest-449809021 None] CMD "sudo cinder-rootwrap /etc/cinder/rootwrap.conf qemu-img create -f qcow2 -o backing_file=/opt/stack/data/cinder/mnt/d90def05935bcdc5070626ae5be9165f/volume-1ec5ebbf-274b-4d13-a5ed-0e62145994b8,backing_fmt=qcow2 /opt/stack/data/cinder/mnt/d90def05935bcdc5070626ae5be9165f/volume-1ec5ebbf-274b-4d13-a5ed-0e62145994b8.0676e79e-9172-4bf1-938b-13fdea1ed3bb 1G" returned: 0 in 0.888s {{(pid=87251) execute /opt/stack/data/venv/lib/python3.12/site-packages/oslo_concurrency/processutils.py:468}}
Jul 07 17:24:06 devstack cinder-volume[87251]: DEBUG oslo_concurrency.processutils [None req-46ea887f-affb-4921-936b-f30c748f1f26 tempest-GroupSnapshotsTest-449809021 None] Running cmd (subprocess): sudo cinder-rootwrap /etc/cinder/rootwrap.conf qemu-img rebase -u -b volume-1ec5ebbf-274b-4d13-a5ed-0e62145994b8 -F qcow2 /opt/stack/data/cinder/mnt/d90def05935bcdc5070626ae5be9165f/volume-1ec5ebbf-274b-4d13-a5ed-0e62145994b8.0676e79e-9172-4bf1-938b-13fdea1ed3bb {{(pid=87251) execute /opt/stack/data/venv/lib/python3.12/site-packages/oslo_concurrency/processutils.py:440}}
Jul 07 17:24:06 devstack sudo[90684]: quobyte : PWD=/ ; USER=root ; COMMAND=/opt/stack/data/venv/bin/cinder-rootwrap /etc/cinder/rootwrap.conf qemu-img rebase -u -b volume-1ec5ebbf-274b-4d13-a5ed-0e62145994b8 -F qcow2 /opt/stack/data/cinder/mnt/d90def05935bcdc5070626ae5be9165f/volume-1ec5ebbf-274b-4d13-a5ed-0e62145994b8.0676e79e-9172-4bf1-938b-13fdea1ed3bb
Jul 07 17:24:06 devstack sudo[90684]: pam_unix(sudo:session): session opened for user root(uid=0) by (uid=1000)
Jul 07 17:24:07 devstack sudo[90684]: pam_unix(sudo:session): session closed for user root
Jul 07 17:24:07 devstack cinder-volume[87251]: DEBUG oslo_concurrency.processutils [None req-46ea887f-affb-4921-936b-f30c748f1f26 tempest-GroupSnapshotsTest-449809021 None] CMD "sudo cinder-rootwrap /etc/cinder/rootwrap.conf qemu-img rebase -u -b volume-1ec5ebbf-274b-4d13-a5ed-0e62145994b8 -F qcow2 /opt/stack/data/cinder/mnt/d90def05935bcdc5070626ae5be9165f/volume-1ec5ebbf-274b-4d13-a5ed-0e62145994b8.0676e79e-9172-4bf1-938b-13fdea1ed3bb" returned: 0 in 0.876s {{(pid=87251) execute /opt/stack/data/venv/lib/python3.12/site-packages/oslo_concurrency/processutils.py:468}}
Jul 07 17:24:07 devstack cinder-volume[87251]: WARNING cinder.volume.drivers.remotefs [None req-46ea887f-affb-4921-936b-f30c748f1f26 tempest-GroupSnapshotsTest-449809021 None] /opt/stack/data/cinder/mnt/d90def05935bcdc5070626ae5be9165f/volume-1ec5ebbf-274b-4d13-a5ed-0e62145994b8.0676e79e-9172-4bf1-938b-13fdea1ed3bb is being set with open permissions: ugo+rw: NotImplementedError
Jul 07 17:24:07 devstack cinder-volume[87251]: DEBUG oslo_concurrency.processutils [None req-46ea887f-affb-4921-936b-f30c748f1f26 tempest-GroupSnapshotsTest-449809021 None] Running cmd (subprocess): sudo cinder-rootwrap /etc/cinder/rootwrap.conf chmod ugo+rw /opt/stack/data/cinder/mnt/d90def05935bcdc5070626ae5be9165f/volume-1ec5ebbf-274b-4d13-a5ed-0e62145994b8.0676e79e-9172-4bf1-938b-13fdea1ed3bb {{(pid=87251) execute /opt/stack/data/venv/lib/python3.12/site-packages/oslo_concurrency/processutils.py:440}}
Jul 07 17:24:07 devstack sudo[90707]: quobyte : PWD=/ ; USER=root ; COMMAND=/opt/stack/data/venv/bin/cinder-rootwrap /etc/cinder/rootwrap.conf chmod ugo+rw /opt/stack/data/cinder/mnt/d90def05935bcdc5070626ae5be9165f/volume-1ec5ebbf-274b-4d13-a5ed-0e62145994b8.0676e79e-9172-4bf1-938b-13fdea1ed3bb
Jul 07 17:24:07 devstack sudo[90707]: pam_unix(sudo:session): session opened for user root(uid=0) by (uid=1000)
Jul 07 17:24:08 devstack sudo[90707]: pam_unix(sudo:session): session closed for user root
Jul 07 17:24:08 devstack cinder-volume[87251]: DEBUG oslo_concurrency.processutils [None req-46ea887f-affb-4921-936b-f30c748f1f26 tempest-GroupSnapshotsTest-449809021 None] CMD "sudo cinder-rootwrap /etc/cinder/rootwrap.conf chmod ugo+rw /opt/stack/data/cinder/mnt/d90def05935bcdc5070626ae5be9165f/volume-1ec5ebbf-274b-4d13-a5ed-0e62145994b8.0676e79e-9172-4bf1-938b-13fdea1ed3bb" returned: 0 in 0.859s {{(pid=87251) execute /opt/stack/data/venv/lib/python3.12/site-packages/oslo_concurrency/processutils.py:468}}
Jul 07 17:24:08 devstack cinder-volume[87251]: DEBUG oslo_concurrency.processutils [None req-46ea887f-affb-4921-936b-f30c748f1f26 tempest-GroupSnapshotsTest-449809021 None] Running cmd (subprocess): sudo cinder-rootwrap /etc/cinder/rootwrap.conf truncate -s0 /opt/stack/data/cinder/mnt/d90def05935bcdc5070626ae5be9165f/volume-1ec5ebbf-274b-4d13-a5ed-0e62145994b8.info {{(pid=87251) execute /opt/stack/data/venv/lib/python3.12/site-packages/oslo_concurrency/processutils.py:440}}
Jul 07 17:24:08 devstack sudo[90713]: quobyte : PWD=/ ; USER=root ; COMMAND=/opt/stack/data/venv/bin/cinder-rootwrap /etc/cinder/rootwrap.conf truncate -s0 /opt/stack/data/cinder/mnt/d90def05935bcdc5070626ae5be9165f/volume-1ec5ebbf-274b-4d13-a5ed-0e62145994b8.info
Jul 07 17:24:08 devstack sudo[90713]: pam_unix(sudo:session): session opened for user root(uid=0) by (uid=1000)
Jul 07 17:24:09 devstack sudo[90713]: pam_unix(sudo:session): session closed for user root
Jul 07 17:24:09 devstack cinder-volume[87251]: DEBUG oslo_concurrency.processutils [None req-46ea887f-affb-4921-936b-f30c748f1f26 tempest-GroupSnapshotsTest-449809021 None] CMD "sudo cinder-rootwrap /etc/cinder/rootwrap.conf truncate -s0 /opt/stack/data/cinder/mnt/d90def05935bcdc5070626ae5be9165f/volume-1ec5ebbf-274b-4d13-a5ed-0e62145994b8.info" returned: 0 in 0.786s {{(pid=87251) execute /opt/stack/data/venv/lib/python3.12/site-packages/oslo_concurrency/processutils.py:468}}
Jul 07 17:24:09 devstack cinder-volume[87251]: WARNING cinder.volume.drivers.remotefs [None req-46ea887f-affb-4921-936b-f30c748f1f26 tempest-GroupSnapshotsTest-449809021 None] /opt/stack/data/cinder/mnt/d90def05935bcdc5070626ae5be9165f/volume-1ec5ebbf-274b-4d13-a5ed-0e62145994b8.info is being set with open permissions: ugo+rw: NotImplementedError
Jul 07 17:24:09 devstack cinder-volume[87251]: DEBUG oslo_concurrency.processutils [None req-46ea887f-affb-4921-936b-f30c748f1f26 tempest-GroupSnapshotsTest-449809021 None] Running cmd (subprocess): sudo cinder-rootwrap /etc/cinder/rootwrap.conf chmod ugo+rw /opt/stack/data/cinder/mnt/d90def05935bcdc5070626ae5be9165f/volume-1ec5ebbf-274b-4d13-a5ed-0e62145994b8.info {{(pid=87251) execute /opt/stack/data/venv/lib/python3.12/site-packages/oslo_concurrency/processutils.py:440}}
Jul 07 17:24:09 devstack sudo[90717]: quobyte : PWD=/ ; USER=root ; COMMAND=/opt/stack/data/venv/bin/cinder-rootwrap /etc/cinder/rootwrap.conf chmod ugo+rw /opt/stack/data/cinder/mnt/d90def05935bcdc5070626ae5be9165f/volume-1ec5ebbf-274b-4d13-a5ed-0e62145994b8.info
Jul 07 17:24:09 devstack sudo[90717]: pam_unix(sudo:session): session opened for user root(uid=0) by (uid=1000)
Jul 07 17:24:10 devstack sudo[90717]: pam_unix(sudo:session): session closed for user root
Jul 07 17:24:10 devstack cinder-volume[87251]: DEBUG oslo_concurrency.processutils [None req-46ea887f-affb-4921-936b-f30c748f1f26 tempest-GroupSnapshotsTest-449809021 None] CMD "sudo cinder-rootwrap /etc/cinder/rootwrap.conf chmod ugo+rw /opt/stack/data/cinder/mnt/d90def05935bcdc5070626ae5be9165f/volume-1ec5ebbf-274b-4d13-a5ed-0e62145994b8.info" returned: 0 in 0.828s {{(pid=87251) execute /opt/stack/data/venv/lib/python3.12/site-packages/oslo_concurrency/processutils.py:468}}
Jul 07 17:24:10 devstack cinder-volume[87251]: DEBUG oslo_concurrency.lockutils [None req-46ea887f-affb-4921-936b-f30c748f1f26 tempest-GroupSnapshotsTest-449809021 None] Lock "quobyte" "released" by "cinder.volume.drivers.quobyte.QuobyteDriver.create_snapshot" :: held 5.780s {{(pid=87251) inner /opt/stack/data/venv/lib/python3.12/site-packages/oslo_concurrency/lockutils.py:543}}
Jul 07 17:24:10 devstack cinder-volume[87251]: DEBUG oslo_concurrency.lockutils [None req-46ea887f-affb-4921-936b-f30c748f1f26 tempest-GroupSnapshotsTest-449809021 None] Acquiring lock "quobyte" by "cinder.volume.drivers.quobyte.QuobyteDriver.create_snapshot" {{(pid=87251) inner /opt/stack/data/venv/lib/python3.12/site-packages/oslo_concurrency/lockutils.py:511}}
Jul 07 17:24:10 devstack cinder-volume[87251]: DEBUG oslo_concurrency.lockutils [None req-46ea887f-affb-4921-936b-f30c748f1f26 tempest-GroupSnapshotsTest-449809021 None] Lock "quobyte" acquired by "cinder.volume.drivers.quobyte.QuobyteDriver.create_snapshot" :: waited 0.000s {{(pid=87251) inner /opt/stack/data/venv/lib/python3.12/site-packages/oslo_concurrency/lockutils.py:524}}
Jul 07 17:24:10 devstack cinder-volume[87251]: DEBUG cinder.volume.drivers.remotefs [None req-46ea887f-affb-4921-936b-f30c748f1f26 tempest-GroupSnapshotsTest-449809021 None] Creating offline snapshot 405f14f5-cd7d-470c-ad34-bd9a80fe93c2 of volume e3ad5998-0de7-4e82-97aa-38c2c7d7f71b {{(pid=87251) _create_snapshot /opt/stack/cinder/cinder/volume/drivers/remotefs.py:1816}}
Jul 07 17:24:10 devstack cinder-volume[87251]: DEBUG oslo.privsep.daemon [-] privsep: reply[8dcfcec9-bca6-4466-b915-18e28787522f]: (4, 'qcow2') {{(pid=88195) _call_back /opt/stack/data/venv/lib/python3.12/site-packages/oslo_privsep/daemon.py:580}}
Jul 07 17:24:10 devstack cinder-volume[87251]: DEBUG oslo_concurrency.processutils [None req-46ea887f-affb-4921-936b-f30c748f1f26 tempest-GroupSnapshotsTest-449809021 None] Running cmd (subprocess): /opt/stack/data/venv/bin/python3.12 -m oslo_concurrency.prlimit --as=1073741824 --cpu=60 -- sudo cinder-rootwrap /etc/cinder/rootwrap.conf env LC_ALL=C qemu-img info -f qcow2 --output=json --force-share /opt/stack/data/cinder/mnt/d90def05935bcdc5070626ae5be9165f/volume-e3ad5998-0de7-4e82-97aa-38c2c7d7f71b {{(pid=87251) execute /opt/stack/data/venv/lib/python3.12/site-packages/oslo_concurrency/processutils.py:440}}
Jul 07 17:24:10 devstack sudo[90722]: quobyte : PWD=/ ; USER=root ; COMMAND=/opt/stack/data/venv/bin/cinder-rootwrap /etc/cinder/rootwrap.conf env LC_ALL=C qemu-img info -f qcow2 --output=json --force-share /opt/stack/data/cinder/mnt/d90def05935bcdc5070626ae5be9165f/volume-e3ad5998-0de7-4e82-97aa-38c2c7d7f71b
Jul 07 17:24:10 devstack sudo[90722]: pam_unix(sudo:session): session opened for user root(uid=0) by (uid=1000)
Jul 07 17:24:11 devstack sudo[90722]: pam_unix(sudo:session): session closed for user root
Jul 07 17:24:11 devstack cinder-volume[87251]: DEBUG oslo_concurrency.processutils [None req-46ea887f-affb-4921-936b-f30c748f1f26 tempest-GroupSnapshotsTest-449809021 None] CMD "/opt/stack/data/venv/bin/python3.12 -m oslo_concurrency.prlimit --as=1073741824 --cpu=60 -- sudo cinder-rootwrap /etc/cinder/rootwrap.conf env LC_ALL=C qemu-img info -f qcow2 --output=json --force-share /opt/stack/data/cinder/mnt/d90def05935bcdc5070626ae5be9165f/volume-e3ad5998-0de7-4e82-97aa-38c2c7d7f71b" returned: 0 in 0.946s {{(pid=87251) execute /opt/stack/data/venv/lib/python3.12/site-packages/oslo_concurrency/processutils.py:468}}
Jul 07 17:24:11 devstack cinder-volume[87251]: DEBUG oslo_concurrency.processutils [None req-46ea887f-affb-4921-936b-f30c748f1f26 tempest-GroupSnapshotsTest-449809021 None] Running cmd (subprocess): sudo cinder-rootwrap /etc/cinder/rootwrap.conf qemu-img create -f qcow2 -o backing_file=/opt/stack/data/cinder/mnt/d90def05935bcdc5070626ae5be9165f/volume-e3ad5998-0de7-4e82-97aa-38c2c7d7f71b,backing_fmt=qcow2 /opt/stack/data/cinder/mnt/d90def05935bcdc5070626ae5be9165f/volume-e3ad5998-0de7-4e82-97aa-38c2c7d7f71b.405f14f5-cd7d-470c-ad34-bd9a80fe93c2 1G {{(pid=87251) execute /opt/stack/data/venv/lib/python3.12/site-packages/oslo_concurrency/processutils.py:440}}
Jul 07 17:24:11 devstack sudo[90728]: quobyte : PWD=/ ; USER=root ; COMMAND=/opt/stack/data/venv/bin/cinder-rootwrap /etc/cinder/rootwrap.conf qemu-img create -f qcow2 -o backing_file=/opt/stack/data/cinder/mnt/d90def05935bcdc5070626ae5be9165f/volume-e3ad5998-0de7-4e82-97aa-38c2c7d7f71b,backing_fmt=qcow2 /opt/stack/data/cinder/mnt/d90def05935bcdc5070626ae5be9165f/volume-e3ad5998-0de7-4e82-97aa-38c2c7d7f71b.405f14f5-cd7d-470c-ad34-bd9a80fe93c2 1G
Jul 07 17:24:11 devstack sudo[90728]: pam_unix(sudo:session): session opened for user root(uid=0) by (uid=1000)
Jul 07 17:24:12 devstack sudo[90728]: pam_unix(sudo:session): session closed for user root
Jul 07 17:24:12 devstack cinder-volume[87251]: DEBUG oslo_concurrency.processutils [None req-46ea887f-affb-4921-936b-f30c748f1f26 tempest-GroupSnapshotsTest-449809021 None] CMD "sudo cinder-rootwrap /etc/cinder/rootwrap.conf qemu-img create -f qcow2 -o backing_file=/opt/stack/data/cinder/mnt/d90def05935bcdc5070626ae5be9165f/volume-e3ad5998-0de7-4e82-97aa-38c2c7d7f71b,backing_fmt=qcow2 /opt/stack/data/cinder/mnt/d90def05935bcdc5070626ae5be9165f/volume-e3ad5998-0de7-4e82-97aa-38c2c7d7f71b.405f14f5-cd7d-470c-ad34-bd9a80fe93c2 1G" returned: 0 in 0.892s {{(pid=87251) execute /opt/stack/data/venv/lib/python3.12/site-packages/oslo_concurrency/processutils.py:468}}
Jul 07 17:24:12 devstack cinder-volume[87251]: DEBUG oslo_concurrency.processutils [None req-46ea887f-affb-4921-936b-f30c748f1f26 tempest-GroupSnapshotsTest-449809021 None] Running cmd (subprocess): sudo cinder-rootwrap /etc/cinder/rootwrap.conf qemu-img rebase -u -b volume-e3ad5998-0de7-4e82-97aa-38c2c7d7f71b -F qcow2 /opt/stack/data/cinder/mnt/d90def05935bcdc5070626ae5be9165f/volume-e3ad5998-0de7-4e82-97aa-38c2c7d7f71b.405f14f5-cd7d-470c-ad34-bd9a80fe93c2 {{(pid=87251) execute /opt/stack/data/venv/lib/python3.12/site-packages/oslo_concurrency/processutils.py:440}}
Jul 07 17:24:12 devstack sudo[90735]: quobyte : PWD=/ ; USER=root ; COMMAND=/opt/stack/data/venv/bin/cinder-rootwrap /etc/cinder/rootwrap.conf qemu-img rebase -u -b volume-e3ad5998-0de7-4e82-97aa-38c2c7d7f71b -F qcow2 /opt/stack/data/cinder/mnt/d90def05935bcdc5070626ae5be9165f/volume-e3ad5998-0de7-4e82-97aa-38c2c7d7f71b.405f14f5-cd7d-470c-ad34-bd9a80fe93c2
Jul 07 17:24:12 devstack sudo[90735]: pam_unix(sudo:session): session opened for user root(uid=0) by (uid=1000)
Jul 07 17:24:12 devstack sudo[90735]: pam_unix(sudo:session): session closed for user root
Jul 07 17:24:12 devstack cinder-volume[87251]: DEBUG oslo_concurrency.processutils [None req-46ea887f-affb-4921-936b-f30c748f1f26 tempest-GroupSnapshotsTest-449809021 None] CMD "sudo cinder-rootwrap /etc/cinder/rootwrap.conf qemu-img rebase -u -b volume-e3ad5998-0de7-4e82-97aa-38c2c7d7f71b -F qcow2 /opt/stack/data/cinder/mnt/d90def05935bcdc5070626ae5be9165f/volume-e3ad5998-0de7-4e82-97aa-38c2c7d7f71b.405f14f5-cd7d-470c-ad34-bd9a80fe93c2" returned: 0 in 0.780s {{(pid=87251) execute /opt/stack/data/venv/lib/python3.12/site-packages/oslo_concurrency/processutils.py:468}}
Jul 07 17:24:12 devstack cinder-volume[87251]: WARNING cinder.volume.drivers.remotefs [None req-46ea887f-affb-4921-936b-f30c748f1f26 tempest-GroupSnapshotsTest-449809021 None] /opt/stack/data/cinder/mnt/d90def05935bcdc5070626ae5be9165f/volume-e3ad5998-0de7-4e82-97aa-38c2c7d7f71b.405f14f5-cd7d-470c-ad34-bd9a80fe93c2 is being set with open permissions: ugo+rw: NotImplementedError
Jul 07 17:24:12 devstack cinder-volume[87251]: DEBUG oslo_concurrency.processutils [None req-46ea887f-affb-4921-936b-f30c748f1f26 tempest-GroupSnapshotsTest-449809021 None] Running cmd (subprocess): sudo cinder-rootwrap /etc/cinder/rootwrap.conf chmod ugo+rw /opt/stack/data/cinder/mnt/d90def05935bcdc5070626ae5be9165f/volume-e3ad5998-0de7-4e82-97aa-38c2c7d7f71b.405f14f5-cd7d-470c-ad34-bd9a80fe93c2 {{(pid=87251) execute /opt/stack/data/venv/lib/python3.12/site-packages/oslo_concurrency/processutils.py:440}}
Jul 07 17:24:12 devstack sudo[90740]: quobyte : PWD=/ ; USER=root ; COMMAND=/opt/stack/data/venv/bin/cinder-rootwrap /etc/cinder/rootwrap.conf chmod ugo+rw /opt/stack/data/cinder/mnt/d90def05935bcdc5070626ae5be9165f/volume-e3ad5998-0de7-4e82-97aa-38c2c7d7f71b.405f14f5-cd7d-470c-ad34-bd9a80fe93c2
Jul 07 17:24:12 devstack sudo[90740]: pam_unix(sudo:session): session opened for user root(uid=0) by (uid=1000)
Jul 07 17:24:13 devstack sudo[90740]: pam_unix(sudo:session): session closed for user root
Jul 07 17:24:13 devstack cinder-volume[87251]: DEBUG oslo_concurrency.processutils [None req-46ea887f-affb-4921-936b-f30c748f1f26 tempest-GroupSnapshotsTest-449809021 None] CMD "sudo cinder-rootwrap /etc/cinder/rootwrap.conf chmod ugo+rw /opt/stack/data/cinder/mnt/d90def05935bcdc5070626ae5be9165f/volume-e3ad5998-0de7-4e82-97aa-38c2c7d7f71b.405f14f5-cd7d-470c-ad34-bd9a80fe93c2" returned: 0 in 0.863s {{(pid=87251) execute /opt/stack/data/venv/lib/python3.12/site-packages/oslo_concurrency/processutils.py:468}}
Jul 07 17:24:13 devstack cinder-volume[87251]: DEBUG oslo_concurrency.processutils [None req-46ea887f-affb-4921-936b-f30c748f1f26 tempest-GroupSnapshotsTest-449809021 None] Running cmd (subprocess): sudo cinder-rootwrap /etc/cinder/rootwrap.conf truncate -s0 /opt/stack/data/cinder/mnt/d90def05935bcdc5070626ae5be9165f/volume-e3ad5998-0de7-4e82-97aa-38c2c7d7f71b.info {{(pid=87251) execute /opt/stack/data/venv/lib/python3.12/site-packages/oslo_concurrency/processutils.py:440}}
Jul 07 17:24:13 devstack sudo[90743]: quobyte : PWD=/ ; USER=root ; COMMAND=/opt/stack/data/venv/bin/cinder-rootwrap /etc/cinder/rootwrap.conf truncate -s0 /opt/stack/data/cinder/mnt/d90def05935bcdc5070626ae5be9165f/volume-e3ad5998-0de7-4e82-97aa-38c2c7d7f71b.info
Jul 07 17:24:13 devstack sudo[90743]: pam_unix(sudo:session): session opened for user root(uid=0) by (uid=1000)
Jul 07 17:24:14 devstack sudo[90743]: pam_unix(sudo:session): session closed for user root
Jul 07 17:24:14 devstack cinder-volume[87251]: DEBUG oslo_concurrency.processutils [None req-46ea887f-affb-4921-936b-f30c748f1f26 tempest-GroupSnapshotsTest-449809021 None] CMD "sudo cinder-rootwrap /etc/cinder/rootwrap.conf truncate -s0 /opt/stack/data/cinder/mnt/d90def05935bcdc5070626ae5be9165f/volume-e3ad5998-0de7-4e82-97aa-38c2c7d7f71b.info" returned: 0 in 0.913s {{(pid=87251) execute /opt/stack/data/venv/lib/python3.12/site-packages/oslo_concurrency/processutils.py:468}}
Jul 07 17:24:14 devstack cinder-volume[87251]: WARNING cinder.volume.drivers.remotefs [None req-46ea887f-affb-4921-936b-f30c748f1f26 tempest-GroupSnapshotsTest-449809021 None] /opt/stack/data/cinder/mnt/d90def05935bcdc5070626ae5be9165f/volume-e3ad5998-0de7-4e82-97aa-38c2c7d7f71b.info is being set with open permissions: ugo+rw: NotImplementedError
Jul 07 17:24:14 devstack cinder-volume[87251]: DEBUG oslo_concurrency.processutils [None req-46ea887f-affb-4921-936b-f30c748f1f26 tempest-GroupSnapshotsTest-449809021 None] Running cmd (subprocess): sudo cinder-rootwrap /etc/cinder/rootwrap.conf chmod ugo+rw /opt/stack/data/cinder/mnt/d90def05935bcdc5070626ae5be9165f/volume-e3ad5998-0de7-4e82-97aa-38c2c7d7f71b.info {{(pid=87251) execute /opt/stack/data/venv/lib/python3.12/site-packages/oslo_concurrency/processutils.py:440}}
Jul 07 17:24:14 devstack sudo[90746]: quobyte : PWD=/ ; USER=root ; COMMAND=/opt/stack/data/venv/bin/cinder-rootwrap /etc/cinder/rootwrap.conf chmod ugo+rw /opt/stack/data/cinder/mnt/d90def05935bcdc5070626ae5be9165f/volume-e3ad5998-0de7-4e82-97aa-38c2c7d7f71b.info
Jul 07 17:24:14 devstack sudo[90746]: pam_unix(sudo:session): session opened for user root(uid=0) by (uid=1000)
Jul 07 17:24:15 devstack sudo[90746]: pam_unix(sudo:session): session closed for user root
Jul 07 17:24:15 devstack cinder-volume[87251]: DEBUG oslo_concurrency.processutils [None req-46ea887f-affb-4921-936b-f30c748f1f26 tempest-GroupSnapshotsTest-449809021 None] CMD "sudo cinder-rootwrap /etc/cinder/rootwrap.conf chmod ugo+rw /opt/stack/data/cinder/mnt/d90def05935bcdc5070626ae5be9165f/volume-e3ad5998-0de7-4e82-97aa-38c2c7d7f71b.info" returned: 0 in 1.082s {{(pid=87251) execute /opt/stack/data/venv/lib/python3.12/site-packages/oslo_concurrency/processutils.py:468}}
Jul 07 17:24:15 devstack cinder-volume[87251]: DEBUG oslo_concurrency.lockutils [None req-46ea887f-affb-4921-936b-f30c748f1f26 tempest-GroupSnapshotsTest-449809021 None] Lock "quobyte" "released" by "cinder.volume.drivers.quobyte.QuobyteDriver.create_snapshot" :: held 5.601s {{(pid=87251) inner /opt/stack/data/venv/lib/python3.12/site-packages/oslo_concurrency/lockutils.py:543}}
Jul 07 17:24:15 devstack cinder-volume[87251]: DEBUG cinder.coordination [None req-b4d7e53a-bc74-4495-ac70-79440c9eabc2 tempest-TaggedAttachmentsTest-1797975208 None] Acquiring lock "cinder-7a7c81b4-4baa-4aa3-a0a1-34929c8e783f-delete_volume" by "delete_volume" {{(pid=87251) __acquire /opt/stack/cinder/cinder/coordination.py:138}}
Jul 07 17:24:15 devstack cinder-volume[87251]: DEBUG cinder.coordination [None req-b4d7e53a-bc74-4495-ac70-79440c9eabc2 tempest-TaggedAttachmentsTest-1797975208 None] Lock "cinder-7a7c81b4-4baa-4aa3-a0a1-34929c8e783f-delete_volume" acquired by "delete_volume" :: waited 0.047s {{(pid=87251) __acquire /opt/stack/cinder/cinder/coordination.py:141}}
Jul 07 17:24:16 devstack cinder-volume[87251]: INFO cinder.volume.manager [None req-46ea887f-affb-4921-936b-f30c748f1f26 tempest-GroupSnapshotsTest-449809021 None] group_snapshot 2aa187e5-7442-4fb1-a5e2-cec73a112b47: created successfully
Jul 07 17:24:16 devstack cinder-volume[87251]: DEBUG cinder.coordination [None req-b4d7e53a-bc74-4495-ac70-79440c9eabc2 tempest-TaggedAttachmentsTest-1797975208 None] Acquiring lock "cinder-quobyte-7a7c81b4-4baa-4aa3-a0a1-34929c8e783f" by "delete_volume" {{(pid=87251) __acquire /opt/stack/cinder/cinder/coordination.py:138}}
Jul 07 17:24:16 devstack cinder-volume[87251]: DEBUG cinder.coordination [None req-b4d7e53a-bc74-4495-ac70-79440c9eabc2 tempest-TaggedAttachmentsTest-1797975208 None] Lock "cinder-quobyte-7a7c81b4-4baa-4aa3-a0a1-34929c8e783f" acquired by "delete_volume" :: waited 0.032s {{(pid=87251) __acquire /opt/stack/cinder/cinder/coordination.py:141}}
Jul 07 17:24:16 devstack cinder-volume[87251]: DEBUG oslo.privsep.daemon [-] privsep: reply[14229f2e-1720-4331-9a81-2f4066117c93]: (4, 'qcow2') {{(pid=88195) _call_back /opt/stack/data/venv/lib/python3.12/site-packages/oslo_privsep/daemon.py:580}}
Jul 07 17:24:16 devstack cinder-volume[87251]: DEBUG oslo_concurrency.processutils [None req-b4d7e53a-bc74-4495-ac70-79440c9eabc2 tempest-TaggedAttachmentsTest-1797975208 None] Running cmd (subprocess): /opt/stack/data/venv/bin/python3.12 -m oslo_concurrency.prlimit --as=1073741824 --cpu=60 -- sudo cinder-rootwrap /etc/cinder/rootwrap.conf env LC_ALL=C qemu-img info -f qcow2 --output=json --force-share /opt/stack/data/cinder/mnt/d90def05935bcdc5070626ae5be9165f/volume-7a7c81b4-4baa-4aa3-a0a1-34929c8e783f {{(pid=87251) execute /opt/stack/data/venv/lib/python3.12/site-packages/oslo_concurrency/processutils.py:440}}
Jul 07 17:24:16 devstack cinder-volume[87251]: INFO cinder.volume.manager [None req-b6b3f26b-6951-4d17-b5de-364d095cb8f6 tempest-GroupSnapshotsTest-449809021 None] group_snapshot 2aa187e5-7442-4fb1-a5e2-cec73a112b47: deleting
Jul 07 17:24:16 devstack cinder-volume[87251]: DEBUG cinder.volume.manager [None req-b6b3f26b-6951-4d17-b5de-364d095cb8f6 tempest-GroupSnapshotsTest-449809021 None] group_snapshot 2aa187e5-7442-4fb1-a5e2-cec73a112b47: deleting {{(pid=87251) delete_group_snapshot /opt/stack/cinder/cinder/volume/manager.py:4350}}
Jul 07 17:24:16 devstack cinder-volume[87251]: DEBUG cinder.coordination [None req-b6b3f26b-6951-4d17-b5de-364d095cb8f6 tempest-GroupSnapshotsTest-449809021 None] Acquiring lock "cinder-quobyte-1ec5ebbf-274b-4d13-a5ed-0e62145994b8" by "delete_snapshot" {{(pid=87251) __acquire /opt/stack/cinder/cinder/coordination.py:138}}
Jul 07 17:24:16 devstack cinder-volume[87251]: DEBUG cinder.coordination [None req-b6b3f26b-6951-4d17-b5de-364d095cb8f6 tempest-GroupSnapshotsTest-449809021 None] Lock "cinder-quobyte-1ec5ebbf-274b-4d13-a5ed-0e62145994b8" acquired by "delete_snapshot" :: waited 0.028s {{(pid=87251) __acquire /opt/stack/cinder/cinder/coordination.py:141}}
Jul 07 17:24:16 devstack cinder-volume[87251]: DEBUG cinder.coordination [None req-b6b3f26b-6951-4d17-b5de-364d095cb8f6 tempest-GroupSnapshotsTest-449809021 None] Acquiring lock "cinder-quobyte-0676e79e-9172-4bf1-938b-13fdea1ed3bb" by "_delete_snapshot" {{(pid=87251) __acquire /opt/stack/cinder/cinder/coordination.py:138}}
Jul 07 17:24:16 devstack cinder-volume[87251]: DEBUG cinder.coordination [None req-b6b3f26b-6951-4d17-b5de-364d095cb8f6 tempest-GroupSnapshotsTest-449809021 None] Lock "cinder-quobyte-0676e79e-9172-4bf1-938b-13fdea1ed3bb" acquired by "_delete_snapshot" :: waited 0.025s {{(pid=87251) __acquire /opt/stack/cinder/cinder/coordination.py:141}}
Jul 07 17:24:16 devstack cinder-volume[87251]: DEBUG cinder.volume.drivers.remotefs [None req-b6b3f26b-6951-4d17-b5de-364d095cb8f6 tempest-GroupSnapshotsTest-449809021 None] Deleting offline snapshot 0676e79e-9172-4bf1-938b-13fdea1ed3bb of volume 1ec5ebbf-274b-4d13-a5ed-0e62145994b8 {{(pid=87251) _delete_snapshot /opt/stack/cinder/cinder/volume/drivers/remotefs.py:1288}}
Jul 07 17:24:16 devstack sudo[90772]: quobyte : PWD=/ ; USER=root ; COMMAND=/opt/stack/data/venv/bin/cinder-rootwrap /etc/cinder/rootwrap.conf env LC_ALL=C qemu-img info -f qcow2 --output=json --force-share /opt/stack/data/cinder/mnt/d90def05935bcdc5070626ae5be9165f/volume-7a7c81b4-4baa-4aa3-a0a1-34929c8e783f
Jul 07 17:24:16 devstack sudo[90772]: pam_unix(sudo:session): session opened for user root(uid=0) by (uid=1000)
Jul 07 17:24:16 devstack cinder-volume[87251]: DEBUG cinder.volume.drivers.remotefs [None req-b6b3f26b-6951-4d17-b5de-364d095cb8f6 tempest-GroupSnapshotsTest-449809021 None] snapshot_file for this snap is: volume-1ec5ebbf-274b-4d13-a5ed-0e62145994b8.0676e79e-9172-4bf1-938b-13fdea1ed3bb {{(pid=87251) _delete_snapshot /opt/stack/cinder/cinder/volume/drivers/remotefs.py:1317}}
Jul 07 17:24:16 devstack cinder-volume[87251]: DEBUG oslo.privsep.daemon [-] privsep: reply[5c2aa4e1-6731-41e6-bc65-dd5ec383dd9a]: (4, 'qcow2') {{(pid=88195) _call_back /opt/stack/data/venv/lib/python3.12/site-packages/oslo_privsep/daemon.py:580}}
Jul 07 17:24:16 devstack cinder-volume[87251]: DEBUG oslo_concurrency.processutils [None req-b6b3f26b-6951-4d17-b5de-364d095cb8f6 tempest-GroupSnapshotsTest-449809021 None] Running cmd (subprocess): /opt/stack/data/venv/bin/python3.12 -m oslo_concurrency.prlimit --as=1073741824 --cpu=60 -- sudo cinder-rootwrap /etc/cinder/rootwrap.conf env LC_ALL=C qemu-img info -f qcow2 --output=json --force-share /opt/stack/data/cinder/mnt/d90def05935bcdc5070626ae5be9165f/volume-1ec5ebbf-274b-4d13-a5ed-0e62145994b8.0676e79e-9172-4bf1-938b-13fdea1ed3bb {{(pid=87251) execute /opt/stack/data/venv/lib/python3.12/site-packages/oslo_concurrency/processutils.py:440}}
Jul 07 17:24:16 devstack sudo[90774]: quobyte : PWD=/ ; USER=root ; COMMAND=/opt/stack/data/venv/bin/cinder-rootwrap /etc/cinder/rootwrap.conf env LC_ALL=C qemu-img info -f qcow2 --output=json --force-share /opt/stack/data/cinder/mnt/d90def05935bcdc5070626ae5be9165f/volume-1ec5ebbf-274b-4d13-a5ed-0e62145994b8.0676e79e-9172-4bf1-938b-13fdea1ed3bb
Jul 07 17:24:16 devstack sudo[90774]: pam_unix(sudo:session): session opened for user root(uid=0) by (uid=1000)
Jul 07 17:24:17 devstack cinder-volume[87251]: DEBUG cinder.volume.flows.manager.create_volume [None req-b53f9347-8e32-43aa-9ae6-6bc386707bef tempest-AttachVolumeNegativeTest-242484348 None] Volume reschedule parameters: True retry: {'num_attempts': 1, 'backends': ['devstack@QuobyteHD#QuobyteHD'], 'hosts': ['devstack@QuobyteHD#QuobyteHD']} {{(pid=87251) get_flow /opt/stack/cinder/cinder/volume/flows/manager/create_volume.py:1397}}
Jul 07 17:24:17 devstack sudo[90772]: pam_unix(sudo:session): session closed for user root
Jul 07 17:24:17 devstack cinder-volume[87251]: DEBUG cinder.volume.manager [None req-b53f9347-8e32-43aa-9ae6-6bc386707bef tempest-AttachVolumeNegativeTest-242484348 None] Flow 'volume_create_manager' (52617935-948d-410d-99e6-a999e2d23f4e) transitioned into state 'RUNNING' from state 'PENDING' {{(pid=87251) _flow_receiver /opt/stack/data/venv/lib/python3.12/site-packages/taskflow/listeners/logging.py:160}}
Jul 07 17:24:17 devstack cinder-volume[87251]: DEBUG cinder.volume.manager [None req-b53f9347-8e32-43aa-9ae6-6bc386707bef tempest-AttachVolumeNegativeTest-242484348 None] Task 'cinder.volume.flows.manager.create_volume.ExtractVolumeRefTask;volume:create' (942c10f8-c4b5-4534-a8d6-1c07a40129ce) transitioned into state 'RUNNING' from state 'PENDING' {{(pid=87251) _task_receiver /opt/stack/data/venv/lib/python3.12/site-packages/taskflow/listeners/logging.py:242}}
Jul 07 17:24:17 devstack cinder-volume[87251]: DEBUG oslo_concurrency.processutils [None req-b4d7e53a-bc74-4495-ac70-79440c9eabc2 tempest-TaggedAttachmentsTest-1797975208 None] CMD "/opt/stack/data/venv/bin/python3.12 -m oslo_concurrency.prlimit --as=1073741824 --cpu=60 -- sudo cinder-rootwrap /etc/cinder/rootwrap.conf env LC_ALL=C qemu-img info -f qcow2 --output=json --force-share /opt/stack/data/cinder/mnt/d90def05935bcdc5070626ae5be9165f/volume-7a7c81b4-4baa-4aa3-a0a1-34929c8e783f" returned: 0 in 1.121s {{(pid=87251) execute /opt/stack/data/venv/lib/python3.12/site-packages/oslo_concurrency/processutils.py:468}}
Jul 07 17:24:17 devstack cinder-volume[87251]: DEBUG oslo_concurrency.processutils [None req-b4d7e53a-bc74-4495-ac70-79440c9eabc2 tempest-TaggedAttachmentsTest-1797975208 None] Running cmd (subprocess): sudo cinder-rootwrap /etc/cinder/rootwrap.conf rm -f /opt/stack/data/cinder/mnt/d90def05935bcdc5070626ae5be9165f/volume-7a7c81b4-4baa-4aa3-a0a1-34929c8e783f {{(pid=87251) execute /opt/stack/data/venv/lib/python3.12/site-packages/oslo_concurrency/processutils.py:440}}
Jul 07 17:24:17 devstack sudo[90780]: quobyte : PWD=/ ; USER=root ; COMMAND=/opt/stack/data/venv/bin/cinder-rootwrap /etc/cinder/rootwrap.conf rm -f /opt/stack/data/cinder/mnt/d90def05935bcdc5070626ae5be9165f/volume-7a7c81b4-4baa-4aa3-a0a1-34929c8e783f
Jul 07 17:24:17 devstack sudo[90780]: pam_unix(sudo:session): session opened for user root(uid=0) by (uid=1000)
Jul 07 17:24:17 devstack cinder-volume[87251]: DEBUG cinder.volume.manager [None req-b53f9347-8e32-43aa-9ae6-6bc386707bef tempest-AttachVolumeNegativeTest-242484348 None] Task 'cinder.volume.flows.manager.create_volume.ExtractVolumeRefTask;volume:create' (942c10f8-c4b5-4534-a8d6-1c07a40129ce) transitioned into state 'SUCCESS' from state 'RUNNING' with result 'Volume(_name_id=None,admin_metadata=,attach_status='detached',availability_zone='nova',bootable=False,cluster=,cluster_name=None,consistencygroup=,consistencygroup_id=None,created_at=2026-07-07T15:24:17Z,deleted=False,deleted_at=None,display_description=None,display_name='tempest-AttachVolumeNegativeTest-volume-2118095707',ec2_id=None,encryption_key_id=None,glance_metadata=,group=,group_id=None,host='devstack@QuobyteHD#QuobyteHD',id=ad865b85-0de7-41bc-9cc4-73079565b23a,launched_at=None,metadata={},migration_status=None,multiattach=False,previous_status=None,project_id='362643cf32954bc3ac25fc3ac59a817d',provider_auth=None,provider_geometry=None,provider_id=None,provider_location=None,replication_driver_data=None,replication_extended_status=None,replication_status=None,scheduled_at=2026-07-07T15:24:17Z,service_uuid=None,shared_targets=True,size=1,snapshot_id=None,snapshots=,source_volid=None,status='creating',terminated_at=None,updated_at=2026-07-07T15:24:17Z,use_quota=True,user_id='741899cff3ba48939c1ebc8adc60efa6',volume_attachment=VolumeAttachmentList,volume_type=VolumeType(f23a80ee-35b7-4f12-b907-6e90c270e782),volume_type_id=f23a80ee-35b7-4f12-b907-6e90c270e782)' {{(pid=87251) _task_receiver /opt/stack/data/venv/lib/python3.12/site-packages/taskflow/listeners/logging.py:218}}
Jul 07 17:24:17 devstack cinder-volume[87251]: DEBUG cinder.volume.manager [None req-b53f9347-8e32-43aa-9ae6-6bc386707bef tempest-AttachVolumeNegativeTest-242484348 None] Task 'cinder.volume.flows.manager.create_volume.OnFailureRescheduleTask;volume:create' (6b31845f-4949-46a0-a5d0-6dfd56277b60) transitioned into state 'RUNNING' from state 'PENDING' {{(pid=87251) _task_receiver /opt/stack/data/venv/lib/python3.12/site-packages/taskflow/listeners/logging.py:242}}
Jul 07 17:24:17 devstack cinder-volume[87251]: DEBUG cinder.volume.manager [None req-b53f9347-8e32-43aa-9ae6-6bc386707bef tempest-AttachVolumeNegativeTest-242484348 None] Task 'cinder.volume.flows.manager.create_volume.OnFailureRescheduleTask;volume:create' (6b31845f-4949-46a0-a5d0-6dfd56277b60) transitioned into state 'SUCCESS' from state 'RUNNING' with result 'None' {{(pid=87251) _task_receiver /opt/stack/data/venv/lib/python3.12/site-packages/taskflow/listeners/logging.py:218}}
Jul 07 17:24:17 devstack cinder-volume[87251]: DEBUG cinder.volume.manager [None req-b53f9347-8e32-43aa-9ae6-6bc386707bef tempest-AttachVolumeNegativeTest-242484348 None] Task 'cinder.volume.flows.manager.create_volume.ExtractVolumeSpecTask;volume:create' (4c42dadf-299b-4df3-83ab-21787fb6ec98) transitioned into state 'RUNNING' from state 'PENDING' {{(pid=87251) _task_receiver /opt/stack/data/venv/lib/python3.12/site-packages/taskflow/listeners/logging.py:242}}
Jul 07 17:24:17 devstack cinder-volume[87251]: DEBUG cinder.volume.manager [None req-b53f9347-8e32-43aa-9ae6-6bc386707bef tempest-AttachVolumeNegativeTest-242484348 None] Task 'cinder.volume.flows.manager.create_volume.ExtractVolumeSpecTask;volume:create' (4c42dadf-299b-4df3-83ab-21787fb6ec98) transitioned into state 'SUCCESS' from state 'RUNNING' with result '{'status': 'creating', 'type': 'raw', 'volume_id': 'ad865b85-0de7-41bc-9cc4-73079565b23a', 'volume_name': 'volume-ad865b85-0de7-41bc-9cc4-73079565b23a', 'volume_size': 1}' {{(pid=87251) _task_receiver /opt/stack/data/venv/lib/python3.12/site-packages/taskflow/listeners/logging.py:218}}
Jul 07 17:24:17 devstack cinder-volume[87251]: DEBUG cinder.volume.manager [None req-b53f9347-8e32-43aa-9ae6-6bc386707bef tempest-AttachVolumeNegativeTest-242484348 None] Task 'cinder.volume.flows.manager.create_volume.NotifyVolumeActionTask;volume:create, create.start' (fb38cbfb-4127-4616-ae50-7f0cc062c052) transitioned into state 'RUNNING' from state 'PENDING' {{(pid=87251) _task_receiver /opt/stack/data/venv/lib/python3.12/site-packages/taskflow/listeners/logging.py:242}}
Jul 07 17:24:17 devstack cinder-volume[87251]: DEBUG cinder.volume.manager [None req-b53f9347-8e32-43aa-9ae6-6bc386707bef tempest-AttachVolumeNegativeTest-242484348 None] Task 'cinder.volume.flows.manager.create_volume.NotifyVolumeActionTask;volume:create, create.start' (fb38cbfb-4127-4616-ae50-7f0cc062c052) transitioned into state 'SUCCESS' from state 'RUNNING' with result 'None' {{(pid=87251) _task_receiver /opt/stack/data/venv/lib/python3.12/site-packages/taskflow/listeners/logging.py:218}}
Jul 07 17:24:17 devstack cinder-volume[87251]: DEBUG cinder.volume.manager [None req-b53f9347-8e32-43aa-9ae6-6bc386707bef tempest-AttachVolumeNegativeTest-242484348 None] Task 'cinder.volume.flows.manager.create_volume.CreateVolumeFromSpecTask;volume:create' (8c2cc225-0ec7-46ad-80ec-0a24d4e69daa) transitioned into state 'RUNNING' from state 'PENDING' {{(pid=87251) _task_receiver /opt/stack/data/venv/lib/python3.12/site-packages/taskflow/listeners/logging.py:242}}
Jul 07 17:24:17 devstack cinder-volume[87251]: INFO cinder.volume.flows.manager.create_volume [None req-b53f9347-8e32-43aa-9ae6-6bc386707bef tempest-AttachVolumeNegativeTest-242484348 None] Volume ad865b85-0de7-41bc-9cc4-73079565b23a: being created as raw with specification: {'status': 'creating', 'volume_name': 'volume-ad865b85-0de7-41bc-9cc4-73079565b23a', 'volume_size': 1}
Jul 07 17:24:17 devstack cinder-volume[87251]: DEBUG oslo_concurrency.lockutils [None req-b53f9347-8e32-43aa-9ae6-6bc386707bef tempest-AttachVolumeNegativeTest-242484348 None] Acquiring lock "quobyte" by "cinder.volume.drivers.quobyte.QuobyteDriver.create_volume" {{(pid=87251) inner /opt/stack/data/venv/lib/python3.12/site-packages/oslo_concurrency/lockutils.py:511}}
Jul 07 17:24:17 devstack cinder-volume[87251]: DEBUG oslo_concurrency.lockutils [None req-b53f9347-8e32-43aa-9ae6-6bc386707bef tempest-AttachVolumeNegativeTest-242484348 None] Lock "quobyte" acquired by "cinder.volume.drivers.quobyte.QuobyteDriver.create_volume" :: waited 0.000s {{(pid=87251) inner /opt/stack/data/venv/lib/python3.12/site-packages/oslo_concurrency/lockutils.py:524}}
Jul 07 17:24:17 devstack cinder-volume[87251]: DEBUG cinder.volume.drivers.quobyte [None req-b53f9347-8e32-43aa-9ae6-6bc386707bef tempest-AttachVolumeNegativeTest-242484348 None] ==> create_volume: call "{'self': , 'volume': Volume(_name_id=None,admin_metadata=,attach_status='detached',availability_zone='nova',bootable=False,cluster=,cluster_name=None,consistencygroup=,consistencygroup_id=None,created_at=2026-07-07T15:24:17Z,deleted=False,deleted_at=None,display_description=None,display_name='tempest-AttachVolumeNegativeTest-volume-2118095707',ec2_id=None,encryption_key_id=None,glance_metadata=,group=,group_id=None,host='devstack@QuobyteHD#QuobyteHD',id=ad865b85-0de7-41bc-9cc4-73079565b23a,launched_at=None,metadata={},migration_status=None,multiattach=False,previous_status=None,project_id='362643cf32954bc3ac25fc3ac59a817d',provider_auth=None,provider_geometry=None,provider_id=None,provider_location=None,replication_driver_data=None,replication_extended_status=None,replication_status=None,scheduled_at=2026-07-07T15:24:17Z,service_uuid=None,shared_targets=True,size=1,snapshot_id=None,snapshots=,source_volid=None,status='creating',terminated_at=None,updated_at=2026-07-07T15:24:17Z,use_quota=True,user_id='741899cff3ba48939c1ebc8adc60efa6',volume_attachment=VolumeAttachmentList,volume_type=VolumeType(f23a80ee-35b7-4f12-b907-6e90c270e782),volume_type_id=f23a80ee-35b7-4f12-b907-6e90c270e782)}" {{(pid=87251) trace_logging_wrapper /opt/stack/cinder/cinder/volume/volume_utils.py:1497}}
Jul 07 17:24:17 devstack cinder-volume[87251]: DEBUG cinder.volume.drivers.remotefs [None req-b53f9347-8e32-43aa-9ae6-6bc386707bef tempest-AttachVolumeNegativeTest-242484348 None] Creating volume ad865b85-0de7-41bc-9cc4-73079565b23a {{(pid=87251) create_volume /opt/stack/cinder/cinder/volume/drivers/remotefs.py:292}}
Jul 07 17:24:17 devstack cinder-volume[87251]: DEBUG oslo_concurrency.lockutils [None req-b53f9347-8e32-43aa-9ae6-6bc386707bef tempest-AttachVolumeNegativeTest-242484348 None] Acquiring lock "quobyte_ensure" by "cinder.volume.drivers.quobyte.QuobyteDriver._ensure_shares_mounted" {{(pid=87251) inner /opt/stack/data/venv/lib/python3.12/site-packages/oslo_concurrency/lockutils.py:511}}
Jul 07 17:24:17 devstack cinder-volume[87251]: DEBUG oslo_concurrency.lockutils [None req-b53f9347-8e32-43aa-9ae6-6bc386707bef tempest-AttachVolumeNegativeTest-242484348 None] Lock "quobyte_ensure" acquired by "cinder.volume.drivers.quobyte.QuobyteDriver._ensure_shares_mounted" :: waited 0.000s {{(pid=87251) inner /opt/stack/data/venv/lib/python3.12/site-packages/oslo_concurrency/lockutils.py:524}}
Jul 07 17:24:17 devstack cinder-volume[87251]: DEBUG cinder.volume.drivers.quobyte [None req-b53f9347-8e32-43aa-9ae6-6bc386707bef tempest-AttachVolumeNegativeTest-242484348 None] Quobyte Volume URL set to: {'osci02.corp.quobyte.com/cinder-vol-94bb6557-a919-4c29-a2b6-21d59480a070': None} {{(pid=87251) _load_shares_config /opt/stack/cinder/cinder/volume/drivers/quobyte.py:617}}
Jul 07 17:24:17 devstack cinder-volume[87251]: DEBUG cinder.volume.drivers.quobyte [None req-b53f9347-8e32-43aa-9ae6-6bc386707bef tempest-AttachVolumeNegativeTest-242484348 None] Available shares ['osci02.corp.quobyte.com/cinder-vol-94bb6557-a919-4c29-a2b6-21d59480a070'] {{(pid=87251) _ensure_shares_mounted /opt/stack/cinder/cinder/volume/drivers/quobyte.py:647}}
Jul 07 17:24:17 devstack cinder-volume[87251]: DEBUG oslo_concurrency.lockutils [None req-b53f9347-8e32-43aa-9ae6-6bc386707bef tempest-AttachVolumeNegativeTest-242484348 None] Lock "quobyte_ensure" "released" by "cinder.volume.drivers.quobyte.QuobyteDriver._ensure_shares_mounted" :: held 0.010s {{(pid=87251) inner /opt/stack/data/venv/lib/python3.12/site-packages/oslo_concurrency/lockutils.py:543}}
Jul 07 17:24:17 devstack cinder-volume[87251]: DEBUG cinder.volume.drivers.quobyte [None req-b53f9347-8e32-43aa-9ae6-6bc386707bef tempest-AttachVolumeNegativeTest-242484348 None] Selected osci02.corp.quobyte.com/cinder-vol-94bb6557-a919-4c29-a2b6-21d59480a070 as target Quobyte volume. {{(pid=87251) _find_share /opt/stack/cinder/cinder/volume/drivers/quobyte.py:668}}
Jul 07 17:24:17 devstack cinder-volume[87251]: INFO cinder.volume.drivers.remotefs [None req-b53f9347-8e32-43aa-9ae6-6bc386707bef tempest-AttachVolumeNegativeTest-242484348 None] casted to osci02.corp.quobyte.com/cinder-vol-94bb6557-a919-4c29-a2b6-21d59480a070
Jul 07 17:24:17 devstack cinder-volume[87251]: DEBUG oslo_concurrency.processutils [None req-b53f9347-8e32-43aa-9ae6-6bc386707bef tempest-AttachVolumeNegativeTest-242484348 None] Running cmd (subprocess): sudo cinder-rootwrap /etc/cinder/rootwrap.conf qemu-img create -f qcow2 -o preallocation=metadata /opt/stack/data/cinder/mnt/d90def05935bcdc5070626ae5be9165f/volume-ad865b85-0de7-41bc-9cc4-73079565b23a 1073741824 {{(pid=87251) execute /opt/stack/data/venv/lib/python3.12/site-packages/oslo_concurrency/processutils.py:440}}
Jul 07 17:24:17 devstack sudo[90782]: quobyte : PWD=/ ; USER=root ; COMMAND=/opt/stack/data/venv/bin/cinder-rootwrap /etc/cinder/rootwrap.conf qemu-img create -f qcow2 -o preallocation=metadata /opt/stack/data/cinder/mnt/d90def05935bcdc5070626ae5be9165f/volume-ad865b85-0de7-41bc-9cc4-73079565b23a 1073741824
Jul 07 17:24:17 devstack sudo[90782]: pam_unix(sudo:session): session opened for user root(uid=0) by (uid=1000)
Jul 07 17:24:17 devstack sudo[90774]: pam_unix(sudo:session): session closed for user root
Jul 07 17:24:17 devstack cinder-volume[87251]: DEBUG oslo_concurrency.processutils [None req-b6b3f26b-6951-4d17-b5de-364d095cb8f6 tempest-GroupSnapshotsTest-449809021 None] CMD "/opt/stack/data/venv/bin/python3.12 -m oslo_concurrency.prlimit --as=1073741824 --cpu=60 -- sudo cinder-rootwrap /etc/cinder/rootwrap.conf env LC_ALL=C qemu-img info -f qcow2 --output=json --force-share /opt/stack/data/cinder/mnt/d90def05935bcdc5070626ae5be9165f/volume-1ec5ebbf-274b-4d13-a5ed-0e62145994b8.0676e79e-9172-4bf1-938b-13fdea1ed3bb" returned: 0 in 1.168s {{(pid=87251) execute /opt/stack/data/venv/lib/python3.12/site-packages/oslo_concurrency/processutils.py:468}}
Jul 07 17:24:17 devstack cinder-volume[87251]: DEBUG cinder.volume.drivers.remotefs [None req-b6b3f26b-6951-4d17-b5de-364d095cb8f6 tempest-GroupSnapshotsTest-449809021 None] Fetching qemu-img info with special backing_file_template: (/opt/stack/data/cinder/mnt/[0-9a-f]+/)?(volume-1ec5ebbf-274b-4d13-a5ed-0e62145994b8(.(tmp-snap-)?[0-9a-f-]+)?|volume_from_snapshot_cache/(tmp-snap-)?[0-9a-f-]+(.(child-|parent-)[0-9a-f-]+)?)$ {{(pid=87251) _qemu_img_info_base /opt/stack/cinder/cinder/volume/drivers/remotefs.py:896}}
Jul 07 17:24:17 devstack cinder-volume[87251]: DEBUG oslo.privsep.daemon [-] privsep: reply[ff9e30b8-8361-4b7d-9c8f-fe468c952e13]: (4, 'qcow2') {{(pid=88195) _call_back /opt/stack/data/venv/lib/python3.12/site-packages/oslo_privsep/daemon.py:580}}
Jul 07 17:24:17 devstack cinder-volume[87251]: DEBUG oslo_concurrency.processutils [None req-b6b3f26b-6951-4d17-b5de-364d095cb8f6 tempest-GroupSnapshotsTest-449809021 None] Running cmd (subprocess): /opt/stack/data/venv/bin/python3.12 -m oslo_concurrency.prlimit --as=1073741824 --cpu=60 -- sudo cinder-rootwrap /etc/cinder/rootwrap.conf env LC_ALL=C qemu-img info -f qcow2 --output=json --force-share /opt/stack/data/cinder/mnt/d90def05935bcdc5070626ae5be9165f/volume-1ec5ebbf-274b-4d13-a5ed-0e62145994b8 {{(pid=87251) execute /opt/stack/data/venv/lib/python3.12/site-packages/oslo_concurrency/processutils.py:440}}
Jul 07 17:24:17 devstack sudo[90787]: quobyte : PWD=/ ; USER=root ; COMMAND=/opt/stack/data/venv/bin/cinder-rootwrap /etc/cinder/rootwrap.conf env LC_ALL=C qemu-img info -f qcow2 --output=json --force-share /opt/stack/data/cinder/mnt/d90def05935bcdc5070626ae5be9165f/volume-1ec5ebbf-274b-4d13-a5ed-0e62145994b8
Jul 07 17:24:17 devstack sudo[90787]: pam_unix(sudo:session): session opened for user root(uid=0) by (uid=1000)
Jul 07 17:24:18 devstack sudo[90780]: pam_unix(sudo:session): session closed for user root
Jul 07 17:24:18 devstack cinder-volume[87251]: DEBUG oslo_concurrency.processutils [None req-b4d7e53a-bc74-4495-ac70-79440c9eabc2 tempest-TaggedAttachmentsTest-1797975208 None] CMD "sudo cinder-rootwrap /etc/cinder/rootwrap.conf rm -f /opt/stack/data/cinder/mnt/d90def05935bcdc5070626ae5be9165f/volume-7a7c81b4-4baa-4aa3-a0a1-34929c8e783f" returned: 0 in 0.977s {{(pid=87251) execute /opt/stack/data/venv/lib/python3.12/site-packages/oslo_concurrency/processutils.py:468}}
Jul 07 17:24:18 devstack cinder-volume[87251]: DEBUG cinder.coordination [None req-b4d7e53a-bc74-4495-ac70-79440c9eabc2 tempest-TaggedAttachmentsTest-1797975208 None] Lock "cinder-quobyte-7a7c81b4-4baa-4aa3-a0a1-34929c8e783f" released by "delete_volume" :: held 2.171s {{(pid=87251) __release /opt/stack/cinder/cinder/coordination.py:152}}
