Aug 26 16:59:04 devstack devstack@g-api.service[83930]: DEBUG glance.common.config [None req-1e63f4d4-fdfb-4f1d-b52a-27cfe1afbff9 None None] barbican_service_user.cafile = None {{(pid=83930) log_opt_values /opt/stack/data/venv/lib/python3.12/site-packages/oslo_config/cfg.py:3560}}
Aug 26 16:59:04 devstack devstack@g-api.service[83930]: DEBUG glance.common.config [None req-1e63f4d4-fdfb-4f1d-b52a-27cfe1afbff9 None None] barbican_service_user.certfile = None {{(pid=83930) log_opt_values /opt/stack/data/venv/lib/python3.12/site-packages/oslo_config/cfg.py:3560}}
Aug 26 16:59:04 devstack devstack@g-api.service[83930]: DEBUG glance.common.config [None req-1e63f4d4-fdfb-4f1d-b52a-27cfe1afbff9 None None] barbican_service_user.collect_timing = False {{(pid=83930) log_opt_values /opt/stack/data/venv/lib/python3.12/site-packages/oslo_config/cfg.py:3560}}
Aug 26 16:59:04 devstack devstack@g-api.service[83930]: DEBUG glance.common.config [None req-1e63f4d4-fdfb-4f1d-b52a-27cfe1afbff9 None None] barbican_service_user.insecure = False {{(pid=83930) log_opt_values /opt/stack/data/venv/lib/python3.12/site-packages/oslo_config/cfg.py:3560}}
Aug 26 16:59:04 devstack devstack@g-api.service[83930]: DEBUG glance.common.config [None req-1e63f4d4-fdfb-4f1d-b52a-27cfe1afbff9 None None] barbican_service_user.keyfile = None {{(pid=83930) log_opt_values /opt/stack/data/venv/lib/python3.12/site-packages/oslo_config/cfg.py:3560}}
Aug 26 16:59:04 devstack devstack@g-api.service[83930]: DEBUG glance.common.config [None req-1e63f4d4-fdfb-4f1d-b52a-27cfe1afbff9 None None] barbican_service_user.split_loggers = False {{(pid=83930) log_opt_values /opt/stack/data/venv/lib/python3.12/site-packages/oslo_config/cfg.py:3560}}
Aug 26 16:59:04 devstack devstack@g-api.service[83930]: DEBUG glance.common.config [None req-1e63f4d4-fdfb-4f1d-b52a-27cfe1afbff9 None None] barbican_service_user.timeout = None {{(pid=83930) log_opt_values /opt/stack/data/venv/lib/python3.12/site-packages/oslo_config/cfg.py:3560}}
Aug 26 16:59:04 devstack devstack@g-api.service[83930]: DEBUG glance.common.config [None req-1e63f4d4-fdfb-4f1d-b52a-27cfe1afbff9 None None] database.asyncio_connection = **** {{(pid=83930) log_opt_values /opt/stack/data/venv/lib/python3.12/site-packages/oslo_config/cfg.py:3560}}
Aug 26 16:59:04 devstack devstack@g-api.service[83930]: DEBUG glance.common.config [None req-1e63f4d4-fdfb-4f1d-b52a-27cfe1afbff9 None None] database.asyncio_slave_connection = **** {{(pid=83930) log_opt_values /opt/stack/data/venv/lib/python3.12/site-packages/oslo_config/cfg.py:3560}}
Aug 26 16:59:04 devstack devstack@g-api.service[83930]: DEBUG glance.common.config [None req-1e63f4d4-fdfb-4f1d-b52a-27cfe1afbff9 None None] database.backend = sqlalchemy {{(pid=83930) log_opt_values /opt/stack/data/venv/lib/python3.12/site-packages/oslo_config/cfg.py:3560}}
Aug 26 16:59:04 devstack devstack@g-api.service[83930]: DEBUG glance.common.config [None req-1e63f4d4-fdfb-4f1d-b52a-27cfe1afbff9 None None] database.connection = **** {{(pid=83930) log_opt_values /opt/stack/data/venv/lib/python3.12/site-packages/oslo_config/cfg.py:3560}}
Aug 26 16:59:04 devstack devstack@g-api.service[83930]: DEBUG glance.common.config [None req-1e63f4d4-fdfb-4f1d-b52a-27cfe1afbff9 None None] database.connection_debug = 0 {{(pid=83930) log_opt_values /opt/stack/data/venv/lib/python3.12/site-packages/oslo_config/cfg.py:3560}}
Aug 26 16:59:04 devstack devstack@g-api.service[83930]: DEBUG glance.common.config [None req-1e63f4d4-fdfb-4f1d-b52a-27cfe1afbff9 None None] database.connection_parameters = {{(pid=83930) log_opt_values /opt/stack/data/venv/lib/python3.12/site-packages/oslo_config/cfg.py:3560}}
Aug 26 16:59:04 devstack devstack@g-api.service[83930]: DEBUG glance.common.config [None req-1e63f4d4-fdfb-4f1d-b52a-27cfe1afbff9 None None] database.connection_recycle_time = 3600 {{(pid=83930) log_opt_values /opt/stack/data/venv/lib/python3.12/site-packages/oslo_config/cfg.py:3560}}
Aug 26 16:59:04 devstack devstack@g-api.service[83930]: DEBUG glance.common.config [None req-1e63f4d4-fdfb-4f1d-b52a-27cfe1afbff9 None None] database.connection_trace = False {{(pid=83930) log_opt_values /opt/stack/data/venv/lib/python3.12/site-packages/oslo_config/cfg.py:3560}}
Aug 26 16:59:04 devstack devstack@g-api.service[83930]: DEBUG glance.common.config [None req-1e63f4d4-fdfb-4f1d-b52a-27cfe1afbff9 None None] database.db_inc_retry_interval = True {{(pid=83930) log_opt_values /opt/stack/data/venv/lib/python3.12/site-packages/oslo_config/cfg.py:3560}}
Aug 26 16:59:04 devstack devstack@g-api.service[83930]: DEBUG glance.common.config [None req-1e63f4d4-fdfb-4f1d-b52a-27cfe1afbff9 None None] database.db_max_retries = 20 {{(pid=83930) log_opt_values /opt/stack/data/venv/lib/python3.12/site-packages/oslo_config/cfg.py:3560}}
Aug 26 16:59:04 devstack devstack@g-api.service[83930]: DEBUG glance.common.config [None req-1e63f4d4-fdfb-4f1d-b52a-27cfe1afbff9 None None] database.db_max_retry_interval = 10 {{(pid=83930) log_opt_values /opt/stack/data/venv/lib/python3.12/site-packages/oslo_config/cfg.py:3560}}
Aug 26 16:59:04 devstack devstack@g-api.service[83930]: DEBUG glance.common.config [None req-1e63f4d4-fdfb-4f1d-b52a-27cfe1afbff9 None None] database.db_retry_interval = 1 {{(pid=83930) log_opt_values /opt/stack/data/venv/lib/python3.12/site-packages/oslo_config/cfg.py:3560}}
Aug 26 16:59:04 devstack devstack@g-api.service[83930]: DEBUG glance.common.config [None req-1e63f4d4-fdfb-4f1d-b52a-27cfe1afbff9 None None] database.max_overflow = 50 {{(pid=83930) log_opt_values /opt/stack/data/venv/lib/python3.12/site-packages/oslo_config/cfg.py:3560}}
Aug 26 16:59:04 devstack devstack@g-api.service[83930]: DEBUG glance.common.config [None req-1e63f4d4-fdfb-4f1d-b52a-27cfe1afbff9 None None] database.max_pool_size = 5 {{(pid=83930) log_opt_values /opt/stack/data/venv/lib/python3.12/site-packages/oslo_config/cfg.py:3560}}
Aug 26 16:59:04 devstack devstack@g-api.service[83930]: DEBUG glance.common.config [None req-1e63f4d4-fdfb-4f1d-b52a-27cfe1afbff9 None None] database.max_retries = 10 {{(pid=83930) log_opt_values /opt/stack/data/venv/lib/python3.12/site-packages/oslo_config/cfg.py:3560}}
Aug 26 16:59:04 devstack devstack@g-api.service[83930]: DEBUG glance.common.config [None req-1e63f4d4-fdfb-4f1d-b52a-27cfe1afbff9 None None] database.mysql_sql_mode = TRADITIONAL {{(pid=83930) log_opt_values /opt/stack/data/venv/lib/python3.12/site-packages/oslo_config/cfg.py:3560}}
Aug 26 16:59:04 devstack devstack@g-api.service[83930]: DEBUG glance.common.config [None req-1e63f4d4-fdfb-4f1d-b52a-27cfe1afbff9 None None] database.mysql_wsrep_sync_wait = None {{(pid=83930) log_opt_values /opt/stack/data/venv/lib/python3.12/site-packages/oslo_config/cfg.py:3560}}
Aug 26 16:59:04 devstack devstack@g-api.service[83930]: DEBUG glance.common.config [None req-1e63f4d4-fdfb-4f1d-b52a-27cfe1afbff9 None None] database.pool_timeout = None {{(pid=83930) log_opt_values /opt/stack/data/venv/lib/python3.12/site-packages/oslo_config/cfg.py:3560}}
Aug 26 16:59:04 devstack devstack@g-api.service[83930]: DEBUG glance.common.config [None req-1e63f4d4-fdfb-4f1d-b52a-27cfe1afbff9 None None] database.retry_interval = 10 {{(pid=83930) log_opt_values /opt/stack/data/venv/lib/python3.12/site-packages/oslo_config/cfg.py:3560}}
Aug 26 16:59:04 devstack devstack@g-api.service[83930]: DEBUG glance.common.config [None req-1e63f4d4-fdfb-4f1d-b52a-27cfe1afbff9 None None] database.slave_connection = **** {{(pid=83930) log_opt_values /opt/stack/data/venv/lib/python3.12/site-packages/oslo_config/cfg.py:3560}}
Aug 26 16:59:04 devstack devstack@g-api.service[83930]: DEBUG glance.common.config [None req-1e63f4d4-fdfb-4f1d-b52a-27cfe1afbff9 None None] database.sqlite_synchronous = True {{(pid=83930) log_opt_values /opt/stack/data/venv/lib/python3.12/site-packages/oslo_config/cfg.py:3560}}
Aug 26 16:59:04 devstack devstack@g-api.service[83930]: DEBUG glance.common.config [None req-1e63f4d4-fdfb-4f1d-b52a-27cfe1afbff9 None None] database.synchronous_reader = True {{(pid=83930) log_opt_values /opt/stack/data/venv/lib/python3.12/site-packages/oslo_config/cfg.py:3560}}
Aug 26 16:59:04 devstack devstack@g-api.service[83930]: DEBUG glance.common.config [None req-1e63f4d4-fdfb-4f1d-b52a-27cfe1afbff9 None None] database.use_db_reconnect = False {{(pid=83930) log_opt_values /opt/stack/data/venv/lib/python3.12/site-packages/oslo_config/cfg.py:3560}}
Aug 26 16:59:04 devstack devstack@g-api.service[83930]: DEBUG glance.common.config [None req-1e63f4d4-fdfb-4f1d-b52a-27cfe1afbff9 None None] healthcheck.allowed_source_ranges = [] {{(pid=83930) log_opt_values /opt/stack/data/venv/lib/python3.12/site-packages/oslo_config/cfg.py:3560}}
Aug 26 16:59:04 devstack devstack@g-api.service[83930]: DEBUG glance.common.config [None req-1e63f4d4-fdfb-4f1d-b52a-27cfe1afbff9 None None] healthcheck.backends = ['disable_by_file'] {{(pid=83930) log_opt_values /opt/stack/data/venv/lib/python3.12/site-packages/oslo_config/cfg.py:3560}}
Aug 26 16:59:04 devstack devstack@g-api.service[83930]: DEBUG glance.common.config [None req-1e63f4d4-fdfb-4f1d-b52a-27cfe1afbff9 None None] healthcheck.detailed = False {{(pid=83930) log_opt_values /opt/stack/data/venv/lib/python3.12/site-packages/oslo_config/cfg.py:3560}}
Aug 26 16:59:04 devstack devstack@g-api.service[83930]: DEBUG glance.common.config [None req-1e63f4d4-fdfb-4f1d-b52a-27cfe1afbff9 None None] healthcheck.disable_by_file_path = None {{(pid=83930) log_opt_values /opt/stack/data/venv/lib/python3.12/site-packages/oslo_config/cfg.py:3560}}
Aug 26 16:59:04 devstack devstack@g-api.service[83930]: DEBUG glance.common.config [None req-1e63f4d4-fdfb-4f1d-b52a-27cfe1afbff9 None None] healthcheck.ignore_proxied_requests = False {{(pid=83930) log_opt_values /opt/stack/data/venv/lib/python3.12/site-packages/oslo_config/cfg.py:3560}}
Aug 26 16:59:04 devstack devstack@g-api.service[83930]: DEBUG glance.common.config [None req-1e63f4d4-fdfb-4f1d-b52a-27cfe1afbff9 None None] ******************************************************************************** {{(pid=83930) log_opt_values /opt/stack/data/venv/lib/python3.12/site-packages/oslo_config/cfg.py:3567}}
Aug 26 16:59:04 devstack devstack@g-api.service[83930]: WSGI app 0 (mountpoint='') ready in 5 seconds on interpreter 0x7223756a4668 pid: 83930 (default app)
Aug 26 16:59:08 devstack devstack@g-api.service[83929]: DEBUG glance.api.middleware.version_negotiation [None req-0aeeb458-11a6-4478-9db1-6ba8b42b2a66 None None] Determining version of request: GET / Accept: application/json {{(pid=83929) process_request /opt/stack/glance/glance/api/middleware/version_negotiation.py:44}}
Aug 26 16:59:08 devstack devstack@g-api.service[83929]: DEBUG glance.api.middleware.version_negotiation [None req-0aeeb458-11a6-4478-9db1-6ba8b42b2a66 None None] Using url versioning {{(pid=83929) process_request /opt/stack/glance/glance/api/middleware/version_negotiation.py:57}}
Aug 26 16:59:08 devstack devstack@g-api.service[83929]: DEBUG glance.api.middleware.version_negotiation [None req-0aeeb458-11a6-4478-9db1-6ba8b42b2a66 None None] Unknown version. Returning version choices. {{(pid=83929) process_request /opt/stack/glance/glance/api/middleware/version_negotiation.py:64}}
Aug 26 16:59:08 devstack devstack@g-api.service[83929]: [pid: 83929|app: 0|req: 2/2] 127.0.0.1 () {34 vars in 516 bytes} [Wed Aug 26 16:59:08 2026] GET / => generated 1557 bytes in 2 msecs (HTTP/1.1 300) 3 headers in 106 bytes (1 switches on core 0)
Aug 26 16:59:08 devstack devstack@g-api.service[83930]: DEBUG glance.api.middleware.version_negotiation [None req-1e63f4d4-fdfb-4f1d-b52a-27cfe1afbff9 None None] Determining version of request: POST /v2/images Accept: */* {{(pid=83930) process_request /opt/stack/glance/glance/api/middleware/version_negotiation.py:44}}
Aug 26 16:59:08 devstack devstack@g-api.service[83930]: DEBUG glance.api.middleware.version_negotiation [None req-1e63f4d4-fdfb-4f1d-b52a-27cfe1afbff9 None None] Using url versioning {{(pid=83930) process_request /opt/stack/glance/glance/api/middleware/version_negotiation.py:57}}
Aug 26 16:59:08 devstack devstack@g-api.service[83930]: DEBUG glance.api.middleware.version_negotiation [None req-1e63f4d4-fdfb-4f1d-b52a-27cfe1afbff9 None None] Matched version: v2 {{(pid=83930) process_request /opt/stack/glance/glance/api/middleware/version_negotiation.py:69}}
Aug 26 16:59:08 devstack devstack@g-api.service[83930]: DEBUG glance.api.middleware.version_negotiation [None req-1e63f4d4-fdfb-4f1d-b52a-27cfe1afbff9 None None] new path /v2/images {{(pid=83930) process_request /opt/stack/glance/glance/api/middleware/version_negotiation.py:70}}
Aug 26 16:59:09 devstack devstack@g-api.service[83930]: [pid: 83930|app: 0|req: 1/3] 127.0.0.1 () {40 vars in 779 bytes} [Wed Aug 26 16:59:08 2026] POST /v2/images => generated 807 bytes in 1142 msecs (HTTP/1.1 201) 6 headers in 314 bytes (1 switches on core 0)
Aug 26 16:59:09 devstack devstack@g-api.service[83929]: DEBUG glance.api.middleware.version_negotiation [None req-0aeeb458-11a6-4478-9db1-6ba8b42b2a66 None None] Determining version of request: PUT /v2/images/b24297bc-5b4d-44da-a168-9014960429c1/file Accept: {{(pid=83929) process_request /opt/stack/glance/glance/api/middleware/version_negotiation.py:44}}
Aug 26 16:59:09 devstack devstack@g-api.service[83929]: DEBUG glance.api.middleware.version_negotiation [None req-0aeeb458-11a6-4478-9db1-6ba8b42b2a66 None None] Using url versioning {{(pid=83929) process_request /opt/stack/glance/glance/api/middleware/version_negotiation.py:57}}
Aug 26 16:59:09 devstack devstack@g-api.service[83929]: DEBUG glance.api.middleware.version_negotiation [None req-0aeeb458-11a6-4478-9db1-6ba8b42b2a66 None None] Matched version: v2 {{(pid=83929) process_request /opt/stack/glance/glance/api/middleware/version_negotiation.py:69}}
Aug 26 16:59:09 devstack devstack@g-api.service[83929]: DEBUG glance.api.middleware.version_negotiation [None req-0aeeb458-11a6-4478-9db1-6ba8b42b2a66 None None] new path /v2/images/b24297bc-5b4d-44da-a168-9014960429c1/file {{(pid=83929) process_request /opt/stack/glance/glance/api/middleware/version_negotiation.py:70}}
Aug 26 16:59:10 devstack devstack@g-api.service[83929]: INFO glance.api.v2.image_data [None req-1ef401d8-3331-4be1-87dd-7cf2caf6ec0e admin admin] Unable to create trust: no such option collect_timing in group [keystone_authtoken] Use the existing user token.
Aug 26 16:59:10 devstack devstack@g-api.service[83929]: DEBUG glance.location [None req-1ef401d8-3331-4be1-87dd-7cf2caf6ec0e admin admin] Enabling in-flight format inspection for qcow2 {{(pid=83929) set_data /opt/stack/glance/glance/location.py:596}}
Aug 26 16:59:10 devstack devstack@g-api.service[83929]: DEBUG oslo_utils.imageutils.format_inspector [None req-1ef401d8-3331-4be1-87dd-7cf2caf6ec0e admin admin] Format inspector for vmdk does not match, excluding from consideration (Signature KDMV not found: b'QFI\xfb') {{(pid=83929) _process_chunk /opt/stack/data/venv/lib/python3.12/site-packages/oslo_utils/imageutils/format_inspector.py:1758}}
Aug 26 16:59:10 devstack devstack@g-api.service[83929]: DEBUG oslo_utils.imageutils.format_inspector [None req-1ef401d8-3331-4be1-87dd-7cf2caf6ec0e admin admin] Format inspector for vhdx does not match, excluding from consideration (Region signature not found at 30000) {{(pid=83929) _process_chunk /opt/stack/data/venv/lib/python3.12/site-packages/oslo_utils/imageutils/format_inspector.py:1758}}
Aug 26 16:59:11 devstack devstack@g-api.service[83929]: DEBUG glance_store._drivers.filesystem [None req-1ef401d8-3331-4be1-87dd-7cf2caf6ec0e admin admin] Wrote 21692416 bytes to /opt/stack/data/glance/images/b24297bc-5b4d-44da-a168-9014960429c1 with checksum 87617e24a5e30cb3b87fda8c0764838f and multihash 9a9bce0083a00939ec17c11febbfc767aa211aaa54f51e75c5a8b271a9b5637c77205a518b7a2007cb391d23cceb01e0e4e8d64832317151bc85b734b92a7be0 {{(pid=83929) add /opt/stack/data/venv/lib/python3.12/site-packages/glance_store/_drivers/filesystem.py:899}}
Aug 26 16:59:11 devstack devstack@g-api.service[83929]: INFO glance.location [None req-1ef401d8-3331-4be1-87dd-7cf2caf6ec0e admin admin] Image format matched and virtual size computed: 117440512
Aug 26 16:59:11 devstack devstack@g-api.service[83929]: DEBUG glance_store.backend [None req-1ef401d8-3331-4be1-87dd-7cf2caf6ec0e admin admin] Skipping store.set_acls... not implemented. {{(pid=83929) set_acls /opt/stack/data/venv/lib/python3.12/site-packages/glance_store/backend.py:507}}
Aug 26 16:59:11 devstack devstack@g-api.service[83929]: [pid: 83929|app: 0|req: 3/4] 127.0.0.1 () {42 vars in 911 bytes} [Wed Aug 26 16:59:09 2026] PUT /v2/images/b24297bc-5b4d-44da-a168-9014960429c1/file => generated 0 bytes in 1835 msecs (HTTP/1.1 204) 4 headers in 171 bytes (1 switches on core 0)
Aug 26 16:59:11 devstack devstack@g-api.service[83930]: DEBUG glance.api.middleware.version_negotiation [None req-0ebff210-71b3-4362-9e64-5f407235fbd8 admin admin] Determining version of request: GET /v2/images/b24297bc-5b4d-44da-a168-9014960429c1 Accept: */* {{(pid=83930) process_request /opt/stack/glance/glance/api/middleware/version_negotiation.py:44}}
Aug 26 16:59:11 devstack devstack@g-api.service[83930]: DEBUG glance.api.middleware.version_negotiation [None req-0ebff210-71b3-4362-9e64-5f407235fbd8 admin admin] Using url versioning {{(pid=83930) process_request /opt/stack/glance/glance/api/middleware/version_negotiation.py:57}}
Aug 26 16:59:11 devstack devstack@g-api.service[83930]: DEBUG glance.api.middleware.version_negotiation [None req-0ebff210-71b3-4362-9e64-5f407235fbd8 admin admin] Matched version: v2 {{(pid=83930) process_request /opt/stack/glance/glance/api/middleware/version_negotiation.py:69}}
Aug 26 16:59:11 devstack devstack@g-api.service[83930]: DEBUG glance.api.middleware.version_negotiation [None req-0ebff210-71b3-4362-9e64-5f407235fbd8 admin admin] new path /v2/images/b24297bc-5b4d-44da-a168-9014960429c1 {{(pid=83930) process_request /opt/stack/glance/glance/api/middleware/version_negotiation.py:70}}
Aug 26 16:59:11 devstack devstack@g-api.service[83930]: [pid: 83930|app: 0|req: 2/5] 127.0.0.1 () {36 vars in 799 bytes} [Wed Aug 26 16:59:11 2026] GET /v2/images/b24297bc-5b4d-44da-a168-9014960429c1 => generated 976 bytes in 21 msecs (HTTP/1.1 200) 4 headers in 157 bytes (1 switches on core 0)
Aug 26 16:59:21 devstack devstack@g-api.service[83929]: DEBUG dbcounter [-] [83929] Writing DB stats glance:INSERT=5,glance:SELECT=16,glance:UPDATE=2 {{(pid=83929) stat_writer /opt/stack/data/venv/lib/python3.12/site-packages/dbcounter.py:115}}
Aug 26 16:59:21 devstack devstack@g-api.service[83930]: DEBUG dbcounter [-] [83930] Writing DB stats glance:INSERT=9,glance:SELECT=6 {{(pid=83930) stat_writer /opt/stack/data/venv/lib/python3.12/site-packages/dbcounter.py:115}}
Aug 26 16:59:52 devstack devstack@g-api.service[83929]: DEBUG glance.api.middleware.version_negotiation [None req-1ef401d8-3331-4be1-87dd-7cf2caf6ec0e admin admin] Determining version of request: GET / Accept: application/json {{(pid=83929) process_request /opt/stack/glance/glance/api/middleware/version_negotiation.py:44}}
Aug 26 16:59:52 devstack devstack@g-api.service[83929]: DEBUG glance.api.middleware.version_negotiation [None req-1ef401d8-3331-4be1-87dd-7cf2caf6ec0e admin admin] Using url versioning {{(pid=83929) process_request /opt/stack/glance/glance/api/middleware/version_negotiation.py:57}}
Aug 26 16:59:52 devstack devstack@g-api.service[83929]: DEBUG glance.api.middleware.version_negotiation [None req-1ef401d8-3331-4be1-87dd-7cf2caf6ec0e admin admin] Unknown version. Returning version choices. {{(pid=83929) process_request /opt/stack/glance/glance/api/middleware/version_negotiation.py:64}}
Aug 26 16:59:52 devstack devstack@g-api.service[83929]: [pid: 83929|app: 0|req: 4/6] 127.0.0.1 () {34 vars in 516 bytes} [Wed Aug 26 16:59:52 2026] GET / => generated 1557 bytes in 3 msecs (HTTP/1.1 300) 3 headers in 106 bytes (1 switches on core 0)
Aug 26 16:59:52 devstack devstack@g-api.service[83930]: DEBUG glance.api.middleware.version_negotiation [None req-efeb9d36-f597-4ae6-ae22-82fc0de72943 admin admin] Determining version of request: GET /v2/images Accept: application/json {{(pid=83930) process_request /opt/stack/glance/glance/api/middleware/version_negotiation.py:44}}
Aug 26 16:59:52 devstack devstack@g-api.service[83930]: DEBUG glance.api.middleware.version_negotiation [None req-efeb9d36-f597-4ae6-ae22-82fc0de72943 admin admin] Using url versioning {{(pid=83930) process_request /opt/stack/glance/glance/api/middleware/version_negotiation.py:57}}
Aug 26 16:59:52 devstack devstack@g-api.service[83930]: DEBUG glance.api.middleware.version_negotiation [None req-efeb9d36-f597-4ae6-ae22-82fc0de72943 admin admin] Matched version: v2 {{(pid=83930) process_request /opt/stack/glance/glance/api/middleware/version_negotiation.py:69}}
Aug 26 16:59:52 devstack devstack@g-api.service[83930]: DEBUG glance.api.middleware.version_negotiation [None req-efeb9d36-f597-4ae6-ae22-82fc0de72943 admin admin] new path /v2/images {{(pid=83930) process_request /opt/stack/glance/glance/api/middleware/version_negotiation.py:70}}
Aug 26 16:59:52 devstack devstack@g-api.service[83930]: [pid: 83930|app: 0|req: 3/7] 127.0.0.1 () {36 vars in 738 bytes} [Wed Aug 26 16:59:52 2026] GET /v2/images => generated 1045 bytes in 94 msecs (HTTP/1.1 200) 4 headers in 158 bytes (1 switches on core 0)
Aug 26 17:00:01 devstack devstack@g-api.service[83929]: DEBUG glance.api.middleware.version_negotiation [None req-1ef401d8-3331-4be1-87dd-7cf2caf6ec0e admin admin] Determining version of request: GET / Accept: application/json {{(pid=83929) process_request /opt/stack/glance/glance/api/middleware/version_negotiation.py:44}}
Aug 26 17:00:01 devstack devstack@g-api.service[83929]: DEBUG glance.api.middleware.version_negotiation [None req-1ef401d8-3331-4be1-87dd-7cf2caf6ec0e admin admin] Using url versioning {{(pid=83929) process_request /opt/stack/glance/glance/api/middleware/version_negotiation.py:57}}
Aug 26 17:00:01 devstack devstack@g-api.service[83929]: DEBUG glance.api.middleware.version_negotiation [None req-1ef401d8-3331-4be1-87dd-7cf2caf6ec0e admin admin] Unknown version. Returning version choices. {{(pid=83929) process_request /opt/stack/glance/glance/api/middleware/version_negotiation.py:64}}
Aug 26 17:00:01 devstack devstack@g-api.service[83929]: [pid: 83929|app: 0|req: 5/8] 127.0.0.1 () {34 vars in 516 bytes} [Wed Aug 26 17:00:01 2026] GET / => generated 1557 bytes in 2 msecs (HTTP/1.1 300) 3 headers in 106 bytes (1 switches on core 0)
Aug 26 17:00:01 devstack devstack@g-api.service[83930]: DEBUG glance.api.middleware.version_negotiation [None req-78f0ed98-e161-4375-8194-fd68f69821da admin admin] Determining version of request: GET /v2/images/b24297bc-5b4d-44da-a168-9014960429c1 Accept: */* {{(pid=83930) process_request /opt/stack/glance/glance/api/middleware/version_negotiation.py:44}}
Aug 26 17:00:01 devstack devstack@g-api.service[83930]: DEBUG glance.api.middleware.version_negotiation [None req-78f0ed98-e161-4375-8194-fd68f69821da admin admin] Using url versioning {{(pid=83930) process_request /opt/stack/glance/glance/api/middleware/version_negotiation.py:57}}
Aug 26 17:00:01 devstack devstack@g-api.service[83930]: DEBUG glance.api.middleware.version_negotiation [None req-78f0ed98-e161-4375-8194-fd68f69821da admin admin] Matched version: v2 {{(pid=83930) process_request /opt/stack/glance/glance/api/middleware/version_negotiation.py:69}}
Aug 26 17:00:01 devstack devstack@g-api.service[83930]: DEBUG glance.api.middleware.version_negotiation [None req-78f0ed98-e161-4375-8194-fd68f69821da admin admin] new path /v2/images/b24297bc-5b4d-44da-a168-9014960429c1 {{(pid=83930) process_request /opt/stack/glance/glance/api/middleware/version_negotiation.py:70}}
Aug 26 17:00:01 devstack devstack@g-api.service[83930]: [pid: 83930|app: 0|req: 4/9] 127.0.0.1 () {36 vars in 799 bytes} [Wed Aug 26 17:00:01 2026] GET /v2/images/b24297bc-5b4d-44da-a168-9014960429c1 => generated 976 bytes in 70 msecs (HTTP/1.1 200) 4 headers in 157 bytes (1 switches on core 0)
Aug 26 17:00:08 devstack devstack@g-api.service[83929]: DEBUG glance.api.middleware.version_negotiation [None req-1ef401d8-3331-4be1-87dd-7cf2caf6ec0e admin admin] Determining version of request: GET / Accept: application/json {{(pid=83929) process_request /opt/stack/glance/glance/api/middleware/version_negotiation.py:44}}
Aug 26 17:00:08 devstack devstack@g-api.service[83929]: DEBUG glance.api.middleware.version_negotiation [None req-1ef401d8-3331-4be1-87dd-7cf2caf6ec0e admin admin] Using url versioning {{(pid=83929) process_request /opt/stack/glance/glance/api/middleware/version_negotiation.py:57}}
Aug 26 17:00:08 devstack devstack@g-api.service[83929]: DEBUG glance.api.middleware.version_negotiation [None req-1ef401d8-3331-4be1-87dd-7cf2caf6ec0e admin admin] Unknown version. Returning version choices. {{(pid=83929) process_request /opt/stack/glance/glance/api/middleware/version_negotiation.py:64}}
Aug 26 17:00:08 devstack devstack@g-api.service[83929]: [pid: 83929|app: 0|req: 6/10] 127.0.0.1 () {34 vars in 516 bytes} [Wed Aug 26 17:00:08 2026] GET / => generated 1557 bytes in 2 msecs (HTTP/1.1 300) 3 headers in 106 bytes (1 switches on core 0)
Aug 26 17:00:08 devstack devstack@g-api.service[83930]: DEBUG glance.api.middleware.version_negotiation [None req-c5e706ca-1e76-47c7-9aec-9f1626ce6e57 admin admin] Determining version of request: GET /v2/images/b24297bc-5b4d-44da-a168-9014960429c1 Accept: */* {{(pid=83930) process_request /opt/stack/glance/glance/api/middleware/version_negotiation.py:44}}
Aug 26 17:00:08 devstack devstack@g-api.service[83930]: DEBUG glance.api.middleware.version_negotiation [None req-c5e706ca-1e76-47c7-9aec-9f1626ce6e57 admin admin] Using url versioning {{(pid=83930) process_request /opt/stack/glance/glance/api/middleware/version_negotiation.py:57}}
Aug 26 17:00:08 devstack devstack@g-api.service[83930]: DEBUG glance.api.middleware.version_negotiation [None req-c5e706ca-1e76-47c7-9aec-9f1626ce6e57 admin admin] Matched version: v2 {{(pid=83930) process_request /opt/stack/glance/glance/api/middleware/version_negotiation.py:69}}
Aug 26 17:00:08 devstack devstack@g-api.service[83930]: DEBUG glance.api.middleware.version_negotiation [None req-c5e706ca-1e76-47c7-9aec-9f1626ce6e57 admin admin] new path /v2/images/b24297bc-5b4d-44da-a168-9014960429c1 {{(pid=83930) process_request /opt/stack/glance/glance/api/middleware/version_negotiation.py:70}}
Aug 26 17:00:08 devstack devstack@g-api.service[83930]: [pid: 83930|app: 0|req: 5/11] 127.0.0.1 () {36 vars in 799 bytes} [Wed Aug 26 17:00:08 2026] GET /v2/images/b24297bc-5b4d-44da-a168-9014960429c1 => generated 976 bytes in 70 msecs (HTTP/1.1 200) 4 headers in 157 bytes (1 switches on core 0)
Aug 26 17:00:18 devstack devstack@g-api.service[83930]: DEBUG dbcounter [-] [83930] Writing DB stats glance:SELECT=5 {{(pid=83930) stat_writer /opt/stack/data/venv/lib/python3.12/site-packages/dbcounter.py:115}}
Aug 26 17:01:21 devstack devstack@g-api.service[83929]: DEBUG glance.api.middleware.version_negotiation [None req-1ef401d8-3331-4be1-87dd-7cf2caf6ec0e admin admin] Determining version of request: GET / Accept: application/json {{(pid=83929) process_request /opt/stack/glance/glance/api/middleware/version_negotiation.py:44}}
Aug 26 17:01:21 devstack devstack@g-api.service[83929]: DEBUG glance.api.middleware.version_negotiation [None req-1ef401d8-3331-4be1-87dd-7cf2caf6ec0e admin admin] Using url versioning {{(pid=83929) process_request /opt/stack/glance/glance/api/middleware/version_negotiation.py:57}}
Aug 26 17:01:21 devstack devstack@g-api.service[83929]: DEBUG glance.api.middleware.version_negotiation [None req-1ef401d8-3331-4be1-87dd-7cf2caf6ec0e admin admin] Unknown version. Returning version choices. {{(pid=83929) process_request /opt/stack/glance/glance/api/middleware/version_negotiation.py:64}}
Aug 26 17:01:21 devstack devstack@g-api.service[83929]: [pid: 83929|app: 0|req: 7/12] 127.0.0.1 () {36 vars in 485 bytes} [Wed Aug 26 17:01:21 2026] GET / => generated 1557 bytes in 2 msecs (HTTP/1.1 300) 3 headers in 106 bytes (1 switches on core 0)
Aug 26 17:04:05 devstack devstack@g-api.service[83930]: DEBUG glance.api.middleware.version_negotiation [None req-8edc4f58-c9ec-4214-aad2-d5754d05da2c admin admin] Determining version of request: GET / Accept: application/json {{(pid=83930) process_request /opt/stack/glance/glance/api/middleware/version_negotiation.py:44}}
Aug 26 17:04:05 devstack devstack@g-api.service[83930]: DEBUG glance.api.middleware.version_negotiation [None req-8edc4f58-c9ec-4214-aad2-d5754d05da2c admin admin] Using url versioning {{(pid=83930) process_request /opt/stack/glance/glance/api/middleware/version_negotiation.py:57}}
Aug 26 17:04:05 devstack devstack@g-api.service[83930]: DEBUG glance.api.middleware.version_negotiation [None req-8edc4f58-c9ec-4214-aad2-d5754d05da2c admin admin] Unknown version. Returning version choices. {{(pid=83930) process_request /opt/stack/glance/glance/api/middleware/version_negotiation.py:64}}
Aug 26 17:04:05 devstack devstack@g-api.service[83930]: [pid: 83930|app: 0|req: 6/13] 127.0.0.1 () {34 vars in 502 bytes} [Wed Aug 26 17:04:05 2026] GET / => generated 1557 bytes in 5 msecs (HTTP/1.1 300) 3 headers in 106 bytes (1 switches on core 0)
Aug 26 17:04:05 devstack devstack@g-api.service[83929]: DEBUG glance.api.middleware.version_negotiation [None req-1ef401d8-3331-4be1-87dd-7cf2caf6ec0e admin admin] Determining version of request: GET /v2/images/b24297bc-5b4d-44da-a168-9014960429c1 Accept: */* {{(pid=83929) process_request /opt/stack/glance/glance/api/middleware/version_negotiation.py:44}}
Aug 26 17:04:05 devstack devstack@g-api.service[83929]: DEBUG glance.api.middleware.version_negotiation [None req-1ef401d8-3331-4be1-87dd-7cf2caf6ec0e admin admin] Using url versioning {{(pid=83929) process_request /opt/stack/glance/glance/api/middleware/version_negotiation.py:57}}
Aug 26 17:04:05 devstack devstack@g-api.service[83929]: DEBUG glance.api.middleware.version_negotiation [None req-1ef401d8-3331-4be1-87dd-7cf2caf6ec0e admin admin] Matched version: v2 {{(pid=83929) process_request /opt/stack/glance/glance/api/middleware/version_negotiation.py:69}}
Aug 26 17:04:05 devstack devstack@g-api.service[83929]: DEBUG glance.api.middleware.version_negotiation [None req-1ef401d8-3331-4be1-87dd-7cf2caf6ec0e admin admin] new path /v2/images/b24297bc-5b4d-44da-a168-9014960429c1 {{(pid=83929) process_request /opt/stack/glance/glance/api/middleware/version_negotiation.py:70}}
Aug 26 17:04:05 devstack devstack@g-api.service[83929]: [pid: 83929|app: 0|req: 8/14] 127.0.0.1 () {42 vars in 1058 bytes} [Wed Aug 26 17:04:05 2026] GET /v2/images/b24297bc-5b4d-44da-a168-9014960429c1 => generated 976 bytes in 305 msecs (HTTP/1.1 200) 4 headers in 157 bytes (1 switches on core 0)
Aug 26 17:04:05 devstack devstack@g-api.service[83930]: DEBUG glance.api.middleware.version_negotiation [None req-8edc4f58-c9ec-4214-aad2-d5754d05da2c admin admin] Determining version of request: GET /v2/schemas/image Accept: */* {{(pid=83930) process_request /opt/stack/glance/glance/api/middleware/version_negotiation.py:44}}
Aug 26 17:04:05 devstack devstack@g-api.service[83930]: DEBUG glance.api.middleware.version_negotiation [None req-8edc4f58-c9ec-4214-aad2-d5754d05da2c admin admin] Using url versioning {{(pid=83930) process_request /opt/stack/glance/glance/api/middleware/version_negotiation.py:57}}
Aug 26 17:04:05 devstack devstack@g-api.service[83930]: DEBUG glance.api.middleware.version_negotiation [None req-8edc4f58-c9ec-4214-aad2-d5754d05da2c admin admin] Matched version: v2 {{(pid=83930) process_request /opt/stack/glance/glance/api/middleware/version_negotiation.py:69}}
Aug 26 17:04:05 devstack devstack@g-api.service[83930]: DEBUG glance.api.middleware.version_negotiation [None req-8edc4f58-c9ec-4214-aad2-d5754d05da2c admin admin] new path /v2/schemas/image {{(pid=83930) process_request /opt/stack/glance/glance/api/middleware/version_negotiation.py:70}}
Aug 26 17:04:05 devstack devstack@g-api.service[83930]: [pid: 83930|app: 0|req: 7/15] 127.0.0.1 () {42 vars in 998 bytes} [Wed Aug 26 17:04:05 2026] GET /v2/schemas/image => generated 6083 bytes in 15 msecs (HTTP/1.1 200) 4 headers in 158 bytes (1 switches on core 0)
Aug 26 17:04:09 devstack devstack@g-api.service[83929]: DEBUG glance.api.middleware.version_negotiation [None req-a21ce80c-a2f0-4d75-81ce-08aff71bbd81 tempest-DeleteServersTestJSON-247740993 tempest-DeleteServersTestJSON-247740993-project-member] Determining version of request: GET / Accept: application/json {{(pid=83929) process_request /opt/stack/glance/glance/api/middleware/version_negotiation.py:44}}
Aug 26 17:04:09 devstack devstack@g-api.service[83929]: DEBUG glance.api.middleware.version_negotiation [None req-a21ce80c-a2f0-4d75-81ce-08aff71bbd81 tempest-DeleteServersTestJSON-247740993 tempest-DeleteServersTestJSON-247740993-project-member] Using url versioning {{(pid=83929) process_request /opt/stack/glance/glance/api/middleware/version_negotiation.py:57}}
Aug 26 17:04:09 devstack devstack@g-api.service[83929]: DEBUG glance.api.middleware.version_negotiation [None req-a21ce80c-a2f0-4d75-81ce-08aff71bbd81 tempest-DeleteServersTestJSON-247740993 tempest-DeleteServersTestJSON-247740993-project-member] Unknown version. Returning version choices. {{(pid=83929) process_request /opt/stack/glance/glance/api/middleware/version_negotiation.py:64}}
Aug 26 17:04:09 devstack devstack@g-api.service[83929]: [pid: 83929|app: 0|req: 9/16] 127.0.0.1 () {34 vars in 502 bytes} [Wed Aug 26 17:04:09 2026] GET / => generated 1557 bytes in 4 msecs (HTTP/1.1 300) 3 headers in 106 bytes (1 switches on core 0)
Aug 26 17:04:09 devstack devstack@g-api.service[83930]: DEBUG glance.api.middleware.version_negotiation [None req-a21ce80c-a2f0-4d75-81ce-08aff71bbd81 tempest-DeleteServersTestJSON-247740993 tempest-DeleteServersTestJSON-247740993-project-member] Determining version of request: GET /v2/images/b24297bc-5b4d-44da-a168-9014960429c1 Accept: */* {{(pid=83930) process_request /opt/stack/glance/glance/api/middleware/version_negotiation.py:44}}
Aug 26 17:04:09 devstack devstack@g-api.service[83930]: DEBUG glance.api.middleware.version_negotiation [None req-a21ce80c-a2f0-4d75-81ce-08aff71bbd81 tempest-DeleteServersTestJSON-247740993 tempest-DeleteServersTestJSON-247740993-project-member] Using url versioning {{(pid=83930) process_request /opt/stack/glance/glance/api/middleware/version_negotiation.py:57}}
Aug 26 17:04:09 devstack devstack@g-api.service[83930]: DEBUG glance.api.middleware.version_negotiation [None req-a21ce80c-a2f0-4d75-81ce-08aff71bbd81 tempest-DeleteServersTestJSON-247740993 tempest-DeleteServersTestJSON-247740993-project-member] Matched version: v2 {{(pid=83930) process_request /opt/stack/glance/glance/api/middleware/version_negotiation.py:69}}
Aug 26 17:04:09 devstack devstack@g-api.service[83930]: DEBUG glance.api.middleware.version_negotiation [None req-a21ce80c-a2f0-4d75-81ce-08aff71bbd81 tempest-DeleteServersTestJSON-247740993 tempest-DeleteServersTestJSON-247740993-project-member] new path /v2/images/b24297bc-5b4d-44da-a168-9014960429c1 {{(pid=83930) process_request /opt/stack/glance/glance/api/middleware/version_negotiation.py:70}}
Aug 26 17:04:10 devstack devstack@g-api.service[83930]: [pid: 83930|app: 0|req: 8/17] 127.0.0.1 () {42 vars in 1058 bytes} [Wed Aug 26 17:04:09 2026] GET /v2/images/b24297bc-5b4d-44da-a168-9014960429c1 => generated 976 bytes in 404 msecs (HTTP/1.1 200) 4 headers in 157 bytes (1 switches on core 0)
Aug 26 17:04:10 devstack devstack@g-api.service[83929]: DEBUG glance.api.middleware.version_negotiation [None req-a21ce80c-a2f0-4d75-81ce-08aff71bbd81 tempest-DeleteServersTestJSON-247740993 tempest-DeleteServersTestJSON-247740993-project-member] Determining version of request: GET /v2/schemas/image Accept: */* {{(pid=83929) process_request /opt/stack/glance/glance/api/middleware/version_negotiation.py:44}}
Aug 26 17:04:10 devstack devstack@g-api.service[83929]: DEBUG glance.api.middleware.version_negotiation [None req-a21ce80c-a2f0-4d75-81ce-08aff71bbd81 tempest-DeleteServersTestJSON-247740993 tempest-DeleteServersTestJSON-247740993-project-member] Using url versioning {{(pid=83929) process_request /opt/stack/glance/glance/api/middleware/version_negotiation.py:57}}
Aug 26 17:04:10 devstack devstack@g-api.service[83929]: DEBUG glance.api.middleware.version_negotiation [None req-a21ce80c-a2f0-4d75-81ce-08aff71bbd81 tempest-DeleteServersTestJSON-247740993 tempest-DeleteServersTestJSON-247740993-project-member] Matched version: v2 {{(pid=83929) process_request /opt/stack/glance/glance/api/middleware/version_negotiation.py:69}}
Aug 26 17:04:10 devstack devstack@g-api.service[83929]: DEBUG glance.api.middleware.version_negotiation [None req-a21ce80c-a2f0-4d75-81ce-08aff71bbd81 tempest-DeleteServersTestJSON-247740993 tempest-DeleteServersTestJSON-247740993-project-member] new path /v2/schemas/image {{(pid=83929) process_request /opt/stack/glance/glance/api/middleware/version_negotiation.py:70}}
Aug 26 17:04:10 devstack devstack@g-api.service[83929]: [pid: 83929|app: 0|req: 10/18] 127.0.0.1 () {42 vars in 998 bytes} [Wed Aug 26 17:04:10 2026] GET /v2/schemas/image => generated 6083 bytes in 14 msecs (HTTP/1.1 200) 4 headers in 158 bytes (1 switches on core 0)
Aug 26 17:04:13 devstack devstack@g-api.service[83930]: DEBUG glance.api.middleware.version_negotiation [None req-84f80ca9-3aa1-44dd-8eb3-7ed4517fe5fe tempest-ServerRescueNegativeTestJSON-85723646 tempest-ServerRescueNegativeTestJSON-85723646-project-member] Determining version of request: GET /v2/images/b24297bc-5b4d-44da-a168-9014960429c1 Accept: */* {{(pid=83930) process_request /opt/stack/glance/glance/api/middleware/version_negotiation.py:44}}
Aug 26 17:04:13 devstack devstack@g-api.service[83930]: DEBUG glance.api.middleware.version_negotiation [None req-84f80ca9-3aa1-44dd-8eb3-7ed4517fe5fe tempest-ServerRescueNegativeTestJSON-85723646 tempest-ServerRescueNegativeTestJSON-85723646-project-member] Using url versioning {{(pid=83930) process_request /opt/stack/glance/glance/api/middleware/version_negotiation.py:57}}
Aug 26 17:04:13 devstack devstack@g-api.service[83930]: DEBUG glance.api.middleware.version_negotiation [None req-84f80ca9-3aa1-44dd-8eb3-7ed4517fe5fe tempest-ServerRescueNegativeTestJSON-85723646 tempest-ServerRescueNegativeTestJSON-85723646-project-member] Matched version: v2 {{(pid=83930) process_request /opt/stack/glance/glance/api/middleware/version_negotiation.py:69}}
Aug 26 17:04:13 devstack devstack@g-api.service[83930]: DEBUG glance.api.middleware.version_negotiation [None req-84f80ca9-3aa1-44dd-8eb3-7ed4517fe5fe tempest-ServerRescueNegativeTestJSON-85723646 tempest-ServerRescueNegativeTestJSON-85723646-project-member] new path /v2/images/b24297bc-5b4d-44da-a168-9014960429c1 {{(pid=83930) process_request /opt/stack/glance/glance/api/middleware/version_negotiation.py:70}}
Aug 26 17:04:13 devstack devstack@g-api.service[83930]: [pid: 83930|app: 0|req: 9/19] 127.0.0.1 () {42 vars in 1058 bytes} [Wed Aug 26 17:04:13 2026] GET /v2/images/b24297bc-5b4d-44da-a168-9014960429c1 => generated 976 bytes in 131 msecs (HTTP/1.1 200) 4 headers in 157 bytes (1 switches on core 0)
Aug 26 17:04:13 devstack devstack@g-api.service[83929]: DEBUG glance.api.middleware.version_negotiation [None req-84f80ca9-3aa1-44dd-8eb3-7ed4517fe5fe tempest-ServerRescueNegativeTestJSON-85723646 tempest-ServerRescueNegativeTestJSON-85723646-project-member] Determining version of request: GET /v2/images/b24297bc-5b4d-44da-a168-9014960429c1/file Accept: */* {{(pid=83929) process_request /opt/stack/glance/glance/api/middleware/version_negotiation.py:44}}
Aug 26 17:04:13 devstack devstack@g-api.service[83929]: DEBUG glance.api.middleware.version_negotiation [None req-84f80ca9-3aa1-44dd-8eb3-7ed4517fe5fe tempest-ServerRescueNegativeTestJSON-85723646 tempest-ServerRescueNegativeTestJSON-85723646-project-member] Using url versioning {{(pid=83929) process_request /opt/stack/glance/glance/api/middleware/version_negotiation.py:57}}
Aug 26 17:04:13 devstack devstack@g-api.service[83929]: DEBUG glance.api.middleware.version_negotiation [None req-84f80ca9-3aa1-44dd-8eb3-7ed4517fe5fe tempest-ServerRescueNegativeTestJSON-85723646 tempest-ServerRescueNegativeTestJSON-85723646-project-member] Matched version: v2 {{(pid=83929) process_request /opt/stack/glance/glance/api/middleware/version_negotiation.py:69}}
Aug 26 17:04:13 devstack devstack@g-api.service[83929]: DEBUG glance.api.middleware.version_negotiation [None req-84f80ca9-3aa1-44dd-8eb3-7ed4517fe5fe tempest-ServerRescueNegativeTestJSON-85723646 tempest-ServerRescueNegativeTestJSON-85723646-project-member] new path /v2/images/b24297bc-5b4d-44da-a168-9014960429c1/file {{(pid=83929) process_request /opt/stack/glance/glance/api/middleware/version_negotiation.py:70}}
Aug 26 17:04:13 devstack devstack@g-api.service[83929]: DEBUG glance_store._drivers.filesystem [None req-a21ce80c-a2f0-4d75-81ce-08aff71bbd81 tempest-DeleteServersTestJSON-247740993 tempest-DeleteServersTestJSON-247740993-project-member] Found image at /opt/stack/data/glance/images/b24297bc-5b4d-44da-a168-9014960429c1. Returning in ChunkedFile. {{(pid=83929) get /opt/stack/data/venv/lib/python3.12/site-packages/glance_store/_drivers/filesystem.py:724}}
Aug 26 17:04:13 devstack devstack@g-api.service[83929]: DEBUG glance.image_cache [None req-a21ce80c-a2f0-4d75-81ce-08aff71bbd81 tempest-DeleteServersTestJSON-247740993 tempest-DeleteServersTestJSON-247740993-project-member] Tee'ing image 'b24297bc-5b4d-44da-a168-9014960429c1' into cache {{(pid=83929) get_caching_iter /opt/stack/glance/glance/image_cache/__init__.py:356}}
Aug 26 17:04:13 devstack devstack@g-api.service[83929]: DEBUG glance.image_cache.drivers.centralized_db [None req-a21ce80c-a2f0-4d75-81ce-08aff71bbd81 tempest-DeleteServersTestJSON-247740993 tempest-DeleteServersTestJSON-247740993-project-member] Fetch finished, moving '/opt/stack/data/glance/cache/incomplete/b24297bc-5b4d-44da-a168-9014960429c1' to '/opt/stack/data/glance/cache/b24297bc-5b4d-44da-a168-9014960429c1' {{(pid=83929) commit /opt/stack/glance/glance/image_cache/drivers/centralized_db.py:243}}
Aug 26 17:04:13 devstack devstack@g-api.service[83929]: DEBUG glance.image_cache.drivers.centralized_db [None req-a21ce80c-a2f0-4d75-81ce-08aff71bbd81 tempest-DeleteServersTestJSON-247740993 tempest-DeleteServersTestJSON-247740993-project-member] Image cached successfully. {{(pid=83929) commit /opt/stack/glance/glance/image_cache/drivers/centralized_db.py:258}}
Aug 26 17:04:13 devstack devstack@g-api.service[83929]: [pid: 83929|app: 0|req: 11/20] 127.0.0.1 () {42 vars in 1068 bytes} [Wed Aug 26 17:04:13 2026] GET /v2/images/b24297bc-5b4d-44da-a168-9014960429c1/file => generated 21692416 bytes in 365 msecs (HTTP/1.1 200) 4 headers in 191 bytes (335 switches on core 0)
Aug 26 17:04:13 devstack devstack@g-api.service[83930]: DEBUG glance.api.middleware.version_negotiation [None req-a21ce80c-a2f0-4d75-81ce-08aff71bbd81 tempest-DeleteServersTestJSON-247740993 tempest-DeleteServersTestJSON-247740993-project-member] Determining version of request: GET /v2/images/b24297bc-5b4d-44da-a168-9014960429c1 Accept: */* {{(pid=83930) process_request /opt/stack/glance/glance/api/middleware/version_negotiation.py:44}}
Aug 26 17:04:13 devstack devstack@g-api.service[83930]: DEBUG glance.api.middleware.version_negotiation [None req-a21ce80c-a2f0-4d75-81ce-08aff71bbd81 tempest-DeleteServersTestJSON-247740993 tempest-DeleteServersTestJSON-247740993-project-member] Using url versioning {{(pid=83930) process_request /opt/stack/glance/glance/api/middleware/version_negotiation.py:57}}
Aug 26 17:04:13 devstack devstack@g-api.service[83930]: DEBUG glance.api.middleware.version_negotiation [None req-a21ce80c-a2f0-4d75-81ce-08aff71bbd81 tempest-DeleteServersTestJSON-247740993 tempest-DeleteServersTestJSON-247740993-project-member] Matched version: v2 {{(pid=83930) process_request /opt/stack/glance/glance/api/middleware/version_negotiation.py:69}}
Aug 26 17:04:13 devstack devstack@g-api.service[83930]: DEBUG glance.api.middleware.version_negotiation [None req-a21ce80c-a2f0-4d75-81ce-08aff71bbd81 tempest-DeleteServersTestJSON-247740993 tempest-DeleteServersTestJSON-247740993-project-member] new path /v2/images/b24297bc-5b4d-44da-a168-9014960429c1 {{(pid=83930) process_request /opt/stack/glance/glance/api/middleware/version_negotiation.py:70}}
Aug 26 17:04:13 devstack devstack@g-api.service[83930]: [pid: 83930|app: 0|req: 10/21] 127.0.0.1 () {42 vars in 1058 bytes} [Wed Aug 26 17:04:13 2026] GET /v2/images/b24297bc-5b4d-44da-a168-9014960429c1 => generated 976 bytes in 31 msecs (HTTP/1.1 200) 4 headers in 157 bytes (1 switches on core 0)
Aug 26 17:04:13 devstack devstack@g-api.service[83929]: DEBUG glance.api.middleware.version_negotiation [None req-a21ce80c-a2f0-4d75-81ce-08aff71bbd81 tempest-DeleteServersTestJSON-247740993 tempest-DeleteServersTestJSON-247740993-project-member] Determining version of request: GET /v2/schemas/image Accept: */* {{(pid=83929) process_request /opt/stack/glance/glance/api/middleware/version_negotiation.py:44}}
Aug 26 17:04:13 devstack devstack@g-api.service[83929]: DEBUG glance.api.middleware.version_negotiation [None req-a21ce80c-a2f0-4d75-81ce-08aff71bbd81 tempest-DeleteServersTestJSON-247740993 tempest-DeleteServersTestJSON-247740993-project-member] Using url versioning {{(pid=83929) process_request /opt/stack/glance/glance/api/middleware/version_negotiation.py:57}}
Aug 26 17:04:13 devstack devstack@g-api.service[83929]: DEBUG glance.api.middleware.version_negotiation [None req-a21ce80c-a2f0-4d75-81ce-08aff71bbd81 tempest-DeleteServersTestJSON-247740993 tempest-DeleteServersTestJSON-247740993-project-member] Matched version: v2 {{(pid=83929) process_request /opt/stack/glance/glance/api/middleware/version_negotiation.py:69}}
Aug 26 17:04:13 devstack devstack@g-api.service[83929]: DEBUG glance.api.middleware.version_negotiation [None req-a21ce80c-a2f0-4d75-81ce-08aff71bbd81 tempest-DeleteServersTestJSON-247740993 tempest-DeleteServersTestJSON-247740993-project-member] new path /v2/schemas/image {{(pid=83929) process_request /opt/stack/glance/glance/api/middleware/version_negotiation.py:70}}
Aug 26 17:04:14 devstack devstack@g-api.service[83929]: [pid: 83929|app: 0|req: 12/22] 127.0.0.1 () {42 vars in 998 bytes} [Wed Aug 26 17:04:13 2026] GET /v2/schemas/image => generated 6083 bytes in 9 msecs (HTTP/1.1 200) 4 headers in 158 bytes (1 switches on core 0)
Aug 26 17:04:22 devstack devstack@g-api.service[83930]: DEBUG glance.api.middleware.version_negotiation [None req-a21ce80c-a2f0-4d75-81ce-08aff71bbd81 tempest-DeleteServersTestJSON-247740993 tempest-DeleteServersTestJSON-247740993-project-member] Determining version of request: GET /v2/images/b24297bc-5b4d-44da-a168-9014960429c1 Accept: */* {{(pid=83930) process_request /opt/stack/glance/glance/api/middleware/version_negotiation.py:44}}
Aug 26 17:04:22 devstack devstack@g-api.service[83930]: DEBUG glance.api.middleware.version_negotiation [None req-a21ce80c-a2f0-4d75-81ce-08aff71bbd81 tempest-DeleteServersTestJSON-247740993 tempest-DeleteServersTestJSON-247740993-project-member] Using url versioning {{(pid=83930) process_request /opt/stack/glance/glance/api/middleware/version_negotiation.py:57}}
Aug 26 17:04:22 devstack devstack@g-api.service[83930]: DEBUG glance.api.middleware.version_negotiation [None req-a21ce80c-a2f0-4d75-81ce-08aff71bbd81 tempest-DeleteServersTestJSON-247740993 tempest-DeleteServersTestJSON-247740993-project-member] Matched version: v2 {{(pid=83930) process_request /opt/stack/glance/glance/api/middleware/version_negotiation.py:69}}
Aug 26 17:04:22 devstack devstack@g-api.service[83930]: DEBUG glance.api.middleware.version_negotiation [None req-a21ce80c-a2f0-4d75-81ce-08aff71bbd81 tempest-DeleteServersTestJSON-247740993 tempest-DeleteServersTestJSON-247740993-project-member] new path /v2/images/b24297bc-5b4d-44da-a168-9014960429c1 {{(pid=83930) process_request /opt/stack/glance/glance/api/middleware/version_negotiation.py:70}}
Aug 26 17:04:22 devstack devstack@g-api.service[83930]: [pid: 83930|app: 0|req: 11/23] 127.0.0.1 () {42 vars in 1058 bytes} [Wed Aug 26 17:04:22 2026] GET /v2/images/b24297bc-5b4d-44da-a168-9014960429c1 => generated 976 bytes in 58 msecs (HTTP/1.1 200) 4 headers in 157 bytes (1 switches on core 0)
Aug 26 17:04:22 devstack devstack@g-api.service[83929]: DEBUG glance.api.middleware.version_negotiation [None req-a21ce80c-a2f0-4d75-81ce-08aff71bbd81 tempest-DeleteServersTestJSON-247740993 tempest-DeleteServersTestJSON-247740993-project-member] Determining version of request: GET /v2/schemas/image Accept: */* {{(pid=83929) process_request /opt/stack/glance/glance/api/middleware/version_negotiation.py:44}}
Aug 26 17:04:22 devstack devstack@g-api.service[83929]: DEBUG glance.api.middleware.version_negotiation [None req-a21ce80c-a2f0-4d75-81ce-08aff71bbd81 tempest-DeleteServersTestJSON-247740993 tempest-DeleteServersTestJSON-247740993-project-member] Using url versioning {{(pid=83929) process_request /opt/stack/glance/glance/api/middleware/version_negotiation.py:57}}
Aug 26 17:04:22 devstack devstack@g-api.service[83929]: DEBUG glance.api.middleware.version_negotiation [None req-a21ce80c-a2f0-4d75-81ce-08aff71bbd81 tempest-DeleteServersTestJSON-247740993 tempest-DeleteServersTestJSON-247740993-project-member] Matched version: v2 {{(pid=83929) process_request /opt/stack/glance/glance/api/middleware/version_negotiation.py:69}}
