Jul 14 16:28:46 devstack cinder-volume[87166]: DEBUG oslo_concurrency.processutils [None req-49ff7fb8-c1b5-4cb0-a4bb-d182b39f326c tempest-GroupSnapshotsTest-1880376477 None] CMD "sudo cinder-rootwrap /etc/cinder/rootwrap.conf chmod ugo+rw /opt/stack/data/cinder/mnt/8c2fab1d64ee3983a76b2cb43191662c/volume-6d329737-20a7-45af-8dd3-28fa6339eec8.info" returned: 0 in 0.246s {{(pid=87166) execute /opt/stack/data/venv/lib/python3.12/site-packages/oslo_concurrency/processutils.py:468}}
Jul 14 16:28:46 devstack cinder-volume[87166]: DEBUG oslo_concurrency.lockutils [None req-49ff7fb8-c1b5-4cb0-a4bb-d182b39f326c tempest-GroupSnapshotsTest-1880376477 None] Lock "quobyte" "released" by "cinder.volume.drivers.quobyte.QuobyteDriver.create_snapshot" :: held 2.145s {{(pid=87166) inner /opt/stack/data/venv/lib/python3.12/site-packages/oslo_concurrency/lockutils.py:543}}
Jul 14 16:28:46 devstack cinder-volume[87166]: DEBUG cinder.quota [None req-f6426c4d-dbb1-4914-9c95-05c2b76b8924 tempest-VolumesSnapshotListTestJSON-857593009 None] Created reservations ['7da6d7db-4667-485d-b346-11f327ef37e3', '6ab444e6-e237-4f44-9cac-17c2153dcddc', '988c4ee9-47fc-4a3b-a155-83f85b4d4340', '341a9aff-1d2b-4bc3-8e86-db827ebfc583'] {{(pid=87166) reserve /opt/stack/cinder/cinder/quota.py:752}}
Jul 14 16:28:46 devstack cinder-volume[87166]: INFO cinder.volume.manager [None req-f6426c4d-dbb1-4914-9c95-05c2b76b8924 tempest-VolumesSnapshotListTestJSON-857593009 None] Delete snapshot completed successfully.
Jul 14 16:28:46 devstack cinder-volume[87166]: INFO cinder.volume.manager [None req-49ff7fb8-c1b5-4cb0-a4bb-d182b39f326c tempest-GroupSnapshotsTest-1880376477 None] group_snapshot b1ce61bc-ea2d-4832-920c-b16fd22392ca: created successfully
Jul 14 16:28:46 devstack cinder-volume[87166]: DEBUG cinder.coordination [None req-f6426c4d-dbb1-4914-9c95-05c2b76b8924 tempest-VolumesSnapshotListTestJSON-857593009 None] Lock "cinder-58a2dc54-bbef-47e3-8683-d762bba88090-delete_snapshot" released by "delete_snapshot" :: held 1.774s {{(pid=87166) __release /opt/stack/cinder/cinder/coordination.py:152}}
Jul 14 16:28:46 devstack cinder-volume[87166]: DEBUG cinder.coordination [None req-095a42a8-61a5-43bf-b4ea-c6b24ef7ea09 tempest-VolumesSnapshotListTestJSON-857593009 None] Acquiring lock "cinder-d7bd1186-6266-42ed-9569-4b9f4a034669-delete_volume" by "delete_volume" {{(pid=87166) __acquire /opt/stack/cinder/cinder/coordination.py:138}}
Jul 14 16:28:46 devstack cinder-volume[87166]: DEBUG cinder.coordination [None req-095a42a8-61a5-43bf-b4ea-c6b24ef7ea09 tempest-VolumesSnapshotListTestJSON-857593009 None] Lock "cinder-d7bd1186-6266-42ed-9569-4b9f4a034669-delete_volume" acquired by "delete_volume" :: waited 0.025s {{(pid=87166) __acquire /opt/stack/cinder/cinder/coordination.py:141}}
Jul 14 16:28:46 devstack cinder-volume[87166]: DEBUG cinder.coordination [None req-095a42a8-61a5-43bf-b4ea-c6b24ef7ea09 tempest-VolumesSnapshotListTestJSON-857593009 None] Acquiring lock "cinder-quobyte-d7bd1186-6266-42ed-9569-4b9f4a034669" by "delete_volume" {{(pid=87166) __acquire /opt/stack/cinder/cinder/coordination.py:138}}
Jul 14 16:28:46 devstack cinder-volume[87166]: DEBUG cinder.coordination [None req-095a42a8-61a5-43bf-b4ea-c6b24ef7ea09 tempest-VolumesSnapshotListTestJSON-857593009 None] Lock "cinder-quobyte-d7bd1186-6266-42ed-9569-4b9f4a034669" acquired by "delete_volume" :: waited 0.022s {{(pid=87166) __acquire /opt/stack/cinder/cinder/coordination.py:141}}
Jul 14 16:28:47 devstack cinder-volume[87166]: DEBUG oslo.privsep.daemon [-] privsep: reply[2338b6a6-3456-46d7-b65c-0e1a36964386]: (4, 'qcow2') {{(pid=87911) _call_back /opt/stack/data/venv/lib/python3.12/site-packages/oslo_privsep/daemon.py:580}}
Jul 14 16:28:47 devstack cinder-volume[87166]: DEBUG oslo_concurrency.processutils [None req-095a42a8-61a5-43bf-b4ea-c6b24ef7ea09 tempest-VolumesSnapshotListTestJSON-857593009 None] Running cmd (subprocess): /opt/stack/data/venv/bin/python3.12 -m oslo_concurrency.prlimit --as=1073741824 --cpu=60 -- sudo cinder-rootwrap /etc/cinder/rootwrap.conf env LC_ALL=C qemu-img info -f qcow2 --output=json --force-share /opt/stack/data/cinder/mnt/8c2fab1d64ee3983a76b2cb43191662c/volume-d7bd1186-6266-42ed-9569-4b9f4a034669 {{(pid=87166) execute /opt/stack/data/venv/lib/python3.12/site-packages/oslo_concurrency/processutils.py:440}}
Jul 14 16:28:47 devstack sudo[94765]: quobyte : PWD=/ ; USER=root ; COMMAND=/opt/stack/data/venv/bin/cinder-rootwrap /etc/cinder/rootwrap.conf env LC_ALL=C qemu-img info -f qcow2 --output=json --force-share /opt/stack/data/cinder/mnt/8c2fab1d64ee3983a76b2cb43191662c/volume-d7bd1186-6266-42ed-9569-4b9f4a034669
Jul 14 16:28:47 devstack sudo[94765]: pam_unix(sudo:session): session opened for user root(uid=0) by (uid=1000)
Jul 14 16:28:47 devstack cinder-volume[87166]: INFO cinder.volume.manager [None req-7e782cac-e31d-4bdc-a101-86ab8f36db5a tempest-GroupSnapshotsTest-1880376477 None] group_snapshot b1ce61bc-ea2d-4832-920c-b16fd22392ca: deleting
Jul 14 16:28:47 devstack sudo[94765]: pam_unix(sudo:session): session closed for user root
Jul 14 16:28:47 devstack cinder-volume[87166]: DEBUG oslo_concurrency.processutils [None req-095a42a8-61a5-43bf-b4ea-c6b24ef7ea09 tempest-VolumesSnapshotListTestJSON-857593009 None] CMD "/opt/stack/data/venv/bin/python3.12 -m oslo_concurrency.prlimit --as=1073741824 --cpu=60 -- sudo cinder-rootwrap /etc/cinder/rootwrap.conf env LC_ALL=C qemu-img info -f qcow2 --output=json --force-share /opt/stack/data/cinder/mnt/8c2fab1d64ee3983a76b2cb43191662c/volume-d7bd1186-6266-42ed-9569-4b9f4a034669" returned: 0 in 0.436s {{(pid=87166) execute /opt/stack/data/venv/lib/python3.12/site-packages/oslo_concurrency/processutils.py:468}}
Jul 14 16:28:47 devstack cinder-volume[87166]: DEBUG oslo_concurrency.processutils [None req-095a42a8-61a5-43bf-b4ea-c6b24ef7ea09 tempest-VolumesSnapshotListTestJSON-857593009 None] Running cmd (subprocess): sudo cinder-rootwrap /etc/cinder/rootwrap.conf rm -f /opt/stack/data/cinder/mnt/8c2fab1d64ee3983a76b2cb43191662c/volume-d7bd1186-6266-42ed-9569-4b9f4a034669 {{(pid=87166) execute /opt/stack/data/venv/lib/python3.12/site-packages/oslo_concurrency/processutils.py:440}}
Jul 14 16:28:47 devstack cinder-volume[87166]: DEBUG cinder.volume.manager [None req-7e782cac-e31d-4bdc-a101-86ab8f36db5a tempest-GroupSnapshotsTest-1880376477 None] group_snapshot b1ce61bc-ea2d-4832-920c-b16fd22392ca: deleting {{(pid=87166) delete_group_snapshot /opt/stack/cinder/cinder/volume/manager.py:4350}}
Jul 14 16:28:47 devstack sudo[94807]: quobyte : PWD=/ ; USER=root ; COMMAND=/opt/stack/data/venv/bin/cinder-rootwrap /etc/cinder/rootwrap.conf rm -f /opt/stack/data/cinder/mnt/8c2fab1d64ee3983a76b2cb43191662c/volume-d7bd1186-6266-42ed-9569-4b9f4a034669
Jul 14 16:28:47 devstack sudo[94807]: pam_unix(sudo:session): session opened for user root(uid=0) by (uid=1000)
Jul 14 16:28:47 devstack cinder-volume[87166]: DEBUG cinder.coordination [None req-7e782cac-e31d-4bdc-a101-86ab8f36db5a tempest-GroupSnapshotsTest-1880376477 None] Acquiring lock "cinder-quobyte-ec03e3d2-83ad-4f47-9bcd-c3df8a10a839" by "delete_snapshot" {{(pid=87166) __acquire /opt/stack/cinder/cinder/coordination.py:138}}
Jul 14 16:28:47 devstack cinder-volume[87166]: DEBUG cinder.coordination [None req-7e782cac-e31d-4bdc-a101-86ab8f36db5a tempest-GroupSnapshotsTest-1880376477 None] Lock "cinder-quobyte-ec03e3d2-83ad-4f47-9bcd-c3df8a10a839" acquired by "delete_snapshot" :: waited 0.043s {{(pid=87166) __acquire /opt/stack/cinder/cinder/coordination.py:141}}
Jul 14 16:28:47 devstack cinder-volume[87166]: DEBUG cinder.coordination [None req-7e782cac-e31d-4bdc-a101-86ab8f36db5a tempest-GroupSnapshotsTest-1880376477 None] Acquiring lock "cinder-quobyte-70a433f4-c89d-4ed6-bea0-48a5bb502a75" by "_delete_snapshot" {{(pid=87166) __acquire /opt/stack/cinder/cinder/coordination.py:138}}
Jul 14 16:28:47 devstack cinder-volume[87166]: DEBUG cinder.coordination [None req-7e782cac-e31d-4bdc-a101-86ab8f36db5a tempest-GroupSnapshotsTest-1880376477 None] Lock "cinder-quobyte-70a433f4-c89d-4ed6-bea0-48a5bb502a75" acquired by "_delete_snapshot" :: waited 0.025s {{(pid=87166) __acquire /opt/stack/cinder/cinder/coordination.py:141}}
Jul 14 16:28:47 devstack cinder-volume[87166]: DEBUG cinder.volume.drivers.remotefs [None req-7e782cac-e31d-4bdc-a101-86ab8f36db5a tempest-GroupSnapshotsTest-1880376477 None] Deleting offline snapshot 70a433f4-c89d-4ed6-bea0-48a5bb502a75 of volume ec03e3d2-83ad-4f47-9bcd-c3df8a10a839 {{(pid=87166) _delete_snapshot /opt/stack/cinder/cinder/volume/drivers/remotefs.py:1288}}
Jul 14 16:28:47 devstack cinder-volume[87166]: DEBUG cinder.volume.drivers.remotefs [None req-7e782cac-e31d-4bdc-a101-86ab8f36db5a tempest-GroupSnapshotsTest-1880376477 None] snapshot_file for this snap is: volume-ec03e3d2-83ad-4f47-9bcd-c3df8a10a839.70a433f4-c89d-4ed6-bea0-48a5bb502a75 {{(pid=87166) _delete_snapshot /opt/stack/cinder/cinder/volume/drivers/remotefs.py:1317}}
Jul 14 16:28:47 devstack cinder-volume[87166]: DEBUG oslo.privsep.daemon [-] privsep: reply[ca0118fb-91e9-459b-a8fb-3996c03bae16]: (4, 'qcow2') {{(pid=87911) _call_back /opt/stack/data/venv/lib/python3.12/site-packages/oslo_privsep/daemon.py:580}}
Jul 14 16:28:47 devstack cinder-volume[87166]: DEBUG oslo_concurrency.processutils [None req-7e782cac-e31d-4bdc-a101-86ab8f36db5a tempest-GroupSnapshotsTest-1880376477 None] Running cmd (subprocess): /opt/stack/data/venv/bin/python3.12 -m oslo_concurrency.prlimit --as=1073741824 --cpu=60 -- sudo cinder-rootwrap /etc/cinder/rootwrap.conf env LC_ALL=C qemu-img info -f qcow2 --output=json --force-share /opt/stack/data/cinder/mnt/8c2fab1d64ee3983a76b2cb43191662c/volume-ec03e3d2-83ad-4f47-9bcd-c3df8a10a839.70a433f4-c89d-4ed6-bea0-48a5bb502a75 {{(pid=87166) execute /opt/stack/data/venv/lib/python3.12/site-packages/oslo_concurrency/processutils.py:440}}
Jul 14 16:28:47 devstack sudo[94809]: quobyte : PWD=/ ; USER=root ; COMMAND=/opt/stack/data/venv/bin/cinder-rootwrap /etc/cinder/rootwrap.conf env LC_ALL=C qemu-img info -f qcow2 --output=json --force-share /opt/stack/data/cinder/mnt/8c2fab1d64ee3983a76b2cb43191662c/volume-ec03e3d2-83ad-4f47-9bcd-c3df8a10a839.70a433f4-c89d-4ed6-bea0-48a5bb502a75
Jul 14 16:28:47 devstack sudo[94809]: pam_unix(sudo:session): session opened for user root(uid=0) by (uid=1000)
Jul 14 16:28:47 devstack sudo[94807]: pam_unix(sudo:session): session closed for user root
Jul 14 16:28:47 devstack cinder-volume[87166]: DEBUG oslo_concurrency.processutils [None req-095a42a8-61a5-43bf-b4ea-c6b24ef7ea09 tempest-VolumesSnapshotListTestJSON-857593009 None] CMD "sudo cinder-rootwrap /etc/cinder/rootwrap.conf rm -f /opt/stack/data/cinder/mnt/8c2fab1d64ee3983a76b2cb43191662c/volume-d7bd1186-6266-42ed-9569-4b9f4a034669" returned: 0 in 0.361s {{(pid=87166) execute /opt/stack/data/venv/lib/python3.12/site-packages/oslo_concurrency/processutils.py:468}}
Jul 14 16:28:47 devstack cinder-volume[87166]: DEBUG cinder.coordination [None req-095a42a8-61a5-43bf-b4ea-c6b24ef7ea09 tempest-VolumesSnapshotListTestJSON-857593009 None] Lock "cinder-quobyte-d7bd1186-6266-42ed-9569-4b9f4a034669" released by "delete_volume" :: held 0.864s {{(pid=87166) __release /opt/stack/cinder/cinder/coordination.py:152}}
Jul 14 16:28:47 devstack cinder-volume[87166]: DEBUG cinder.quota [None req-095a42a8-61a5-43bf-b4ea-c6b24ef7ea09 tempest-VolumesSnapshotListTestJSON-857593009 None] Created reservations ['9b062d24-9445-4307-9368-bfc7f60bdbe5', '59d17b16-19ec-447a-a4ff-d8a3e155bbd8', '12211efd-3dac-4f10-946f-78ef079707dd', 'a2efef39-5b7e-4716-ae46-aa582f46e43a'] {{(pid=87166) reserve /opt/stack/cinder/cinder/quota.py:752}}
Jul 14 16:28:47 devstack cinder-volume[87166]: DEBUG oslo_concurrency.lockutils [None req-095a42a8-61a5-43bf-b4ea-c6b24ef7ea09 tempest-VolumesSnapshotListTestJSON-857593009 None] Acquiring lock "quobyte_ensure" by "cinder.volume.drivers.quobyte.QuobyteDriver._ensure_shares_mounted" {{(pid=87166) inner /opt/stack/data/venv/lib/python3.12/site-packages/oslo_concurrency/lockutils.py:511}}
Jul 14 16:28:47 devstack cinder-volume[87166]: DEBUG oslo_concurrency.lockutils [None req-095a42a8-61a5-43bf-b4ea-c6b24ef7ea09 tempest-VolumesSnapshotListTestJSON-857593009 None] Lock "quobyte_ensure" acquired by "cinder.volume.drivers.quobyte.QuobyteDriver._ensure_shares_mounted" :: waited 0.001s {{(pid=87166) inner /opt/stack/data/venv/lib/python3.12/site-packages/oslo_concurrency/lockutils.py:524}}
Jul 14 16:28:47 devstack cinder-volume[87166]: DEBUG cinder.volume.drivers.quobyte [None req-095a42a8-61a5-43bf-b4ea-c6b24ef7ea09 tempest-VolumesSnapshotListTestJSON-857593009 None] Quobyte Volume URL set to: {'osci02.corp.quobyte.com/cinder-vol-659a6477-ea7f-4604-8bc6-c6318e6af052': None} {{(pid=87166) _load_shares_config /opt/stack/cinder/cinder/volume/drivers/quobyte.py:617}}
Jul 14 16:28:47 devstack cinder-volume[87166]: DEBUG cinder.volume.drivers.quobyte [None req-095a42a8-61a5-43bf-b4ea-c6b24ef7ea09 tempest-VolumesSnapshotListTestJSON-857593009 None] Available shares ['osci02.corp.quobyte.com/cinder-vol-659a6477-ea7f-4604-8bc6-c6318e6af052'] {{(pid=87166) _ensure_shares_mounted /opt/stack/cinder/cinder/volume/drivers/quobyte.py:647}}
Jul 14 16:28:47 devstack cinder-volume[87166]: DEBUG oslo_concurrency.lockutils [None req-095a42a8-61a5-43bf-b4ea-c6b24ef7ea09 tempest-VolumesSnapshotListTestJSON-857593009 None] Lock "quobyte_ensure" "released" by "cinder.volume.drivers.quobyte.QuobyteDriver._ensure_shares_mounted" :: held 0.005s {{(pid=87166) inner /opt/stack/data/venv/lib/python3.12/site-packages/oslo_concurrency/lockutils.py:543}}
Jul 14 16:28:47 devstack cinder-volume[87166]: DEBUG oslo_concurrency.processutils [None req-095a42a8-61a5-43bf-b4ea-c6b24ef7ea09 tempest-VolumesSnapshotListTestJSON-857593009 None] Running cmd (subprocess): sudo cinder-rootwrap /etc/cinder/rootwrap.conf df --portability --block-size 1 /opt/stack/data/cinder/mnt/8c2fab1d64ee3983a76b2cb43191662c {{(pid=87166) execute /opt/stack/data/venv/lib/python3.12/site-packages/oslo_concurrency/processutils.py:440}}
Jul 14 16:28:47 devstack sudo[94812]: quobyte : PWD=/ ; USER=root ; COMMAND=/opt/stack/data/venv/bin/cinder-rootwrap /etc/cinder/rootwrap.conf df --portability --block-size 1 /opt/stack/data/cinder/mnt/8c2fab1d64ee3983a76b2cb43191662c
Jul 14 16:28:47 devstack sudo[94812]: pam_unix(sudo:session): session opened for user root(uid=0) by (uid=1000)
Jul 14 16:28:48 devstack sudo[94809]: pam_unix(sudo:session): session closed for user root
Jul 14 16:28:48 devstack cinder-volume[87166]: DEBUG oslo_concurrency.processutils [None req-7e782cac-e31d-4bdc-a101-86ab8f36db5a tempest-GroupSnapshotsTest-1880376477 None] CMD "/opt/stack/data/venv/bin/python3.12 -m oslo_concurrency.prlimit --as=1073741824 --cpu=60 -- sudo cinder-rootwrap /etc/cinder/rootwrap.conf env LC_ALL=C qemu-img info -f qcow2 --output=json --force-share /opt/stack/data/cinder/mnt/8c2fab1d64ee3983a76b2cb43191662c/volume-ec03e3d2-83ad-4f47-9bcd-c3df8a10a839.70a433f4-c89d-4ed6-bea0-48a5bb502a75" returned: 0 in 0.462s {{(pid=87166) execute /opt/stack/data/venv/lib/python3.12/site-packages/oslo_concurrency/processutils.py:468}}
Jul 14 16:28:48 devstack cinder-volume[87166]: DEBUG cinder.volume.drivers.remotefs [None req-7e782cac-e31d-4bdc-a101-86ab8f36db5a tempest-GroupSnapshotsTest-1880376477 None] Fetching qemu-img info with special backing_file_template: (/opt/stack/data/cinder/mnt/[0-9a-f]+/)?(volume-ec03e3d2-83ad-4f47-9bcd-c3df8a10a839(.(tmp-snap-)?[0-9a-f-]+)?|volume_from_snapshot_cache/(tmp-snap-)?[0-9a-f-]+(.(child-|parent-)[0-9a-f-]+)?)$ {{(pid=87166) _qemu_img_info_base /opt/stack/cinder/cinder/volume/drivers/remotefs.py:896}}
Jul 14 16:28:48 devstack cinder-volume[87166]: DEBUG oslo.privsep.daemon [-] privsep: reply[8b7e1ac8-9e17-4d48-94bf-f4f12ce5c4cf]: (4, 'qcow2') {{(pid=87911) _call_back /opt/stack/data/venv/lib/python3.12/site-packages/oslo_privsep/daemon.py:580}}
Jul 14 16:28:48 devstack cinder-volume[87166]: DEBUG oslo_concurrency.processutils [None req-7e782cac-e31d-4bdc-a101-86ab8f36db5a tempest-GroupSnapshotsTest-1880376477 None] Running cmd (subprocess): /opt/stack/data/venv/bin/python3.12 -m oslo_concurrency.prlimit --as=1073741824 --cpu=60 -- sudo cinder-rootwrap /etc/cinder/rootwrap.conf env LC_ALL=C qemu-img info -f qcow2 --output=json --force-share /opt/stack/data/cinder/mnt/8c2fab1d64ee3983a76b2cb43191662c/volume-ec03e3d2-83ad-4f47-9bcd-c3df8a10a839 {{(pid=87166) execute /opt/stack/data/venv/lib/python3.12/site-packages/oslo_concurrency/processutils.py:440}}
Jul 14 16:28:48 devstack sudo[94812]: pam_unix(sudo:session): session closed for user root
Jul 14 16:28:48 devstack cinder-volume[87166]: DEBUG oslo_concurrency.processutils [None req-095a42a8-61a5-43bf-b4ea-c6b24ef7ea09 tempest-VolumesSnapshotListTestJSON-857593009 None] CMD "sudo cinder-rootwrap /etc/cinder/rootwrap.conf df --portability --block-size 1 /opt/stack/data/cinder/mnt/8c2fab1d64ee3983a76b2cb43191662c" returned: 0 in 0.281s {{(pid=87166) execute /opt/stack/data/venv/lib/python3.12/site-packages/oslo_concurrency/processutils.py:468}}
Jul 14 16:28:48 devstack cinder-volume[87166]: DEBUG cinder.manager [None req-095a42a8-61a5-43bf-b4ea-c6b24ef7ea09 tempest-VolumesSnapshotListTestJSON-857593009 None] Notifying Schedulers of capabilities ... {{(pid=87166) _publish_service_capabilities /opt/stack/cinder/cinder/manager.py:219}}
Jul 14 16:28:48 devstack cinder-volume[87166]: INFO cinder.volume.manager [None req-095a42a8-61a5-43bf-b4ea-c6b24ef7ea09 tempest-VolumesSnapshotListTestJSON-857593009 None] Deleted volume successfully.
Jul 14 16:28:48 devstack sudo[94818]: quobyte : PWD=/ ; USER=root ; COMMAND=/opt/stack/data/venv/bin/cinder-rootwrap /etc/cinder/rootwrap.conf env LC_ALL=C qemu-img info -f qcow2 --output=json --force-share /opt/stack/data/cinder/mnt/8c2fab1d64ee3983a76b2cb43191662c/volume-ec03e3d2-83ad-4f47-9bcd-c3df8a10a839
Jul 14 16:28:48 devstack sudo[94818]: pam_unix(sudo:session): session opened for user root(uid=0) by (uid=1000)
Jul 14 16:28:48 devstack cinder-volume[87166]: DEBUG cinder.coordination [None req-095a42a8-61a5-43bf-b4ea-c6b24ef7ea09 tempest-VolumesSnapshotListTestJSON-857593009 None] Lock "cinder-d7bd1186-6266-42ed-9569-4b9f4a034669-delete_volume" released by "delete_volume" :: held 1.352s {{(pid=87166) __release /opt/stack/cinder/cinder/coordination.py:152}}
Jul 14 16:28:48 devstack sudo[94818]: pam_unix(sudo:session): session closed for user root
Jul 14 16:28:48 devstack cinder-volume[87166]: DEBUG oslo_concurrency.processutils [None req-7e782cac-e31d-4bdc-a101-86ab8f36db5a tempest-GroupSnapshotsTest-1880376477 None] CMD "/opt/stack/data/venv/bin/python3.12 -m oslo_concurrency.prlimit --as=1073741824 --cpu=60 -- sudo cinder-rootwrap /etc/cinder/rootwrap.conf env LC_ALL=C qemu-img info -f qcow2 --output=json --force-share /opt/stack/data/cinder/mnt/8c2fab1d64ee3983a76b2cb43191662c/volume-ec03e3d2-83ad-4f47-9bcd-c3df8a10a839" returned: 0 in 0.390s {{(pid=87166) execute /opt/stack/data/venv/lib/python3.12/site-packages/oslo_concurrency/processutils.py:468}}
Jul 14 16:28:48 devstack cinder-volume[87166]: DEBUG oslo_concurrency.processutils [None req-7e782cac-e31d-4bdc-a101-86ab8f36db5a tempest-GroupSnapshotsTest-1880376477 None] Running cmd (subprocess): sudo cinder-rootwrap /etc/cinder/rootwrap.conf qemu-img commit -d /opt/stack/data/cinder/mnt/8c2fab1d64ee3983a76b2cb43191662c/volume-ec03e3d2-83ad-4f47-9bcd-c3df8a10a839.70a433f4-c89d-4ed6-bea0-48a5bb502a75 {{(pid=87166) execute /opt/stack/data/venv/lib/python3.12/site-packages/oslo_concurrency/processutils.py:440}}
Jul 14 16:28:48 devstack sudo[94825]: quobyte : PWD=/ ; USER=root ; COMMAND=/opt/stack/data/venv/bin/cinder-rootwrap /etc/cinder/rootwrap.conf qemu-img commit -d /opt/stack/data/cinder/mnt/8c2fab1d64ee3983a76b2cb43191662c/volume-ec03e3d2-83ad-4f47-9bcd-c3df8a10a839.70a433f4-c89d-4ed6-bea0-48a5bb502a75
Jul 14 16:28:48 devstack sudo[94825]: pam_unix(sudo:session): session opened for user root(uid=0) by (uid=1000)
Jul 14 16:28:48 devstack sudo[94825]: pam_unix(sudo:session): session closed for user root
Jul 14 16:28:48 devstack cinder-volume[87166]: DEBUG oslo_concurrency.processutils [None req-7e782cac-e31d-4bdc-a101-86ab8f36db5a tempest-GroupSnapshotsTest-1880376477 None] CMD "sudo cinder-rootwrap /etc/cinder/rootwrap.conf qemu-img commit -d /opt/stack/data/cinder/mnt/8c2fab1d64ee3983a76b2cb43191662c/volume-ec03e3d2-83ad-4f47-9bcd-c3df8a10a839.70a433f4-c89d-4ed6-bea0-48a5bb502a75" returned: 0 in 0.369s {{(pid=87166) execute /opt/stack/data/venv/lib/python3.12/site-packages/oslo_concurrency/processutils.py:468}}
Jul 14 16:28:48 devstack cinder-volume[87166]: DEBUG oslo_concurrency.processutils [None req-7e782cac-e31d-4bdc-a101-86ab8f36db5a tempest-GroupSnapshotsTest-1880376477 None] Running cmd (subprocess): sudo cinder-rootwrap /etc/cinder/rootwrap.conf rm -f /opt/stack/data/cinder/mnt/8c2fab1d64ee3983a76b2cb43191662c/volume-ec03e3d2-83ad-4f47-9bcd-c3df8a10a839.70a433f4-c89d-4ed6-bea0-48a5bb502a75 {{(pid=87166) execute /opt/stack/data/venv/lib/python3.12/site-packages/oslo_concurrency/processutils.py:440}}
Jul 14 16:28:48 devstack sudo[94833]: quobyte : PWD=/ ; USER=root ; COMMAND=/opt/stack/data/venv/bin/cinder-rootwrap /etc/cinder/rootwrap.conf rm -f /opt/stack/data/cinder/mnt/8c2fab1d64ee3983a76b2cb43191662c/volume-ec03e3d2-83ad-4f47-9bcd-c3df8a10a839.70a433f4-c89d-4ed6-bea0-48a5bb502a75
Jul 14 16:28:48 devstack sudo[94833]: pam_unix(sudo:session): session opened for user root(uid=0) by (uid=1000)
Jul 14 16:28:49 devstack sudo[94833]: pam_unix(sudo:session): session closed for user root
Jul 14 16:28:49 devstack cinder-volume[87166]: DEBUG oslo_concurrency.processutils [None req-7e782cac-e31d-4bdc-a101-86ab8f36db5a tempest-GroupSnapshotsTest-1880376477 None] CMD "sudo cinder-rootwrap /etc/cinder/rootwrap.conf rm -f /opt/stack/data/cinder/mnt/8c2fab1d64ee3983a76b2cb43191662c/volume-ec03e3d2-83ad-4f47-9bcd-c3df8a10a839.70a433f4-c89d-4ed6-bea0-48a5bb502a75" returned: 0 in 0.237s {{(pid=87166) execute /opt/stack/data/venv/lib/python3.12/site-packages/oslo_concurrency/processutils.py:468}}
Jul 14 16:28:49 devstack cinder-volume[87166]: DEBUG cinder.coordination [None req-7e782cac-e31d-4bdc-a101-86ab8f36db5a tempest-GroupSnapshotsTest-1880376477 None] Lock "cinder-quobyte-70a433f4-c89d-4ed6-bea0-48a5bb502a75" released by "_delete_snapshot" :: held 1.585s {{(pid=87166) __release /opt/stack/cinder/cinder/coordination.py:152}}
Jul 14 16:28:49 devstack cinder-volume[87166]: DEBUG cinder.coordination [None req-7e782cac-e31d-4bdc-a101-86ab8f36db5a tempest-GroupSnapshotsTest-1880376477 None] Lock "cinder-quobyte-ec03e3d2-83ad-4f47-9bcd-c3df8a10a839" released by "delete_snapshot" :: held 1.620s {{(pid=87166) __release /opt/stack/cinder/cinder/coordination.py:152}}
Jul 14 16:28:49 devstack cinder-volume[87166]: DEBUG cinder.coordination [None req-7e782cac-e31d-4bdc-a101-86ab8f36db5a tempest-GroupSnapshotsTest-1880376477 None] Acquiring lock "cinder-quobyte-6d329737-20a7-45af-8dd3-28fa6339eec8" by "delete_snapshot" {{(pid=87166) __acquire /opt/stack/cinder/cinder/coordination.py:138}}
Jul 14 16:28:49 devstack cinder-volume[87166]: DEBUG cinder.coordination [None req-7e782cac-e31d-4bdc-a101-86ab8f36db5a tempest-GroupSnapshotsTest-1880376477 None] Lock "cinder-quobyte-6d329737-20a7-45af-8dd3-28fa6339eec8" acquired by "delete_snapshot" :: waited 0.015s {{(pid=87166) __acquire /opt/stack/cinder/cinder/coordination.py:141}}
Jul 14 16:28:49 devstack cinder-volume[87166]: DEBUG cinder.coordination [None req-7e782cac-e31d-4bdc-a101-86ab8f36db5a tempest-GroupSnapshotsTest-1880376477 None] Acquiring lock "cinder-quobyte-ef9a83ce-8205-4591-a7f1-acc356dff7a6" by "_delete_snapshot" {{(pid=87166) __acquire /opt/stack/cinder/cinder/coordination.py:138}}
Jul 14 16:28:49 devstack cinder-volume[87166]: DEBUG cinder.coordination [None req-7e782cac-e31d-4bdc-a101-86ab8f36db5a tempest-GroupSnapshotsTest-1880376477 None] Lock "cinder-quobyte-ef9a83ce-8205-4591-a7f1-acc356dff7a6" acquired by "_delete_snapshot" :: waited 0.016s {{(pid=87166) __acquire /opt/stack/cinder/cinder/coordination.py:141}}
Jul 14 16:28:49 devstack cinder-volume[87166]: DEBUG cinder.volume.drivers.remotefs [None req-7e782cac-e31d-4bdc-a101-86ab8f36db5a tempest-GroupSnapshotsTest-1880376477 None] Deleting offline snapshot ef9a83ce-8205-4591-a7f1-acc356dff7a6 of volume 6d329737-20a7-45af-8dd3-28fa6339eec8 {{(pid=87166) _delete_snapshot /opt/stack/cinder/cinder/volume/drivers/remotefs.py:1288}}
Jul 14 16:28:49 devstack cinder-volume[87166]: DEBUG cinder.volume.drivers.remotefs [None req-7e782cac-e31d-4bdc-a101-86ab8f36db5a tempest-GroupSnapshotsTest-1880376477 None] snapshot_file for this snap is: volume-6d329737-20a7-45af-8dd3-28fa6339eec8.ef9a83ce-8205-4591-a7f1-acc356dff7a6 {{(pid=87166) _delete_snapshot /opt/stack/cinder/cinder/volume/drivers/remotefs.py:1317}}
Jul 14 16:28:49 devstack cinder-volume[87166]: DEBUG oslo.privsep.daemon [-] privsep: reply[41f78ee3-91cb-48da-9df8-42a88f7ea662]: (4, 'qcow2') {{(pid=87911) _call_back /opt/stack/data/venv/lib/python3.12/site-packages/oslo_privsep/daemon.py:580}}
Jul 14 16:28:49 devstack cinder-volume[87166]: DEBUG oslo_concurrency.processutils [None req-7e782cac-e31d-4bdc-a101-86ab8f36db5a tempest-GroupSnapshotsTest-1880376477 None] Running cmd (subprocess): /opt/stack/data/venv/bin/python3.12 -m oslo_concurrency.prlimit --as=1073741824 --cpu=60 -- sudo cinder-rootwrap /etc/cinder/rootwrap.conf env LC_ALL=C qemu-img info -f qcow2 --output=json --force-share /opt/stack/data/cinder/mnt/8c2fab1d64ee3983a76b2cb43191662c/volume-6d329737-20a7-45af-8dd3-28fa6339eec8.ef9a83ce-8205-4591-a7f1-acc356dff7a6 {{(pid=87166) execute /opt/stack/data/venv/lib/python3.12/site-packages/oslo_concurrency/processutils.py:440}}
Jul 14 16:28:49 devstack sudo[94836]: quobyte : PWD=/ ; USER=root ; COMMAND=/opt/stack/data/venv/bin/cinder-rootwrap /etc/cinder/rootwrap.conf env LC_ALL=C qemu-img info -f qcow2 --output=json --force-share /opt/stack/data/cinder/mnt/8c2fab1d64ee3983a76b2cb43191662c/volume-6d329737-20a7-45af-8dd3-28fa6339eec8.ef9a83ce-8205-4591-a7f1-acc356dff7a6
Jul 14 16:28:49 devstack sudo[94836]: pam_unix(sudo:session): session opened for user root(uid=0) by (uid=1000)
Jul 14 16:28:49 devstack sudo[94836]: pam_unix(sudo:session): session closed for user root
Jul 14 16:28:49 devstack cinder-volume[87166]: DEBUG oslo_concurrency.processutils [None req-7e782cac-e31d-4bdc-a101-86ab8f36db5a tempest-GroupSnapshotsTest-1880376477 None] CMD "/opt/stack/data/venv/bin/python3.12 -m oslo_concurrency.prlimit --as=1073741824 --cpu=60 -- sudo cinder-rootwrap /etc/cinder/rootwrap.conf env LC_ALL=C qemu-img info -f qcow2 --output=json --force-share /opt/stack/data/cinder/mnt/8c2fab1d64ee3983a76b2cb43191662c/volume-6d329737-20a7-45af-8dd3-28fa6339eec8.ef9a83ce-8205-4591-a7f1-acc356dff7a6" returned: 0 in 0.412s {{(pid=87166) execute /opt/stack/data/venv/lib/python3.12/site-packages/oslo_concurrency/processutils.py:468}}
Jul 14 16:28:49 devstack cinder-volume[87166]: DEBUG cinder.volume.drivers.remotefs [None req-7e782cac-e31d-4bdc-a101-86ab8f36db5a tempest-GroupSnapshotsTest-1880376477 None] Fetching qemu-img info with special backing_file_template: (/opt/stack/data/cinder/mnt/[0-9a-f]+/)?(volume-6d329737-20a7-45af-8dd3-28fa6339eec8(.(tmp-snap-)?[0-9a-f-]+)?|volume_from_snapshot_cache/(tmp-snap-)?[0-9a-f-]+(.(child-|parent-)[0-9a-f-]+)?)$ {{(pid=87166) _qemu_img_info_base /opt/stack/cinder/cinder/volume/drivers/remotefs.py:896}}
Jul 14 16:28:49 devstack cinder-volume[87166]: DEBUG oslo.privsep.daemon [-] privsep: reply[df0c8273-5570-43cd-a872-76c761182644]: (4, 'qcow2') {{(pid=87911) _call_back /opt/stack/data/venv/lib/python3.12/site-packages/oslo_privsep/daemon.py:580}}
Jul 14 16:28:49 devstack cinder-volume[87166]: DEBUG oslo_concurrency.processutils [None req-7e782cac-e31d-4bdc-a101-86ab8f36db5a tempest-GroupSnapshotsTest-1880376477 None] Running cmd (subprocess): /opt/stack/data/venv/bin/python3.12 -m oslo_concurrency.prlimit --as=1073741824 --cpu=60 -- sudo cinder-rootwrap /etc/cinder/rootwrap.conf env LC_ALL=C qemu-img info -f qcow2 --output=json --force-share /opt/stack/data/cinder/mnt/8c2fab1d64ee3983a76b2cb43191662c/volume-6d329737-20a7-45af-8dd3-28fa6339eec8 {{(pid=87166) execute /opt/stack/data/venv/lib/python3.12/site-packages/oslo_concurrency/processutils.py:440}}
Jul 14 16:28:49 devstack sudo[94841]: quobyte : PWD=/ ; USER=root ; COMMAND=/opt/stack/data/venv/bin/cinder-rootwrap /etc/cinder/rootwrap.conf env LC_ALL=C qemu-img info -f qcow2 --output=json --force-share /opt/stack/data/cinder/mnt/8c2fab1d64ee3983a76b2cb43191662c/volume-6d329737-20a7-45af-8dd3-28fa6339eec8
Jul 14 16:28:49 devstack sudo[94841]: pam_unix(sudo:session): session opened for user root(uid=0) by (uid=1000)
Jul 14 16:28:50 devstack sudo[94841]: pam_unix(sudo:session): session closed for user root
Jul 14 16:28:50 devstack cinder-volume[87166]: DEBUG oslo_concurrency.processutils [None req-7e782cac-e31d-4bdc-a101-86ab8f36db5a tempest-GroupSnapshotsTest-1880376477 None] CMD "/opt/stack/data/venv/bin/python3.12 -m oslo_concurrency.prlimit --as=1073741824 --cpu=60 -- sudo cinder-rootwrap /etc/cinder/rootwrap.conf env LC_ALL=C qemu-img info -f qcow2 --output=json --force-share /opt/stack/data/cinder/mnt/8c2fab1d64ee3983a76b2cb43191662c/volume-6d329737-20a7-45af-8dd3-28fa6339eec8" returned: 0 in 0.431s {{(pid=87166) execute /opt/stack/data/venv/lib/python3.12/site-packages/oslo_concurrency/processutils.py:468}}
Jul 14 16:28:50 devstack cinder-volume[87166]: DEBUG oslo_concurrency.processutils [None req-7e782cac-e31d-4bdc-a101-86ab8f36db5a tempest-GroupSnapshotsTest-1880376477 None] Running cmd (subprocess): sudo cinder-rootwrap /etc/cinder/rootwrap.conf qemu-img commit -d /opt/stack/data/cinder/mnt/8c2fab1d64ee3983a76b2cb43191662c/volume-6d329737-20a7-45af-8dd3-28fa6339eec8.ef9a83ce-8205-4591-a7f1-acc356dff7a6 {{(pid=87166) execute /opt/stack/data/venv/lib/python3.12/site-packages/oslo_concurrency/processutils.py:440}}
Jul 14 16:28:50 devstack sudo[94846]: quobyte : PWD=/ ; USER=root ; COMMAND=/opt/stack/data/venv/bin/cinder-rootwrap /etc/cinder/rootwrap.conf qemu-img commit -d /opt/stack/data/cinder/mnt/8c2fab1d64ee3983a76b2cb43191662c/volume-6d329737-20a7-45af-8dd3-28fa6339eec8.ef9a83ce-8205-4591-a7f1-acc356dff7a6
Jul 14 16:28:50 devstack sudo[94846]: pam_unix(sudo:session): session opened for user root(uid=0) by (uid=1000)
Jul 14 16:28:50 devstack sudo[94846]: pam_unix(sudo:session): session closed for user root
Jul 14 16:28:50 devstack cinder-volume[87166]: DEBUG oslo_concurrency.processutils [None req-7e782cac-e31d-4bdc-a101-86ab8f36db5a tempest-GroupSnapshotsTest-1880376477 None] CMD "sudo cinder-rootwrap /etc/cinder/rootwrap.conf qemu-img commit -d /opt/stack/data/cinder/mnt/8c2fab1d64ee3983a76b2cb43191662c/volume-6d329737-20a7-45af-8dd3-28fa6339eec8.ef9a83ce-8205-4591-a7f1-acc356dff7a6" returned: 0 in 0.403s {{(pid=87166) execute /opt/stack/data/venv/lib/python3.12/site-packages/oslo_concurrency/processutils.py:468}}
Jul 14 16:28:50 devstack cinder-volume[87166]: DEBUG oslo_concurrency.processutils [None req-7e782cac-e31d-4bdc-a101-86ab8f36db5a tempest-GroupSnapshotsTest-1880376477 None] Running cmd (subprocess): sudo cinder-rootwrap /etc/cinder/rootwrap.conf rm -f /opt/stack/data/cinder/mnt/8c2fab1d64ee3983a76b2cb43191662c/volume-6d329737-20a7-45af-8dd3-28fa6339eec8.ef9a83ce-8205-4591-a7f1-acc356dff7a6 {{(pid=87166) execute /opt/stack/data/venv/lib/python3.12/site-packages/oslo_concurrency/processutils.py:440}}
Jul 14 16:28:50 devstack sudo[94851]: quobyte : PWD=/ ; USER=root ; COMMAND=/opt/stack/data/venv/bin/cinder-rootwrap /etc/cinder/rootwrap.conf rm -f /opt/stack/data/cinder/mnt/8c2fab1d64ee3983a76b2cb43191662c/volume-6d329737-20a7-45af-8dd3-28fa6339eec8.ef9a83ce-8205-4591-a7f1-acc356dff7a6
Jul 14 16:28:50 devstack sudo[94851]: pam_unix(sudo:session): session opened for user root(uid=0) by (uid=1000)
Jul 14 16:28:50 devstack sudo[94851]: pam_unix(sudo:session): session closed for user root
Jul 14 16:28:50 devstack cinder-volume[87166]: DEBUG oslo_concurrency.processutils [None req-7e782cac-e31d-4bdc-a101-86ab8f36db5a tempest-GroupSnapshotsTest-1880376477 None] CMD "sudo cinder-rootwrap /etc/cinder/rootwrap.conf rm -f /opt/stack/data/cinder/mnt/8c2fab1d64ee3983a76b2cb43191662c/volume-6d329737-20a7-45af-8dd3-28fa6339eec8.ef9a83ce-8205-4591-a7f1-acc356dff7a6" returned: 0 in 0.297s {{(pid=87166) execute /opt/stack/data/venv/lib/python3.12/site-packages/oslo_concurrency/processutils.py:468}}
Jul 14 16:28:50 devstack cinder-volume[87166]: DEBUG cinder.coordination [None req-7e782cac-e31d-4bdc-a101-86ab8f36db5a tempest-GroupSnapshotsTest-1880376477 None] Lock "cinder-quobyte-ef9a83ce-8205-4591-a7f1-acc356dff7a6" released by "_delete_snapshot" :: held 1.658s {{(pid=87166) __release /opt/stack/cinder/cinder/coordination.py:152}}
Jul 14 16:28:50 devstack cinder-volume[87166]: DEBUG cinder.coordination [None req-7e782cac-e31d-4bdc-a101-86ab8f36db5a tempest-GroupSnapshotsTest-1880376477 None] Lock "cinder-quobyte-6d329737-20a7-45af-8dd3-28fa6339eec8" released by "delete_snapshot" :: held 1.683s {{(pid=87166) __release /opt/stack/cinder/cinder/coordination.py:152}}
Jul 14 16:28:50 devstack cinder-volume[87166]: WARNING cinder.quota [None req-7e782cac-e31d-4bdc-a101-86ab8f36db5a tempest-GroupSnapshotsTest-1880376477 None] Deprecated: Default quota for resource: gigabytes_tempest-GroupSnapshotsTest-volume-type-2108063612 is set by the default quota flag: quota_gigabytes_tempest-GroupSnapshotsTest-volume-type-2108063612, it is now deprecated. Please use the default quota class for default quota.
Jul 14 16:28:50 devstack cinder-volume[87166]: WARNING cinder.quota [None req-7e782cac-e31d-4bdc-a101-86ab8f36db5a tempest-GroupSnapshotsTest-1880376477 None] Deprecated: Default quota for resource: snapshots_tempest-GroupSnapshotsTest-volume-type-2108063612 is set by the default quota flag: quota_snapshots_tempest-GroupSnapshotsTest-volume-type-2108063612, it is now deprecated. Please use the default quota class for default quota.
Jul 14 16:28:51 devstack cinder-volume[87166]: DEBUG cinder.quota [None req-7e782cac-e31d-4bdc-a101-86ab8f36db5a tempest-GroupSnapshotsTest-1880376477 None] Created reservations ['81206f87-7c75-487b-94ba-7555d16826e4', '0fc247e5-bd92-41da-8d4e-22a129b6a8f7', '33461cf7-8527-449c-b408-f07fe0efac0b', '29bee7ec-aa6e-465c-85b0-681c652f3458'] {{(pid=87166) reserve /opt/stack/cinder/cinder/quota.py:752}}
Jul 14 16:28:51 devstack cinder-volume[87166]: DEBUG cinder.quota [None req-7e782cac-e31d-4bdc-a101-86ab8f36db5a tempest-GroupSnapshotsTest-1880376477 None] Created reservations ['e5c02fd9-aa23-4e9e-a065-55a216d20c6c', '11a9edef-62e8-4048-8821-ccea71a0cce6', '63640b63-166f-44c6-900f-1e9feefc4c72', 'a2a7734b-6c54-420c-b474-9509818120e6'] {{(pid=87166) reserve /opt/stack/cinder/cinder/quota.py:752}}
Jul 14 16:28:51 devstack cinder-volume[87166]: INFO cinder.volume.manager [None req-7e782cac-e31d-4bdc-a101-86ab8f36db5a tempest-GroupSnapshotsTest-1880376477 None] group_snapshot b1ce61bc-ea2d-4832-920c-b16fd22392ca: deleted successfully
Jul 14 16:28:52 devstack cinder-volume[87166]: DEBUG cinder.coordination [None req-d1741eae-bfe8-4eb1-ab46-3f76a36850a8 tempest-GroupSnapshotsTest-1880376477 None] Acquiring lock "cinder-quobyte-6d329737-20a7-45af-8dd3-28fa6339eec8" by "delete_volume" {{(pid=87166) __acquire /opt/stack/cinder/cinder/coordination.py:138}}
Jul 14 16:28:52 devstack cinder-volume[87166]: DEBUG cinder.coordination [None req-d1741eae-bfe8-4eb1-ab46-3f76a36850a8 tempest-GroupSnapshotsTest-1880376477 None] Lock "cinder-quobyte-6d329737-20a7-45af-8dd3-28fa6339eec8" acquired by "delete_volume" :: waited 0.029s {{(pid=87166) __acquire /opt/stack/cinder/cinder/coordination.py:141}}
Jul 14 16:28:52 devstack cinder-volume[87166]: DEBUG oslo.privsep.daemon [-] privsep: reply[5da0ba19-c683-4a54-ac5c-f5b304814e86]: (4, 'qcow2') {{(pid=87911) _call_back /opt/stack/data/venv/lib/python3.12/site-packages/oslo_privsep/daemon.py:580}}
Jul 14 16:28:52 devstack cinder-volume[87166]: DEBUG oslo_concurrency.processutils [None req-d1741eae-bfe8-4eb1-ab46-3f76a36850a8 tempest-GroupSnapshotsTest-1880376477 None] Running cmd (subprocess): /opt/stack/data/venv/bin/python3.12 -m oslo_concurrency.prlimit --as=1073741824 --cpu=60 -- sudo cinder-rootwrap /etc/cinder/rootwrap.conf env LC_ALL=C qemu-img info -f qcow2 --output=json --force-share /opt/stack/data/cinder/mnt/8c2fab1d64ee3983a76b2cb43191662c/volume-6d329737-20a7-45af-8dd3-28fa6339eec8 {{(pid=87166) execute /opt/stack/data/venv/lib/python3.12/site-packages/oslo_concurrency/processutils.py:440}}
Jul 14 16:28:52 devstack cinder-volume[87166]: INFO cinder.volume.manager [req-1990f4bc-d32e-4220-8098-4cef6e339d52 req-32a4b2be-315a-4106-af3a-f7ede8397dd9 tempest-AttachVolumeTestJSON-1037344391 None] Terminate volume connection completed successfully.
Jul 14 16:28:52 devstack cinder-volume[87166]: DEBUG cinder.volume.manager [req-1990f4bc-d32e-4220-8098-4cef6e339d52 req-32a4b2be-315a-4106-af3a-f7ede8397dd9 tempest-AttachVolumeTestJSON-1037344391 None] Deleting attachment bd601490-819a-4434-8dda-44890b764b32. {{(pid=87166) attachment_delete /opt/stack/cinder/cinder/volume/manager.py:5055}}
Jul 14 16:28:52 devstack sudo[94860]: quobyte : PWD=/ ; USER=root ; COMMAND=/opt/stack/data/venv/bin/cinder-rootwrap /etc/cinder/rootwrap.conf env LC_ALL=C qemu-img info -f qcow2 --output=json --force-share /opt/stack/data/cinder/mnt/8c2fab1d64ee3983a76b2cb43191662c/volume-6d329737-20a7-45af-8dd3-28fa6339eec8
Jul 14 16:28:52 devstack sudo[94860]: pam_unix(sudo:session): session opened for user root(uid=0) by (uid=1000)
Jul 14 16:28:53 devstack sudo[94860]: pam_unix(sudo:session): session closed for user root
Jul 14 16:28:53 devstack cinder-volume[87166]: DEBUG oslo_concurrency.processutils [None req-d1741eae-bfe8-4eb1-ab46-3f76a36850a8 tempest-GroupSnapshotsTest-1880376477 None] CMD "/opt/stack/data/venv/bin/python3.12 -m oslo_concurrency.prlimit --as=1073741824 --cpu=60 -- sudo cinder-rootwrap /etc/cinder/rootwrap.conf env LC_ALL=C qemu-img info -f qcow2 --output=json --force-share /opt/stack/data/cinder/mnt/8c2fab1d64ee3983a76b2cb43191662c/volume-6d329737-20a7-45af-8dd3-28fa6339eec8" returned: 0 in 0.433s {{(pid=87166) execute /opt/stack/data/venv/lib/python3.12/site-packages/oslo_concurrency/processutils.py:468}}
Jul 14 16:28:53 devstack cinder-volume[87166]: DEBUG oslo_concurrency.processutils [None req-d1741eae-bfe8-4eb1-ab46-3f76a36850a8 tempest-GroupSnapshotsTest-1880376477 None] Running cmd (subprocess): sudo cinder-rootwrap /etc/cinder/rootwrap.conf rm -f /opt/stack/data/cinder/mnt/8c2fab1d64ee3983a76b2cb43191662c/volume-6d329737-20a7-45af-8dd3-28fa6339eec8 {{(pid=87166) execute /opt/stack/data/venv/lib/python3.12/site-packages/oslo_concurrency/processutils.py:440}}
Jul 14 16:28:53 devstack sudo[94865]: quobyte : PWD=/ ; USER=root ; COMMAND=/opt/stack/data/venv/bin/cinder-rootwrap /etc/cinder/rootwrap.conf rm -f /opt/stack/data/cinder/mnt/8c2fab1d64ee3983a76b2cb43191662c/volume-6d329737-20a7-45af-8dd3-28fa6339eec8
Jul 14 16:28:53 devstack sudo[94865]: pam_unix(sudo:session): session opened for user root(uid=0) by (uid=1000)
Jul 14 16:28:53 devstack sudo[94865]: pam_unix(sudo:session): session closed for user root
Jul 14 16:28:53 devstack cinder-volume[87166]: DEBUG oslo_concurrency.processutils [None req-d1741eae-bfe8-4eb1-ab46-3f76a36850a8 tempest-GroupSnapshotsTest-1880376477 None] CMD "sudo cinder-rootwrap /etc/cinder/rootwrap.conf rm -f /opt/stack/data/cinder/mnt/8c2fab1d64ee3983a76b2cb43191662c/volume-6d329737-20a7-45af-8dd3-28fa6339eec8" returned: 0 in 0.307s {{(pid=87166) execute /opt/stack/data/venv/lib/python3.12/site-packages/oslo_concurrency/processutils.py:468}}
Jul 14 16:28:53 devstack cinder-volume[87166]: DEBUG cinder.coordination [None req-d1741eae-bfe8-4eb1-ab46-3f76a36850a8 tempest-GroupSnapshotsTest-1880376477 None] Lock "cinder-quobyte-6d329737-20a7-45af-8dd3-28fa6339eec8" released by "delete_volume" :: held 0.830s {{(pid=87166) __release /opt/stack/cinder/cinder/coordination.py:152}}
Jul 14 16:28:53 devstack cinder-volume[87166]: DEBUG cinder.coordination [None req-d1741eae-bfe8-4eb1-ab46-3f76a36850a8 tempest-GroupSnapshotsTest-1880376477 None] Acquiring lock "cinder-quobyte-ec03e3d2-83ad-4f47-9bcd-c3df8a10a839" by "delete_volume" {{(pid=87166) __acquire /opt/stack/cinder/cinder/coordination.py:138}}
Jul 14 16:28:53 devstack cinder-volume[87166]: DEBUG cinder.coordination [None req-d1741eae-bfe8-4eb1-ab46-3f76a36850a8 tempest-GroupSnapshotsTest-1880376477 None] Lock "cinder-quobyte-ec03e3d2-83ad-4f47-9bcd-c3df8a10a839" acquired by "delete_volume" :: waited 0.022s {{(pid=87166) __acquire /opt/stack/cinder/cinder/coordination.py:141}}
Jul 14 16:28:53 devstack cinder-volume[87166]: DEBUG oslo.privsep.daemon [-] privsep: reply[63914ddc-227f-496c-ae0d-52f71a2c77c0]: (4, 'qcow2') {{(pid=87911) _call_back /opt/stack/data/venv/lib/python3.12/site-packages/oslo_privsep/daemon.py:580}}
Jul 14 16:28:53 devstack cinder-volume[87166]: DEBUG oslo_concurrency.processutils [None req-d1741eae-bfe8-4eb1-ab46-3f76a36850a8 tempest-GroupSnapshotsTest-1880376477 None] Running cmd (subprocess): /opt/stack/data/venv/bin/python3.12 -m oslo_concurrency.prlimit --as=1073741824 --cpu=60 -- sudo cinder-rootwrap /etc/cinder/rootwrap.conf env LC_ALL=C qemu-img info -f qcow2 --output=json --force-share /opt/stack/data/cinder/mnt/8c2fab1d64ee3983a76b2cb43191662c/volume-ec03e3d2-83ad-4f47-9bcd-c3df8a10a839 {{(pid=87166) execute /opt/stack/data/venv/lib/python3.12/site-packages/oslo_concurrency/processutils.py:440}}
Jul 14 16:28:53 devstack sudo[94869]: quobyte : PWD=/ ; USER=root ; COMMAND=/opt/stack/data/venv/bin/cinder-rootwrap /etc/cinder/rootwrap.conf env LC_ALL=C qemu-img info -f qcow2 --output=json --force-share /opt/stack/data/cinder/mnt/8c2fab1d64ee3983a76b2cb43191662c/volume-ec03e3d2-83ad-4f47-9bcd-c3df8a10a839
Jul 14 16:28:53 devstack sudo[94869]: pam_unix(sudo:session): session opened for user root(uid=0) by (uid=1000)
Jul 14 16:28:53 devstack sudo[94869]: pam_unix(sudo:session): session closed for user root
Jul 14 16:28:53 devstack cinder-volume[87166]: DEBUG oslo_concurrency.processutils [None req-d1741eae-bfe8-4eb1-ab46-3f76a36850a8 tempest-GroupSnapshotsTest-1880376477 None] CMD "/opt/stack/data/venv/bin/python3.12 -m oslo_concurrency.prlimit --as=1073741824 --cpu=60 -- sudo cinder-rootwrap /etc/cinder/rootwrap.conf env LC_ALL=C qemu-img info -f qcow2 --output=json --force-share /opt/stack/data/cinder/mnt/8c2fab1d64ee3983a76b2cb43191662c/volume-ec03e3d2-83ad-4f47-9bcd-c3df8a10a839" returned: 0 in 0.543s {{(pid=87166) execute /opt/stack/data/venv/lib/python3.12/site-packages/oslo_concurrency/processutils.py:468}}
Jul 14 16:28:54 devstack cinder-volume[87166]: DEBUG oslo_concurrency.processutils [None req-d1741eae-bfe8-4eb1-ab46-3f76a36850a8 tempest-GroupSnapshotsTest-1880376477 None] Running cmd (subprocess): sudo cinder-rootwrap /etc/cinder/rootwrap.conf rm -f /opt/stack/data/cinder/mnt/8c2fab1d64ee3983a76b2cb43191662c/volume-ec03e3d2-83ad-4f47-9bcd-c3df8a10a839 {{(pid=87166) execute /opt/stack/data/venv/lib/python3.12/site-packages/oslo_concurrency/processutils.py:440}}
Jul 14 16:28:54 devstack sudo[94879]: quobyte : PWD=/ ; USER=root ; COMMAND=/opt/stack/data/venv/bin/cinder-rootwrap /etc/cinder/rootwrap.conf rm -f /opt/stack/data/cinder/mnt/8c2fab1d64ee3983a76b2cb43191662c/volume-ec03e3d2-83ad-4f47-9bcd-c3df8a10a839
Jul 14 16:28:54 devstack sudo[94879]: pam_unix(sudo:session): session opened for user root(uid=0) by (uid=1000)
Jul 14 16:28:54 devstack sudo[94879]: pam_unix(sudo:session): session closed for user root
Jul 14 16:28:54 devstack cinder-volume[87166]: DEBUG oslo_concurrency.processutils [None req-d1741eae-bfe8-4eb1-ab46-3f76a36850a8 tempest-GroupSnapshotsTest-1880376477 None] CMD "sudo cinder-rootwrap /etc/cinder/rootwrap.conf rm -f /opt/stack/data/cinder/mnt/8c2fab1d64ee3983a76b2cb43191662c/volume-ec03e3d2-83ad-4f47-9bcd-c3df8a10a839" returned: 0 in 0.328s {{(pid=87166) execute /opt/stack/data/venv/lib/python3.12/site-packages/oslo_concurrency/processutils.py:468}}
Jul 14 16:28:54 devstack cinder-volume[87166]: DEBUG cinder.coordination [None req-d1741eae-bfe8-4eb1-ab46-3f76a36850a8 tempest-GroupSnapshotsTest-1880376477 None] Lock "cinder-quobyte-ec03e3d2-83ad-4f47-9bcd-c3df8a10a839" released by "delete_volume" :: held 0.985s {{(pid=87166) __release /opt/stack/cinder/cinder/coordination.py:152}}
Jul 14 16:28:54 devstack cinder-volume[87166]: DEBUG cinder.quota [None req-d1741eae-bfe8-4eb1-ab46-3f76a36850a8 tempest-GroupSnapshotsTest-1880376477 None] Created reservations ['9f7e4751-a88f-481b-a281-a4070298774e'] {{(pid=87166) reserve /opt/stack/cinder/cinder/quota.py:752}}
Jul 14 16:28:54 devstack cinder-volume[87166]: WARNING cinder.quota [None req-d1741eae-bfe8-4eb1-ab46-3f76a36850a8 tempest-GroupSnapshotsTest-1880376477 None] Deprecated: Default quota for resource: volumes_tempest-GroupSnapshotsTest-volume-type-2108063612 is set by the default quota flag: quota_volumes_tempest-GroupSnapshotsTest-volume-type-2108063612, it is now deprecated. Please use the default quota class for default quota.
Jul 14 16:28:54 devstack cinder-volume[87166]: DEBUG cinder.quota [None req-d1741eae-bfe8-4eb1-ab46-3f76a36850a8 tempest-GroupSnapshotsTest-1880376477 None] Created reservations ['f7f9b4d0-73a4-468d-a211-5f10baeaa632', 'e2d259ba-fc78-4d6f-9f73-456ed2ba2c14', '310ed886-d07b-4cac-93d7-4e6132887fdf', '786db1dc-1f5f-4a86-b59c-c0fed42852b2'] {{(pid=87166) reserve /opt/stack/cinder/cinder/quota.py:752}}
Jul 14 16:28:54 devstack cinder-volume[87166]: DEBUG cinder.quota [None req-d1741eae-bfe8-4eb1-ab46-3f76a36850a8 tempest-GroupSnapshotsTest-1880376477 None] Created reservations ['2b7d8bf4-5984-4f28-97fc-d96a055e1d2f', 'a5242ab3-c5b0-4ed3-8cd0-e33fd8e56574', 'de5bfc4a-e9f6-4155-879e-a94a7256bf2d', '615f0286-1d42-41cb-bd07-0450c205033c'] {{(pid=87166) reserve /opt/stack/cinder/cinder/quota.py:752}}
Jul 14 16:28:54 devstack cinder-volume[87166]: DEBUG oslo_concurrency.lockutils [None req-d1741eae-bfe8-4eb1-ab46-3f76a36850a8 tempest-GroupSnapshotsTest-1880376477 None] Acquiring lock "quobyte_ensure" by "cinder.volume.drivers.quobyte.QuobyteDriver._ensure_shares_mounted" {{(pid=87166) inner /opt/stack/data/venv/lib/python3.12/site-packages/oslo_concurrency/lockutils.py:511}}
Jul 14 16:28:54 devstack cinder-volume[87166]: DEBUG oslo_concurrency.lockutils [None req-d1741eae-bfe8-4eb1-ab46-3f76a36850a8 tempest-GroupSnapshotsTest-1880376477 None] Lock "quobyte_ensure" acquired by "cinder.volume.drivers.quobyte.QuobyteDriver._ensure_shares_mounted" :: waited 0.001s {{(pid=87166) inner /opt/stack/data/venv/lib/python3.12/site-packages/oslo_concurrency/lockutils.py:524}}
Jul 14 16:28:54 devstack cinder-volume[87166]: DEBUG cinder.volume.drivers.quobyte [None req-d1741eae-bfe8-4eb1-ab46-3f76a36850a8 tempest-GroupSnapshotsTest-1880376477 None] Quobyte Volume URL set to: {'osci02.corp.quobyte.com/cinder-vol-659a6477-ea7f-4604-8bc6-c6318e6af052': None} {{(pid=87166) _load_shares_config /opt/stack/cinder/cinder/volume/drivers/quobyte.py:617}}
Jul 14 16:28:54 devstack cinder-volume[87166]: DEBUG cinder.volume.drivers.quobyte [None req-d1741eae-bfe8-4eb1-ab46-3f76a36850a8 tempest-GroupSnapshotsTest-1880376477 None] Available shares ['osci02.corp.quobyte.com/cinder-vol-659a6477-ea7f-4604-8bc6-c6318e6af052'] {{(pid=87166) _ensure_shares_mounted /opt/stack/cinder/cinder/volume/drivers/quobyte.py:647}}
Jul 14 16:28:54 devstack cinder-volume[87166]: DEBUG oslo_concurrency.lockutils [None req-d1741eae-bfe8-4eb1-ab46-3f76a36850a8 tempest-GroupSnapshotsTest-1880376477 None] Lock "quobyte_ensure" "released" by "cinder.volume.drivers.quobyte.QuobyteDriver._ensure_shares_mounted" :: held 0.009s {{(pid=87166) inner /opt/stack/data/venv/lib/python3.12/site-packages/oslo_concurrency/lockutils.py:543}}
Jul 14 16:28:54 devstack cinder-volume[87166]: DEBUG oslo_concurrency.processutils [None req-d1741eae-bfe8-4eb1-ab46-3f76a36850a8 tempest-GroupSnapshotsTest-1880376477 None] Running cmd (subprocess): sudo cinder-rootwrap /etc/cinder/rootwrap.conf df --portability --block-size 1 /opt/stack/data/cinder/mnt/8c2fab1d64ee3983a76b2cb43191662c {{(pid=87166) execute /opt/stack/data/venv/lib/python3.12/site-packages/oslo_concurrency/processutils.py:440}}
Jul 14 16:28:54 devstack sudo[94882]: quobyte : PWD=/ ; USER=root ; COMMAND=/opt/stack/data/venv/bin/cinder-rootwrap /etc/cinder/rootwrap.conf df --portability --block-size 1 /opt/stack/data/cinder/mnt/8c2fab1d64ee3983a76b2cb43191662c
Jul 14 16:28:54 devstack sudo[94882]: pam_unix(sudo:session): session opened for user root(uid=0) by (uid=1000)
Jul 14 16:28:55 devstack sudo[94882]: pam_unix(sudo:session): session closed for user root
Jul 14 16:28:55 devstack cinder-volume[87166]: DEBUG oslo_concurrency.processutils [None req-d1741eae-bfe8-4eb1-ab46-3f76a36850a8 tempest-GroupSnapshotsTest-1880376477 None] CMD "sudo cinder-rootwrap /etc/cinder/rootwrap.conf df --portability --block-size 1 /opt/stack/data/cinder/mnt/8c2fab1d64ee3983a76b2cb43191662c" returned: 0 in 0.399s {{(pid=87166) execute /opt/stack/data/venv/lib/python3.12/site-packages/oslo_concurrency/processutils.py:468}}
Jul 14 16:28:55 devstack cinder-volume[87166]: DEBUG cinder.manager [None req-d1741eae-bfe8-4eb1-ab46-3f76a36850a8 tempest-GroupSnapshotsTest-1880376477 None] Notifying Schedulers of capabilities ... {{(pid=87166) _publish_service_capabilities /opt/stack/cinder/cinder/manager.py:219}}
Jul 14 16:28:55 devstack cinder-volume[87166]: INFO cinder.volume.manager [None req-d1741eae-bfe8-4eb1-ab46-3f76a36850a8 tempest-GroupSnapshotsTest-1880376477 None] Delete group completed successfully.
Jul 14 16:28:55 devstack cinder-volume[87166]: INFO cinder.volume.manager [None req-f62afd79-430a-44b8-b977-f0f4d732e92f tempest-GroupSnapshotsTest-1880376477 None] Group tempest-GroupSnapshotsTest-Group-2132064987: creating
