Jul 17 05:30:24 devstack cinder-volume[87750]: DEBUG oslo_concurrency.processutils [None req-f184c95a-7831-47d5-89b5-071287bb8de5 tempest-GroupSnapshotsTest-1874375933 None] CMD "/opt/stack/data/venv/bin/python3.12 -m oslo_concurrency.prlimit --as=1073741824 --cpu=60 -- sudo cinder-rootwrap /etc/cinder/rootwrap.conf env LC_ALL=C qemu-img info -f qcow2 --output=json --force-share /opt/stack/data/cinder/mnt/eb8f24788904c3d977af31c3c7c938c8/volume-db873449-96b2-4d7b-a677-e791719d9a03" returned: 0 in 0.499s {{(pid=87750) execute /opt/stack/data/venv/lib/python3.12/site-packages/oslo_concurrency/processutils.py:468}}
Jul 17 05:30:24 devstack cinder-volume[87750]: DEBUG oslo_concurrency.processutils [None req-f184c95a-7831-47d5-89b5-071287bb8de5 tempest-GroupSnapshotsTest-1874375933 None] Running cmd (subprocess): sudo cinder-rootwrap /etc/cinder/rootwrap.conf qemu-img create -f qcow2 -o backing_file=/opt/stack/data/cinder/mnt/eb8f24788904c3d977af31c3c7c938c8/volume-db873449-96b2-4d7b-a677-e791719d9a03,backing_fmt=qcow2 /opt/stack/data/cinder/mnt/eb8f24788904c3d977af31c3c7c938c8/volume-db873449-96b2-4d7b-a677-e791719d9a03.37948d8f-e642-4501-b141-ec77b0ea55af 1G {{(pid=87750) execute /opt/stack/data/venv/lib/python3.12/site-packages/oslo_concurrency/processutils.py:440}}
Jul 17 05:30:24 devstack sudo[92182]: quobyte : PWD=/ ; USER=root ; COMMAND=/opt/stack/data/venv/bin/cinder-rootwrap /etc/cinder/rootwrap.conf qemu-img create -f qcow2 -o backing_file=/opt/stack/data/cinder/mnt/eb8f24788904c3d977af31c3c7c938c8/volume-db873449-96b2-4d7b-a677-e791719d9a03,backing_fmt=qcow2 /opt/stack/data/cinder/mnt/eb8f24788904c3d977af31c3c7c938c8/volume-db873449-96b2-4d7b-a677-e791719d9a03.37948d8f-e642-4501-b141-ec77b0ea55af 1G
Jul 17 05:30:24 devstack sudo[92182]: pam_unix(sudo:session): session opened for user root(uid=0) by (uid=1000)
Jul 17 05:30:25 devstack sudo[92182]: pam_unix(sudo:session): session closed for user root
Jul 17 05:30:25 devstack cinder-volume[87750]: DEBUG oslo_concurrency.processutils [None req-f184c95a-7831-47d5-89b5-071287bb8de5 tempest-GroupSnapshotsTest-1874375933 None] CMD "sudo cinder-rootwrap /etc/cinder/rootwrap.conf qemu-img create -f qcow2 -o backing_file=/opt/stack/data/cinder/mnt/eb8f24788904c3d977af31c3c7c938c8/volume-db873449-96b2-4d7b-a677-e791719d9a03,backing_fmt=qcow2 /opt/stack/data/cinder/mnt/eb8f24788904c3d977af31c3c7c938c8/volume-db873449-96b2-4d7b-a677-e791719d9a03.37948d8f-e642-4501-b141-ec77b0ea55af 1G" returned: 0 in 0.582s {{(pid=87750) execute /opt/stack/data/venv/lib/python3.12/site-packages/oslo_concurrency/processutils.py:468}}
Jul 17 05:30:25 devstack cinder-volume[87750]: DEBUG oslo_concurrency.processutils [None req-f184c95a-7831-47d5-89b5-071287bb8de5 tempest-GroupSnapshotsTest-1874375933 None] Running cmd (subprocess): sudo cinder-rootwrap /etc/cinder/rootwrap.conf qemu-img rebase -u -b volume-db873449-96b2-4d7b-a677-e791719d9a03 -F qcow2 /opt/stack/data/cinder/mnt/eb8f24788904c3d977af31c3c7c938c8/volume-db873449-96b2-4d7b-a677-e791719d9a03.37948d8f-e642-4501-b141-ec77b0ea55af {{(pid=87750) execute /opt/stack/data/venv/lib/python3.12/site-packages/oslo_concurrency/processutils.py:440}}
Jul 17 05:30:25 devstack sudo[92189]: quobyte : PWD=/ ; USER=root ; COMMAND=/opt/stack/data/venv/bin/cinder-rootwrap /etc/cinder/rootwrap.conf qemu-img rebase -u -b volume-db873449-96b2-4d7b-a677-e791719d9a03 -F qcow2 /opt/stack/data/cinder/mnt/eb8f24788904c3d977af31c3c7c938c8/volume-db873449-96b2-4d7b-a677-e791719d9a03.37948d8f-e642-4501-b141-ec77b0ea55af
Jul 17 05:30:25 devstack sudo[92189]: pam_unix(sudo:session): session opened for user root(uid=0) by (uid=1000)
Jul 17 05:30:25 devstack sudo[92189]: pam_unix(sudo:session): session closed for user root
Jul 17 05:30:25 devstack cinder-volume[87750]: DEBUG oslo_concurrency.processutils [None req-f184c95a-7831-47d5-89b5-071287bb8de5 tempest-GroupSnapshotsTest-1874375933 None] CMD "sudo cinder-rootwrap /etc/cinder/rootwrap.conf qemu-img rebase -u -b volume-db873449-96b2-4d7b-a677-e791719d9a03 -F qcow2 /opt/stack/data/cinder/mnt/eb8f24788904c3d977af31c3c7c938c8/volume-db873449-96b2-4d7b-a677-e791719d9a03.37948d8f-e642-4501-b141-ec77b0ea55af" returned: 0 in 0.338s {{(pid=87750) execute /opt/stack/data/venv/lib/python3.12/site-packages/oslo_concurrency/processutils.py:468}}
Jul 17 05:30:25 devstack cinder-volume[87750]: WARNING cinder.volume.drivers.remotefs [None req-f184c95a-7831-47d5-89b5-071287bb8de5 tempest-GroupSnapshotsTest-1874375933 None] /opt/stack/data/cinder/mnt/eb8f24788904c3d977af31c3c7c938c8/volume-db873449-96b2-4d7b-a677-e791719d9a03.37948d8f-e642-4501-b141-ec77b0ea55af is being set with open permissions: ugo+rw: NotImplementedError
Jul 17 05:30:25 devstack cinder-volume[87750]: DEBUG oslo_concurrency.processutils [None req-f184c95a-7831-47d5-89b5-071287bb8de5 tempest-GroupSnapshotsTest-1874375933 None] Running cmd (subprocess): sudo cinder-rootwrap /etc/cinder/rootwrap.conf chmod ugo+rw /opt/stack/data/cinder/mnt/eb8f24788904c3d977af31c3c7c938c8/volume-db873449-96b2-4d7b-a677-e791719d9a03.37948d8f-e642-4501-b141-ec77b0ea55af {{(pid=87750) execute /opt/stack/data/venv/lib/python3.12/site-packages/oslo_concurrency/processutils.py:440}}
Jul 17 05:30:25 devstack sudo[92194]: quobyte : PWD=/ ; USER=root ; COMMAND=/opt/stack/data/venv/bin/cinder-rootwrap /etc/cinder/rootwrap.conf chmod ugo+rw /opt/stack/data/cinder/mnt/eb8f24788904c3d977af31c3c7c938c8/volume-db873449-96b2-4d7b-a677-e791719d9a03.37948d8f-e642-4501-b141-ec77b0ea55af
Jul 17 05:30:25 devstack sudo[92194]: pam_unix(sudo:session): session opened for user root(uid=0) by (uid=1000)
Jul 17 05:30:26 devstack sudo[92194]: pam_unix(sudo:session): session closed for user root
Jul 17 05:30:26 devstack cinder-volume[87750]: DEBUG oslo_concurrency.processutils [None req-f184c95a-7831-47d5-89b5-071287bb8de5 tempest-GroupSnapshotsTest-1874375933 None] CMD "sudo cinder-rootwrap /etc/cinder/rootwrap.conf chmod ugo+rw /opt/stack/data/cinder/mnt/eb8f24788904c3d977af31c3c7c938c8/volume-db873449-96b2-4d7b-a677-e791719d9a03.37948d8f-e642-4501-b141-ec77b0ea55af" returned: 0 in 0.265s {{(pid=87750) execute /opt/stack/data/venv/lib/python3.12/site-packages/oslo_concurrency/processutils.py:468}}
Jul 17 05:30:26 devstack cinder-volume[87750]: DEBUG oslo_concurrency.processutils [None req-f184c95a-7831-47d5-89b5-071287bb8de5 tempest-GroupSnapshotsTest-1874375933 None] Running cmd (subprocess): sudo cinder-rootwrap /etc/cinder/rootwrap.conf truncate -s0 /opt/stack/data/cinder/mnt/eb8f24788904c3d977af31c3c7c938c8/volume-db873449-96b2-4d7b-a677-e791719d9a03.info {{(pid=87750) execute /opt/stack/data/venv/lib/python3.12/site-packages/oslo_concurrency/processutils.py:440}}
Jul 17 05:30:26 devstack sudo[92197]: quobyte : PWD=/ ; USER=root ; COMMAND=/opt/stack/data/venv/bin/cinder-rootwrap /etc/cinder/rootwrap.conf truncate -s0 /opt/stack/data/cinder/mnt/eb8f24788904c3d977af31c3c7c938c8/volume-db873449-96b2-4d7b-a677-e791719d9a03.info
Jul 17 05:30:26 devstack sudo[92197]: pam_unix(sudo:session): session opened for user root(uid=0) by (uid=1000)
Jul 17 05:30:26 devstack sudo[92197]: pam_unix(sudo:session): session closed for user root
Jul 17 05:30:26 devstack cinder-volume[87750]: DEBUG oslo_concurrency.processutils [None req-f184c95a-7831-47d5-89b5-071287bb8de5 tempest-GroupSnapshotsTest-1874375933 None] CMD "sudo cinder-rootwrap /etc/cinder/rootwrap.conf truncate -s0 /opt/stack/data/cinder/mnt/eb8f24788904c3d977af31c3c7c938c8/volume-db873449-96b2-4d7b-a677-e791719d9a03.info" returned: 0 in 0.274s {{(pid=87750) execute /opt/stack/data/venv/lib/python3.12/site-packages/oslo_concurrency/processutils.py:468}}
Jul 17 05:30:26 devstack cinder-volume[87750]: WARNING cinder.volume.drivers.remotefs [None req-f184c95a-7831-47d5-89b5-071287bb8de5 tempest-GroupSnapshotsTest-1874375933 None] /opt/stack/data/cinder/mnt/eb8f24788904c3d977af31c3c7c938c8/volume-db873449-96b2-4d7b-a677-e791719d9a03.info is being set with open permissions: ugo+rw: NotImplementedError
Jul 17 05:30:26 devstack cinder-volume[87750]: DEBUG oslo_concurrency.processutils [None req-f184c95a-7831-47d5-89b5-071287bb8de5 tempest-GroupSnapshotsTest-1874375933 None] Running cmd (subprocess): sudo cinder-rootwrap /etc/cinder/rootwrap.conf chmod ugo+rw /opt/stack/data/cinder/mnt/eb8f24788904c3d977af31c3c7c938c8/volume-db873449-96b2-4d7b-a677-e791719d9a03.info {{(pid=87750) execute /opt/stack/data/venv/lib/python3.12/site-packages/oslo_concurrency/processutils.py:440}}
Jul 17 05:30:26 devstack sudo[92200]: quobyte : PWD=/ ; USER=root ; COMMAND=/opt/stack/data/venv/bin/cinder-rootwrap /etc/cinder/rootwrap.conf chmod ugo+rw /opt/stack/data/cinder/mnt/eb8f24788904c3d977af31c3c7c938c8/volume-db873449-96b2-4d7b-a677-e791719d9a03.info
Jul 17 05:30:26 devstack sudo[92200]: pam_unix(sudo:session): session opened for user root(uid=0) by (uid=1000)
Jul 17 05:30:26 devstack sudo[92200]: pam_unix(sudo:session): session closed for user root
Jul 17 05:30:26 devstack cinder-volume[87750]: DEBUG oslo_concurrency.processutils [None req-f184c95a-7831-47d5-89b5-071287bb8de5 tempest-GroupSnapshotsTest-1874375933 None] CMD "sudo cinder-rootwrap /etc/cinder/rootwrap.conf chmod ugo+rw /opt/stack/data/cinder/mnt/eb8f24788904c3d977af31c3c7c938c8/volume-db873449-96b2-4d7b-a677-e791719d9a03.info" returned: 0 in 0.284s {{(pid=87750) execute /opt/stack/data/venv/lib/python3.12/site-packages/oslo_concurrency/processutils.py:468}}
Jul 17 05:30:26 devstack cinder-volume[87750]: DEBUG oslo_concurrency.lockutils [None req-f184c95a-7831-47d5-89b5-071287bb8de5 tempest-GroupSnapshotsTest-1874375933 None] Lock "quobyte" "released" by "cinder.volume.drivers.quobyte.QuobyteDriver.create_snapshot" :: held 2.353s {{(pid=87750) inner /opt/stack/data/venv/lib/python3.12/site-packages/oslo_concurrency/lockutils.py:544}}
Jul 17 05:30:26 devstack cinder-volume[87750]: DEBUG oslo_concurrency.lockutils [None req-f184c95a-7831-47d5-89b5-071287bb8de5 tempest-GroupSnapshotsTest-1874375933 None] Acquiring lock "quobyte" by "cinder.volume.drivers.quobyte.QuobyteDriver.create_snapshot" {{(pid=87750) inner /opt/stack/data/venv/lib/python3.12/site-packages/oslo_concurrency/lockutils.py:512}}
Jul 17 05:30:26 devstack cinder-volume[87750]: DEBUG oslo_concurrency.lockutils [None req-f184c95a-7831-47d5-89b5-071287bb8de5 tempest-GroupSnapshotsTest-1874375933 None] Lock "quobyte" acquired by "cinder.volume.drivers.quobyte.QuobyteDriver.create_snapshot" :: waited 0.001s {{(pid=87750) inner /opt/stack/data/venv/lib/python3.12/site-packages/oslo_concurrency/lockutils.py:525}}
Jul 17 05:30:26 devstack cinder-volume[87750]: DEBUG cinder.volume.drivers.remotefs [None req-f184c95a-7831-47d5-89b5-071287bb8de5 tempest-GroupSnapshotsTest-1874375933 None] Creating offline snapshot 3c3f79d2-4c0d-4f00-97e6-cd5b409844c6 of volume 908be2e4-3650-44c6-9495-52aaef4ce51a {{(pid=87750) _create_snapshot /opt/stack/cinder/cinder/volume/drivers/remotefs.py:1816}}
Jul 17 05:30:26 devstack cinder-volume[87750]: DEBUG oslo.privsep.daemon [-] privsep: reply[1398c785-7920-494e-a8a1-fb3500c62910]: (4, 'qcow2') {{(pid=88611) _call_back /opt/stack/data/venv/lib/python3.12/site-packages/oslo_privsep/daemon.py:580}}
Jul 17 05:30:26 devstack cinder-volume[87750]: DEBUG oslo_concurrency.processutils [None req-f184c95a-7831-47d5-89b5-071287bb8de5 tempest-GroupSnapshotsTest-1874375933 None] Running cmd (subprocess): /opt/stack/data/venv/bin/python3.12 -m oslo_concurrency.prlimit --as=1073741824 --cpu=60 -- sudo cinder-rootwrap /etc/cinder/rootwrap.conf env LC_ALL=C qemu-img info -f qcow2 --output=json --force-share /opt/stack/data/cinder/mnt/eb8f24788904c3d977af31c3c7c938c8/volume-908be2e4-3650-44c6-9495-52aaef4ce51a {{(pid=87750) execute /opt/stack/data/venv/lib/python3.12/site-packages/oslo_concurrency/processutils.py:440}}
Jul 17 05:30:26 devstack sudo[92203]: quobyte : PWD=/ ; USER=root ; COMMAND=/opt/stack/data/venv/bin/cinder-rootwrap /etc/cinder/rootwrap.conf env LC_ALL=C qemu-img info -f qcow2 --output=json --force-share /opt/stack/data/cinder/mnt/eb8f24788904c3d977af31c3c7c938c8/volume-908be2e4-3650-44c6-9495-52aaef4ce51a
Jul 17 05:30:26 devstack sudo[92203]: pam_unix(sudo:session): session opened for user root(uid=0) by (uid=1000)
Jul 17 05:30:27 devstack sudo[92203]: pam_unix(sudo:session): session closed for user root
Jul 17 05:30:27 devstack cinder-volume[87750]: DEBUG oslo_concurrency.processutils [None req-f184c95a-7831-47d5-89b5-071287bb8de5 tempest-GroupSnapshotsTest-1874375933 None] CMD "/opt/stack/data/venv/bin/python3.12 -m oslo_concurrency.prlimit --as=1073741824 --cpu=60 -- sudo cinder-rootwrap /etc/cinder/rootwrap.conf env LC_ALL=C qemu-img info -f qcow2 --output=json --force-share /opt/stack/data/cinder/mnt/eb8f24788904c3d977af31c3c7c938c8/volume-908be2e4-3650-44c6-9495-52aaef4ce51a" returned: 0 in 0.406s {{(pid=87750) execute /opt/stack/data/venv/lib/python3.12/site-packages/oslo_concurrency/processutils.py:468}}
Jul 17 05:30:27 devstack cinder-volume[87750]: DEBUG oslo_concurrency.processutils [None req-f184c95a-7831-47d5-89b5-071287bb8de5 tempest-GroupSnapshotsTest-1874375933 None] Running cmd (subprocess): sudo cinder-rootwrap /etc/cinder/rootwrap.conf qemu-img create -f qcow2 -o backing_file=/opt/stack/data/cinder/mnt/eb8f24788904c3d977af31c3c7c938c8/volume-908be2e4-3650-44c6-9495-52aaef4ce51a,backing_fmt=qcow2 /opt/stack/data/cinder/mnt/eb8f24788904c3d977af31c3c7c938c8/volume-908be2e4-3650-44c6-9495-52aaef4ce51a.3c3f79d2-4c0d-4f00-97e6-cd5b409844c6 1G {{(pid=87750) execute /opt/stack/data/venv/lib/python3.12/site-packages/oslo_concurrency/processutils.py:440}}
Jul 17 05:30:27 devstack sudo[92208]: quobyte : PWD=/ ; USER=root ; COMMAND=/opt/stack/data/venv/bin/cinder-rootwrap /etc/cinder/rootwrap.conf qemu-img create -f qcow2 -o backing_file=/opt/stack/data/cinder/mnt/eb8f24788904c3d977af31c3c7c938c8/volume-908be2e4-3650-44c6-9495-52aaef4ce51a,backing_fmt=qcow2 /opt/stack/data/cinder/mnt/eb8f24788904c3d977af31c3c7c938c8/volume-908be2e4-3650-44c6-9495-52aaef4ce51a.3c3f79d2-4c0d-4f00-97e6-cd5b409844c6 1G
Jul 17 05:30:27 devstack sudo[92208]: pam_unix(sudo:session): session opened for user root(uid=0) by (uid=1000)
Jul 17 05:30:27 devstack sudo[92208]: pam_unix(sudo:session): session closed for user root
Jul 17 05:30:27 devstack cinder-volume[87750]: DEBUG oslo_concurrency.processutils [None req-f184c95a-7831-47d5-89b5-071287bb8de5 tempest-GroupSnapshotsTest-1874375933 None] CMD "sudo cinder-rootwrap /etc/cinder/rootwrap.conf qemu-img create -f qcow2 -o backing_file=/opt/stack/data/cinder/mnt/eb8f24788904c3d977af31c3c7c938c8/volume-908be2e4-3650-44c6-9495-52aaef4ce51a,backing_fmt=qcow2 /opt/stack/data/cinder/mnt/eb8f24788904c3d977af31c3c7c938c8/volume-908be2e4-3650-44c6-9495-52aaef4ce51a.3c3f79d2-4c0d-4f00-97e6-cd5b409844c6 1G" returned: 0 in 0.427s {{(pid=87750) execute /opt/stack/data/venv/lib/python3.12/site-packages/oslo_concurrency/processutils.py:468}}
Jul 17 05:30:27 devstack cinder-volume[87750]: DEBUG oslo_concurrency.processutils [None req-f184c95a-7831-47d5-89b5-071287bb8de5 tempest-GroupSnapshotsTest-1874375933 None] Running cmd (subprocess): sudo cinder-rootwrap /etc/cinder/rootwrap.conf qemu-img rebase -u -b volume-908be2e4-3650-44c6-9495-52aaef4ce51a -F qcow2 /opt/stack/data/cinder/mnt/eb8f24788904c3d977af31c3c7c938c8/volume-908be2e4-3650-44c6-9495-52aaef4ce51a.3c3f79d2-4c0d-4f00-97e6-cd5b409844c6 {{(pid=87750) execute /opt/stack/data/venv/lib/python3.12/site-packages/oslo_concurrency/processutils.py:440}}
Jul 17 05:30:27 devstack sudo[92214]: quobyte : PWD=/ ; USER=root ; COMMAND=/opt/stack/data/venv/bin/cinder-rootwrap /etc/cinder/rootwrap.conf qemu-img rebase -u -b volume-908be2e4-3650-44c6-9495-52aaef4ce51a -F qcow2 /opt/stack/data/cinder/mnt/eb8f24788904c3d977af31c3c7c938c8/volume-908be2e4-3650-44c6-9495-52aaef4ce51a.3c3f79d2-4c0d-4f00-97e6-cd5b409844c6
Jul 17 05:30:27 devstack sudo[92214]: pam_unix(sudo:session): session opened for user root(uid=0) by (uid=1000)
Jul 17 05:30:27 devstack sudo[92214]: pam_unix(sudo:session): session closed for user root
Jul 17 05:30:27 devstack cinder-volume[87750]: DEBUG oslo_concurrency.processutils [None req-f184c95a-7831-47d5-89b5-071287bb8de5 tempest-GroupSnapshotsTest-1874375933 None] CMD "sudo cinder-rootwrap /etc/cinder/rootwrap.conf qemu-img rebase -u -b volume-908be2e4-3650-44c6-9495-52aaef4ce51a -F qcow2 /opt/stack/data/cinder/mnt/eb8f24788904c3d977af31c3c7c938c8/volume-908be2e4-3650-44c6-9495-52aaef4ce51a.3c3f79d2-4c0d-4f00-97e6-cd5b409844c6" returned: 0 in 0.345s {{(pid=87750) execute /opt/stack/data/venv/lib/python3.12/site-packages/oslo_concurrency/processutils.py:468}}
Jul 17 05:30:27 devstack cinder-volume[87750]: WARNING cinder.volume.drivers.remotefs [None req-f184c95a-7831-47d5-89b5-071287bb8de5 tempest-GroupSnapshotsTest-1874375933 None] /opt/stack/data/cinder/mnt/eb8f24788904c3d977af31c3c7c938c8/volume-908be2e4-3650-44c6-9495-52aaef4ce51a.3c3f79d2-4c0d-4f00-97e6-cd5b409844c6 is being set with open permissions: ugo+rw: NotImplementedError
Jul 17 05:30:27 devstack cinder-volume[87750]: DEBUG oslo_concurrency.processutils [None req-f184c95a-7831-47d5-89b5-071287bb8de5 tempest-GroupSnapshotsTest-1874375933 None] Running cmd (subprocess): sudo cinder-rootwrap /etc/cinder/rootwrap.conf chmod ugo+rw /opt/stack/data/cinder/mnt/eb8f24788904c3d977af31c3c7c938c8/volume-908be2e4-3650-44c6-9495-52aaef4ce51a.3c3f79d2-4c0d-4f00-97e6-cd5b409844c6 {{(pid=87750) execute /opt/stack/data/venv/lib/python3.12/site-packages/oslo_concurrency/processutils.py:440}}
Jul 17 05:30:27 devstack sudo[92220]: quobyte : PWD=/ ; USER=root ; COMMAND=/opt/stack/data/venv/bin/cinder-rootwrap /etc/cinder/rootwrap.conf chmod ugo+rw /opt/stack/data/cinder/mnt/eb8f24788904c3d977af31c3c7c938c8/volume-908be2e4-3650-44c6-9495-52aaef4ce51a.3c3f79d2-4c0d-4f00-97e6-cd5b409844c6
Jul 17 05:30:27 devstack sudo[92220]: pam_unix(sudo:session): session opened for user root(uid=0) by (uid=1000)
Jul 17 05:30:28 devstack sudo[92220]: pam_unix(sudo:session): session closed for user root
Jul 17 05:30:28 devstack cinder-volume[87750]: DEBUG oslo_concurrency.processutils [None req-f184c95a-7831-47d5-89b5-071287bb8de5 tempest-GroupSnapshotsTest-1874375933 None] CMD "sudo cinder-rootwrap /etc/cinder/rootwrap.conf chmod ugo+rw /opt/stack/data/cinder/mnt/eb8f24788904c3d977af31c3c7c938c8/volume-908be2e4-3650-44c6-9495-52aaef4ce51a.3c3f79d2-4c0d-4f00-97e6-cd5b409844c6" returned: 0 in 0.287s {{(pid=87750) execute /opt/stack/data/venv/lib/python3.12/site-packages/oslo_concurrency/processutils.py:468}}
Jul 17 05:30:28 devstack cinder-volume[87750]: DEBUG oslo_concurrency.processutils [None req-f184c95a-7831-47d5-89b5-071287bb8de5 tempest-GroupSnapshotsTest-1874375933 None] Running cmd (subprocess): sudo cinder-rootwrap /etc/cinder/rootwrap.conf truncate -s0 /opt/stack/data/cinder/mnt/eb8f24788904c3d977af31c3c7c938c8/volume-908be2e4-3650-44c6-9495-52aaef4ce51a.info {{(pid=87750) execute /opt/stack/data/venv/lib/python3.12/site-packages/oslo_concurrency/processutils.py:440}}
Jul 17 05:30:28 devstack sudo[92223]: quobyte : PWD=/ ; USER=root ; COMMAND=/opt/stack/data/venv/bin/cinder-rootwrap /etc/cinder/rootwrap.conf truncate -s0 /opt/stack/data/cinder/mnt/eb8f24788904c3d977af31c3c7c938c8/volume-908be2e4-3650-44c6-9495-52aaef4ce51a.info
Jul 17 05:30:28 devstack sudo[92223]: pam_unix(sudo:session): session opened for user root(uid=0) by (uid=1000)
Jul 17 05:30:28 devstack sudo[92223]: pam_unix(sudo:session): session closed for user root
Jul 17 05:30:28 devstack cinder-volume[87750]: DEBUG oslo_concurrency.processutils [None req-f184c95a-7831-47d5-89b5-071287bb8de5 tempest-GroupSnapshotsTest-1874375933 None] CMD "sudo cinder-rootwrap /etc/cinder/rootwrap.conf truncate -s0 /opt/stack/data/cinder/mnt/eb8f24788904c3d977af31c3c7c938c8/volume-908be2e4-3650-44c6-9495-52aaef4ce51a.info" returned: 0 in 0.348s {{(pid=87750) execute /opt/stack/data/venv/lib/python3.12/site-packages/oslo_concurrency/processutils.py:468}}
Jul 17 05:30:28 devstack cinder-volume[87750]: WARNING cinder.volume.drivers.remotefs [None req-f184c95a-7831-47d5-89b5-071287bb8de5 tempest-GroupSnapshotsTest-1874375933 None] /opt/stack/data/cinder/mnt/eb8f24788904c3d977af31c3c7c938c8/volume-908be2e4-3650-44c6-9495-52aaef4ce51a.info is being set with open permissions: ugo+rw: NotImplementedError
Jul 17 05:30:28 devstack cinder-volume[87750]: DEBUG oslo_concurrency.processutils [None req-f184c95a-7831-47d5-89b5-071287bb8de5 tempest-GroupSnapshotsTest-1874375933 None] Running cmd (subprocess): sudo cinder-rootwrap /etc/cinder/rootwrap.conf chmod ugo+rw /opt/stack/data/cinder/mnt/eb8f24788904c3d977af31c3c7c938c8/volume-908be2e4-3650-44c6-9495-52aaef4ce51a.info {{(pid=87750) execute /opt/stack/data/venv/lib/python3.12/site-packages/oslo_concurrency/processutils.py:440}}
Jul 17 05:30:28 devstack sudo[92226]: quobyte : PWD=/ ; USER=root ; COMMAND=/opt/stack/data/venv/bin/cinder-rootwrap /etc/cinder/rootwrap.conf chmod ugo+rw /opt/stack/data/cinder/mnt/eb8f24788904c3d977af31c3c7c938c8/volume-908be2e4-3650-44c6-9495-52aaef4ce51a.info
Jul 17 05:30:28 devstack sudo[92226]: pam_unix(sudo:session): session opened for user root(uid=0) by (uid=1000)
Jul 17 05:30:28 devstack sudo[92226]: pam_unix(sudo:session): session closed for user root
Jul 17 05:30:28 devstack cinder-volume[87750]: DEBUG oslo_concurrency.processutils [None req-f184c95a-7831-47d5-89b5-071287bb8de5 tempest-GroupSnapshotsTest-1874375933 None] CMD "sudo cinder-rootwrap /etc/cinder/rootwrap.conf chmod ugo+rw /opt/stack/data/cinder/mnt/eb8f24788904c3d977af31c3c7c938c8/volume-908be2e4-3650-44c6-9495-52aaef4ce51a.info" returned: 0 in 0.375s {{(pid=87750) execute /opt/stack/data/venv/lib/python3.12/site-packages/oslo_concurrency/processutils.py:468}}
Jul 17 05:30:28 devstack cinder-volume[87750]: DEBUG oslo_concurrency.lockutils [None req-f184c95a-7831-47d5-89b5-071287bb8de5 tempest-GroupSnapshotsTest-1874375933 None] Lock "quobyte" "released" by "cinder.volume.drivers.quobyte.QuobyteDriver.create_snapshot" :: held 2.326s {{(pid=87750) inner /opt/stack/data/venv/lib/python3.12/site-packages/oslo_concurrency/lockutils.py:544}}
Jul 17 05:30:29 devstack cinder-volume[87750]: INFO cinder.volume.manager [None req-f184c95a-7831-47d5-89b5-071287bb8de5 tempest-GroupSnapshotsTest-1874375933 None] group_snapshot dba1b5ae-e1ec-4381-8fcd-0f74499baf13: created successfully
Jul 17 05:30:29 devstack cinder-volume[87750]: INFO cinder.volume.manager [None req-74629f6d-40f2-4423-a6be-0f28ee12eeb9 tempest-GroupSnapshotsTest-1874375933 None] group_snapshot dba1b5ae-e1ec-4381-8fcd-0f74499baf13: deleting
Jul 17 05:30:29 devstack cinder-volume[87750]: DEBUG cinder.volume.manager [None req-74629f6d-40f2-4423-a6be-0f28ee12eeb9 tempest-GroupSnapshotsTest-1874375933 None] group_snapshot dba1b5ae-e1ec-4381-8fcd-0f74499baf13: deleting {{(pid=87750) delete_group_snapshot /opt/stack/cinder/cinder/volume/manager.py:4350}}
Jul 17 05:30:29 devstack cinder-volume[87750]: DEBUG cinder.coordination [None req-74629f6d-40f2-4423-a6be-0f28ee12eeb9 tempest-GroupSnapshotsTest-1874375933 None] Acquiring lock "cinder-quobyte-db873449-96b2-4d7b-a677-e791719d9a03" by "delete_snapshot" {{(pid=87750) __acquire /opt/stack/cinder/cinder/coordination.py:138}}
Jul 17 05:30:29 devstack cinder-volume[87750]: DEBUG cinder.coordination [None req-74629f6d-40f2-4423-a6be-0f28ee12eeb9 tempest-GroupSnapshotsTest-1874375933 None] Lock "cinder-quobyte-db873449-96b2-4d7b-a677-e791719d9a03" acquired by "delete_snapshot" :: waited 0.036s {{(pid=87750) __acquire /opt/stack/cinder/cinder/coordination.py:141}}
Jul 17 05:30:29 devstack cinder-volume[87750]: DEBUG cinder.coordination [None req-74629f6d-40f2-4423-a6be-0f28ee12eeb9 tempest-GroupSnapshotsTest-1874375933 None] Acquiring lock "cinder-quobyte-37948d8f-e642-4501-b141-ec77b0ea55af" by "_delete_snapshot" {{(pid=87750) __acquire /opt/stack/cinder/cinder/coordination.py:138}}
Jul 17 05:30:29 devstack cinder-volume[87750]: DEBUG cinder.coordination [None req-74629f6d-40f2-4423-a6be-0f28ee12eeb9 tempest-GroupSnapshotsTest-1874375933 None] Lock "cinder-quobyte-37948d8f-e642-4501-b141-ec77b0ea55af" acquired by "_delete_snapshot" :: waited 0.025s {{(pid=87750) __acquire /opt/stack/cinder/cinder/coordination.py:141}}
Jul 17 05:30:29 devstack cinder-volume[87750]: DEBUG cinder.volume.drivers.remotefs [None req-74629f6d-40f2-4423-a6be-0f28ee12eeb9 tempest-GroupSnapshotsTest-1874375933 None] Deleting offline snapshot 37948d8f-e642-4501-b141-ec77b0ea55af of volume db873449-96b2-4d7b-a677-e791719d9a03 {{(pid=87750) _delete_snapshot /opt/stack/cinder/cinder/volume/drivers/remotefs.py:1288}}
Jul 17 05:30:29 devstack cinder-volume[87750]: DEBUG cinder.volume.drivers.remotefs [None req-74629f6d-40f2-4423-a6be-0f28ee12eeb9 tempest-GroupSnapshotsTest-1874375933 None] snapshot_file for this snap is: volume-db873449-96b2-4d7b-a677-e791719d9a03.37948d8f-e642-4501-b141-ec77b0ea55af {{(pid=87750) _delete_snapshot /opt/stack/cinder/cinder/volume/drivers/remotefs.py:1317}}
Jul 17 05:30:29 devstack cinder-volume[87750]: DEBUG oslo.privsep.daemon [-] privsep: reply[af5599f4-d2d5-42eb-9443-af477dffbf78]: (4, 'qcow2') {{(pid=88611) _call_back /opt/stack/data/venv/lib/python3.12/site-packages/oslo_privsep/daemon.py:580}}
Jul 17 05:30:29 devstack cinder-volume[87750]: DEBUG oslo_concurrency.processutils [None req-74629f6d-40f2-4423-a6be-0f28ee12eeb9 tempest-GroupSnapshotsTest-1874375933 None] Running cmd (subprocess): /opt/stack/data/venv/bin/python3.12 -m oslo_concurrency.prlimit --as=1073741824 --cpu=60 -- sudo cinder-rootwrap /etc/cinder/rootwrap.conf env LC_ALL=C qemu-img info -f qcow2 --output=json --force-share /opt/stack/data/cinder/mnt/eb8f24788904c3d977af31c3c7c938c8/volume-db873449-96b2-4d7b-a677-e791719d9a03.37948d8f-e642-4501-b141-ec77b0ea55af {{(pid=87750) execute /opt/stack/data/venv/lib/python3.12/site-packages/oslo_concurrency/processutils.py:440}}
Jul 17 05:30:30 devstack sudo[92229]: quobyte : PWD=/ ; USER=root ; COMMAND=/opt/stack/data/venv/bin/cinder-rootwrap /etc/cinder/rootwrap.conf env LC_ALL=C qemu-img info -f qcow2 --output=json --force-share /opt/stack/data/cinder/mnt/eb8f24788904c3d977af31c3c7c938c8/volume-db873449-96b2-4d7b-a677-e791719d9a03.37948d8f-e642-4501-b141-ec77b0ea55af
Jul 17 05:30:30 devstack sudo[92229]: pam_unix(sudo:session): session opened for user root(uid=0) by (uid=1000)
Jul 17 05:30:30 devstack sudo[92229]: pam_unix(sudo:session): session closed for user root
Jul 17 05:30:30 devstack cinder-volume[87750]: DEBUG oslo_concurrency.processutils [None req-74629f6d-40f2-4423-a6be-0f28ee12eeb9 tempest-GroupSnapshotsTest-1874375933 None] CMD "/opt/stack/data/venv/bin/python3.12 -m oslo_concurrency.prlimit --as=1073741824 --cpu=60 -- sudo cinder-rootwrap /etc/cinder/rootwrap.conf env LC_ALL=C qemu-img info -f qcow2 --output=json --force-share /opt/stack/data/cinder/mnt/eb8f24788904c3d977af31c3c7c938c8/volume-db873449-96b2-4d7b-a677-e791719d9a03.37948d8f-e642-4501-b141-ec77b0ea55af" returned: 0 in 0.740s {{(pid=87750) execute /opt/stack/data/venv/lib/python3.12/site-packages/oslo_concurrency/processutils.py:468}}
Jul 17 05:30:30 devstack cinder-volume[87750]: DEBUG cinder.volume.drivers.remotefs [None req-74629f6d-40f2-4423-a6be-0f28ee12eeb9 tempest-GroupSnapshotsTest-1874375933 None] Fetching qemu-img info with special backing_file_template: (/opt/stack/data/cinder/mnt/[0-9a-f]+/)?(volume-db873449-96b2-4d7b-a677-e791719d9a03(.(tmp-snap-)?[0-9a-f-]+)?|volume_from_snapshot_cache/(tmp-snap-)?[0-9a-f-]+(.(child-|parent-)[0-9a-f-]+)?)$ {{(pid=87750) _qemu_img_info_base /opt/stack/cinder/cinder/volume/drivers/remotefs.py:896}}
Jul 17 05:30:30 devstack cinder-volume[87750]: DEBUG oslo.privsep.daemon [-] privsep: reply[77ee53bf-1423-42d2-98b2-9a39159fca96]: (4, 'qcow2') {{(pid=88611) _call_back /opt/stack/data/venv/lib/python3.12/site-packages/oslo_privsep/daemon.py:580}}
Jul 17 05:30:30 devstack cinder-volume[87750]: DEBUG oslo_concurrency.processutils [None req-74629f6d-40f2-4423-a6be-0f28ee12eeb9 tempest-GroupSnapshotsTest-1874375933 None] Running cmd (subprocess): /opt/stack/data/venv/bin/python3.12 -m oslo_concurrency.prlimit --as=1073741824 --cpu=60 -- sudo cinder-rootwrap /etc/cinder/rootwrap.conf env LC_ALL=C qemu-img info -f qcow2 --output=json --force-share /opt/stack/data/cinder/mnt/eb8f24788904c3d977af31c3c7c938c8/volume-db873449-96b2-4d7b-a677-e791719d9a03 {{(pid=87750) execute /opt/stack/data/venv/lib/python3.12/site-packages/oslo_concurrency/processutils.py:440}}
Jul 17 05:30:30 devstack cinder-volume[87750]: DEBUG cinder.volume.flows.manager.create_volume [None req-997b6a6b-dbcb-4e0b-9e6e-e3c45b1598b1 tempest-VolumesCloneNegativeTest-2003633631 None] Volume reschedule parameters: True retry: {'num_attempts': 1, 'backends': ['devstack@QuobyteHD#QuobyteHD'], 'hosts': ['devstack@QuobyteHD#QuobyteHD']} {{(pid=87750) get_flow /opt/stack/cinder/cinder/volume/flows/manager/create_volume.py:1397}}
Jul 17 05:30:30 devstack cinder-volume[87750]: DEBUG cinder.volume.manager [None req-997b6a6b-dbcb-4e0b-9e6e-e3c45b1598b1 tempest-VolumesCloneNegativeTest-2003633631 None] Flow 'volume_create_manager' (ca2d6e6c-b0e9-4347-8032-913d9412a46e) transitioned into state 'RUNNING' from state 'PENDING' {{(pid=87750) _flow_receiver /opt/stack/data/venv/lib/python3.12/site-packages/taskflow/listeners/logging.py:160}}
Jul 17 05:30:30 devstack cinder-volume[87750]: DEBUG cinder.volume.manager [None req-997b6a6b-dbcb-4e0b-9e6e-e3c45b1598b1 tempest-VolumesCloneNegativeTest-2003633631 None] Task 'cinder.volume.flows.manager.create_volume.ExtractVolumeRefTask;volume:create' (5176ff61-9108-40f9-a98f-9493a5a3b31b) transitioned into state 'RUNNING' from state 'PENDING' {{(pid=87750) _task_receiver /opt/stack/data/venv/lib/python3.12/site-packages/taskflow/listeners/logging.py:242}}
Jul 17 05:30:30 devstack sudo[92270]: quobyte : PWD=/ ; USER=root ; COMMAND=/opt/stack/data/venv/bin/cinder-rootwrap /etc/cinder/rootwrap.conf env LC_ALL=C qemu-img info -f qcow2 --output=json --force-share /opt/stack/data/cinder/mnt/eb8f24788904c3d977af31c3c7c938c8/volume-db873449-96b2-4d7b-a677-e791719d9a03
Jul 17 05:30:30 devstack sudo[92270]: pam_unix(sudo:session): session opened for user root(uid=0) by (uid=1000)
Jul 17 05:30:30 devstack cinder-volume[87750]: DEBUG cinder.volume.manager [None req-997b6a6b-dbcb-4e0b-9e6e-e3c45b1598b1 tempest-VolumesCloneNegativeTest-2003633631 None] Task 'cinder.volume.flows.manager.create_volume.ExtractVolumeRefTask;volume:create' (5176ff61-9108-40f9-a98f-9493a5a3b31b) transitioned into state 'SUCCESS' from state 'RUNNING' with result 'Volume(_name_id=None,admin_metadata=,attach_status='detached',availability_zone='nova',bootable=False,cluster=,cluster_name=None,consistencygroup=,consistencygroup_id=None,created_at=2026-07-17T03:30:30Z,deleted=False,deleted_at=None,display_description=None,display_name='tempest-VolumesCloneNegativeTest-Volume-82376497',ec2_id=None,encryption_key_id=None,glance_metadata=,group=,group_id=None,host='devstack@QuobyteHD#QuobyteHD',id=c4696766-4071-4ab2-915c-11c2c64c98c8,launched_at=None,metadata={},migration_status=None,multiattach=False,previous_status=None,project_id='4d67c90f7a9f4a7fa5e3912bf07f00c9',provider_auth=None,provider_geometry=None,provider_id=None,provider_location=None,replication_driver_data=None,replication_extended_status=None,replication_status=None,scheduled_at=2026-07-17T03:30:31Z,service_uuid=None,shared_targets=True,size=2,snapshot_id=None,snapshots=,source_volid=None,status='creating',terminated_at=None,updated_at=2026-07-17T03:30:31Z,use_quota=True,user_id='12472cd3391345ea9d9181aad73c2d51',volume_attachment=VolumeAttachmentList,volume_type=VolumeType(03f5a351-53d4-43cd-848b-561990ba9d28),volume_type_id=03f5a351-53d4-43cd-848b-561990ba9d28)' {{(pid=87750) _task_receiver /opt/stack/data/venv/lib/python3.12/site-packages/taskflow/listeners/logging.py:218}}
Jul 17 05:30:30 devstack cinder-volume[87750]: DEBUG cinder.volume.manager [None req-997b6a6b-dbcb-4e0b-9e6e-e3c45b1598b1 tempest-VolumesCloneNegativeTest-2003633631 None] Task 'cinder.volume.flows.manager.create_volume.OnFailureRescheduleTask;volume:create' (8c8334b7-d8c8-4560-8660-3a7b1ee64715) transitioned into state 'RUNNING' from state 'PENDING' {{(pid=87750) _task_receiver /opt/stack/data/venv/lib/python3.12/site-packages/taskflow/listeners/logging.py:242}}
Jul 17 05:30:30 devstack cinder-volume[87750]: DEBUG cinder.volume.manager [None req-997b6a6b-dbcb-4e0b-9e6e-e3c45b1598b1 tempest-VolumesCloneNegativeTest-2003633631 None] Task 'cinder.volume.flows.manager.create_volume.OnFailureRescheduleTask;volume:create' (8c8334b7-d8c8-4560-8660-3a7b1ee64715) transitioned into state 'SUCCESS' from state 'RUNNING' with result 'None' {{(pid=87750) _task_receiver /opt/stack/data/venv/lib/python3.12/site-packages/taskflow/listeners/logging.py:218}}
Jul 17 05:30:30 devstack cinder-volume[87750]: DEBUG cinder.volume.manager [None req-997b6a6b-dbcb-4e0b-9e6e-e3c45b1598b1 tempest-VolumesCloneNegativeTest-2003633631 None] Task 'cinder.volume.flows.manager.create_volume.ExtractVolumeSpecTask;volume:create' (9f1eae20-e27c-4297-88ae-8bea3a87fef7) transitioned into state 'RUNNING' from state 'PENDING' {{(pid=87750) _task_receiver /opt/stack/data/venv/lib/python3.12/site-packages/taskflow/listeners/logging.py:242}}
Jul 17 05:30:30 devstack cinder-volume[87750]: DEBUG cinder.volume.manager [None req-997b6a6b-dbcb-4e0b-9e6e-e3c45b1598b1 tempest-VolumesCloneNegativeTest-2003633631 None] Task 'cinder.volume.flows.manager.create_volume.ExtractVolumeSpecTask;volume:create' (9f1eae20-e27c-4297-88ae-8bea3a87fef7) transitioned into state 'SUCCESS' from state 'RUNNING' with result '{'status': 'creating', 'type': 'raw', 'volume_id': 'c4696766-4071-4ab2-915c-11c2c64c98c8', 'volume_name': 'volume-c4696766-4071-4ab2-915c-11c2c64c98c8', 'volume_size': 2}' {{(pid=87750) _task_receiver /opt/stack/data/venv/lib/python3.12/site-packages/taskflow/listeners/logging.py:218}}
Jul 17 05:30:30 devstack cinder-volume[87750]: DEBUG cinder.volume.manager [None req-997b6a6b-dbcb-4e0b-9e6e-e3c45b1598b1 tempest-VolumesCloneNegativeTest-2003633631 None] Task 'cinder.volume.flows.manager.create_volume.NotifyVolumeActionTask;volume:create, create.start' (d08b42fe-960e-4afa-81f7-dde731b46fa9) transitioned into state 'RUNNING' from state 'PENDING' {{(pid=87750) _task_receiver /opt/stack/data/venv/lib/python3.12/site-packages/taskflow/listeners/logging.py:242}}
Jul 17 05:30:30 devstack cinder-volume[87750]: DEBUG cinder.volume.manager [None req-997b6a6b-dbcb-4e0b-9e6e-e3c45b1598b1 tempest-VolumesCloneNegativeTest-2003633631 None] Task 'cinder.volume.flows.manager.create_volume.NotifyVolumeActionTask;volume:create, create.start' (d08b42fe-960e-4afa-81f7-dde731b46fa9) transitioned into state 'SUCCESS' from state 'RUNNING' with result 'None' {{(pid=87750) _task_receiver /opt/stack/data/venv/lib/python3.12/site-packages/taskflow/listeners/logging.py:218}}
Jul 17 05:30:30 devstack cinder-volume[87750]: DEBUG cinder.volume.manager [None req-997b6a6b-dbcb-4e0b-9e6e-e3c45b1598b1 tempest-VolumesCloneNegativeTest-2003633631 None] Task 'cinder.volume.flows.manager.create_volume.CreateVolumeFromSpecTask;volume:create' (2454efbd-0f93-4a4e-b6b7-5141e11dcd4d) transitioned into state 'RUNNING' from state 'PENDING' {{(pid=87750) _task_receiver /opt/stack/data/venv/lib/python3.12/site-packages/taskflow/listeners/logging.py:242}}
Jul 17 05:30:30 devstack cinder-volume[87750]: INFO cinder.volume.flows.manager.create_volume [None req-997b6a6b-dbcb-4e0b-9e6e-e3c45b1598b1 tempest-VolumesCloneNegativeTest-2003633631 None] Volume c4696766-4071-4ab2-915c-11c2c64c98c8: being created as raw with specification: {'status': 'creating', 'volume_name': 'volume-c4696766-4071-4ab2-915c-11c2c64c98c8', 'volume_size': 2}
Jul 17 05:30:30 devstack cinder-volume[87750]: DEBUG oslo_concurrency.lockutils [None req-997b6a6b-dbcb-4e0b-9e6e-e3c45b1598b1 tempest-VolumesCloneNegativeTest-2003633631 None] Acquiring lock "quobyte" by "cinder.volume.drivers.quobyte.QuobyteDriver.create_volume" {{(pid=87750) inner /opt/stack/data/venv/lib/python3.12/site-packages/oslo_concurrency/lockutils.py:512}}
Jul 17 05:30:30 devstack cinder-volume[87750]: DEBUG oslo_concurrency.lockutils [None req-997b6a6b-dbcb-4e0b-9e6e-e3c45b1598b1 tempest-VolumesCloneNegativeTest-2003633631 None] Lock "quobyte" acquired by "cinder.volume.drivers.quobyte.QuobyteDriver.create_volume" :: waited 0.000s {{(pid=87750) inner /opt/stack/data/venv/lib/python3.12/site-packages/oslo_concurrency/lockutils.py:525}}
Jul 17 05:30:30 devstack cinder-volume[87750]: DEBUG cinder.volume.drivers.quobyte [None req-997b6a6b-dbcb-4e0b-9e6e-e3c45b1598b1 tempest-VolumesCloneNegativeTest-2003633631 None] ==> create_volume: call "{'self': , 'volume': Volume(_name_id=None,admin_metadata=,attach_status='detached',availability_zone='nova',bootable=False,cluster=,cluster_name=None,consistencygroup=,consistencygroup_id=None,created_at=2026-07-17T03:30:30Z,deleted=False,deleted_at=None,display_description=None,display_name='tempest-VolumesCloneNegativeTest-Volume-82376497',ec2_id=None,encryption_key_id=None,glance_metadata=,group=,group_id=None,host='devstack@QuobyteHD#QuobyteHD',id=c4696766-4071-4ab2-915c-11c2c64c98c8,launched_at=None,metadata={},migration_status=None,multiattach=False,previous_status=None,project_id='4d67c90f7a9f4a7fa5e3912bf07f00c9',provider_auth=None,provider_geometry=None,provider_id=None,provider_location=None,replication_driver_data=None,replication_extended_status=None,replication_status=None,scheduled_at=2026-07-17T03:30:31Z,service_uuid=None,shared_targets=True,size=2,snapshot_id=None,snapshots=,source_volid=None,status='creating',terminated_at=None,updated_at=2026-07-17T03:30:31Z,use_quota=True,user_id='12472cd3391345ea9d9181aad73c2d51',volume_attachment=VolumeAttachmentList,volume_type=VolumeType(03f5a351-53d4-43cd-848b-561990ba9d28),volume_type_id=03f5a351-53d4-43cd-848b-561990ba9d28)}" {{(pid=87750) trace_logging_wrapper /opt/stack/cinder/cinder/volume/volume_utils.py:1497}}
Jul 17 05:30:30 devstack cinder-volume[87750]: DEBUG cinder.volume.drivers.remotefs [None req-997b6a6b-dbcb-4e0b-9e6e-e3c45b1598b1 tempest-VolumesCloneNegativeTest-2003633631 None] Creating volume c4696766-4071-4ab2-915c-11c2c64c98c8 {{(pid=87750) create_volume /opt/stack/cinder/cinder/volume/drivers/remotefs.py:292}}
Jul 17 05:30:30 devstack cinder-volume[87750]: DEBUG oslo_concurrency.lockutils [None req-997b6a6b-dbcb-4e0b-9e6e-e3c45b1598b1 tempest-VolumesCloneNegativeTest-2003633631 None] Acquiring lock "quobyte_ensure" by "cinder.volume.drivers.quobyte.QuobyteDriver._ensure_shares_mounted" {{(pid=87750) inner /opt/stack/data/venv/lib/python3.12/site-packages/oslo_concurrency/lockutils.py:512}}
Jul 17 05:30:30 devstack cinder-volume[87750]: DEBUG oslo_concurrency.lockutils [None req-997b6a6b-dbcb-4e0b-9e6e-e3c45b1598b1 tempest-VolumesCloneNegativeTest-2003633631 None] Lock "quobyte_ensure" acquired by "cinder.volume.drivers.quobyte.QuobyteDriver._ensure_shares_mounted" :: waited 0.000s {{(pid=87750) inner /opt/stack/data/venv/lib/python3.12/site-packages/oslo_concurrency/lockutils.py:525}}
Jul 17 05:30:30 devstack cinder-volume[87750]: DEBUG cinder.volume.drivers.quobyte [None req-997b6a6b-dbcb-4e0b-9e6e-e3c45b1598b1 tempest-VolumesCloneNegativeTest-2003633631 None] Quobyte Volume URL set to: {'osci02.corp.quobyte.com/cinder-vol-90b1051a-b0fa-44ea-8ca8-19d2915a6041': None} {{(pid=87750) _load_shares_config /opt/stack/cinder/cinder/volume/drivers/quobyte.py:651}}
Jul 17 05:30:30 devstack cinder-volume[87750]: DEBUG cinder.volume.drivers.quobyte [None req-997b6a6b-dbcb-4e0b-9e6e-e3c45b1598b1 tempest-VolumesCloneNegativeTest-2003633631 None] Available shares ['osci02.corp.quobyte.com/cinder-vol-90b1051a-b0fa-44ea-8ca8-19d2915a6041'] {{(pid=87750) _ensure_shares_mounted /opt/stack/cinder/cinder/volume/drivers/quobyte.py:681}}
Jul 17 05:30:30 devstack cinder-volume[87750]: DEBUG oslo_concurrency.lockutils [None req-997b6a6b-dbcb-4e0b-9e6e-e3c45b1598b1 tempest-VolumesCloneNegativeTest-2003633631 None] Lock "quobyte_ensure" "released" by "cinder.volume.drivers.quobyte.QuobyteDriver._ensure_shares_mounted" :: held 0.006s {{(pid=87750) inner /opt/stack/data/venv/lib/python3.12/site-packages/oslo_concurrency/lockutils.py:544}}
Jul 17 05:30:30 devstack cinder-volume[87750]: DEBUG cinder.volume.drivers.quobyte [None req-997b6a6b-dbcb-4e0b-9e6e-e3c45b1598b1 tempest-VolumesCloneNegativeTest-2003633631 None] Selected osci02.corp.quobyte.com/cinder-vol-90b1051a-b0fa-44ea-8ca8-19d2915a6041 as target Quobyte volume. {{(pid=87750) _find_share /opt/stack/cinder/cinder/volume/drivers/quobyte.py:702}}
Jul 17 05:30:30 devstack cinder-volume[87750]: INFO cinder.volume.drivers.remotefs [None req-997b6a6b-dbcb-4e0b-9e6e-e3c45b1598b1 tempest-VolumesCloneNegativeTest-2003633631 None] casted to osci02.corp.quobyte.com/cinder-vol-90b1051a-b0fa-44ea-8ca8-19d2915a6041
Jul 17 05:30:30 devstack cinder-volume[87750]: DEBUG oslo_concurrency.processutils [None req-997b6a6b-dbcb-4e0b-9e6e-e3c45b1598b1 tempest-VolumesCloneNegativeTest-2003633631 None] Running cmd (subprocess): sudo cinder-rootwrap /etc/cinder/rootwrap.conf qemu-img create -f qcow2 -o preallocation=metadata /opt/stack/data/cinder/mnt/eb8f24788904c3d977af31c3c7c938c8/volume-c4696766-4071-4ab2-915c-11c2c64c98c8 2147483648 {{(pid=87750) execute /opt/stack/data/venv/lib/python3.12/site-packages/oslo_concurrency/processutils.py:440}}
Jul 17 05:30:31 devstack sudo[92272]: quobyte : PWD=/ ; USER=root ; COMMAND=/opt/stack/data/venv/bin/cinder-rootwrap /etc/cinder/rootwrap.conf qemu-img create -f qcow2 -o preallocation=metadata /opt/stack/data/cinder/mnt/eb8f24788904c3d977af31c3c7c938c8/volume-c4696766-4071-4ab2-915c-11c2c64c98c8 2147483648
Jul 17 05:30:31 devstack sudo[92272]: pam_unix(sudo:session): session opened for user root(uid=0) by (uid=1000)
Jul 17 05:30:31 devstack sudo[92270]: pam_unix(sudo:session): session closed for user root
Jul 17 05:30:31 devstack cinder-volume[87750]: DEBUG oslo_concurrency.processutils [None req-74629f6d-40f2-4423-a6be-0f28ee12eeb9 tempest-GroupSnapshotsTest-1874375933 None] CMD "/opt/stack/data/venv/bin/python3.12 -m oslo_concurrency.prlimit --as=1073741824 --cpu=60 -- sudo cinder-rootwrap /etc/cinder/rootwrap.conf env LC_ALL=C qemu-img info -f qcow2 --output=json --force-share /opt/stack/data/cinder/mnt/eb8f24788904c3d977af31c3c7c938c8/volume-db873449-96b2-4d7b-a677-e791719d9a03" returned: 0 in 0.395s {{(pid=87750) execute /opt/stack/data/venv/lib/python3.12/site-packages/oslo_concurrency/processutils.py:468}}
Jul 17 05:30:31 devstack cinder-volume[87750]: DEBUG oslo_concurrency.processutils [None req-74629f6d-40f2-4423-a6be-0f28ee12eeb9 tempest-GroupSnapshotsTest-1874375933 None] Running cmd (subprocess): sudo cinder-rootwrap /etc/cinder/rootwrap.conf qemu-img commit -d /opt/stack/data/cinder/mnt/eb8f24788904c3d977af31c3c7c938c8/volume-db873449-96b2-4d7b-a677-e791719d9a03.37948d8f-e642-4501-b141-ec77b0ea55af {{(pid=87750) execute /opt/stack/data/venv/lib/python3.12/site-packages/oslo_concurrency/processutils.py:440}}
Jul 17 05:30:31 devstack sudo[92277]: quobyte : PWD=/ ; USER=root ; COMMAND=/opt/stack/data/venv/bin/cinder-rootwrap /etc/cinder/rootwrap.conf qemu-img commit -d /opt/stack/data/cinder/mnt/eb8f24788904c3d977af31c3c7c938c8/volume-db873449-96b2-4d7b-a677-e791719d9a03.37948d8f-e642-4501-b141-ec77b0ea55af
Jul 17 05:30:31 devstack sudo[92277]: pam_unix(sudo:session): session opened for user root(uid=0) by (uid=1000)
Jul 17 05:30:31 devstack sudo[92272]: pam_unix(sudo:session): session closed for user root
Jul 17 05:30:31 devstack cinder-volume[87750]: DEBUG oslo_concurrency.processutils [None req-997b6a6b-dbcb-4e0b-9e6e-e3c45b1598b1 tempest-VolumesCloneNegativeTest-2003633631 None] CMD "sudo cinder-rootwrap /etc/cinder/rootwrap.conf qemu-img create -f qcow2 -o preallocation=metadata /opt/stack/data/cinder/mnt/eb8f24788904c3d977af31c3c7c938c8/volume-c4696766-4071-4ab2-915c-11c2c64c98c8 2147483648" returned: 0 in 0.525s {{(pid=87750) execute /opt/stack/data/venv/lib/python3.12/site-packages/oslo_concurrency/processutils.py:468}}
Jul 17 05:30:31 devstack sudo[92277]: pam_unix(sudo:session): session closed for user root
Jul 17 05:30:31 devstack cinder-volume[87750]: DEBUG oslo_concurrency.processutils [None req-997b6a6b-dbcb-4e0b-9e6e-e3c45b1598b1 tempest-VolumesCloneNegativeTest-2003633631 None] Running cmd (subprocess): sudo cinder-rootwrap /etc/cinder/rootwrap.conf chmod ugo+rw /opt/stack/data/cinder/mnt/eb8f24788904c3d977af31c3c7c938c8/volume-c4696766-4071-4ab2-915c-11c2c64c98c8 {{(pid=87750) execute /opt/stack/data/venv/lib/python3.12/site-packages/oslo_concurrency/processutils.py:440}}
Jul 17 05:30:31 devstack cinder-volume[87750]: DEBUG oslo_concurrency.processutils [None req-74629f6d-40f2-4423-a6be-0f28ee12eeb9 tempest-GroupSnapshotsTest-1874375933 None] CMD "sudo cinder-rootwrap /etc/cinder/rootwrap.conf qemu-img commit -d /opt/stack/data/cinder/mnt/eb8f24788904c3d977af31c3c7c938c8/volume-db873449-96b2-4d7b-a677-e791719d9a03.37948d8f-e642-4501-b141-ec77b0ea55af" returned: 0 in 0.391s {{(pid=87750) execute /opt/stack/data/venv/lib/python3.12/site-packages/oslo_concurrency/processutils.py:468}}
Jul 17 05:30:31 devstack cinder-volume[87750]: DEBUG oslo_concurrency.processutils [None req-74629f6d-40f2-4423-a6be-0f28ee12eeb9 tempest-GroupSnapshotsTest-1874375933 None] Running cmd (subprocess): sudo cinder-rootwrap /etc/cinder/rootwrap.conf rm -f /opt/stack/data/cinder/mnt/eb8f24788904c3d977af31c3c7c938c8/volume-db873449-96b2-4d7b-a677-e791719d9a03.37948d8f-e642-4501-b141-ec77b0ea55af {{(pid=87750) execute /opt/stack/data/venv/lib/python3.12/site-packages/oslo_concurrency/processutils.py:440}}
Jul 17 05:30:31 devstack sudo[92286]: quobyte : PWD=/ ; USER=root ; COMMAND=/opt/stack/data/venv/bin/cinder-rootwrap /etc/cinder/rootwrap.conf chmod ugo+rw /opt/stack/data/cinder/mnt/eb8f24788904c3d977af31c3c7c938c8/volume-c4696766-4071-4ab2-915c-11c2c64c98c8
Jul 17 05:30:31 devstack sudo[92286]: pam_unix(sudo:session): session opened for user root(uid=0) by (uid=1000)
Jul 17 05:30:31 devstack sudo[92287]: quobyte : PWD=/ ; USER=root ; COMMAND=/opt/stack/data/venv/bin/cinder-rootwrap /etc/cinder/rootwrap.conf rm -f /opt/stack/data/cinder/mnt/eb8f24788904c3d977af31c3c7c938c8/volume-db873449-96b2-4d7b-a677-e791719d9a03.37948d8f-e642-4501-b141-ec77b0ea55af
Jul 17 05:30:31 devstack sudo[92287]: pam_unix(sudo:session): session opened for user root(uid=0) by (uid=1000)
Jul 17 05:30:31 devstack sudo[92286]: pam_unix(sudo:session): session closed for user root
Jul 17 05:30:31 devstack cinder-volume[87750]: DEBUG oslo_concurrency.processutils [None req-997b6a6b-dbcb-4e0b-9e6e-e3c45b1598b1 tempest-VolumesCloneNegativeTest-2003633631 None] CMD "sudo cinder-rootwrap /etc/cinder/rootwrap.conf chmod ugo+rw /opt/stack/data/cinder/mnt/eb8f24788904c3d977af31c3c7c938c8/volume-c4696766-4071-4ab2-915c-11c2c64c98c8" returned: 0 in 0.279s {{(pid=87750) execute /opt/stack/data/venv/lib/python3.12/site-packages/oslo_concurrency/processutils.py:468}}
Jul 17 05:30:31 devstack cinder-volume[87750]: DEBUG cinder.volume.drivers.quobyte [None req-997b6a6b-dbcb-4e0b-9e6e-e3c45b1598b1 tempest-VolumesCloneNegativeTest-2003633631 None] <== create_volume: return (847ms) {'provider_location': 'osci02.corp.quobyte.com/cinder-vol-90b1051a-b0fa-44ea-8ca8-19d2915a6041'} {{(pid=87750) trace_logging_wrapper /opt/stack/cinder/cinder/volume/volume_utils.py:1522}}
Jul 17 05:30:31 devstack cinder-volume[87750]: DEBUG oslo_concurrency.lockutils [None req-997b6a6b-dbcb-4e0b-9e6e-e3c45b1598b1 tempest-VolumesCloneNegativeTest-2003633631 None] Lock "quobyte" "released" by "cinder.volume.drivers.quobyte.QuobyteDriver.create_volume" :: held 0.849s {{(pid=87750) inner /opt/stack/data/venv/lib/python3.12/site-packages/oslo_concurrency/lockutils.py:544}}
Jul 17 05:30:31 devstack cinder-volume[87750]: DEBUG cinder.volume.manager [None req-997b6a6b-dbcb-4e0b-9e6e-e3c45b1598b1 tempest-VolumesCloneNegativeTest-2003633631 None] Task 'cinder.volume.flows.manager.create_volume.CreateVolumeFromSpecTask;volume:create' (2454efbd-0f93-4a4e-b6b7-5141e11dcd4d) transitioned into state 'SUCCESS' from state 'RUNNING' with result '{'status': 'creating', 'volume_name': 'volume-c4696766-4071-4ab2-915c-11c2c64c98c8', 'volume_size': 2}' {{(pid=87750) _task_receiver /opt/stack/data/venv/lib/python3.12/site-packages/taskflow/listeners/logging.py:218}}
Jul 17 05:30:31 devstack cinder-volume[87750]: DEBUG cinder.volume.manager [None req-997b6a6b-dbcb-4e0b-9e6e-e3c45b1598b1 tempest-VolumesCloneNegativeTest-2003633631 None] Task 'cinder.volume.flows.manager.create_volume.CreateVolumeOnFinishTask;volume:create, create.end' (68df679b-041f-4573-abcf-5bff722b57ff) transitioned into state 'RUNNING' from state 'PENDING' {{(pid=87750) _task_receiver /opt/stack/data/venv/lib/python3.12/site-packages/taskflow/listeners/logging.py:242}}
Jul 17 05:30:31 devstack sudo[92287]: pam_unix(sudo:session): session closed for user root
Jul 17 05:30:31 devstack cinder-volume[87750]: INFO cinder.volume.flows.manager.create_volume [None req-997b6a6b-dbcb-4e0b-9e6e-e3c45b1598b1 tempest-VolumesCloneNegativeTest-2003633631 None] Volume volume-c4696766-4071-4ab2-915c-11c2c64c98c8 (c4696766-4071-4ab2-915c-11c2c64c98c8): created successfully
Jul 17 05:30:31 devstack cinder-volume[87750]: DEBUG cinder.volume.manager [None req-997b6a6b-dbcb-4e0b-9e6e-e3c45b1598b1 tempest-VolumesCloneNegativeTest-2003633631 None] Task 'cinder.volume.flows.manager.create_volume.CreateVolumeOnFinishTask;volume:create, create.end' (68df679b-041f-4573-abcf-5bff722b57ff) transitioned into state 'SUCCESS' from state 'RUNNING' with result 'None' {{(pid=87750) _task_receiver /opt/stack/data/venv/lib/python3.12/site-packages/taskflow/listeners/logging.py:218}}
