Jul 17 05:30:42 devstack sudo[92924]: quobyte : PWD=/ ; USER=root ; COMMAND=/opt/stack/data/venv/bin/cinder-rootwrap /etc/cinder/rootwrap.conf qemu-img create -f qcow2 -o backing_file=/opt/stack/data/cinder/mnt/eb8f24788904c3d977af31c3c7c938c8/volume-e84fb882-633d-4dba-a8cb-b7e59f8f9709,backing_fmt=qcow2 /opt/stack/data/cinder/mnt/eb8f24788904c3d977af31c3c7c938c8/volume-e84fb882-633d-4dba-a8cb-b7e59f8f9709.d2315d3a-fe23-4da4-94f4-16b7475fef24 1G
Jul 17 05:30:42 devstack sudo[92924]: pam_unix(sudo:session): session opened for user root(uid=0) by (uid=1000)
Jul 17 05:30:42 devstack cinder-volume[87750]: INFO cinder.volume.manager [None req-2194fcb0-d6a6-46c0-af27-39ad96df1207 tempest-GroupSnapshotsTest-1874375933 None] GroupSnapshot dc078e17-e099-4eeb-9835-1b96199d832f: creating.
Jul 17 05:30:42 devstack cinder-volume[87750]: DEBUG cinder.volume.manager [None req-2194fcb0-d6a6-46c0-af27-39ad96df1207 tempest-GroupSnapshotsTest-1874375933 None] Group snapshot dc078e17-e099-4eeb-9835-1b96199d832f: creating. {{(pid=87750) create_group_snapshot /opt/stack/cinder/cinder/volume/manager.py:4175}}
Jul 17 05:30:42 devstack cinder-volume[87750]: DEBUG oslo_concurrency.lockutils [None req-2194fcb0-d6a6-46c0-af27-39ad96df1207 tempest-GroupSnapshotsTest-1874375933 None] Acquiring lock "quobyte" by "cinder.volume.drivers.quobyte.QuobyteDriver.create_snapshot" {{(pid=87750) inner /opt/stack/data/venv/lib/python3.12/site-packages/oslo_concurrency/lockutils.py:512}}
Jul 17 05:30:42 devstack sudo[92924]: pam_unix(sudo:session): session closed for user root
Jul 17 05:30:42 devstack cinder-volume[87750]: DEBUG oslo_concurrency.processutils [None req-0d16612a-74c8-4304-b9c2-39966ef65514 tempest-VolumesSnapshotListTestJSON-1892255116 None] CMD "sudo cinder-rootwrap /etc/cinder/rootwrap.conf qemu-img create -f qcow2 -o backing_file=/opt/stack/data/cinder/mnt/eb8f24788904c3d977af31c3c7c938c8/volume-e84fb882-633d-4dba-a8cb-b7e59f8f9709,backing_fmt=qcow2 /opt/stack/data/cinder/mnt/eb8f24788904c3d977af31c3c7c938c8/volume-e84fb882-633d-4dba-a8cb-b7e59f8f9709.d2315d3a-fe23-4da4-94f4-16b7475fef24 1G" returned: 0 in 0.754s {{(pid=87750) execute /opt/stack/data/venv/lib/python3.12/site-packages/oslo_concurrency/processutils.py:468}}
Jul 17 05:30:42 devstack cinder-volume[87750]: DEBUG oslo_concurrency.processutils [None req-0d16612a-74c8-4304-b9c2-39966ef65514 tempest-VolumesSnapshotListTestJSON-1892255116 None] Running cmd (subprocess): sudo cinder-rootwrap /etc/cinder/rootwrap.conf qemu-img rebase -u -b volume-e84fb882-633d-4dba-a8cb-b7e59f8f9709 -F qcow2 /opt/stack/data/cinder/mnt/eb8f24788904c3d977af31c3c7c938c8/volume-e84fb882-633d-4dba-a8cb-b7e59f8f9709.d2315d3a-fe23-4da4-94f4-16b7475fef24 {{(pid=87750) execute /opt/stack/data/venv/lib/python3.12/site-packages/oslo_concurrency/processutils.py:440}}
Jul 17 05:30:42 devstack sudo[93287]: quobyte : PWD=/ ; USER=root ; COMMAND=/opt/stack/data/venv/bin/cinder-rootwrap /etc/cinder/rootwrap.conf qemu-img rebase -u -b volume-e84fb882-633d-4dba-a8cb-b7e59f8f9709 -F qcow2 /opt/stack/data/cinder/mnt/eb8f24788904c3d977af31c3c7c938c8/volume-e84fb882-633d-4dba-a8cb-b7e59f8f9709.d2315d3a-fe23-4da4-94f4-16b7475fef24
Jul 17 05:30:42 devstack sudo[93287]: pam_unix(sudo:session): session opened for user root(uid=0) by (uid=1000)
Jul 17 05:30:43 devstack sudo[93287]: pam_unix(sudo:session): session closed for user root
Jul 17 05:30:43 devstack cinder-volume[87750]: DEBUG oslo_concurrency.processutils [None req-0d16612a-74c8-4304-b9c2-39966ef65514 tempest-VolumesSnapshotListTestJSON-1892255116 None] CMD "sudo cinder-rootwrap /etc/cinder/rootwrap.conf qemu-img rebase -u -b volume-e84fb882-633d-4dba-a8cb-b7e59f8f9709 -F qcow2 /opt/stack/data/cinder/mnt/eb8f24788904c3d977af31c3c7c938c8/volume-e84fb882-633d-4dba-a8cb-b7e59f8f9709.d2315d3a-fe23-4da4-94f4-16b7475fef24" returned: 0 in 0.462s {{(pid=87750) execute /opt/stack/data/venv/lib/python3.12/site-packages/oslo_concurrency/processutils.py:468}}
Jul 17 05:30:43 devstack cinder-volume[87750]: WARNING cinder.volume.drivers.remotefs [None req-0d16612a-74c8-4304-b9c2-39966ef65514 tempest-VolumesSnapshotListTestJSON-1892255116 None] /opt/stack/data/cinder/mnt/eb8f24788904c3d977af31c3c7c938c8/volume-e84fb882-633d-4dba-a8cb-b7e59f8f9709.d2315d3a-fe23-4da4-94f4-16b7475fef24 is being set with open permissions: ugo+rw
Jul 17 05:30:43 devstack cinder-volume[87750]: DEBUG oslo_concurrency.processutils [None req-0d16612a-74c8-4304-b9c2-39966ef65514 tempest-VolumesSnapshotListTestJSON-1892255116 None] Running cmd (subprocess): sudo cinder-rootwrap /etc/cinder/rootwrap.conf chmod ugo+rw /opt/stack/data/cinder/mnt/eb8f24788904c3d977af31c3c7c938c8/volume-e84fb882-633d-4dba-a8cb-b7e59f8f9709.d2315d3a-fe23-4da4-94f4-16b7475fef24 {{(pid=87750) execute /opt/stack/data/venv/lib/python3.12/site-packages/oslo_concurrency/processutils.py:440}}
Jul 17 05:30:43 devstack sudo[93312]: quobyte : PWD=/ ; USER=root ; COMMAND=/opt/stack/data/venv/bin/cinder-rootwrap /etc/cinder/rootwrap.conf chmod ugo+rw /opt/stack/data/cinder/mnt/eb8f24788904c3d977af31c3c7c938c8/volume-e84fb882-633d-4dba-a8cb-b7e59f8f9709.d2315d3a-fe23-4da4-94f4-16b7475fef24
Jul 17 05:30:43 devstack sudo[93312]: pam_unix(sudo:session): session opened for user root(uid=0) by (uid=1000)
Jul 17 05:30:43 devstack sudo[93312]: pam_unix(sudo:session): session closed for user root
Jul 17 05:30:43 devstack cinder-volume[87750]: DEBUG oslo_concurrency.processutils [None req-0d16612a-74c8-4304-b9c2-39966ef65514 tempest-VolumesSnapshotListTestJSON-1892255116 None] CMD "sudo cinder-rootwrap /etc/cinder/rootwrap.conf chmod ugo+rw /opt/stack/data/cinder/mnt/eb8f24788904c3d977af31c3c7c938c8/volume-e84fb882-633d-4dba-a8cb-b7e59f8f9709.d2315d3a-fe23-4da4-94f4-16b7475fef24" returned: 0 in 0.284s {{(pid=87750) execute /opt/stack/data/venv/lib/python3.12/site-packages/oslo_concurrency/processutils.py:468}}
Jul 17 05:30:43 devstack cinder-volume[87750]: DEBUG oslo_concurrency.processutils [None req-0d16612a-74c8-4304-b9c2-39966ef65514 tempest-VolumesSnapshotListTestJSON-1892255116 None] Running cmd (subprocess): sudo cinder-rootwrap /etc/cinder/rootwrap.conf truncate -s0 /opt/stack/data/cinder/mnt/eb8f24788904c3d977af31c3c7c938c8/volume-e84fb882-633d-4dba-a8cb-b7e59f8f9709.info {{(pid=87750) execute /opt/stack/data/venv/lib/python3.12/site-packages/oslo_concurrency/processutils.py:440}}
Jul 17 05:30:43 devstack sudo[93318]: quobyte : PWD=/ ; USER=root ; COMMAND=/opt/stack/data/venv/bin/cinder-rootwrap /etc/cinder/rootwrap.conf truncate -s0 /opt/stack/data/cinder/mnt/eb8f24788904c3d977af31c3c7c938c8/volume-e84fb882-633d-4dba-a8cb-b7e59f8f9709.info
Jul 17 05:30:43 devstack sudo[93318]: pam_unix(sudo:session): session opened for user root(uid=0) by (uid=1000)
Jul 17 05:30:43 devstack sudo[93318]: pam_unix(sudo:session): session closed for user root
Jul 17 05:30:43 devstack cinder-volume[87750]: DEBUG oslo_concurrency.processutils [None req-0d16612a-74c8-4304-b9c2-39966ef65514 tempest-VolumesSnapshotListTestJSON-1892255116 None] CMD "sudo cinder-rootwrap /etc/cinder/rootwrap.conf truncate -s0 /opt/stack/data/cinder/mnt/eb8f24788904c3d977af31c3c7c938c8/volume-e84fb882-633d-4dba-a8cb-b7e59f8f9709.info" returned: 0 in 0.252s {{(pid=87750) execute /opt/stack/data/venv/lib/python3.12/site-packages/oslo_concurrency/processutils.py:468}}
Jul 17 05:30:43 devstack cinder-volume[87750]: WARNING cinder.volume.drivers.remotefs [None req-0d16612a-74c8-4304-b9c2-39966ef65514 tempest-VolumesSnapshotListTestJSON-1892255116 None] /opt/stack/data/cinder/mnt/eb8f24788904c3d977af31c3c7c938c8/volume-e84fb882-633d-4dba-a8cb-b7e59f8f9709.info is being set with open permissions: ugo+rw
Jul 17 05:30:43 devstack cinder-volume[87750]: DEBUG oslo_concurrency.processutils [None req-0d16612a-74c8-4304-b9c2-39966ef65514 tempest-VolumesSnapshotListTestJSON-1892255116 None] Running cmd (subprocess): sudo cinder-rootwrap /etc/cinder/rootwrap.conf chmod ugo+rw /opt/stack/data/cinder/mnt/eb8f24788904c3d977af31c3c7c938c8/volume-e84fb882-633d-4dba-a8cb-b7e59f8f9709.info {{(pid=87750) execute /opt/stack/data/venv/lib/python3.12/site-packages/oslo_concurrency/processutils.py:440}}
Jul 17 05:30:43 devstack sudo[93321]: quobyte : PWD=/ ; USER=root ; COMMAND=/opt/stack/data/venv/bin/cinder-rootwrap /etc/cinder/rootwrap.conf chmod ugo+rw /opt/stack/data/cinder/mnt/eb8f24788904c3d977af31c3c7c938c8/volume-e84fb882-633d-4dba-a8cb-b7e59f8f9709.info
Jul 17 05:30:43 devstack sudo[93321]: pam_unix(sudo:session): session opened for user root(uid=0) by (uid=1000)
Jul 17 05:30:44 devstack sudo[93321]: pam_unix(sudo:session): session closed for user root
Jul 17 05:30:44 devstack cinder-volume[87750]: DEBUG oslo_concurrency.processutils [None req-0d16612a-74c8-4304-b9c2-39966ef65514 tempest-VolumesSnapshotListTestJSON-1892255116 None] CMD "sudo cinder-rootwrap /etc/cinder/rootwrap.conf chmod ugo+rw /opt/stack/data/cinder/mnt/eb8f24788904c3d977af31c3c7c938c8/volume-e84fb882-633d-4dba-a8cb-b7e59f8f9709.info" returned: 0 in 0.324s {{(pid=87750) execute /opt/stack/data/venv/lib/python3.12/site-packages/oslo_concurrency/processutils.py:468}}
Jul 17 05:30:44 devstack cinder-volume[87750]: DEBUG oslo_concurrency.lockutils [None req-0d16612a-74c8-4304-b9c2-39966ef65514 tempest-VolumesSnapshotListTestJSON-1892255116 None] Lock "quobyte" "released" by "cinder.volume.drivers.quobyte.QuobyteDriver.create_snapshot" :: held 2.783s {{(pid=87750) inner /opt/stack/data/venv/lib/python3.12/site-packages/oslo_concurrency/lockutils.py:544}}
Jul 17 05:30:44 devstack cinder-volume[87750]: DEBUG oslo_concurrency.lockutils [None req-2194fcb0-d6a6-46c0-af27-39ad96df1207 tempest-GroupSnapshotsTest-1874375933 None] Lock "quobyte" acquired by "cinder.volume.drivers.quobyte.QuobyteDriver.create_snapshot" :: waited 2.079s {{(pid=87750) inner /opt/stack/data/venv/lib/python3.12/site-packages/oslo_concurrency/lockutils.py:525}}
Jul 17 05:30:44 devstack cinder-volume[87750]: DEBUG cinder.volume.drivers.remotefs [None req-2194fcb0-d6a6-46c0-af27-39ad96df1207 tempest-GroupSnapshotsTest-1874375933 None] Creating offline snapshot 41d2cc3e-8878-4f76-aed4-13120b568ebb of volume 7fd01e8e-6e86-4db5-aff6-197e452d47e5 {{(pid=87750) _create_snapshot /opt/stack/cinder/cinder/volume/drivers/remotefs.py:1816}}
Jul 17 05:30:44 devstack cinder-volume[87750]: INFO cinder.volume.manager [None req-0d16612a-74c8-4304-b9c2-39966ef65514 tempest-VolumesSnapshotListTestJSON-1892255116 None] Create snapshot completed successfully
Jul 17 05:30:44 devstack cinder-volume[87750]: DEBUG oslo.privsep.daemon [-] privsep: reply[2fbc6d74-5a7e-4615-87c3-221b7fc53c68]: (4, 'qcow2') {{(pid=88611) _call_back /opt/stack/data/venv/lib/python3.12/site-packages/oslo_privsep/daemon.py:580}}
Jul 17 05:30:44 devstack cinder-volume[87750]: DEBUG oslo_concurrency.processutils [None req-2194fcb0-d6a6-46c0-af27-39ad96df1207 tempest-GroupSnapshotsTest-1874375933 None] Running cmd (subprocess): /opt/stack/data/venv/bin/python3.12 -m oslo_concurrency.prlimit --as=1073741824 --cpu=60 -- sudo cinder-rootwrap /etc/cinder/rootwrap.conf env LC_ALL=C qemu-img info -f qcow2 --output=json --force-share /opt/stack/data/cinder/mnt/eb8f24788904c3d977af31c3c7c938c8/volume-7fd01e8e-6e86-4db5-aff6-197e452d47e5 {{(pid=87750) execute /opt/stack/data/venv/lib/python3.12/site-packages/oslo_concurrency/processutils.py:440}}
Jul 17 05:30:44 devstack sudo[93326]: quobyte : PWD=/ ; USER=root ; COMMAND=/opt/stack/data/venv/bin/cinder-rootwrap /etc/cinder/rootwrap.conf env LC_ALL=C qemu-img info -f qcow2 --output=json --force-share /opt/stack/data/cinder/mnt/eb8f24788904c3d977af31c3c7c938c8/volume-7fd01e8e-6e86-4db5-aff6-197e452d47e5
Jul 17 05:30:44 devstack sudo[93326]: pam_unix(sudo:session): session opened for user root(uid=0) by (uid=1000)
Jul 17 05:30:44 devstack sudo[93326]: pam_unix(sudo:session): session closed for user root
Jul 17 05:30:44 devstack cinder-volume[87750]: DEBUG oslo_concurrency.processutils [None req-2194fcb0-d6a6-46c0-af27-39ad96df1207 tempest-GroupSnapshotsTest-1874375933 None] CMD "/opt/stack/data/venv/bin/python3.12 -m oslo_concurrency.prlimit --as=1073741824 --cpu=60 -- sudo cinder-rootwrap /etc/cinder/rootwrap.conf env LC_ALL=C qemu-img info -f qcow2 --output=json --force-share /opt/stack/data/cinder/mnt/eb8f24788904c3d977af31c3c7c938c8/volume-7fd01e8e-6e86-4db5-aff6-197e452d47e5" returned: 0 in 0.411s {{(pid=87750) execute /opt/stack/data/venv/lib/python3.12/site-packages/oslo_concurrency/processutils.py:468}}
Jul 17 05:30:44 devstack cinder-volume[87750]: DEBUG oslo_concurrency.processutils [None req-2194fcb0-d6a6-46c0-af27-39ad96df1207 tempest-GroupSnapshotsTest-1874375933 None] Running cmd (subprocess): sudo cinder-rootwrap /etc/cinder/rootwrap.conf qemu-img create -f qcow2 -o backing_file=/opt/stack/data/cinder/mnt/eb8f24788904c3d977af31c3c7c938c8/volume-7fd01e8e-6e86-4db5-aff6-197e452d47e5,backing_fmt=qcow2 /opt/stack/data/cinder/mnt/eb8f24788904c3d977af31c3c7c938c8/volume-7fd01e8e-6e86-4db5-aff6-197e452d47e5.41d2cc3e-8878-4f76-aed4-13120b568ebb 1G {{(pid=87750) execute /opt/stack/data/venv/lib/python3.12/site-packages/oslo_concurrency/processutils.py:440}}
Jul 17 05:30:44 devstack sudo[93335]: quobyte : PWD=/ ; USER=root ; COMMAND=/opt/stack/data/venv/bin/cinder-rootwrap /etc/cinder/rootwrap.conf qemu-img create -f qcow2 -o backing_file=/opt/stack/data/cinder/mnt/eb8f24788904c3d977af31c3c7c938c8/volume-7fd01e8e-6e86-4db5-aff6-197e452d47e5,backing_fmt=qcow2 /opt/stack/data/cinder/mnt/eb8f24788904c3d977af31c3c7c938c8/volume-7fd01e8e-6e86-4db5-aff6-197e452d47e5.41d2cc3e-8878-4f76-aed4-13120b568ebb 1G
Jul 17 05:30:44 devstack sudo[93335]: pam_unix(sudo:session): session opened for user root(uid=0) by (uid=1000)
Jul 17 05:30:44 devstack cinder-volume[87750]: DEBUG oslo_concurrency.lockutils [None req-cafc4abb-34fb-4d56-ad48-122a40288309 tempest-VolumesSnapshotListTestJSON-1892255116 None] Acquiring lock "quobyte" by "cinder.volume.drivers.quobyte.QuobyteDriver.create_snapshot" {{(pid=87750) inner /opt/stack/data/venv/lib/python3.12/site-packages/oslo_concurrency/lockutils.py:512}}
Jul 17 05:30:45 devstack sudo[93335]: pam_unix(sudo:session): session closed for user root
Jul 17 05:30:45 devstack cinder-volume[87750]: DEBUG oslo_concurrency.processutils [None req-2194fcb0-d6a6-46c0-af27-39ad96df1207 tempest-GroupSnapshotsTest-1874375933 None] CMD "sudo cinder-rootwrap /etc/cinder/rootwrap.conf qemu-img create -f qcow2 -o backing_file=/opt/stack/data/cinder/mnt/eb8f24788904c3d977af31c3c7c938c8/volume-7fd01e8e-6e86-4db5-aff6-197e452d47e5,backing_fmt=qcow2 /opt/stack/data/cinder/mnt/eb8f24788904c3d977af31c3c7c938c8/volume-7fd01e8e-6e86-4db5-aff6-197e452d47e5.41d2cc3e-8878-4f76-aed4-13120b568ebb 1G" returned: 0 in 0.564s {{(pid=87750) execute /opt/stack/data/venv/lib/python3.12/site-packages/oslo_concurrency/processutils.py:468}}
Jul 17 05:30:45 devstack cinder-volume[87750]: DEBUG oslo_concurrency.processutils [None req-2194fcb0-d6a6-46c0-af27-39ad96df1207 tempest-GroupSnapshotsTest-1874375933 None] Running cmd (subprocess): sudo cinder-rootwrap /etc/cinder/rootwrap.conf qemu-img rebase -u -b volume-7fd01e8e-6e86-4db5-aff6-197e452d47e5 -F qcow2 /opt/stack/data/cinder/mnt/eb8f24788904c3d977af31c3c7c938c8/volume-7fd01e8e-6e86-4db5-aff6-197e452d47e5.41d2cc3e-8878-4f76-aed4-13120b568ebb {{(pid=87750) execute /opt/stack/data/venv/lib/python3.12/site-packages/oslo_concurrency/processutils.py:440}}
Jul 17 05:30:45 devstack sudo[93342]: quobyte : PWD=/ ; USER=root ; COMMAND=/opt/stack/data/venv/bin/cinder-rootwrap /etc/cinder/rootwrap.conf qemu-img rebase -u -b volume-7fd01e8e-6e86-4db5-aff6-197e452d47e5 -F qcow2 /opt/stack/data/cinder/mnt/eb8f24788904c3d977af31c3c7c938c8/volume-7fd01e8e-6e86-4db5-aff6-197e452d47e5.41d2cc3e-8878-4f76-aed4-13120b568ebb
Jul 17 05:30:45 devstack sudo[93342]: pam_unix(sudo:session): session opened for user root(uid=0) by (uid=1000)
Jul 17 05:30:45 devstack sudo[93342]: pam_unix(sudo:session): session closed for user root
Jul 17 05:30:45 devstack cinder-volume[87750]: DEBUG oslo_concurrency.processutils [None req-2194fcb0-d6a6-46c0-af27-39ad96df1207 tempest-GroupSnapshotsTest-1874375933 None] CMD "sudo cinder-rootwrap /etc/cinder/rootwrap.conf qemu-img rebase -u -b volume-7fd01e8e-6e86-4db5-aff6-197e452d47e5 -F qcow2 /opt/stack/data/cinder/mnt/eb8f24788904c3d977af31c3c7c938c8/volume-7fd01e8e-6e86-4db5-aff6-197e452d47e5.41d2cc3e-8878-4f76-aed4-13120b568ebb" returned: 0 in 0.493s {{(pid=87750) execute /opt/stack/data/venv/lib/python3.12/site-packages/oslo_concurrency/processutils.py:468}}
Jul 17 05:30:45 devstack cinder-volume[87750]: WARNING cinder.volume.drivers.remotefs [None req-2194fcb0-d6a6-46c0-af27-39ad96df1207 tempest-GroupSnapshotsTest-1874375933 None] /opt/stack/data/cinder/mnt/eb8f24788904c3d977af31c3c7c938c8/volume-7fd01e8e-6e86-4db5-aff6-197e452d47e5.41d2cc3e-8878-4f76-aed4-13120b568ebb is being set with open permissions: ugo+rw: NotImplementedError
Jul 17 05:30:45 devstack cinder-volume[87750]: DEBUG oslo_concurrency.processutils [None req-2194fcb0-d6a6-46c0-af27-39ad96df1207 tempest-GroupSnapshotsTest-1874375933 None] Running cmd (subprocess): sudo cinder-rootwrap /etc/cinder/rootwrap.conf chmod ugo+rw /opt/stack/data/cinder/mnt/eb8f24788904c3d977af31c3c7c938c8/volume-7fd01e8e-6e86-4db5-aff6-197e452d47e5.41d2cc3e-8878-4f76-aed4-13120b568ebb {{(pid=87750) execute /opt/stack/data/venv/lib/python3.12/site-packages/oslo_concurrency/processutils.py:440}}
Jul 17 05:30:45 devstack sudo[93353]: quobyte : PWD=/ ; USER=root ; COMMAND=/opt/stack/data/venv/bin/cinder-rootwrap /etc/cinder/rootwrap.conf chmod ugo+rw /opt/stack/data/cinder/mnt/eb8f24788904c3d977af31c3c7c938c8/volume-7fd01e8e-6e86-4db5-aff6-197e452d47e5.41d2cc3e-8878-4f76-aed4-13120b568ebb
Jul 17 05:30:45 devstack sudo[93353]: pam_unix(sudo:session): session opened for user root(uid=0) by (uid=1000)
Jul 17 05:30:46 devstack sudo[93353]: pam_unix(sudo:session): session closed for user root
Jul 17 05:30:46 devstack cinder-volume[87750]: DEBUG oslo_concurrency.processutils [None req-2194fcb0-d6a6-46c0-af27-39ad96df1207 tempest-GroupSnapshotsTest-1874375933 None] CMD "sudo cinder-rootwrap /etc/cinder/rootwrap.conf chmod ugo+rw /opt/stack/data/cinder/mnt/eb8f24788904c3d977af31c3c7c938c8/volume-7fd01e8e-6e86-4db5-aff6-197e452d47e5.41d2cc3e-8878-4f76-aed4-13120b568ebb" returned: 0 in 0.321s {{(pid=87750) execute /opt/stack/data/venv/lib/python3.12/site-packages/oslo_concurrency/processutils.py:468}}
Jul 17 05:30:46 devstack cinder-volume[87750]: DEBUG oslo_concurrency.processutils [None req-2194fcb0-d6a6-46c0-af27-39ad96df1207 tempest-GroupSnapshotsTest-1874375933 None] Running cmd (subprocess): sudo cinder-rootwrap /etc/cinder/rootwrap.conf truncate -s0 /opt/stack/data/cinder/mnt/eb8f24788904c3d977af31c3c7c938c8/volume-7fd01e8e-6e86-4db5-aff6-197e452d47e5.info {{(pid=87750) execute /opt/stack/data/venv/lib/python3.12/site-packages/oslo_concurrency/processutils.py:440}}
Jul 17 05:30:46 devstack sudo[93364]: quobyte : PWD=/ ; USER=root ; COMMAND=/opt/stack/data/venv/bin/cinder-rootwrap /etc/cinder/rootwrap.conf truncate -s0 /opt/stack/data/cinder/mnt/eb8f24788904c3d977af31c3c7c938c8/volume-7fd01e8e-6e86-4db5-aff6-197e452d47e5.info
Jul 17 05:30:46 devstack sudo[93364]: pam_unix(sudo:session): session opened for user root(uid=0) by (uid=1000)
Jul 17 05:30:46 devstack cinder-volume[87750]: DEBUG oslo_concurrency.lockutils [req-7f15b2ab-2e5c-401b-8d31-0f0d673cd4b7 req-87d78ec9-e1df-41bd-bb71-a9e08663924f tempest-ServerActionsTestOtherA-595841764 None] Acquiring lock "quobyte" by "cinder.volume.drivers.quobyte.QuobyteDriver.initialize_connection" {{(pid=87750) inner /opt/stack/data/venv/lib/python3.12/site-packages/oslo_concurrency/lockutils.py:512}}
Jul 17 05:30:46 devstack sudo[93364]: pam_unix(sudo:session): session closed for user root
Jul 17 05:30:46 devstack cinder-volume[87750]: DEBUG oslo_concurrency.processutils [None req-2194fcb0-d6a6-46c0-af27-39ad96df1207 tempest-GroupSnapshotsTest-1874375933 None] CMD "sudo cinder-rootwrap /etc/cinder/rootwrap.conf truncate -s0 /opt/stack/data/cinder/mnt/eb8f24788904c3d977af31c3c7c938c8/volume-7fd01e8e-6e86-4db5-aff6-197e452d47e5.info" returned: 0 in 0.282s {{(pid=87750) execute /opt/stack/data/venv/lib/python3.12/site-packages/oslo_concurrency/processutils.py:468}}
Jul 17 05:30:46 devstack cinder-volume[87750]: WARNING cinder.volume.drivers.remotefs [None req-2194fcb0-d6a6-46c0-af27-39ad96df1207 tempest-GroupSnapshotsTest-1874375933 None] /opt/stack/data/cinder/mnt/eb8f24788904c3d977af31c3c7c938c8/volume-7fd01e8e-6e86-4db5-aff6-197e452d47e5.info is being set with open permissions: ugo+rw: NotImplementedError
Jul 17 05:30:46 devstack cinder-volume[87750]: DEBUG oslo_concurrency.processutils [None req-2194fcb0-d6a6-46c0-af27-39ad96df1207 tempest-GroupSnapshotsTest-1874375933 None] Running cmd (subprocess): sudo cinder-rootwrap /etc/cinder/rootwrap.conf chmod ugo+rw /opt/stack/data/cinder/mnt/eb8f24788904c3d977af31c3c7c938c8/volume-7fd01e8e-6e86-4db5-aff6-197e452d47e5.info {{(pid=87750) execute /opt/stack/data/venv/lib/python3.12/site-packages/oslo_concurrency/processutils.py:440}}
Jul 17 05:30:46 devstack sudo[93367]: quobyte : PWD=/ ; USER=root ; COMMAND=/opt/stack/data/venv/bin/cinder-rootwrap /etc/cinder/rootwrap.conf chmod ugo+rw /opt/stack/data/cinder/mnt/eb8f24788904c3d977af31c3c7c938c8/volume-7fd01e8e-6e86-4db5-aff6-197e452d47e5.info
Jul 17 05:30:46 devstack sudo[93367]: pam_unix(sudo:session): session opened for user root(uid=0) by (uid=1000)
Jul 17 05:30:46 devstack sudo[93367]: pam_unix(sudo:session): session closed for user root
Jul 17 05:30:46 devstack cinder-volume[87750]: DEBUG oslo_concurrency.processutils [None req-2194fcb0-d6a6-46c0-af27-39ad96df1207 tempest-GroupSnapshotsTest-1874375933 None] CMD "sudo cinder-rootwrap /etc/cinder/rootwrap.conf chmod ugo+rw /opt/stack/data/cinder/mnt/eb8f24788904c3d977af31c3c7c938c8/volume-7fd01e8e-6e86-4db5-aff6-197e452d47e5.info" returned: 0 in 0.247s {{(pid=87750) execute /opt/stack/data/venv/lib/python3.12/site-packages/oslo_concurrency/processutils.py:468}}
Jul 17 05:30:46 devstack cinder-volume[87750]: DEBUG oslo_concurrency.lockutils [None req-2194fcb0-d6a6-46c0-af27-39ad96df1207 tempest-GroupSnapshotsTest-1874375933 None] Lock "quobyte" "released" by "cinder.volume.drivers.quobyte.QuobyteDriver.create_snapshot" :: held 2.444s {{(pid=87750) inner /opt/stack/data/venv/lib/python3.12/site-packages/oslo_concurrency/lockutils.py:544}}
Jul 17 05:30:46 devstack cinder-volume[87750]: DEBUG oslo_concurrency.lockutils [None req-cafc4abb-34fb-4d56-ad48-122a40288309 tempest-VolumesSnapshotListTestJSON-1892255116 None] Lock "quobyte" acquired by "cinder.volume.drivers.quobyte.QuobyteDriver.create_snapshot" :: waited 1.849s {{(pid=87750) inner /opt/stack/data/venv/lib/python3.12/site-packages/oslo_concurrency/lockutils.py:525}}
Jul 17 05:30:46 devstack cinder-volume[87750]: DEBUG cinder.volume.drivers.remotefs [None req-cafc4abb-34fb-4d56-ad48-122a40288309 tempest-VolumesSnapshotListTestJSON-1892255116 None] Creating offline snapshot b1f41351-5935-487c-abcb-18f1fa96e9e2 of volume e84fb882-633d-4dba-a8cb-b7e59f8f9709 {{(pid=87750) _create_snapshot /opt/stack/cinder/cinder/volume/drivers/remotefs.py:1816}}
Jul 17 05:30:46 devstack cinder-volume[87750]: DEBUG oslo.privsep.daemon [-] privsep: reply[886a4f5d-4885-49d8-bb4e-20a8240fa401]: (4, 'qcow2') {{(pid=88611) _call_back /opt/stack/data/venv/lib/python3.12/site-packages/oslo_privsep/daemon.py:580}}
Jul 17 05:30:46 devstack cinder-volume[87750]: DEBUG oslo_concurrency.processutils [None req-cafc4abb-34fb-4d56-ad48-122a40288309 tempest-VolumesSnapshotListTestJSON-1892255116 None] Running cmd (subprocess): /opt/stack/data/venv/bin/python3.12 -m oslo_concurrency.prlimit --as=1073741824 --cpu=60 -- sudo cinder-rootwrap /etc/cinder/rootwrap.conf env LC_ALL=C qemu-img info -f qcow2 --output=json --force-share /opt/stack/data/cinder/mnt/eb8f24788904c3d977af31c3c7c938c8/volume-e84fb882-633d-4dba-a8cb-b7e59f8f9709.d2315d3a-fe23-4da4-94f4-16b7475fef24 {{(pid=87750) execute /opt/stack/data/venv/lib/python3.12/site-packages/oslo_concurrency/processutils.py:440}}
Jul 17 05:30:46 devstack cinder-volume[87750]: INFO cinder.volume.manager [None req-2194fcb0-d6a6-46c0-af27-39ad96df1207 tempest-GroupSnapshotsTest-1874375933 None] group_snapshot dc078e17-e099-4eeb-9835-1b96199d832f: created successfully
Jul 17 05:30:46 devstack sudo[93370]: quobyte : PWD=/ ; USER=root ; COMMAND=/opt/stack/data/venv/bin/cinder-rootwrap /etc/cinder/rootwrap.conf env LC_ALL=C qemu-img info -f qcow2 --output=json --force-share /opt/stack/data/cinder/mnt/eb8f24788904c3d977af31c3c7c938c8/volume-e84fb882-633d-4dba-a8cb-b7e59f8f9709.d2315d3a-fe23-4da4-94f4-16b7475fef24
Jul 17 05:30:46 devstack sudo[93370]: pam_unix(sudo:session): session opened for user root(uid=0) by (uid=1000)
Jul 17 05:30:47 devstack sudo[93370]: pam_unix(sudo:session): session closed for user root
Jul 17 05:30:47 devstack cinder-volume[87750]: DEBUG oslo_concurrency.processutils [None req-cafc4abb-34fb-4d56-ad48-122a40288309 tempest-VolumesSnapshotListTestJSON-1892255116 None] CMD "/opt/stack/data/venv/bin/python3.12 -m oslo_concurrency.prlimit --as=1073741824 --cpu=60 -- sudo cinder-rootwrap /etc/cinder/rootwrap.conf env LC_ALL=C qemu-img info -f qcow2 --output=json --force-share /opt/stack/data/cinder/mnt/eb8f24788904c3d977af31c3c7c938c8/volume-e84fb882-633d-4dba-a8cb-b7e59f8f9709.d2315d3a-fe23-4da4-94f4-16b7475fef24" returned: 0 in 0.394s {{(pid=87750) execute /opt/stack/data/venv/lib/python3.12/site-packages/oslo_concurrency/processutils.py:468}}
Jul 17 05:30:47 devstack cinder-volume[87750]: DEBUG cinder.volume.drivers.remotefs [None req-cafc4abb-34fb-4d56-ad48-122a40288309 tempest-VolumesSnapshotListTestJSON-1892255116 None] Fetching qemu-img info with special backing_file_template: (/opt/stack/data/cinder/mnt/[0-9a-f]+/)?(volume-e84fb882-633d-4dba-a8cb-b7e59f8f9709(.(tmp-snap-)?[0-9a-f-]+)?|volume_from_snapshot_cache/(tmp-snap-)?[0-9a-f-]+(.(child-|parent-)[0-9a-f-]+)?)$ {{(pid=87750) _qemu_img_info_base /opt/stack/cinder/cinder/volume/drivers/remotefs.py:896}}
Jul 17 05:30:47 devstack cinder-volume[87750]: DEBUG oslo_concurrency.processutils [None req-cafc4abb-34fb-4d56-ad48-122a40288309 tempest-VolumesSnapshotListTestJSON-1892255116 None] Running cmd (subprocess): sudo cinder-rootwrap /etc/cinder/rootwrap.conf qemu-img create -f qcow2 -o backing_file=/opt/stack/data/cinder/mnt/eb8f24788904c3d977af31c3c7c938c8/volume-e84fb882-633d-4dba-a8cb-b7e59f8f9709.d2315d3a-fe23-4da4-94f4-16b7475fef24,backing_fmt=qcow2 /opt/stack/data/cinder/mnt/eb8f24788904c3d977af31c3c7c938c8/volume-e84fb882-633d-4dba-a8cb-b7e59f8f9709.b1f41351-5935-487c-abcb-18f1fa96e9e2 1G {{(pid=87750) execute /opt/stack/data/venv/lib/python3.12/site-packages/oslo_concurrency/processutils.py:440}}
Jul 17 05:30:47 devstack sudo[93375]: quobyte : PWD=/ ; USER=root ; COMMAND=/opt/stack/data/venv/bin/cinder-rootwrap /etc/cinder/rootwrap.conf qemu-img create -f qcow2 -o backing_file=/opt/stack/data/cinder/mnt/eb8f24788904c3d977af31c3c7c938c8/volume-e84fb882-633d-4dba-a8cb-b7e59f8f9709.d2315d3a-fe23-4da4-94f4-16b7475fef24,backing_fmt=qcow2 /opt/stack/data/cinder/mnt/eb8f24788904c3d977af31c3c7c938c8/volume-e84fb882-633d-4dba-a8cb-b7e59f8f9709.b1f41351-5935-487c-abcb-18f1fa96e9e2 1G
Jul 17 05:30:47 devstack sudo[93375]: pam_unix(sudo:session): session opened for user root(uid=0) by (uid=1000)
Jul 17 05:30:47 devstack cinder-volume[87750]: INFO cinder.volume.manager [None req-f547094d-0a4e-4176-a94a-961a126ab3a8 tempest-GroupSnapshotsTest-1874375933 None] group_snapshot dc078e17-e099-4eeb-9835-1b96199d832f: deleting
Jul 17 05:30:47 devstack sudo[93375]: pam_unix(sudo:session): session closed for user root
Jul 17 05:30:47 devstack cinder-volume[87750]: DEBUG oslo_concurrency.processutils [None req-cafc4abb-34fb-4d56-ad48-122a40288309 tempest-VolumesSnapshotListTestJSON-1892255116 None] CMD "sudo cinder-rootwrap /etc/cinder/rootwrap.conf qemu-img create -f qcow2 -o backing_file=/opt/stack/data/cinder/mnt/eb8f24788904c3d977af31c3c7c938c8/volume-e84fb882-633d-4dba-a8cb-b7e59f8f9709.d2315d3a-fe23-4da4-94f4-16b7475fef24,backing_fmt=qcow2 /opt/stack/data/cinder/mnt/eb8f24788904c3d977af31c3c7c938c8/volume-e84fb882-633d-4dba-a8cb-b7e59f8f9709.b1f41351-5935-487c-abcb-18f1fa96e9e2 1G" returned: 0 in 0.514s {{(pid=87750) execute /opt/stack/data/venv/lib/python3.12/site-packages/oslo_concurrency/processutils.py:468}}
Jul 17 05:30:47 devstack cinder-volume[87750]: DEBUG oslo_concurrency.processutils [None req-cafc4abb-34fb-4d56-ad48-122a40288309 tempest-VolumesSnapshotListTestJSON-1892255116 None] Running cmd (subprocess): sudo cinder-rootwrap /etc/cinder/rootwrap.conf qemu-img rebase -u -b volume-e84fb882-633d-4dba-a8cb-b7e59f8f9709.d2315d3a-fe23-4da4-94f4-16b7475fef24 -F qcow2 /opt/stack/data/cinder/mnt/eb8f24788904c3d977af31c3c7c938c8/volume-e84fb882-633d-4dba-a8cb-b7e59f8f9709.b1f41351-5935-487c-abcb-18f1fa96e9e2 {{(pid=87750) execute /opt/stack/data/venv/lib/python3.12/site-packages/oslo_concurrency/processutils.py:440}}
Jul 17 05:30:47 devstack cinder-volume[87750]: DEBUG cinder.volume.manager [None req-f547094d-0a4e-4176-a94a-961a126ab3a8 tempest-GroupSnapshotsTest-1874375933 None] group_snapshot dc078e17-e099-4eeb-9835-1b96199d832f: deleting {{(pid=87750) delete_group_snapshot /opt/stack/cinder/cinder/volume/manager.py:4350}}
Jul 17 05:30:47 devstack sudo[93386]: quobyte : PWD=/ ; USER=root ; COMMAND=/opt/stack/data/venv/bin/cinder-rootwrap /etc/cinder/rootwrap.conf qemu-img rebase -u -b volume-e84fb882-633d-4dba-a8cb-b7e59f8f9709.d2315d3a-fe23-4da4-94f4-16b7475fef24 -F qcow2 /opt/stack/data/cinder/mnt/eb8f24788904c3d977af31c3c7c938c8/volume-e84fb882-633d-4dba-a8cb-b7e59f8f9709.b1f41351-5935-487c-abcb-18f1fa96e9e2
Jul 17 05:30:47 devstack sudo[93386]: pam_unix(sudo:session): session opened for user root(uid=0) by (uid=1000)
Jul 17 05:30:47 devstack cinder-volume[87750]: DEBUG cinder.coordination [None req-f547094d-0a4e-4176-a94a-961a126ab3a8 tempest-GroupSnapshotsTest-1874375933 None] Acquiring lock "cinder-quobyte-7fd01e8e-6e86-4db5-aff6-197e452d47e5" by "delete_snapshot" {{(pid=87750) __acquire /opt/stack/cinder/cinder/coordination.py:138}}
Jul 17 05:30:47 devstack cinder-volume[87750]: DEBUG cinder.coordination [None req-f547094d-0a4e-4176-a94a-961a126ab3a8 tempest-GroupSnapshotsTest-1874375933 None] Lock "cinder-quobyte-7fd01e8e-6e86-4db5-aff6-197e452d47e5" acquired by "delete_snapshot" :: waited 0.028s {{(pid=87750) __acquire /opt/stack/cinder/cinder/coordination.py:141}}
Jul 17 05:30:47 devstack cinder-volume[87750]: DEBUG cinder.coordination [None req-f547094d-0a4e-4176-a94a-961a126ab3a8 tempest-GroupSnapshotsTest-1874375933 None] Acquiring lock "cinder-quobyte-41d2cc3e-8878-4f76-aed4-13120b568ebb" by "_delete_snapshot" {{(pid=87750) __acquire /opt/stack/cinder/cinder/coordination.py:138}}
Jul 17 05:30:47 devstack cinder-volume[87750]: DEBUG cinder.coordination [None req-f547094d-0a4e-4176-a94a-961a126ab3a8 tempest-GroupSnapshotsTest-1874375933 None] Lock "cinder-quobyte-41d2cc3e-8878-4f76-aed4-13120b568ebb" acquired by "_delete_snapshot" :: waited 0.022s {{(pid=87750) __acquire /opt/stack/cinder/cinder/coordination.py:141}}
Jul 17 05:30:47 devstack cinder-volume[87750]: DEBUG cinder.volume.drivers.remotefs [None req-f547094d-0a4e-4176-a94a-961a126ab3a8 tempest-GroupSnapshotsTest-1874375933 None] Deleting offline snapshot 41d2cc3e-8878-4f76-aed4-13120b568ebb of volume 7fd01e8e-6e86-4db5-aff6-197e452d47e5 {{(pid=87750) _delete_snapshot /opt/stack/cinder/cinder/volume/drivers/remotefs.py:1288}}
Jul 17 05:30:47 devstack cinder-volume[87750]: DEBUG cinder.volume.drivers.remotefs [None req-f547094d-0a4e-4176-a94a-961a126ab3a8 tempest-GroupSnapshotsTest-1874375933 None] snapshot_file for this snap is: volume-7fd01e8e-6e86-4db5-aff6-197e452d47e5.41d2cc3e-8878-4f76-aed4-13120b568ebb {{(pid=87750) _delete_snapshot /opt/stack/cinder/cinder/volume/drivers/remotefs.py:1317}}
Jul 17 05:30:47 devstack cinder-volume[87750]: DEBUG oslo.privsep.daemon [-] privsep: reply[9478119e-4e11-4b0b-9334-93f89141e46c]: (4, 'qcow2') {{(pid=88611) _call_back /opt/stack/data/venv/lib/python3.12/site-packages/oslo_privsep/daemon.py:580}}
Jul 17 05:30:47 devstack cinder-volume[87750]: DEBUG oslo_concurrency.processutils [None req-f547094d-0a4e-4176-a94a-961a126ab3a8 tempest-GroupSnapshotsTest-1874375933 None] Running cmd (subprocess): /opt/stack/data/venv/bin/python3.12 -m oslo_concurrency.prlimit --as=1073741824 --cpu=60 -- sudo cinder-rootwrap /etc/cinder/rootwrap.conf env LC_ALL=C qemu-img info -f qcow2 --output=json --force-share /opt/stack/data/cinder/mnt/eb8f24788904c3d977af31c3c7c938c8/volume-7fd01e8e-6e86-4db5-aff6-197e452d47e5.41d2cc3e-8878-4f76-aed4-13120b568ebb {{(pid=87750) execute /opt/stack/data/venv/lib/python3.12/site-packages/oslo_concurrency/processutils.py:440}}
Jul 17 05:30:48 devstack sudo[93388]: quobyte : PWD=/ ; USER=root ; COMMAND=/opt/stack/data/venv/bin/cinder-rootwrap /etc/cinder/rootwrap.conf env LC_ALL=C qemu-img info -f qcow2 --output=json --force-share /opt/stack/data/cinder/mnt/eb8f24788904c3d977af31c3c7c938c8/volume-7fd01e8e-6e86-4db5-aff6-197e452d47e5.41d2cc3e-8878-4f76-aed4-13120b568ebb
Jul 17 05:30:48 devstack sudo[93388]: pam_unix(sudo:session): session opened for user root(uid=0) by (uid=1000)
Jul 17 05:30:48 devstack sudo[93386]: pam_unix(sudo:session): session closed for user root
Jul 17 05:30:48 devstack cinder-volume[87750]: DEBUG oslo_concurrency.processutils [None req-cafc4abb-34fb-4d56-ad48-122a40288309 tempest-VolumesSnapshotListTestJSON-1892255116 None] CMD "sudo cinder-rootwrap /etc/cinder/rootwrap.conf qemu-img rebase -u -b volume-e84fb882-633d-4dba-a8cb-b7e59f8f9709.d2315d3a-fe23-4da4-94f4-16b7475fef24 -F qcow2 /opt/stack/data/cinder/mnt/eb8f24788904c3d977af31c3c7c938c8/volume-e84fb882-633d-4dba-a8cb-b7e59f8f9709.b1f41351-5935-487c-abcb-18f1fa96e9e2" returned: 0 in 0.374s {{(pid=87750) execute /opt/stack/data/venv/lib/python3.12/site-packages/oslo_concurrency/processutils.py:468}}
Jul 17 05:30:48 devstack cinder-volume[87750]: WARNING cinder.volume.drivers.remotefs [None req-cafc4abb-34fb-4d56-ad48-122a40288309 tempest-VolumesSnapshotListTestJSON-1892255116 None] /opt/stack/data/cinder/mnt/eb8f24788904c3d977af31c3c7c938c8/volume-e84fb882-633d-4dba-a8cb-b7e59f8f9709.b1f41351-5935-487c-abcb-18f1fa96e9e2 is being set with open permissions: ugo+rw
Jul 17 05:30:48 devstack cinder-volume[87750]: DEBUG oslo_concurrency.processutils [None req-cafc4abb-34fb-4d56-ad48-122a40288309 tempest-VolumesSnapshotListTestJSON-1892255116 None] Running cmd (subprocess): sudo cinder-rootwrap /etc/cinder/rootwrap.conf chmod ugo+rw /opt/stack/data/cinder/mnt/eb8f24788904c3d977af31c3c7c938c8/volume-e84fb882-633d-4dba-a8cb-b7e59f8f9709.b1f41351-5935-487c-abcb-18f1fa96e9e2 {{(pid=87750) execute /opt/stack/data/venv/lib/python3.12/site-packages/oslo_concurrency/processutils.py:440}}
Jul 17 05:30:48 devstack sudo[93393]: quobyte : PWD=/ ; USER=root ; COMMAND=/opt/stack/data/venv/bin/cinder-rootwrap /etc/cinder/rootwrap.conf chmod ugo+rw /opt/stack/data/cinder/mnt/eb8f24788904c3d977af31c3c7c938c8/volume-e84fb882-633d-4dba-a8cb-b7e59f8f9709.b1f41351-5935-487c-abcb-18f1fa96e9e2
Jul 17 05:30:48 devstack sudo[93393]: pam_unix(sudo:session): session opened for user root(uid=0) by (uid=1000)
Jul 17 05:30:48 devstack sudo[93388]: pam_unix(sudo:session): session closed for user root
Jul 17 05:30:48 devstack cinder-volume[87750]: DEBUG oslo_concurrency.processutils [None req-f547094d-0a4e-4176-a94a-961a126ab3a8 tempest-GroupSnapshotsTest-1874375933 None] CMD "/opt/stack/data/venv/bin/python3.12 -m oslo_concurrency.prlimit --as=1073741824 --cpu=60 -- sudo cinder-rootwrap /etc/cinder/rootwrap.conf env LC_ALL=C qemu-img info -f qcow2 --output=json --force-share /opt/stack/data/cinder/mnt/eb8f24788904c3d977af31c3c7c938c8/volume-7fd01e8e-6e86-4db5-aff6-197e452d47e5.41d2cc3e-8878-4f76-aed4-13120b568ebb" returned: 0 in 0.427s {{(pid=87750) execute /opt/stack/data/venv/lib/python3.12/site-packages/oslo_concurrency/processutils.py:468}}
Jul 17 05:30:48 devstack cinder-volume[87750]: DEBUG cinder.volume.drivers.remotefs [None req-f547094d-0a4e-4176-a94a-961a126ab3a8 tempest-GroupSnapshotsTest-1874375933 None] Fetching qemu-img info with special backing_file_template: (/opt/stack/data/cinder/mnt/[0-9a-f]+/)?(volume-7fd01e8e-6e86-4db5-aff6-197e452d47e5(.(tmp-snap-)?[0-9a-f-]+)?|volume_from_snapshot_cache/(tmp-snap-)?[0-9a-f-]+(.(child-|parent-)[0-9a-f-]+)?)$ {{(pid=87750) _qemu_img_info_base /opt/stack/cinder/cinder/volume/drivers/remotefs.py:896}}
Jul 17 05:30:48 devstack cinder-volume[87750]: DEBUG oslo.privsep.daemon [-] privsep: reply[e70fafdf-421e-4d25-ad23-8d1b1141c1ca]: (4, 'qcow2') {{(pid=88611) _call_back /opt/stack/data/venv/lib/python3.12/site-packages/oslo_privsep/daemon.py:580}}
Jul 17 05:30:48 devstack cinder-volume[87750]: DEBUG oslo_concurrency.processutils [None req-f547094d-0a4e-4176-a94a-961a126ab3a8 tempest-GroupSnapshotsTest-1874375933 None] Running cmd (subprocess): /opt/stack/data/venv/bin/python3.12 -m oslo_concurrency.prlimit --as=1073741824 --cpu=60 -- sudo cinder-rootwrap /etc/cinder/rootwrap.conf env LC_ALL=C qemu-img info -f qcow2 --output=json --force-share /opt/stack/data/cinder/mnt/eb8f24788904c3d977af31c3c7c938c8/volume-7fd01e8e-6e86-4db5-aff6-197e452d47e5 {{(pid=87750) execute /opt/stack/data/venv/lib/python3.12/site-packages/oslo_concurrency/processutils.py:440}}
Jul 17 05:30:48 devstack sudo[93393]: pam_unix(sudo:session): session closed for user root
Jul 17 05:30:48 devstack cinder-volume[87750]: DEBUG oslo_concurrency.processutils [None req-cafc4abb-34fb-4d56-ad48-122a40288309 tempest-VolumesSnapshotListTestJSON-1892255116 None] CMD "sudo cinder-rootwrap /etc/cinder/rootwrap.conf chmod ugo+rw /opt/stack/data/cinder/mnt/eb8f24788904c3d977af31c3c7c938c8/volume-e84fb882-633d-4dba-a8cb-b7e59f8f9709.b1f41351-5935-487c-abcb-18f1fa96e9e2" returned: 0 in 0.270s {{(pid=87750) execute /opt/stack/data/venv/lib/python3.12/site-packages/oslo_concurrency/processutils.py:468}}
Jul 17 05:30:48 devstack cinder-volume[87750]: DEBUG oslo_concurrency.lockutils [None req-cafc4abb-34fb-4d56-ad48-122a40288309 tempest-VolumesSnapshotListTestJSON-1892255116 None] Lock "quobyte" "released" by "cinder.volume.drivers.quobyte.QuobyteDriver.create_snapshot" :: held 1.680s {{(pid=87750) inner /opt/stack/data/venv/lib/python3.12/site-packages/oslo_concurrency/lockutils.py:544}}
Jul 17 05:30:48 devstack cinder-volume[87750]: DEBUG oslo_concurrency.lockutils [req-7f15b2ab-2e5c-401b-8d31-0f0d673cd4b7 req-87d78ec9-e1df-41bd-bb71-a9e08663924f tempest-ServerActionsTestOtherA-595841764 None] Lock "quobyte" acquired by "cinder.volume.drivers.quobyte.QuobyteDriver.initialize_connection" :: waited 2.201s {{(pid=87750) inner /opt/stack/data/venv/lib/python3.12/site-packages/oslo_concurrency/lockutils.py:525}}
Jul 17 05:30:48 devstack cinder-volume[87750]: DEBUG oslo_concurrency.lockutils [req-7f15b2ab-2e5c-401b-8d31-0f0d673cd4b7 req-87d78ec9-e1df-41bd-bb71-a9e08663924f tempest-ServerActionsTestOtherA-595841764 None] Lock "quobyte" "released" by "cinder.volume.drivers.quobyte.QuobyteDriver.initialize_connection" :: held 0.014s {{(pid=87750) inner /opt/stack/data/venv/lib/python3.12/site-packages/oslo_concurrency/lockutils.py:544}}
Jul 17 05:30:48 devstack cinder-volume[87750]: INFO cinder.volume.manager [None req-cafc4abb-34fb-4d56-ad48-122a40288309 tempest-VolumesSnapshotListTestJSON-1892255116 None] Create snapshot completed successfully
Jul 17 05:30:48 devstack sudo[93399]: quobyte : PWD=/ ; USER=root ; COMMAND=/opt/stack/data/venv/bin/cinder-rootwrap /etc/cinder/rootwrap.conf env LC_ALL=C qemu-img info -f qcow2 --output=json --force-share /opt/stack/data/cinder/mnt/eb8f24788904c3d977af31c3c7c938c8/volume-7fd01e8e-6e86-4db5-aff6-197e452d47e5
Jul 17 05:30:48 devstack sudo[93399]: pam_unix(sudo:session): session opened for user root(uid=0) by (uid=1000)
Jul 17 05:30:48 devstack cinder-volume[87750]: DEBUG cinder.volume.manager [req-7f15b2ab-2e5c-401b-8d31-0f0d673cd4b7 req-87d78ec9-e1df-41bd-bb71-a9e08663924f tempest-ServerActionsTestOtherA-595841764 None] Connection info returned from driver {'export': 'osci02.corp.quobyte.com/cinder-vol-90b1051a-b0fa-44ea-8ca8-19d2915a6041', 'name': 'volume-6f76eb5e-65b9-427c-a0d3-98cfb66e0637', 'options': None, 'format': 'qcow2', 'qos_specs': None, 'access_mode': 'rw', 'encrypted': False, 'cacheable': False, 'driver_volume_type': 'quobyte', 'mount_point_base': '/opt/stack/data/cinder/mnt', 'attachment_id': '9a01796c-60ca-477d-94d1-67243372748d', 'enforce_multipath': True} {{(pid=87750) _connection_create /opt/stack/cinder/cinder/volume/manager.py:4924}}
Jul 17 05:30:48 devstack cinder-volume[87750]: INFO cinder.volume.manager [req-7f15b2ab-2e5c-401b-8d31-0f0d673cd4b7 req-87d78ec9-e1df-41bd-bb71-a9e08663924f tempest-ServerActionsTestOtherA-595841764 None] attachment_update completed successfully.
Jul 17 05:30:48 devstack sudo[93399]: pam_unix(sudo:session): session closed for user root
Jul 17 05:30:48 devstack cinder-volume[87750]: DEBUG oslo_concurrency.processutils [None req-f547094d-0a4e-4176-a94a-961a126ab3a8 tempest-GroupSnapshotsTest-1874375933 None] CMD "/opt/stack/data/venv/bin/python3.12 -m oslo_concurrency.prlimit --as=1073741824 --cpu=60 -- sudo cinder-rootwrap /etc/cinder/rootwrap.conf env LC_ALL=C qemu-img info -f qcow2 --output=json --force-share /opt/stack/data/cinder/mnt/eb8f24788904c3d977af31c3c7c938c8/volume-7fd01e8e-6e86-4db5-aff6-197e452d47e5" returned: 0 in 0.392s {{(pid=87750) execute /opt/stack/data/venv/lib/python3.12/site-packages/oslo_concurrency/processutils.py:468}}
Jul 17 05:30:48 devstack cinder-volume[87750]: DEBUG oslo_concurrency.processutils [None req-f547094d-0a4e-4176-a94a-961a126ab3a8 tempest-GroupSnapshotsTest-1874375933 None] Running cmd (subprocess): sudo cinder-rootwrap /etc/cinder/rootwrap.conf qemu-img commit -d /opt/stack/data/cinder/mnt/eb8f24788904c3d977af31c3c7c938c8/volume-7fd01e8e-6e86-4db5-aff6-197e452d47e5.41d2cc3e-8878-4f76-aed4-13120b568ebb {{(pid=87750) execute /opt/stack/data/venv/lib/python3.12/site-packages/oslo_concurrency/processutils.py:440}}
Jul 17 05:30:48 devstack sudo[93407]: quobyte : PWD=/ ; USER=root ; COMMAND=/opt/stack/data/venv/bin/cinder-rootwrap /etc/cinder/rootwrap.conf qemu-img commit -d /opt/stack/data/cinder/mnt/eb8f24788904c3d977af31c3c7c938c8/volume-7fd01e8e-6e86-4db5-aff6-197e452d47e5.41d2cc3e-8878-4f76-aed4-13120b568ebb
Jul 17 05:30:48 devstack sudo[93407]: pam_unix(sudo:session): session opened for user root(uid=0) by (uid=1000)
Jul 17 05:30:49 devstack sudo[93407]: pam_unix(sudo:session): session closed for user root
Jul 17 05:30:49 devstack cinder-volume[87750]: DEBUG oslo_concurrency.processutils [None req-f547094d-0a4e-4176-a94a-961a126ab3a8 tempest-GroupSnapshotsTest-1874375933 None] CMD "sudo cinder-rootwrap /etc/cinder/rootwrap.conf qemu-img commit -d /opt/stack/data/cinder/mnt/eb8f24788904c3d977af31c3c7c938c8/volume-7fd01e8e-6e86-4db5-aff6-197e452d47e5.41d2cc3e-8878-4f76-aed4-13120b568ebb" returned: 0 in 0.470s {{(pid=87750) execute /opt/stack/data/venv/lib/python3.12/site-packages/oslo_concurrency/processutils.py:468}}
Jul 17 05:30:49 devstack cinder-volume[87750]: DEBUG oslo_concurrency.processutils [None req-f547094d-0a4e-4176-a94a-961a126ab3a8 tempest-GroupSnapshotsTest-1874375933 None] Running cmd (subprocess): sudo cinder-rootwrap /etc/cinder/rootwrap.conf rm -f /opt/stack/data/cinder/mnt/eb8f24788904c3d977af31c3c7c938c8/volume-7fd01e8e-6e86-4db5-aff6-197e452d47e5.41d2cc3e-8878-4f76-aed4-13120b568ebb {{(pid=87750) execute /opt/stack/data/venv/lib/python3.12/site-packages/oslo_concurrency/processutils.py:440}}
Jul 17 05:30:49 devstack sudo[93412]: quobyte : PWD=/ ; USER=root ; COMMAND=/opt/stack/data/venv/bin/cinder-rootwrap /etc/cinder/rootwrap.conf rm -f /opt/stack/data/cinder/mnt/eb8f24788904c3d977af31c3c7c938c8/volume-7fd01e8e-6e86-4db5-aff6-197e452d47e5.41d2cc3e-8878-4f76-aed4-13120b568ebb
Jul 17 05:30:49 devstack sudo[93412]: pam_unix(sudo:session): session opened for user root(uid=0) by (uid=1000)
Jul 17 05:30:49 devstack cinder-volume[87750]: DEBUG oslo_concurrency.lockutils [None req-835b986a-e42d-4db3-8e65-6b47e998fe9f tempest-VolumesSnapshotListTestJSON-1892255116 None] Acquiring lock "quobyte" by "cinder.volume.drivers.quobyte.QuobyteDriver.create_snapshot" {{(pid=87750) inner /opt/stack/data/venv/lib/python3.12/site-packages/oslo_concurrency/lockutils.py:512}}
Jul 17 05:30:49 devstack cinder-volume[87750]: DEBUG oslo_concurrency.lockutils [None req-835b986a-e42d-4db3-8e65-6b47e998fe9f tempest-VolumesSnapshotListTestJSON-1892255116 None] Lock "quobyte" acquired by "cinder.volume.drivers.quobyte.QuobyteDriver.create_snapshot" :: waited 0.001s {{(pid=87750) inner /opt/stack/data/venv/lib/python3.12/site-packages/oslo_concurrency/lockutils.py:525}}
Jul 17 05:30:49 devstack cinder-volume[87750]: DEBUG cinder.volume.drivers.remotefs [None req-835b986a-e42d-4db3-8e65-6b47e998fe9f tempest-VolumesSnapshotListTestJSON-1892255116 None] Creating offline snapshot 5f796255-3081-407e-885c-8f990a70933f of volume e84fb882-633d-4dba-a8cb-b7e59f8f9709 {{(pid=87750) _create_snapshot /opt/stack/cinder/cinder/volume/drivers/remotefs.py:1816}}
Jul 17 05:30:49 devstack cinder-volume[87750]: DEBUG oslo.privsep.daemon [-] privsep: reply[49489617-ed8f-4eed-9e49-c6002f32cf17]: (4, 'qcow2') {{(pid=88611) _call_back /opt/stack/data/venv/lib/python3.12/site-packages/oslo_privsep/daemon.py:580}}
Jul 17 05:30:49 devstack cinder-volume[87750]: DEBUG oslo_concurrency.processutils [None req-835b986a-e42d-4db3-8e65-6b47e998fe9f tempest-VolumesSnapshotListTestJSON-1892255116 None] Running cmd (subprocess): /opt/stack/data/venv/bin/python3.12 -m oslo_concurrency.prlimit --as=1073741824 --cpu=60 -- sudo cinder-rootwrap /etc/cinder/rootwrap.conf env LC_ALL=C qemu-img info -f qcow2 --output=json --force-share /opt/stack/data/cinder/mnt/eb8f24788904c3d977af31c3c7c938c8/volume-e84fb882-633d-4dba-a8cb-b7e59f8f9709.b1f41351-5935-487c-abcb-18f1fa96e9e2 {{(pid=87750) execute /opt/stack/data/venv/lib/python3.12/site-packages/oslo_concurrency/processutils.py:440}}
Jul 17 05:30:49 devstack sudo[93412]: pam_unix(sudo:session): session closed for user root
Jul 17 05:30:49 devstack cinder-volume[87750]: DEBUG oslo_concurrency.processutils [None req-f547094d-0a4e-4176-a94a-961a126ab3a8 tempest-GroupSnapshotsTest-1874375933 None] CMD "sudo cinder-rootwrap /etc/cinder/rootwrap.conf rm -f /opt/stack/data/cinder/mnt/eb8f24788904c3d977af31c3c7c938c8/volume-7fd01e8e-6e86-4db5-aff6-197e452d47e5.41d2cc3e-8878-4f76-aed4-13120b568ebb" returned: 0 in 0.373s {{(pid=87750) execute /opt/stack/data/venv/lib/python3.12/site-packages/oslo_concurrency/processutils.py:468}}
Jul 17 05:30:49 devstack sudo[93414]: quobyte : PWD=/ ; USER=root ; COMMAND=/opt/stack/data/venv/bin/cinder-rootwrap /etc/cinder/rootwrap.conf env LC_ALL=C qemu-img info -f qcow2 --output=json --force-share /opt/stack/data/cinder/mnt/eb8f24788904c3d977af31c3c7c938c8/volume-e84fb882-633d-4dba-a8cb-b7e59f8f9709.b1f41351-5935-487c-abcb-18f1fa96e9e2
Jul 17 05:30:49 devstack sudo[93414]: pam_unix(sudo:session): session opened for user root(uid=0) by (uid=1000)
Jul 17 05:30:49 devstack cinder-volume[87750]: DEBUG cinder.coordination [None req-f547094d-0a4e-4176-a94a-961a126ab3a8 tempest-GroupSnapshotsTest-1874375933 None] Lock "cinder-quobyte-41d2cc3e-8878-4f76-aed4-13120b568ebb" released by "_delete_snapshot" :: held 1.850s {{(pid=87750) __release /opt/stack/cinder/cinder/coordination.py:152}}
Jul 17 05:30:49 devstack cinder-volume[87750]: DEBUG cinder.coordination [None req-f547094d-0a4e-4176-a94a-961a126ab3a8 tempest-GroupSnapshotsTest-1874375933 None] Lock "cinder-quobyte-7fd01e8e-6e86-4db5-aff6-197e452d47e5" released by "delete_snapshot" :: held 1.889s {{(pid=87750) __release /opt/stack/cinder/cinder/coordination.py:152}}
Jul 17 05:30:49 devstack cinder-volume[87750]: WARNING cinder.quota [None req-f547094d-0a4e-4176-a94a-961a126ab3a8 tempest-GroupSnapshotsTest-1874375933 None] Deprecated: Default quota for resource: gigabytes_tempest-GroupSnapshotsTest-volume-type-1919239768 is set by the default quota flag: quota_gigabytes_tempest-GroupSnapshotsTest-volume-type-1919239768, it is now deprecated. Please use the default quota class for default quota.
Jul 17 05:30:49 devstack cinder-volume[87750]: WARNING cinder.quota [None req-f547094d-0a4e-4176-a94a-961a126ab3a8 tempest-GroupSnapshotsTest-1874375933 None] Deprecated: Default quota for resource: snapshots_tempest-GroupSnapshotsTest-volume-type-1919239768 is set by the default quota flag: quota_snapshots_tempest-GroupSnapshotsTest-volume-type-1919239768, it is now deprecated. Please use the default quota class for default quota.
Jul 17 05:30:49 devstack cinder-volume[87750]: DEBUG cinder.quota [None req-f547094d-0a4e-4176-a94a-961a126ab3a8 tempest-GroupSnapshotsTest-1874375933 None] Created reservations ['7ca222cc-8fb6-4cfe-b8cc-8598d4572af7', 'b1c662d6-35f7-4f39-806d-12314aba5ab8', '16d73be7-3cfc-4e70-ab8a-72a1b60cbe89', '50c178c6-99ac-4bab-a430-bb3e26cd19c0'] {{(pid=87750) reserve /opt/stack/cinder/cinder/quota.py:752}}
Jul 17 05:30:49 devstack cinder-volume[87750]: INFO cinder.volume.manager [None req-f547094d-0a4e-4176-a94a-961a126ab3a8 tempest-GroupSnapshotsTest-1874375933 None] group_snapshot dc078e17-e099-4eeb-9835-1b96199d832f: deleted successfully
Jul 17 05:30:50 devstack sudo[93414]: pam_unix(sudo:session): session closed for user root
