Sep 07 13:47:56 devstack cinder-volume[87444]: DEBUG cinder.volume.manager [None req-7b44005a-e360-406d-81c3-3912ca381ed3 tempest-VolumesGetTest-1266828159 None] Task 'cinder.volume.flows.manager.create_volume.ExtractVolumeRefTask;volume:create' (d972d0da-68e7-4c2d-bfcf-be92fa5d477c) transitioned into state 'SUCCESS' from state 'RUNNING' with result 'Volume(_name_id=None,admin_metadata=,attach_status='detached',availability_zone='nova',bootable=False,cluster=,cluster_name=None,consistencygroup=,consistencygroup_id=None,created_at=2026-09-07T11:47:55Z,deleted=False,deleted_at=None,display_description=None,display_name='tempest-VolumesGetTest-Volume-446411445',ec2_id=None,encryption_key_id=None,glance_metadata=,group=,group_id=None,host='devstack@QuobyteHD#QuobyteHD',id=6acd449a-3ee3-4387-abe7-801933e1c101,launched_at=None,metadata={Type='Test'},migration_status=None,multiattach=False,previous_status=None,project_id='3f53b2512ab14f478161b640b1a671ad',provider_auth=None,provider_geometry=None,provider_id=None,provider_location=None,replication_driver_data=None,replication_extended_status=None,replication_status=None,scheduled_at=2026-09-07T11:47:56Z,service_uuid=None,shared_targets=True,size=1,snapshot_id=None,snapshots=,source_volid=89a5d26d-3c25-46ba-b3e8-cc0ca21ff616,status='creating',terminated_at=None,updated_at=2026-09-07T11:47:56Z,use_quota=True,user_id='ca7225fa791a4f9ba3397a0789c02d80',volume_attachment=VolumeAttachmentList,volume_type=VolumeType(c9fff0c9-6224-45a5-8a00-6801fdfcc36f),volume_type_id=c9fff0c9-6224-45a5-8a00-6801fdfcc36f)' {{(pid=87444) _task_receiver /opt/stack/data/venv/lib/python3.12/site-packages/taskflow/listeners/logging.py:218}}
Sep 07 13:47:56 devstack cinder-volume[87444]: DEBUG cinder.volume.manager [None req-7b44005a-e360-406d-81c3-3912ca381ed3 tempest-VolumesGetTest-1266828159 None] Task 'cinder.volume.flows.manager.create_volume.OnFailureRescheduleTask;volume:create' (f30cddd0-76a8-4487-b273-f4a86e78c283) transitioned into state 'RUNNING' from state 'PENDING' {{(pid=87444) _task_receiver /opt/stack/data/venv/lib/python3.12/site-packages/taskflow/listeners/logging.py:242}}
Sep 07 13:47:56 devstack cinder-volume[87444]: DEBUG cinder.volume.manager [None req-7b44005a-e360-406d-81c3-3912ca381ed3 tempest-VolumesGetTest-1266828159 None] Task 'cinder.volume.flows.manager.create_volume.OnFailureRescheduleTask;volume:create' (f30cddd0-76a8-4487-b273-f4a86e78c283) transitioned into state 'SUCCESS' from state 'RUNNING' with result 'None' {{(pid=87444) _task_receiver /opt/stack/data/venv/lib/python3.12/site-packages/taskflow/listeners/logging.py:218}}
Sep 07 13:47:56 devstack cinder-volume[87444]: DEBUG cinder.volume.manager [None req-7b44005a-e360-406d-81c3-3912ca381ed3 tempest-VolumesGetTest-1266828159 None] Task 'cinder.volume.flows.manager.create_volume.ExtractVolumeSpecTask;volume:create' (5bb73b02-56ac-483c-a283-7a205ad0c42e) transitioned into state 'RUNNING' from state 'PENDING' {{(pid=87444) _task_receiver /opt/stack/data/venv/lib/python3.12/site-packages/taskflow/listeners/logging.py:242}}
Sep 07 13:47:56 devstack cinder-volume[87444]: DEBUG cinder.volume.manager [None req-7b44005a-e360-406d-81c3-3912ca381ed3 tempest-VolumesGetTest-1266828159 None] Task 'cinder.volume.flows.manager.create_volume.ExtractVolumeSpecTask;volume:create' (5bb73b02-56ac-483c-a283-7a205ad0c42e) transitioned into state 'SUCCESS' from state 'RUNNING' with result '{'status': 'creating', 'type': 'source_vol', 'volume_id': '6acd449a-3ee3-4387-abe7-801933e1c101', 'volume_name': 'volume-6acd449a-3ee3-4387-abe7-801933e1c101', 'volume_size': 1, 'source_volid': '89a5d26d-3c25-46ba-b3e8-cc0ca21ff616', 'source_volstatus': 'available'}' {{(pid=87444) _task_receiver /opt/stack/data/venv/lib/python3.12/site-packages/taskflow/listeners/logging.py:218}}
Sep 07 13:47:56 devstack cinder-volume[87444]: DEBUG cinder.volume.manager [None req-7b44005a-e360-406d-81c3-3912ca381ed3 tempest-VolumesGetTest-1266828159 None] Task 'cinder.volume.flows.manager.create_volume.NotifyVolumeActionTask;volume:create, create.start' (f2942609-a992-4edc-8f86-e0fceef61e1b) transitioned into state 'RUNNING' from state 'PENDING' {{(pid=87444) _task_receiver /opt/stack/data/venv/lib/python3.12/site-packages/taskflow/listeners/logging.py:242}}
Sep 07 13:47:56 devstack cinder-volume[87444]: DEBUG cinder.volume.manager [None req-7b44005a-e360-406d-81c3-3912ca381ed3 tempest-VolumesGetTest-1266828159 None] Task 'cinder.volume.flows.manager.create_volume.NotifyVolumeActionTask;volume:create, create.start' (f2942609-a992-4edc-8f86-e0fceef61e1b) transitioned into state 'SUCCESS' from state 'RUNNING' with result 'None' {{(pid=87444) _task_receiver /opt/stack/data/venv/lib/python3.12/site-packages/taskflow/listeners/logging.py:218}}
Sep 07 13:47:56 devstack cinder-volume[87444]: DEBUG cinder.volume.manager [None req-7b44005a-e360-406d-81c3-3912ca381ed3 tempest-VolumesGetTest-1266828159 None] Task 'cinder.volume.flows.manager.create_volume.CreateVolumeFromSpecTask;volume:create' (3417d93c-d6ff-460a-bda5-785042ad8fcb) transitioned into state 'RUNNING' from state 'PENDING' {{(pid=87444) _task_receiver /opt/stack/data/venv/lib/python3.12/site-packages/taskflow/listeners/logging.py:242}}
Sep 07 13:47:56 devstack cinder-volume[87444]: INFO cinder.volume.flows.manager.create_volume [None req-7b44005a-e360-406d-81c3-3912ca381ed3 tempest-VolumesGetTest-1266828159 None] Volume 6acd449a-3ee3-4387-abe7-801933e1c101: being created as source_vol with specification: {'status': 'creating', 'volume_name': 'volume-6acd449a-3ee3-4387-abe7-801933e1c101', 'volume_size': 1, 'source_volid': '89a5d26d-3c25-46ba-b3e8-cc0ca21ff616', 'source_volstatus': 'available'}
Sep 07 13:47:56 devstack cinder-volume[87444]: DEBUG oslo_concurrency.lockutils [None req-7b44005a-e360-406d-81c3-3912ca381ed3 tempest-VolumesGetTest-1266828159 None] Acquiring lock "quobyte" by "cinder.volume.drivers.quobyte.QuobyteDriver.create_cloned_volume" {{(pid=87444) inner /opt/stack/data/venv/lib/python3.12/site-packages/oslo_concurrency/lockutils.py:512}}
Sep 07 13:47:56 devstack cinder-volume[87444]: DEBUG oslo_concurrency.lockutils [None req-7b44005a-e360-406d-81c3-3912ca381ed3 tempest-VolumesGetTest-1266828159 None] Lock "quobyte" acquired by "cinder.volume.drivers.quobyte.QuobyteDriver.create_cloned_volume" :: waited 0.001s {{(pid=87444) inner /opt/stack/data/venv/lib/python3.12/site-packages/oslo_concurrency/lockutils.py:525}}
Sep 07 13:47:56 devstack cinder-volume[87444]: INFO cinder.volume.drivers.remotefs [None req-7b44005a-e360-406d-81c3-3912ca381ed3 tempest-VolumesGetTest-1266828159 None] Cloning volume 89a5d26d-3c25-46ba-b3e8-cc0ca21ff616 to volume 6acd449a-3ee3-4387-abe7-801933e1c101
Sep 07 13:47:56 devstack cinder-volume[87444]: DEBUG cinder.volume.drivers.remotefs [None req-7b44005a-e360-406d-81c3-3912ca381ed3 tempest-VolumesGetTest-1266828159 None] Creating offline snapshot af42cd58-3ea4-40af-b927-366d9a2aa33e of volume 89a5d26d-3c25-46ba-b3e8-cc0ca21ff616 {{(pid=87444) _create_snapshot /opt/stack/cinder/cinder/volume/drivers/remotefs.py:1816}}
Sep 07 13:47:56 devstack cinder-volume[87444]: DEBUG oslo.privsep.daemon [-] privsep: reply[87a381fb-42a5-4117-82dc-db48dbbf0466]: (4, 'qcow2') {{(pid=88374) _call_back /opt/stack/data/venv/lib/python3.12/site-packages/oslo_privsep/daemon.py:580}}
Sep 07 13:47:56 devstack cinder-volume[87444]: DEBUG oslo_concurrency.processutils [None req-7b44005a-e360-406d-81c3-3912ca381ed3 tempest-VolumesGetTest-1266828159 None] Running cmd (subprocess): /opt/stack/data/venv/bin/python3.12 -m oslo_concurrency.prlimit --as=1073741824 --cpu=60 -- sudo cinder-rootwrap /etc/cinder/rootwrap.conf env LC_ALL=C qemu-img info -f qcow2 --output=json --force-share /opt/stack/data/cinder/mnt/784b6214646cb4fa916cfc860c21d496/volume-89a5d26d-3c25-46ba-b3e8-cc0ca21ff616 {{(pid=87444) execute /opt/stack/data/venv/lib/python3.12/site-packages/oslo_concurrency/processutils.py:440}}
Sep 07 13:47:56 devstack sudo[94066]: pam_unix(sudo:session): session closed for user root
Sep 07 13:47:56 devstack cinder-volume[87444]: DEBUG oslo_concurrency.processutils [None req-300ec83f-933b-49f1-b365-19646cb9541a tempest-ServersNegativeTestJSON-806612355 None] CMD "/opt/stack/data/venv/bin/python3.12 -m oslo_concurrency.prlimit --as=1073741824 --cpu=60 -- sudo cinder-rootwrap /etc/cinder/rootwrap.conf env LC_ALL=C qemu-img info -f qcow2 --output=json --force-share /opt/stack/data/cinder/mnt/784b6214646cb4fa916cfc860c21d496/volume-89a16345-802d-45a4-ac65-d6c6e59cf121" returned: 0 in 0.460s {{(pid=87444) execute /opt/stack/data/venv/lib/python3.12/site-packages/oslo_concurrency/processutils.py:468}}
Sep 07 13:47:56 devstack cinder-volume[87444]: DEBUG oslo_concurrency.processutils [None req-300ec83f-933b-49f1-b365-19646cb9541a tempest-ServersNegativeTestJSON-806612355 None] Running cmd (subprocess): sudo cinder-rootwrap /etc/cinder/rootwrap.conf rm -f /opt/stack/data/cinder/mnt/784b6214646cb4fa916cfc860c21d496/volume-89a16345-802d-45a4-ac65-d6c6e59cf121 {{(pid=87444) execute /opt/stack/data/venv/lib/python3.12/site-packages/oslo_concurrency/processutils.py:440}}
Sep 07 13:47:56 devstack sudo[94072]: quobyte : PWD=/ ; USER=root ; COMMAND=/opt/stack/data/venv/bin/cinder-rootwrap /etc/cinder/rootwrap.conf rm -f /opt/stack/data/cinder/mnt/784b6214646cb4fa916cfc860c21d496/volume-89a16345-802d-45a4-ac65-d6c6e59cf121
Sep 07 13:47:56 devstack sudo[94072]: pam_unix(sudo:session): session opened for user root(uid=0) by (uid=1000)
Sep 07 13:47:56 devstack sudo[94071]: quobyte : PWD=/ ; USER=root ; COMMAND=/opt/stack/data/venv/bin/cinder-rootwrap /etc/cinder/rootwrap.conf env LC_ALL=C qemu-img info -f qcow2 --output=json --force-share /opt/stack/data/cinder/mnt/784b6214646cb4fa916cfc860c21d496/volume-89a5d26d-3c25-46ba-b3e8-cc0ca21ff616
Sep 07 13:47:56 devstack sudo[94071]: pam_unix(sudo:session): session opened for user root(uid=0) by (uid=1000)
Sep 07 13:47:56 devstack sudo[94072]: pam_unix(sudo:session): session closed for user root
Sep 07 13:47:56 devstack cinder-volume[87444]: DEBUG oslo_concurrency.processutils [None req-300ec83f-933b-49f1-b365-19646cb9541a tempest-ServersNegativeTestJSON-806612355 None] CMD "sudo cinder-rootwrap /etc/cinder/rootwrap.conf rm -f /opt/stack/data/cinder/mnt/784b6214646cb4fa916cfc860c21d496/volume-89a16345-802d-45a4-ac65-d6c6e59cf121" returned: 0 in 0.281s {{(pid=87444) execute /opt/stack/data/venv/lib/python3.12/site-packages/oslo_concurrency/processutils.py:468}}
Sep 07 13:47:56 devstack cinder-volume[87444]: DEBUG cinder.coordination [None req-300ec83f-933b-49f1-b365-19646cb9541a tempest-ServersNegativeTestJSON-806612355 None] Lock "cinder-quobyte-89a16345-802d-45a4-ac65-d6c6e59cf121" released by "delete_volume" :: held 0.810s {{(pid=87444) __release /opt/stack/cinder/cinder/coordination.py:152}}
Sep 07 13:47:56 devstack sudo[94071]: pam_unix(sudo:session): session closed for user root
Sep 07 13:47:56 devstack cinder-volume[87444]: DEBUG cinder.quota [None req-300ec83f-933b-49f1-b365-19646cb9541a tempest-ServersNegativeTestJSON-806612355 None] Created reservations ['3d8703bd-88ca-4161-abf1-5d9305202969', 'f7bfc9b7-b692-4813-91f0-b16bb373ffad', 'fac424a7-616c-42a0-b52b-91ba98787769', 'cadccf75-2260-45e4-b0f6-208f05b8f49b'] {{(pid=87444) reserve /opt/stack/cinder/cinder/quota.py:752}}
Sep 07 13:47:56 devstack cinder-volume[87444]: DEBUG oslo_concurrency.processutils [None req-7b44005a-e360-406d-81c3-3912ca381ed3 tempest-VolumesGetTest-1266828159 None] CMD "/opt/stack/data/venv/bin/python3.12 -m oslo_concurrency.prlimit --as=1073741824 --cpu=60 -- sudo cinder-rootwrap /etc/cinder/rootwrap.conf env LC_ALL=C qemu-img info -f qcow2 --output=json --force-share /opt/stack/data/cinder/mnt/784b6214646cb4fa916cfc860c21d496/volume-89a5d26d-3c25-46ba-b3e8-cc0ca21ff616" returned: 0 in 0.426s {{(pid=87444) execute /opt/stack/data/venv/lib/python3.12/site-packages/oslo_concurrency/processutils.py:468}}
Sep 07 13:47:56 devstack cinder-volume[87444]: DEBUG oslo_concurrency.processutils [None req-7b44005a-e360-406d-81c3-3912ca381ed3 tempest-VolumesGetTest-1266828159 None] Running cmd (subprocess): sudo cinder-rootwrap /etc/cinder/rootwrap.conf qemu-img create -f qcow2 -o backing_file=/opt/stack/data/cinder/mnt/784b6214646cb4fa916cfc860c21d496/volume-89a5d26d-3c25-46ba-b3e8-cc0ca21ff616,backing_fmt=qcow2 /opt/stack/data/cinder/mnt/784b6214646cb4fa916cfc860c21d496/volume-89a5d26d-3c25-46ba-b3e8-cc0ca21ff616.af42cd58-3ea4-40af-b927-366d9a2aa33e 1G {{(pid=87444) execute /opt/stack/data/venv/lib/python3.12/site-packages/oslo_concurrency/processutils.py:440}}
Sep 07 13:47:56 devstack sudo[94079]: quobyte : PWD=/ ; USER=root ; COMMAND=/opt/stack/data/venv/bin/cinder-rootwrap /etc/cinder/rootwrap.conf qemu-img create -f qcow2 -o backing_file=/opt/stack/data/cinder/mnt/784b6214646cb4fa916cfc860c21d496/volume-89a5d26d-3c25-46ba-b3e8-cc0ca21ff616,backing_fmt=qcow2 /opt/stack/data/cinder/mnt/784b6214646cb4fa916cfc860c21d496/volume-89a5d26d-3c25-46ba-b3e8-cc0ca21ff616.af42cd58-3ea4-40af-b927-366d9a2aa33e 1G
Sep 07 13:47:56 devstack sudo[94079]: pam_unix(sudo:session): session opened for user root(uid=0) by (uid=1000)
Sep 07 13:47:56 devstack cinder-volume[87444]: DEBUG oslo_concurrency.lockutils [None req-300ec83f-933b-49f1-b365-19646cb9541a tempest-ServersNegativeTestJSON-806612355 None] Acquiring lock "quobyte_ensure" by "cinder.volume.drivers.quobyte.QuobyteDriver._ensure_shares_mounted" {{(pid=87444) inner /opt/stack/data/venv/lib/python3.12/site-packages/oslo_concurrency/lockutils.py:512}}
Sep 07 13:47:56 devstack cinder-volume[87444]: DEBUG oslo_concurrency.lockutils [None req-300ec83f-933b-49f1-b365-19646cb9541a tempest-ServersNegativeTestJSON-806612355 None] Lock "quobyte_ensure" acquired by "cinder.volume.drivers.quobyte.QuobyteDriver._ensure_shares_mounted" :: waited 0.002s {{(pid=87444) inner /opt/stack/data/venv/lib/python3.12/site-packages/oslo_concurrency/lockutils.py:525}}
Sep 07 13:47:56 devstack cinder-volume[87444]: DEBUG cinder.volume.drivers.quobyte [None req-300ec83f-933b-49f1-b365-19646cb9541a tempest-ServersNegativeTestJSON-806612355 None] Quobyte Volume URL set to: {'osci02.corp.quobyte.com/cinder-vol-7a9b7ea2-ce8f-46e4-9f30-80a27e485a35': None} {{(pid=87444) _load_shares_config /opt/stack/cinder/cinder/volume/drivers/quobyte.py:662}}
Sep 07 13:47:56 devstack cinder-volume[87444]: DEBUG cinder.volume.drivers.quobyte [None req-300ec83f-933b-49f1-b365-19646cb9541a tempest-ServersNegativeTestJSON-806612355 None] Available shares ['osci02.corp.quobyte.com/cinder-vol-7a9b7ea2-ce8f-46e4-9f30-80a27e485a35'] {{(pid=87444) _ensure_shares_mounted /opt/stack/cinder/cinder/volume/drivers/quobyte.py:692}}
Sep 07 13:47:56 devstack cinder-volume[87444]: DEBUG oslo_concurrency.lockutils [None req-300ec83f-933b-49f1-b365-19646cb9541a tempest-ServersNegativeTestJSON-806612355 None] Lock "quobyte_ensure" "released" by "cinder.volume.drivers.quobyte.QuobyteDriver._ensure_shares_mounted" :: held 0.009s {{(pid=87444) inner /opt/stack/data/venv/lib/python3.12/site-packages/oslo_concurrency/lockutils.py:544}}
Sep 07 13:47:56 devstack cinder-volume[87444]: DEBUG oslo_concurrency.processutils [None req-300ec83f-933b-49f1-b365-19646cb9541a tempest-ServersNegativeTestJSON-806612355 None] Running cmd (subprocess): sudo cinder-rootwrap /etc/cinder/rootwrap.conf df --portability --block-size 1 /opt/stack/data/cinder/mnt/784b6214646cb4fa916cfc860c21d496 {{(pid=87444) execute /opt/stack/data/venv/lib/python3.12/site-packages/oslo_concurrency/processutils.py:440}}
Sep 07 13:47:56 devstack sudo[94081]: quobyte : PWD=/ ; USER=root ; COMMAND=/opt/stack/data/venv/bin/cinder-rootwrap /etc/cinder/rootwrap.conf df --portability --block-size 1 /opt/stack/data/cinder/mnt/784b6214646cb4fa916cfc860c21d496
Sep 07 13:47:56 devstack sudo[94081]: pam_unix(sudo:session): session opened for user root(uid=0) by (uid=1000)
Sep 07 13:47:56 devstack sudo[94081]: pam_unix(sudo:session): session closed for user root
Sep 07 13:47:57 devstack cinder-volume[87444]: DEBUG oslo_concurrency.processutils [None req-300ec83f-933b-49f1-b365-19646cb9541a tempest-ServersNegativeTestJSON-806612355 None] CMD "sudo cinder-rootwrap /etc/cinder/rootwrap.conf df --portability --block-size 1 /opt/stack/data/cinder/mnt/784b6214646cb4fa916cfc860c21d496" returned: 0 in 0.318s {{(pid=87444) execute /opt/stack/data/venv/lib/python3.12/site-packages/oslo_concurrency/processutils.py:468}}
Sep 07 13:47:57 devstack cinder-volume[87444]: DEBUG cinder.manager [None req-300ec83f-933b-49f1-b365-19646cb9541a tempest-ServersNegativeTestJSON-806612355 None] Notifying Schedulers of capabilities ... {{(pid=87444) _publish_service_capabilities /opt/stack/cinder/cinder/manager.py:219}}
Sep 07 13:47:57 devstack cinder-volume[87444]: INFO cinder.volume.manager [None req-300ec83f-933b-49f1-b365-19646cb9541a tempest-ServersNegativeTestJSON-806612355 None] Deleted volume successfully.
Sep 07 13:47:57 devstack cinder-volume[87444]: DEBUG cinder.coordination [None req-300ec83f-933b-49f1-b365-19646cb9541a tempest-ServersNegativeTestJSON-806612355 None] Lock "cinder-89a16345-802d-45a4-ac65-d6c6e59cf121-delete_volume" released by "delete_volume" :: held 1.498s {{(pid=87444) __release /opt/stack/cinder/cinder/coordination.py:152}}
Sep 07 13:47:57 devstack sudo[94079]: pam_unix(sudo:session): session closed for user root
Sep 07 13:47:57 devstack cinder-volume[87444]: DEBUG oslo_concurrency.processutils [None req-7b44005a-e360-406d-81c3-3912ca381ed3 tempest-VolumesGetTest-1266828159 None] CMD "sudo cinder-rootwrap /etc/cinder/rootwrap.conf qemu-img create -f qcow2 -o backing_file=/opt/stack/data/cinder/mnt/784b6214646cb4fa916cfc860c21d496/volume-89a5d26d-3c25-46ba-b3e8-cc0ca21ff616,backing_fmt=qcow2 /opt/stack/data/cinder/mnt/784b6214646cb4fa916cfc860c21d496/volume-89a5d26d-3c25-46ba-b3e8-cc0ca21ff616.af42cd58-3ea4-40af-b927-366d9a2aa33e 1G" returned: 0 in 0.706s {{(pid=87444) execute /opt/stack/data/venv/lib/python3.12/site-packages/oslo_concurrency/processutils.py:468}}
Sep 07 13:47:57 devstack cinder-volume[87444]: DEBUG oslo_concurrency.processutils [None req-7b44005a-e360-406d-81c3-3912ca381ed3 tempest-VolumesGetTest-1266828159 None] Running cmd (subprocess): sudo cinder-rootwrap /etc/cinder/rootwrap.conf qemu-img rebase -u -b volume-89a5d26d-3c25-46ba-b3e8-cc0ca21ff616 -F qcow2 /opt/stack/data/cinder/mnt/784b6214646cb4fa916cfc860c21d496/volume-89a5d26d-3c25-46ba-b3e8-cc0ca21ff616.af42cd58-3ea4-40af-b927-366d9a2aa33e {{(pid=87444) execute /opt/stack/data/venv/lib/python3.12/site-packages/oslo_concurrency/processutils.py:440}}
Sep 07 13:47:57 devstack sudo[94096]: quobyte : PWD=/ ; USER=root ; COMMAND=/opt/stack/data/venv/bin/cinder-rootwrap /etc/cinder/rootwrap.conf qemu-img rebase -u -b volume-89a5d26d-3c25-46ba-b3e8-cc0ca21ff616 -F qcow2 /opt/stack/data/cinder/mnt/784b6214646cb4fa916cfc860c21d496/volume-89a5d26d-3c25-46ba-b3e8-cc0ca21ff616.af42cd58-3ea4-40af-b927-366d9a2aa33e
Sep 07 13:47:57 devstack sudo[94096]: pam_unix(sudo:session): session opened for user root(uid=0) by (uid=1000)
Sep 07 13:47:57 devstack sudo[94096]: pam_unix(sudo:session): session closed for user root
Sep 07 13:47:57 devstack cinder-volume[87444]: DEBUG oslo_concurrency.processutils [None req-7b44005a-e360-406d-81c3-3912ca381ed3 tempest-VolumesGetTest-1266828159 None] CMD "sudo cinder-rootwrap /etc/cinder/rootwrap.conf qemu-img rebase -u -b volume-89a5d26d-3c25-46ba-b3e8-cc0ca21ff616 -F qcow2 /opt/stack/data/cinder/mnt/784b6214646cb4fa916cfc860c21d496/volume-89a5d26d-3c25-46ba-b3e8-cc0ca21ff616.af42cd58-3ea4-40af-b927-366d9a2aa33e" returned: 0 in 0.575s {{(pid=87444) execute /opt/stack/data/venv/lib/python3.12/site-packages/oslo_concurrency/processutils.py:468}}
Sep 07 13:47:57 devstack cinder-volume[87444]: WARNING cinder.volume.drivers.remotefs [None req-7b44005a-e360-406d-81c3-3912ca381ed3 tempest-VolumesGetTest-1266828159 None] /opt/stack/data/cinder/mnt/784b6214646cb4fa916cfc860c21d496/volume-89a5d26d-3c25-46ba-b3e8-cc0ca21ff616.af42cd58-3ea4-40af-b927-366d9a2aa33e is being set with open permissions: ugo+rw
Sep 07 13:47:57 devstack cinder-volume[87444]: DEBUG oslo_concurrency.processutils [None req-7b44005a-e360-406d-81c3-3912ca381ed3 tempest-VolumesGetTest-1266828159 None] Running cmd (subprocess): sudo cinder-rootwrap /etc/cinder/rootwrap.conf chmod ugo+rw /opt/stack/data/cinder/mnt/784b6214646cb4fa916cfc860c21d496/volume-89a5d26d-3c25-46ba-b3e8-cc0ca21ff616.af42cd58-3ea4-40af-b927-366d9a2aa33e {{(pid=87444) execute /opt/stack/data/venv/lib/python3.12/site-packages/oslo_concurrency/processutils.py:440}}
Sep 07 13:47:57 devstack sudo[94122]: quobyte : PWD=/ ; USER=root ; COMMAND=/opt/stack/data/venv/bin/cinder-rootwrap /etc/cinder/rootwrap.conf chmod ugo+rw /opt/stack/data/cinder/mnt/784b6214646cb4fa916cfc860c21d496/volume-89a5d26d-3c25-46ba-b3e8-cc0ca21ff616.af42cd58-3ea4-40af-b927-366d9a2aa33e
Sep 07 13:47:57 devstack sudo[94122]: pam_unix(sudo:session): session opened for user root(uid=0) by (uid=1000)
Sep 07 13:47:58 devstack sudo[94122]: pam_unix(sudo:session): session closed for user root
Sep 07 13:47:58 devstack cinder-volume[87444]: DEBUG oslo_concurrency.processutils [None req-7b44005a-e360-406d-81c3-3912ca381ed3 tempest-VolumesGetTest-1266828159 None] CMD "sudo cinder-rootwrap /etc/cinder/rootwrap.conf chmod ugo+rw /opt/stack/data/cinder/mnt/784b6214646cb4fa916cfc860c21d496/volume-89a5d26d-3c25-46ba-b3e8-cc0ca21ff616.af42cd58-3ea4-40af-b927-366d9a2aa33e" returned: 0 in 0.431s {{(pid=87444) execute /opt/stack/data/venv/lib/python3.12/site-packages/oslo_concurrency/processutils.py:468}}
Sep 07 13:47:58 devstack cinder-volume[87444]: DEBUG oslo_concurrency.processutils [None req-7b44005a-e360-406d-81c3-3912ca381ed3 tempest-VolumesGetTest-1266828159 None] Running cmd (subprocess): sudo cinder-rootwrap /etc/cinder/rootwrap.conf truncate -s0 /opt/stack/data/cinder/mnt/784b6214646cb4fa916cfc860c21d496/volume-89a5d26d-3c25-46ba-b3e8-cc0ca21ff616.info {{(pid=87444) execute /opt/stack/data/venv/lib/python3.12/site-packages/oslo_concurrency/processutils.py:440}}
Sep 07 13:47:58 devstack sudo[94127]: quobyte : PWD=/ ; USER=root ; COMMAND=/opt/stack/data/venv/bin/cinder-rootwrap /etc/cinder/rootwrap.conf truncate -s0 /opt/stack/data/cinder/mnt/784b6214646cb4fa916cfc860c21d496/volume-89a5d26d-3c25-46ba-b3e8-cc0ca21ff616.info
Sep 07 13:47:58 devstack sudo[94127]: pam_unix(sudo:session): session opened for user root(uid=0) by (uid=1000)
Sep 07 13:47:58 devstack sudo[94127]: pam_unix(sudo:session): session closed for user root
Sep 07 13:47:58 devstack cinder-volume[87444]: DEBUG oslo_concurrency.processutils [None req-7b44005a-e360-406d-81c3-3912ca381ed3 tempest-VolumesGetTest-1266828159 None] CMD "sudo cinder-rootwrap /etc/cinder/rootwrap.conf truncate -s0 /opt/stack/data/cinder/mnt/784b6214646cb4fa916cfc860c21d496/volume-89a5d26d-3c25-46ba-b3e8-cc0ca21ff616.info" returned: 0 in 0.369s {{(pid=87444) execute /opt/stack/data/venv/lib/python3.12/site-packages/oslo_concurrency/processutils.py:468}}
Sep 07 13:47:58 devstack cinder-volume[87444]: WARNING cinder.volume.drivers.remotefs [None req-7b44005a-e360-406d-81c3-3912ca381ed3 tempest-VolumesGetTest-1266828159 None] /opt/stack/data/cinder/mnt/784b6214646cb4fa916cfc860c21d496/volume-89a5d26d-3c25-46ba-b3e8-cc0ca21ff616.info is being set with open permissions: ugo+rw
Sep 07 13:47:58 devstack cinder-volume[87444]: DEBUG oslo_concurrency.processutils [None req-7b44005a-e360-406d-81c3-3912ca381ed3 tempest-VolumesGetTest-1266828159 None] Running cmd (subprocess): sudo cinder-rootwrap /etc/cinder/rootwrap.conf chmod ugo+rw /opt/stack/data/cinder/mnt/784b6214646cb4fa916cfc860c21d496/volume-89a5d26d-3c25-46ba-b3e8-cc0ca21ff616.info {{(pid=87444) execute /opt/stack/data/venv/lib/python3.12/site-packages/oslo_concurrency/processutils.py:440}}
Sep 07 13:47:58 devstack sudo[94131]: quobyte : PWD=/ ; USER=root ; COMMAND=/opt/stack/data/venv/bin/cinder-rootwrap /etc/cinder/rootwrap.conf chmod ugo+rw /opt/stack/data/cinder/mnt/784b6214646cb4fa916cfc860c21d496/volume-89a5d26d-3c25-46ba-b3e8-cc0ca21ff616.info
Sep 07 13:47:58 devstack sudo[94131]: pam_unix(sudo:session): session opened for user root(uid=0) by (uid=1000)
Sep 07 13:47:59 devstack sudo[94131]: pam_unix(sudo:session): session closed for user root
Sep 07 13:47:59 devstack cinder-volume[87444]: DEBUG oslo_concurrency.processutils [None req-7b44005a-e360-406d-81c3-3912ca381ed3 tempest-VolumesGetTest-1266828159 None] CMD "sudo cinder-rootwrap /etc/cinder/rootwrap.conf chmod ugo+rw /opt/stack/data/cinder/mnt/784b6214646cb4fa916cfc860c21d496/volume-89a5d26d-3c25-46ba-b3e8-cc0ca21ff616.info" returned: 0 in 0.382s {{(pid=87444) execute /opt/stack/data/venv/lib/python3.12/site-packages/oslo_concurrency/processutils.py:468}}
Sep 07 13:47:59 devstack cinder-volume[87444]: DEBUG cinder.coordination [None req-7b44005a-e360-406d-81c3-3912ca381ed3 tempest-VolumesGetTest-1266828159 None] Acquiring lock "cinder-quobyte-6acd449a-3ee3-4387-abe7-801933e1c101" by "_copy_volume_from_snapshot" {{(pid=87444) __acquire /opt/stack/cinder/cinder/coordination.py:138}}
Sep 07 13:47:59 devstack cinder-volume[87444]: DEBUG cinder.coordination [None req-7b44005a-e360-406d-81c3-3912ca381ed3 tempest-VolumesGetTest-1266828159 None] Lock "cinder-quobyte-6acd449a-3ee3-4387-abe7-801933e1c101" acquired by "_copy_volume_from_snapshot" :: waited 0.021s {{(pid=87444) __acquire /opt/stack/cinder/cinder/coordination.py:141}}
Sep 07 13:47:59 devstack cinder-volume[87444]: DEBUG cinder.volume.drivers.quobyte [None req-7b44005a-e360-406d-81c3-3912ca381ed3 tempest-VolumesGetTest-1266828159 None] snapshot: af42cd58-3ea4-40af-b927-366d9a2aa33e, volume: 6acd449a-3ee3-4387-abe7-801933e1c101, {{(pid=87444) _copy_volume_from_snapshot /opt/stack/cinder/cinder/volume/drivers/quobyte.py:402}}
Sep 07 13:47:59 devstack cinder-volume[87444]: DEBUG oslo_concurrency.lockutils [None req-7b44005a-e360-406d-81c3-3912ca381ed3 tempest-VolumesGetTest-1266828159 None] Acquiring lock "quobyte_ensure" by "cinder.volume.drivers.quobyte.QuobyteDriver._ensure_shares_mounted" {{(pid=87444) inner /opt/stack/data/venv/lib/python3.12/site-packages/oslo_concurrency/lockutils.py:512}}
Sep 07 13:47:59 devstack cinder-volume[87444]: DEBUG oslo_concurrency.lockutils [None req-7b44005a-e360-406d-81c3-3912ca381ed3 tempest-VolumesGetTest-1266828159 None] Lock "quobyte_ensure" acquired by "cinder.volume.drivers.quobyte.QuobyteDriver._ensure_shares_mounted" :: waited 0.001s {{(pid=87444) inner /opt/stack/data/venv/lib/python3.12/site-packages/oslo_concurrency/lockutils.py:525}}
Sep 07 13:47:59 devstack cinder-volume[87444]: DEBUG cinder.volume.drivers.quobyte [None req-7b44005a-e360-406d-81c3-3912ca381ed3 tempest-VolumesGetTest-1266828159 None] Quobyte Volume URL set to: {'osci02.corp.quobyte.com/cinder-vol-7a9b7ea2-ce8f-46e4-9f30-80a27e485a35': None} {{(pid=87444) _load_shares_config /opt/stack/cinder/cinder/volume/drivers/quobyte.py:662}}
Sep 07 13:47:59 devstack cinder-volume[87444]: DEBUG cinder.volume.drivers.quobyte [None req-7b44005a-e360-406d-81c3-3912ca381ed3 tempest-VolumesGetTest-1266828159 None] Available shares ['osci02.corp.quobyte.com/cinder-vol-7a9b7ea2-ce8f-46e4-9f30-80a27e485a35'] {{(pid=87444) _ensure_shares_mounted /opt/stack/cinder/cinder/volume/drivers/quobyte.py:692}}
Sep 07 13:47:59 devstack cinder-volume[87444]: DEBUG oslo_concurrency.lockutils [None req-7b44005a-e360-406d-81c3-3912ca381ed3 tempest-VolumesGetTest-1266828159 None] Lock "quobyte_ensure" "released" by "cinder.volume.drivers.quobyte.QuobyteDriver._ensure_shares_mounted" :: held 0.007s {{(pid=87444) inner /opt/stack/data/venv/lib/python3.12/site-packages/oslo_concurrency/lockutils.py:544}}
Sep 07 13:47:59 devstack cinder-volume[87444]: DEBUG oslo.privsep.daemon [-] privsep: reply[c8e53ee3-5432-442e-9a3c-922e99b1b226]: (4, 'qcow2') {{(pid=88374) _call_back /opt/stack/data/venv/lib/python3.12/site-packages/oslo_privsep/daemon.py:580}}
Sep 07 13:47:59 devstack cinder-volume[87444]: DEBUG oslo_concurrency.processutils [None req-7b44005a-e360-406d-81c3-3912ca381ed3 tempest-VolumesGetTest-1266828159 None] Running cmd (subprocess): /opt/stack/data/venv/bin/python3.12 -m oslo_concurrency.prlimit --as=1073741824 --cpu=60 -- sudo cinder-rootwrap /etc/cinder/rootwrap.conf env LC_ALL=C qemu-img info -f qcow2 --output=json --force-share /opt/stack/data/cinder/mnt/784b6214646cb4fa916cfc860c21d496/volume-89a5d26d-3c25-46ba-b3e8-cc0ca21ff616.af42cd58-3ea4-40af-b927-366d9a2aa33e {{(pid=87444) execute /opt/stack/data/venv/lib/python3.12/site-packages/oslo_concurrency/processutils.py:440}}
Sep 07 13:47:59 devstack sudo[94134]: quobyte : PWD=/ ; USER=root ; COMMAND=/opt/stack/data/venv/bin/cinder-rootwrap /etc/cinder/rootwrap.conf env LC_ALL=C qemu-img info -f qcow2 --output=json --force-share /opt/stack/data/cinder/mnt/784b6214646cb4fa916cfc860c21d496/volume-89a5d26d-3c25-46ba-b3e8-cc0ca21ff616.af42cd58-3ea4-40af-b927-366d9a2aa33e
Sep 07 13:47:59 devstack sudo[94134]: pam_unix(sudo:session): session opened for user root(uid=0) by (uid=1000)
Sep 07 13:47:59 devstack sudo[94134]: pam_unix(sudo:session): session closed for user root
Sep 07 13:47:59 devstack cinder-volume[87444]: DEBUG oslo_concurrency.processutils [None req-7b44005a-e360-406d-81c3-3912ca381ed3 tempest-VolumesGetTest-1266828159 None] CMD "/opt/stack/data/venv/bin/python3.12 -m oslo_concurrency.prlimit --as=1073741824 --cpu=60 -- sudo cinder-rootwrap /etc/cinder/rootwrap.conf env LC_ALL=C qemu-img info -f qcow2 --output=json --force-share /opt/stack/data/cinder/mnt/784b6214646cb4fa916cfc860c21d496/volume-89a5d26d-3c25-46ba-b3e8-cc0ca21ff616.af42cd58-3ea4-40af-b927-366d9a2aa33e" returned: 0 in 0.435s {{(pid=87444) execute /opt/stack/data/venv/lib/python3.12/site-packages/oslo_concurrency/processutils.py:468}}
Sep 07 13:47:59 devstack cinder-volume[87444]: DEBUG cinder.volume.drivers.remotefs [None req-7b44005a-e360-406d-81c3-3912ca381ed3 tempest-VolumesGetTest-1266828159 None] Fetching qemu-img info with special backing_file_template: (/opt/stack/data/cinder/mnt/[0-9a-f]+/)?(volume-89a5d26d-3c25-46ba-b3e8-cc0ca21ff616(.(tmp-snap-)?[0-9a-f-]+)?|volume_from_snapshot_cache/(tmp-snap-)?[0-9a-f-]+(.(child-|parent-)[0-9a-f-]+)?)$ {{(pid=87444) _qemu_img_info_base /opt/stack/cinder/cinder/volume/drivers/remotefs.py:896}}
Sep 07 13:47:59 devstack cinder-volume[87444]: DEBUG oslo.privsep.daemon [-] privsep: reply[67850a77-cf4c-4f05-b4ee-2ea6df22fd6c]: (4, 'qcow2') {{(pid=88374) _call_back /opt/stack/data/venv/lib/python3.12/site-packages/oslo_privsep/daemon.py:580}}
Sep 07 13:47:59 devstack cinder-volume[87444]: DEBUG oslo_concurrency.processutils [None req-7b44005a-e360-406d-81c3-3912ca381ed3 tempest-VolumesGetTest-1266828159 None] Running cmd (subprocess): /opt/stack/data/venv/bin/python3.12 -m oslo_concurrency.prlimit --as=1073741824 --cpu=60 -- sudo cinder-rootwrap /etc/cinder/rootwrap.conf env LC_ALL=C qemu-img info -f qcow2 --output=json --force-share /opt/stack/data/cinder/mnt/784b6214646cb4fa916cfc860c21d496/volume-89a5d26d-3c25-46ba-b3e8-cc0ca21ff616 {{(pid=87444) execute /opt/stack/data/venv/lib/python3.12/site-packages/oslo_concurrency/processutils.py:440}}
Sep 07 13:47:59 devstack sudo[94139]: quobyte : PWD=/ ; USER=root ; COMMAND=/opt/stack/data/venv/bin/cinder-rootwrap /etc/cinder/rootwrap.conf env LC_ALL=C qemu-img info -f qcow2 --output=json --force-share /opt/stack/data/cinder/mnt/784b6214646cb4fa916cfc860c21d496/volume-89a5d26d-3c25-46ba-b3e8-cc0ca21ff616
Sep 07 13:47:59 devstack sudo[94139]: pam_unix(sudo:session): session opened for user root(uid=0) by (uid=1000)
Sep 07 13:48:00 devstack sudo[94139]: pam_unix(sudo:session): session closed for user root
Sep 07 13:48:00 devstack cinder-volume[87444]: DEBUG oslo_concurrency.processutils [None req-7b44005a-e360-406d-81c3-3912ca381ed3 tempest-VolumesGetTest-1266828159 None] CMD "/opt/stack/data/venv/bin/python3.12 -m oslo_concurrency.prlimit --as=1073741824 --cpu=60 -- sudo cinder-rootwrap /etc/cinder/rootwrap.conf env LC_ALL=C qemu-img info -f qcow2 --output=json --force-share /opt/stack/data/cinder/mnt/784b6214646cb4fa916cfc860c21d496/volume-89a5d26d-3c25-46ba-b3e8-cc0ca21ff616" returned: 0 in 0.427s {{(pid=87444) execute /opt/stack/data/venv/lib/python3.12/site-packages/oslo_concurrency/processutils.py:468}}
Sep 07 13:48:00 devstack cinder-volume[87444]: DEBUG cinder.volume.drivers.quobyte [None req-7b44005a-e360-406d-81c3-3912ca381ed3 tempest-VolumesGetTest-1266828159 None] will copy from snapshot at /opt/stack/data/cinder/mnt/784b6214646cb4fa916cfc860c21d496/volume-89a5d26d-3c25-46ba-b3e8-cc0ca21ff616 {{(pid=87444) _copy_volume_from_snapshot /opt/stack/cinder/cinder/volume/drivers/quobyte.py:423}}
Sep 07 13:48:00 devstack cinder-volume[87444]: DEBUG cinder.volume.drivers.quobyte [None req-7b44005a-e360-406d-81c3-3912ca381ed3 tempest-VolumesGetTest-1266828159 None] Creating direct copy from snapshot {{(pid=87444) _copy_volume_from_snapshot /opt/stack/cinder/cinder/volume/drivers/quobyte.py:431}}
Sep 07 13:48:00 devstack cinder-volume[87444]: DEBUG cinder.utils [None req-7b44005a-e360-406d-81c3-3912ca381ed3 tempest-VolumesGetTest-1266828159 None] Path /opt/stack/data/cinder/mnt/784b6214646cb4fa916cfc860c21d496/volume-6acd449a-3ee3-4387-abe7-801933e1c101 not found in is_blk_device check {{(pid=87444) is_blk_device /opt/stack/cinder/cinder/utils.py:622}}
Sep 07 13:48:00 devstack cinder-volume[87444]: DEBUG oslo_concurrency.processutils [None req-7b44005a-e360-406d-81c3-3912ca381ed3 tempest-VolumesGetTest-1266828159 None] Running cmd (subprocess): sudo cinder-rootwrap /etc/cinder/rootwrap.conf qemu-img convert -O qcow2 /opt/stack/data/cinder/mnt/784b6214646cb4fa916cfc860c21d496/volume-89a5d26d-3c25-46ba-b3e8-cc0ca21ff616 /opt/stack/data/cinder/mnt/784b6214646cb4fa916cfc860c21d496/volume-6acd449a-3ee3-4387-abe7-801933e1c101 {{(pid=87444) execute /opt/stack/data/venv/lib/python3.12/site-packages/oslo_concurrency/processutils.py:440}}
Sep 07 13:48:00 devstack sudo[94144]: quobyte : PWD=/ ; USER=root ; COMMAND=/opt/stack/data/venv/bin/cinder-rootwrap /etc/cinder/rootwrap.conf qemu-img convert -O qcow2 /opt/stack/data/cinder/mnt/784b6214646cb4fa916cfc860c21d496/volume-89a5d26d-3c25-46ba-b3e8-cc0ca21ff616 /opt/stack/data/cinder/mnt/784b6214646cb4fa916cfc860c21d496/volume-6acd449a-3ee3-4387-abe7-801933e1c101
Sep 07 13:48:00 devstack sudo[94144]: pam_unix(sudo:session): session opened for user root(uid=0) by (uid=1000)
Sep 07 13:48:08 devstack sudo[94144]: pam_unix(sudo:session): session closed for user root
Sep 07 13:48:08 devstack cinder-volume[87444]: DEBUG oslo_concurrency.processutils [None req-7b44005a-e360-406d-81c3-3912ca381ed3 tempest-VolumesGetTest-1266828159 None] CMD "sudo cinder-rootwrap /etc/cinder/rootwrap.conf qemu-img convert -O qcow2 /opt/stack/data/cinder/mnt/784b6214646cb4fa916cfc860c21d496/volume-89a5d26d-3c25-46ba-b3e8-cc0ca21ff616 /opt/stack/data/cinder/mnt/784b6214646cb4fa916cfc860c21d496/volume-6acd449a-3ee3-4387-abe7-801933e1c101" returned: 0 in 7.950s {{(pid=87444) execute /opt/stack/data/venv/lib/python3.12/site-packages/oslo_concurrency/processutils.py:468}}
Sep 07 13:48:08 devstack cinder-volume[87444]: DEBUG cinder.image.image_utils [None req-7b44005a-e360-406d-81c3-3912ca381ed3 tempest-VolumesGetTest-1266828159 None] Image conversion details: src /opt/stack/data/cinder/mnt/784b6214646cb4fa916cfc860c21d496/volume-89a5d26d-3c25-46ba-b3e8-cc0ca21ff616, size 1024.00 MB, duration 7.95 sec, destination /opt/stack/data/cinder/mnt/784b6214646cb4fa916cfc860c21d496/volume-6acd449a-3ee3-4387-abe7-801933e1c101 {{(pid=87444) _convert_image /opt/stack/cinder/cinder/image/image_utils.py:536}}
Sep 07 13:48:08 devstack cinder-volume[87444]: INFO cinder.image.image_utils [None req-7b44005a-e360-406d-81c3-3912ca381ed3 tempest-VolumesGetTest-1266828159 None] Converted 1024.00 MB image at 128.78 MB/s
Sep 07 13:48:08 devstack cinder-volume[87444]: WARNING cinder.volume.drivers.remotefs [None req-7b44005a-e360-406d-81c3-3912ca381ed3 tempest-VolumesGetTest-1266828159 None] /opt/stack/data/cinder/mnt/784b6214646cb4fa916cfc860c21d496/volume-6acd449a-3ee3-4387-abe7-801933e1c101 is being set with open permissions: ugo+rw
Sep 07 13:48:08 devstack cinder-volume[87444]: DEBUG oslo_concurrency.processutils [None req-7b44005a-e360-406d-81c3-3912ca381ed3 tempest-VolumesGetTest-1266828159 None] Running cmd (subprocess): sudo cinder-rootwrap /etc/cinder/rootwrap.conf chmod ugo+rw /opt/stack/data/cinder/mnt/784b6214646cb4fa916cfc860c21d496/volume-6acd449a-3ee3-4387-abe7-801933e1c101 {{(pid=87444) execute /opt/stack/data/venv/lib/python3.12/site-packages/oslo_concurrency/processutils.py:440}}
Sep 07 13:48:08 devstack sudo[94190]: quobyte : PWD=/ ; USER=root ; COMMAND=/opt/stack/data/venv/bin/cinder-rootwrap /etc/cinder/rootwrap.conf chmod ugo+rw /opt/stack/data/cinder/mnt/784b6214646cb4fa916cfc860c21d496/volume-6acd449a-3ee3-4387-abe7-801933e1c101
Sep 07 13:48:08 devstack sudo[94190]: pam_unix(sudo:session): session opened for user root(uid=0) by (uid=1000)
Sep 07 13:48:08 devstack cinder-volume[87444]: DEBUG dbcounter [-] [87444] Writing DB stats cinder:UPDATE=47,cinder:SELECT=29,cinder:DELETE=4,cinder:INSERT=12 {{(pid=87444) stat_writer /opt/stack/data/venv/lib/python3.12/site-packages/dbcounter.py:115}}
Sep 07 13:48:08 devstack cinder-volume[87444]: DEBUG dbcounter [-] [87444] Writing DB stats cinder:SELECT=41,cinder:UPDATE=49,cinder:INSERT=11,cinder:DELETE=5 {{(pid=87444) stat_writer /opt/stack/data/venv/lib/python3.12/site-packages/dbcounter.py:115}}
Sep 07 13:48:08 devstack sudo[94190]: pam_unix(sudo:session): session closed for user root
Sep 07 13:48:08 devstack cinder-volume[87444]: DEBUG oslo_concurrency.processutils [None req-7b44005a-e360-406d-81c3-3912ca381ed3 tempest-VolumesGetTest-1266828159 None] CMD "sudo cinder-rootwrap /etc/cinder/rootwrap.conf chmod ugo+rw /opt/stack/data/cinder/mnt/784b6214646cb4fa916cfc860c21d496/volume-6acd449a-3ee3-4387-abe7-801933e1c101" returned: 0 in 0.304s {{(pid=87444) execute /opt/stack/data/venv/lib/python3.12/site-packages/oslo_concurrency/processutils.py:468}}
Sep 07 13:48:08 devstack cinder-volume[87444]: DEBUG cinder.coordination [None req-7b44005a-e360-406d-81c3-3912ca381ed3 tempest-VolumesGetTest-1266828159 None] Lock "cinder-quobyte-6acd449a-3ee3-4387-abe7-801933e1c101" released by "_copy_volume_from_snapshot" :: held 9.225s {{(pid=87444) __release /opt/stack/cinder/cinder/coordination.py:152}}
Sep 07 13:48:08 devstack cinder-volume[87444]: DEBUG cinder.coordination [None req-7b44005a-e360-406d-81c3-3912ca381ed3 tempest-VolumesGetTest-1266828159 None] Acquiring lock "cinder-quobyte-af42cd58-3ea4-40af-b927-366d9a2aa33e" by "_delete_snapshot" {{(pid=87444) __acquire /opt/stack/cinder/cinder/coordination.py:138}}
Sep 07 13:48:08 devstack cinder-volume[87444]: DEBUG cinder.coordination [None req-7b44005a-e360-406d-81c3-3912ca381ed3 tempest-VolumesGetTest-1266828159 None] Lock "cinder-quobyte-af42cd58-3ea4-40af-b927-366d9a2aa33e" acquired by "_delete_snapshot" :: waited 0.018s {{(pid=87444) __acquire /opt/stack/cinder/cinder/coordination.py:141}}
Sep 07 13:48:08 devstack cinder-volume[87444]: DEBUG cinder.volume.drivers.remotefs [None req-7b44005a-e360-406d-81c3-3912ca381ed3 tempest-VolumesGetTest-1266828159 None] Deleting offline snapshot af42cd58-3ea4-40af-b927-366d9a2aa33e of volume 89a5d26d-3c25-46ba-b3e8-cc0ca21ff616 {{(pid=87444) _delete_snapshot /opt/stack/cinder/cinder/volume/drivers/remotefs.py:1288}}
Sep 07 13:48:08 devstack cinder-volume[87444]: DEBUG cinder.volume.drivers.remotefs [None req-7b44005a-e360-406d-81c3-3912ca381ed3 tempest-VolumesGetTest-1266828159 None] snapshot_file for this snap is: volume-89a5d26d-3c25-46ba-b3e8-cc0ca21ff616.af42cd58-3ea4-40af-b927-366d9a2aa33e {{(pid=87444) _delete_snapshot /opt/stack/cinder/cinder/volume/drivers/remotefs.py:1317}}
Sep 07 13:48:08 devstack cinder-volume[87444]: DEBUG oslo.privsep.daemon [-] privsep: reply[9d3a9039-00b3-4feb-bd54-ebf6a3716a8e]: (4, 'qcow2') {{(pid=88374) _call_back /opt/stack/data/venv/lib/python3.12/site-packages/oslo_privsep/daemon.py:580}}
Sep 07 13:48:08 devstack cinder-volume[87444]: DEBUG oslo_concurrency.processutils [None req-7b44005a-e360-406d-81c3-3912ca381ed3 tempest-VolumesGetTest-1266828159 None] Running cmd (subprocess): /opt/stack/data/venv/bin/python3.12 -m oslo_concurrency.prlimit --as=1073741824 --cpu=60 -- sudo cinder-rootwrap /etc/cinder/rootwrap.conf env LC_ALL=C qemu-img info -f qcow2 --output=json --force-share /opt/stack/data/cinder/mnt/784b6214646cb4fa916cfc860c21d496/volume-89a5d26d-3c25-46ba-b3e8-cc0ca21ff616.af42cd58-3ea4-40af-b927-366d9a2aa33e {{(pid=87444) execute /opt/stack/data/venv/lib/python3.12/site-packages/oslo_concurrency/processutils.py:440}}
Sep 07 13:48:08 devstack sudo[94195]: quobyte : PWD=/ ; USER=root ; COMMAND=/opt/stack/data/venv/bin/cinder-rootwrap /etc/cinder/rootwrap.conf env LC_ALL=C qemu-img info -f qcow2 --output=json --force-share /opt/stack/data/cinder/mnt/784b6214646cb4fa916cfc860c21d496/volume-89a5d26d-3c25-46ba-b3e8-cc0ca21ff616.af42cd58-3ea4-40af-b927-366d9a2aa33e
Sep 07 13:48:08 devstack sudo[94195]: pam_unix(sudo:session): session opened for user root(uid=0) by (uid=1000)
Sep 07 13:48:09 devstack sudo[94195]: pam_unix(sudo:session): session closed for user root
Sep 07 13:48:09 devstack cinder-volume[87444]: DEBUG oslo_concurrency.processutils [None req-7b44005a-e360-406d-81c3-3912ca381ed3 tempest-VolumesGetTest-1266828159 None] CMD "/opt/stack/data/venv/bin/python3.12 -m oslo_concurrency.prlimit --as=1073741824 --cpu=60 -- sudo cinder-rootwrap /etc/cinder/rootwrap.conf env LC_ALL=C qemu-img info -f qcow2 --output=json --force-share /opt/stack/data/cinder/mnt/784b6214646cb4fa916cfc860c21d496/volume-89a5d26d-3c25-46ba-b3e8-cc0ca21ff616.af42cd58-3ea4-40af-b927-366d9a2aa33e" returned: 0 in 0.565s {{(pid=87444) execute /opt/stack/data/venv/lib/python3.12/site-packages/oslo_concurrency/processutils.py:468}}
Sep 07 13:48:09 devstack cinder-volume[87444]: DEBUG cinder.volume.drivers.remotefs [None req-7b44005a-e360-406d-81c3-3912ca381ed3 tempest-VolumesGetTest-1266828159 None] Fetching qemu-img info with special backing_file_template: (/opt/stack/data/cinder/mnt/[0-9a-f]+/)?(volume-89a5d26d-3c25-46ba-b3e8-cc0ca21ff616(.(tmp-snap-)?[0-9a-f-]+)?|volume_from_snapshot_cache/(tmp-snap-)?[0-9a-f-]+(.(child-|parent-)[0-9a-f-]+)?)$ {{(pid=87444) _qemu_img_info_base /opt/stack/cinder/cinder/volume/drivers/remotefs.py:896}}
Sep 07 13:48:09 devstack cinder-volume[87444]: DEBUG oslo.privsep.daemon [-] privsep: reply[700c513f-d0f2-496a-b53c-5f4836c973e9]: (4, 'qcow2') {{(pid=88374) _call_back /opt/stack/data/venv/lib/python3.12/site-packages/oslo_privsep/daemon.py:580}}
Sep 07 13:48:09 devstack cinder-volume[87444]: DEBUG oslo_concurrency.processutils [None req-7b44005a-e360-406d-81c3-3912ca381ed3 tempest-VolumesGetTest-1266828159 None] Running cmd (subprocess): /opt/stack/data/venv/bin/python3.12 -m oslo_concurrency.prlimit --as=1073741824 --cpu=60 -- sudo cinder-rootwrap /etc/cinder/rootwrap.conf env LC_ALL=C qemu-img info -f qcow2 --output=json --force-share /opt/stack/data/cinder/mnt/784b6214646cb4fa916cfc860c21d496/volume-89a5d26d-3c25-46ba-b3e8-cc0ca21ff616 {{(pid=87444) execute /opt/stack/data/venv/lib/python3.12/site-packages/oslo_concurrency/processutils.py:440}}
Sep 07 13:48:09 devstack sudo[94223]: quobyte : PWD=/ ; USER=root ; COMMAND=/opt/stack/data/venv/bin/cinder-rootwrap /etc/cinder/rootwrap.conf env LC_ALL=C qemu-img info -f qcow2 --output=json --force-share /opt/stack/data/cinder/mnt/784b6214646cb4fa916cfc860c21d496/volume-89a5d26d-3c25-46ba-b3e8-cc0ca21ff616
Sep 07 13:48:09 devstack sudo[94223]: pam_unix(sudo:session): session opened for user root(uid=0) by (uid=1000)
Sep 07 13:48:09 devstack sudo[94223]: pam_unix(sudo:session): session closed for user root
Sep 07 13:48:09 devstack cinder-volume[87444]: DEBUG oslo_concurrency.processutils [None req-7b44005a-e360-406d-81c3-3912ca381ed3 tempest-VolumesGetTest-1266828159 None] CMD "/opt/stack/data/venv/bin/python3.12 -m oslo_concurrency.prlimit --as=1073741824 --cpu=60 -- sudo cinder-rootwrap /etc/cinder/rootwrap.conf env LC_ALL=C qemu-img info -f qcow2 --output=json --force-share /opt/stack/data/cinder/mnt/784b6214646cb4fa916cfc860c21d496/volume-89a5d26d-3c25-46ba-b3e8-cc0ca21ff616" returned: 0 in 0.608s {{(pid=87444) execute /opt/stack/data/venv/lib/python3.12/site-packages/oslo_concurrency/processutils.py:468}}
Sep 07 13:48:09 devstack cinder-volume[87444]: DEBUG oslo_concurrency.processutils [None req-7b44005a-e360-406d-81c3-3912ca381ed3 tempest-VolumesGetTest-1266828159 None] Running cmd (subprocess): sudo cinder-rootwrap /etc/cinder/rootwrap.conf qemu-img commit -d /opt/stack/data/cinder/mnt/784b6214646cb4fa916cfc860c21d496/volume-89a5d26d-3c25-46ba-b3e8-cc0ca21ff616.af42cd58-3ea4-40af-b927-366d9a2aa33e {{(pid=87444) execute /opt/stack/data/venv/lib/python3.12/site-packages/oslo_concurrency/processutils.py:440}}
Sep 07 13:48:09 devstack sudo[94230]: quobyte : PWD=/ ; USER=root ; COMMAND=/opt/stack/data/venv/bin/cinder-rootwrap /etc/cinder/rootwrap.conf qemu-img commit -d /opt/stack/data/cinder/mnt/784b6214646cb4fa916cfc860c21d496/volume-89a5d26d-3c25-46ba-b3e8-cc0ca21ff616.af42cd58-3ea4-40af-b927-366d9a2aa33e
Sep 07 13:48:09 devstack sudo[94230]: pam_unix(sudo:session): session opened for user root(uid=0) by (uid=1000)
Sep 07 13:48:10 devstack cinder-volume[87444]: INFO cinder.volume.manager [req-0023a93e-d089-49e0-93b1-2f2c87cc0f1c req-8db374db-90b4-430d-a0be-3e08e9e25f6f tempest-ServerActionsTestOtherA-1927182931 None] Terminate volume connection completed successfully.
Sep 07 13:48:10 devstack cinder-volume[87444]: DEBUG cinder.volume.manager [req-0023a93e-d089-49e0-93b1-2f2c87cc0f1c req-8db374db-90b4-430d-a0be-3e08e9e25f6f tempest-ServerActionsTestOtherA-1927182931 None] Deleting attachment 22fb15a2-165e-4a12-ba9d-b7f49452e4ce. {{(pid=87444) attachment_delete /opt/stack/cinder/cinder/volume/manager.py:5055}}
Sep 07 13:48:10 devstack sudo[94230]: pam_unix(sudo:session): session closed for user root
Sep 07 13:48:10 devstack cinder-volume[87444]: DEBUG oslo_concurrency.processutils [None req-7b44005a-e360-406d-81c3-3912ca381ed3 tempest-VolumesGetTest-1266828159 None] CMD "sudo cinder-rootwrap /etc/cinder/rootwrap.conf qemu-img commit -d /opt/stack/data/cinder/mnt/784b6214646cb4fa916cfc860c21d496/volume-89a5d26d-3c25-46ba-b3e8-cc0ca21ff616.af42cd58-3ea4-40af-b927-366d9a2aa33e" returned: 0 in 0.571s {{(pid=87444) execute /opt/stack/data/venv/lib/python3.12/site-packages/oslo_concurrency/processutils.py:468}}
Sep 07 13:48:10 devstack cinder-volume[87444]: DEBUG oslo_concurrency.processutils [None req-7b44005a-e360-406d-81c3-3912ca381ed3 tempest-VolumesGetTest-1266828159 None] Running cmd (subprocess): sudo cinder-rootwrap /etc/cinder/rootwrap.conf rm -f /opt/stack/data/cinder/mnt/784b6214646cb4fa916cfc860c21d496/volume-89a5d26d-3c25-46ba-b3e8-cc0ca21ff616.af42cd58-3ea4-40af-b927-366d9a2aa33e {{(pid=87444) execute /opt/stack/data/venv/lib/python3.12/site-packages/oslo_concurrency/processutils.py:440}}
Sep 07 13:48:10 devstack sudo[94236]: quobyte : PWD=/ ; USER=root ; COMMAND=/opt/stack/data/venv/bin/cinder-rootwrap /etc/cinder/rootwrap.conf rm -f /opt/stack/data/cinder/mnt/784b6214646cb4fa916cfc860c21d496/volume-89a5d26d-3c25-46ba-b3e8-cc0ca21ff616.af42cd58-3ea4-40af-b927-366d9a2aa33e
Sep 07 13:48:10 devstack sudo[94236]: pam_unix(sudo:session): session opened for user root(uid=0) by (uid=1000)
Sep 07 13:48:10 devstack cinder-volume[87444]: DEBUG cinder.coordination [req-0023a93e-d089-49e0-93b1-2f2c87cc0f1c req-442e60a1-5c95-4e58-93b2-dcc3d953d4aa tempest-ServerActionsTestOtherA-1927182931 None] Acquiring lock "cinder-1672c1bf-f331-473f-9e7c-4646524d4215-delete_volume" by "delete_volume" {{(pid=87444) __acquire /opt/stack/cinder/cinder/coordination.py:138}}
Sep 07 13:48:10 devstack cinder-volume[87444]: DEBUG cinder.coordination [req-0023a93e-d089-49e0-93b1-2f2c87cc0f1c req-442e60a1-5c95-4e58-93b2-dcc3d953d4aa tempest-ServerActionsTestOtherA-1927182931 None] Lock "cinder-1672c1bf-f331-473f-9e7c-4646524d4215-delete_volume" acquired by "delete_volume" :: waited 0.027s {{(pid=87444) __acquire /opt/stack/cinder/cinder/coordination.py:141}}
Sep 07 13:48:10 devstack cinder-volume[87444]: DEBUG cinder.coordination [req-0023a93e-d089-49e0-93b1-2f2c87cc0f1c req-442e60a1-5c95-4e58-93b2-dcc3d953d4aa tempest-ServerActionsTestOtherA-1927182931 None] Acquiring lock "cinder-quobyte-1672c1bf-f331-473f-9e7c-4646524d4215" by "delete_volume" {{(pid=87444) __acquire /opt/stack/cinder/cinder/coordination.py:138}}
Sep 07 13:48:10 devstack cinder-volume[87444]: DEBUG cinder.coordination [req-0023a93e-d089-49e0-93b1-2f2c87cc0f1c req-442e60a1-5c95-4e58-93b2-dcc3d953d4aa tempest-ServerActionsTestOtherA-1927182931 None] Lock "cinder-quobyte-1672c1bf-f331-473f-9e7c-4646524d4215" acquired by "delete_volume" :: waited 0.026s {{(pid=87444) __acquire /opt/stack/cinder/cinder/coordination.py:141}}
Sep 07 13:48:10 devstack cinder-volume[87444]: DEBUG oslo.privsep.daemon [-] privsep: reply[ad382b77-ed00-4aaf-8499-0c7f23f557e4]: (4, 'qcow2') {{(pid=88374) _call_back /opt/stack/data/venv/lib/python3.12/site-packages/oslo_privsep/daemon.py:580}}
Sep 07 13:48:10 devstack cinder-volume[87444]: DEBUG oslo_concurrency.processutils [req-0023a93e-d089-49e0-93b1-2f2c87cc0f1c req-442e60a1-5c95-4e58-93b2-dcc3d953d4aa tempest-ServerActionsTestOtherA-1927182931 None] Running cmd (subprocess): /opt/stack/data/venv/bin/python3.12 -m oslo_concurrency.prlimit --as=1073741824 --cpu=60 -- sudo cinder-rootwrap /etc/cinder/rootwrap.conf env LC_ALL=C qemu-img info -f qcow2 --output=json --force-share /opt/stack/data/cinder/mnt/784b6214646cb4fa916cfc860c21d496/volume-1672c1bf-f331-473f-9e7c-4646524d4215 {{(pid=87444) execute /opt/stack/data/venv/lib/python3.12/site-packages/oslo_concurrency/processutils.py:440}}
