Aug 31 14:56:03 devstack devstack@c-api.service[85745]: INFO cinder.api.openstack.wsgi [None req-4f115785-e6a4-4b23-aa4b-3268decf291c tempest-AttachVolumeTestJSON-131647683 tempest-AttachVolumeTestJSON-131647683-project-member] GET http://192.168.122.60/volume/v3/volumes/3bf04dd6-6921-4dd1-8fb9-476a8b347698
Aug 31 14:56:03 devstack devstack@c-api.service[85745]: DEBUG cinder.api.openstack.wsgi [None req-4f115785-e6a4-4b23-aa4b-3268decf291c tempest-AttachVolumeTestJSON-131647683 tempest-AttachVolumeTestJSON-131647683-project-member] Empty body provided in request {{(pid=85745) get_body /opt/stack/cinder/cinder/api/openstack/wsgi.py:725}}
Aug 31 14:56:03 devstack devstack@c-api.service[85745]: DEBUG cinder.api.openstack.wsgi [None req-4f115785-e6a4-4b23-aa4b-3268decf291c tempest-AttachVolumeTestJSON-131647683 tempest-AttachVolumeTestJSON-131647683-project-member] Calling method 'show' {{(pid=85745) _process_stack /opt/stack/cinder/cinder/api/openstack/wsgi.py:878}}
Aug 31 14:56:03 devstack devstack@c-api.service[85745]: /opt/stack/cinder/cinder/objects/volume.py:315: DeprecationWarning: Passing item_cls to obj_make_list() is deprecated. The item class is now derived from the list object's field definition.
Aug 31 14:56:03 devstack devstack@c-api.service[85745]: attachments = base.obj_make_list(
Aug 31 14:56:03 devstack devstack@c-api.service[85745]: /opt/stack/data/venv/lib/python3.12/site-packages/oslo_context/context.py:102: DeprecationWarning: Policy enforcement is depending on the value of is_admin. This key is deprecated. Please update your policy file to use the standard policy values.
Aug 31 14:56:03 devstack devstack@c-api.service[85745]: warnings.warn(
Aug 31 14:56:03 devstack devstack@c-api.service[85745]: INFO cinder.volume.api [None req-4f115785-e6a4-4b23-aa4b-3268decf291c tempest-AttachVolumeTestJSON-131647683 tempest-AttachVolumeTestJSON-131647683-project-member] Volume info retrieved successfully.
Aug 31 14:56:03 devstack devstack@c-api.service[85745]: INFO cinder.api.openstack.wsgi [None req-4f115785-e6a4-4b23-aa4b-3268decf291c tempest-AttachVolumeTestJSON-131647683 tempest-AttachVolumeTestJSON-131647683-project-member] http://192.168.122.60/volume/v3/volumes/3bf04dd6-6921-4dd1-8fb9-476a8b347698 returned with HTTP 200
Aug 31 14:56:03 devstack devstack@c-api.service[85745]: [pid: 85745|app: 0|req: 211/428] 192.168.122.60 () {58 vars in 1227 bytes} [Mon Aug 31 14:56:03 2026] GET /volume/v3/volumes/3bf04dd6-6921-4dd1-8fb9-476a8b347698 => generated 1145 bytes in 62 msecs (HTTP/1.1 200) 7 headers in 286 bytes (1 switches on core 0)
Aug 31 14:56:03 devstack devstack@c-api.service[85746]: DEBUG cinder.api.middleware.request_id [None req-1f78dbf1-80fa-4a13-969d-e78506aea7ce None None] RequestId filter calling following filter/app {{(pid=85746) _context_setter /opt/stack/cinder/cinder/api/middleware/request_id.py:62}}
Aug 31 14:56:03 devstack devstack@c-api.service[85746]: INFO cinder.api.openstack.wsgi [None req-1f78dbf1-80fa-4a13-969d-e78506aea7ce None None] GET http://192.168.122.60/volume//
Aug 31 14:56:03 devstack devstack@c-api.service[85746]: DEBUG cinder.api.openstack.wsgi [None req-1f78dbf1-80fa-4a13-969d-e78506aea7ce None None] Empty body provided in request {{(pid=85746) get_body /opt/stack/cinder/cinder/api/openstack/wsgi.py:725}}
Aug 31 14:56:03 devstack devstack@c-api.service[85746]: DEBUG cinder.api.openstack.wsgi [None req-1f78dbf1-80fa-4a13-969d-e78506aea7ce None None] Calling method 'all' {{(pid=85746) _process_stack /opt/stack/cinder/cinder/api/openstack/wsgi.py:878}}
Aug 31 14:56:03 devstack devstack@c-api.service[85746]: INFO cinder.api.openstack.wsgi [None req-1f78dbf1-80fa-4a13-969d-e78506aea7ce None None] http://192.168.122.60/volume// returned with HTTP 300
Aug 31 14:56:03 devstack devstack@c-api.service[85746]: [pid: 85746|app: 0|req: 218/429] 192.168.122.60 () {58 vars in 1310 bytes} [Mon Aug 31 14:56:03 2026] GET /volume/ => generated 389 bytes in 8 msecs (HTTP/1.1 300) 7 headers in 299 bytes (1 switches on core 0)
Aug 31 14:56:03 devstack devstack@c-api.service[85745]: DEBUG cinder.api.middleware.request_id [req-67802e85-b85b-48ab-9797-e6e6be7cb816 req-8568af1c-588c-4751-8ac6-9de8bf06df21 None None] RequestId filter calling following filter/app {{(pid=85745) _context_setter /opt/stack/cinder/cinder/api/middleware/request_id.py:62}}
Aug 31 14:56:03 devstack devstack@c-api.service[85745]: INFO cinder.api.openstack.wsgi [req-67802e85-b85b-48ab-9797-e6e6be7cb816 req-8568af1c-588c-4751-8ac6-9de8bf06df21 tempest-AttachVolumeTestJSON-131647683 tempest-AttachVolumeTestJSON-131647683-project-member] GET http://192.168.122.60/volume/v3/volumes/3bf04dd6-6921-4dd1-8fb9-476a8b347698
Aug 31 14:56:03 devstack devstack@c-api.service[85745]: DEBUG cinder.api.openstack.wsgi [req-67802e85-b85b-48ab-9797-e6e6be7cb816 req-8568af1c-588c-4751-8ac6-9de8bf06df21 tempest-AttachVolumeTestJSON-131647683 tempest-AttachVolumeTestJSON-131647683-project-member] Empty body provided in request {{(pid=85745) get_body /opt/stack/cinder/cinder/api/openstack/wsgi.py:725}}
Aug 31 14:56:03 devstack devstack@c-api.service[85745]: DEBUG cinder.api.openstack.wsgi [req-67802e85-b85b-48ab-9797-e6e6be7cb816 req-8568af1c-588c-4751-8ac6-9de8bf06df21 tempest-AttachVolumeTestJSON-131647683 tempest-AttachVolumeTestJSON-131647683-project-member] Calling method 'show' {{(pid=85745) _process_stack /opt/stack/cinder/cinder/api/openstack/wsgi.py:878}}
Aug 31 14:56:03 devstack devstack@c-api.service[85745]: /opt/stack/cinder/cinder/objects/volume.py:315: DeprecationWarning: Passing item_cls to obj_make_list() is deprecated. The item class is now derived from the list object's field definition.
Aug 31 14:56:03 devstack devstack@c-api.service[85745]: attachments = base.obj_make_list(
Aug 31 14:56:03 devstack devstack@c-api.service[85745]: /opt/stack/data/venv/lib/python3.12/site-packages/oslo_context/context.py:102: DeprecationWarning: Policy enforcement is depending on the value of is_admin. This key is deprecated. Please update your policy file to use the standard policy values.
Aug 31 14:56:03 devstack devstack@c-api.service[85745]: warnings.warn(
Aug 31 14:56:03 devstack devstack@c-api.service[85745]: INFO cinder.volume.api [req-67802e85-b85b-48ab-9797-e6e6be7cb816 req-8568af1c-588c-4751-8ac6-9de8bf06df21 tempest-AttachVolumeTestJSON-131647683 tempest-AttachVolumeTestJSON-131647683-project-member] Volume info retrieved successfully.
Aug 31 14:56:03 devstack devstack@c-api.service[85745]: INFO cinder.api.openstack.wsgi [req-67802e85-b85b-48ab-9797-e6e6be7cb816 req-8568af1c-588c-4751-8ac6-9de8bf06df21 tempest-AttachVolumeTestJSON-131647683 tempest-AttachVolumeTestJSON-131647683-project-member] http://192.168.122.60/volume/v3/volumes/3bf04dd6-6921-4dd1-8fb9-476a8b347698 returned with HTTP 200
Aug 31 14:56:03 devstack devstack@c-api.service[85745]: [pid: 85745|app: 0|req: 212/430] 192.168.122.60 () {62 vars in 1523 bytes} [Mon Aug 31 14:56:03 2026] GET /volume/v3/volumes/3bf04dd6-6921-4dd1-8fb9-476a8b347698 => generated 1326 bytes in 45 msecs (HTTP/1.1 200) 7 headers in 287 bytes (1 switches on core 0)
Aug 31 14:56:03 devstack devstack@c-api.service[85746]: DEBUG cinder.api.middleware.request_id [None req-fe695ac8-e911-4e51-b286-c85214bc6bc9 None None] RequestId filter calling following filter/app {{(pid=85746) _context_setter /opt/stack/cinder/cinder/api/middleware/request_id.py:62}}
Aug 31 14:56:03 devstack devstack@c-api.service[85746]: INFO cinder.api.openstack.wsgi [None req-fe695ac8-e911-4e51-b286-c85214bc6bc9 tempest-VolumesTestJSON-1818542910 tempest-VolumesTestJSON-1818542910-project-member] GET http://192.168.122.60/volume/v3/volumes/49a65555-0750-4d6f-a4c2-37618fe6fa7b
Aug 31 14:56:03 devstack devstack@c-api.service[85746]: DEBUG cinder.api.openstack.wsgi [None req-fe695ac8-e911-4e51-b286-c85214bc6bc9 tempest-VolumesTestJSON-1818542910 tempest-VolumesTestJSON-1818542910-project-member] Empty body provided in request {{(pid=85746) get_body /opt/stack/cinder/cinder/api/openstack/wsgi.py:725}}
Aug 31 14:56:03 devstack devstack@c-api.service[85746]: DEBUG cinder.api.openstack.wsgi [None req-fe695ac8-e911-4e51-b286-c85214bc6bc9 tempest-VolumesTestJSON-1818542910 tempest-VolumesTestJSON-1818542910-project-member] Calling method 'show' {{(pid=85746) _process_stack /opt/stack/cinder/cinder/api/openstack/wsgi.py:878}}
Aug 31 14:56:03 devstack devstack@c-api.service[85746]: /opt/stack/cinder/cinder/objects/volume.py:315: DeprecationWarning: Passing item_cls to obj_make_list() is deprecated. The item class is now derived from the list object's field definition.
Aug 31 14:56:03 devstack devstack@c-api.service[85746]: attachments = base.obj_make_list(
Aug 31 14:56:03 devstack devstack@c-api.service[85746]: /opt/stack/data/venv/lib/python3.12/site-packages/oslo_context/context.py:102: DeprecationWarning: Policy enforcement is depending on the value of is_admin. This key is deprecated. Please update your policy file to use the standard policy values.
Aug 31 14:56:03 devstack devstack@c-api.service[85746]: warnings.warn(
Aug 31 14:56:03 devstack devstack@c-api.service[85746]: INFO cinder.volume.api [None req-fe695ac8-e911-4e51-b286-c85214bc6bc9 tempest-VolumesTestJSON-1818542910 tempest-VolumesTestJSON-1818542910-project-member] Volume info retrieved successfully.
Aug 31 14:56:03 devstack devstack@c-api.service[85746]: INFO cinder.api.openstack.wsgi [None req-fe695ac8-e911-4e51-b286-c85214bc6bc9 tempest-VolumesTestJSON-1818542910 tempest-VolumesTestJSON-1818542910-project-member] http://192.168.122.60/volume/v3/volumes/49a65555-0750-4d6f-a4c2-37618fe6fa7b returned with HTTP 200
Aug 31 14:56:03 devstack devstack@c-api.service[85746]: [pid: 85746|app: 0|req: 219/431] 192.168.122.60 () {58 vars in 1227 bytes} [Mon Aug 31 14:56:03 2026] GET /volume/v3/volumes/49a65555-0750-4d6f-a4c2-37618fe6fa7b => generated 859 bytes in 42 msecs (HTTP/1.1 200) 7 headers in 285 bytes (1 switches on core 0)
Aug 31 14:56:03 devstack devstack@c-api.service[85745]: DEBUG cinder.api.middleware.request_id [req-2050ecf3-c73a-4413-91fb-55575d60ce6e req-b5bcbf89-02c7-4232-9552-82b3d6dc775d None None] RequestId filter calling following filter/app {{(pid=85745) _context_setter /opt/stack/cinder/cinder/api/middleware/request_id.py:62}}
Aug 31 14:56:03 devstack devstack@c-api.service[85745]: INFO cinder.api.openstack.wsgi [req-2050ecf3-c73a-4413-91fb-55575d60ce6e req-b5bcbf89-02c7-4232-9552-82b3d6dc775d tempest-VolumesTestJSON-1818542910 tempest-VolumesTestJSON-1818542910-project-member] GET http://192.168.122.60/volume/v3/volumes/49a65555-0750-4d6f-a4c2-37618fe6fa7b
Aug 31 14:56:03 devstack devstack@c-api.service[85745]: DEBUG cinder.api.openstack.wsgi [req-2050ecf3-c73a-4413-91fb-55575d60ce6e req-b5bcbf89-02c7-4232-9552-82b3d6dc775d tempest-VolumesTestJSON-1818542910 tempest-VolumesTestJSON-1818542910-project-member] Empty body provided in request {{(pid=85745) get_body /opt/stack/cinder/cinder/api/openstack/wsgi.py:725}}
Aug 31 14:56:03 devstack devstack@c-api.service[85745]: DEBUG cinder.api.openstack.wsgi [req-2050ecf3-c73a-4413-91fb-55575d60ce6e req-b5bcbf89-02c7-4232-9552-82b3d6dc775d tempest-VolumesTestJSON-1818542910 tempest-VolumesTestJSON-1818542910-project-member] Calling method 'show' {{(pid=85745) _process_stack /opt/stack/cinder/cinder/api/openstack/wsgi.py:878}}
Aug 31 14:56:03 devstack devstack@c-api.service[85745]: /opt/stack/cinder/cinder/objects/volume.py:315: DeprecationWarning: Passing item_cls to obj_make_list() is deprecated. The item class is now derived from the list object's field definition.
Aug 31 14:56:03 devstack devstack@c-api.service[85745]: attachments = base.obj_make_list(
Aug 31 14:56:03 devstack devstack@c-api.service[85745]: /opt/stack/data/venv/lib/python3.12/site-packages/oslo_context/context.py:102: DeprecationWarning: Policy enforcement is depending on the value of is_admin. This key is deprecated. Please update your policy file to use the standard policy values.
Aug 31 14:56:03 devstack devstack@c-api.service[85745]: warnings.warn(
Aug 31 14:56:03 devstack devstack@c-api.service[85745]: INFO cinder.volume.api [req-2050ecf3-c73a-4413-91fb-55575d60ce6e req-b5bcbf89-02c7-4232-9552-82b3d6dc775d tempest-VolumesTestJSON-1818542910 tempest-VolumesTestJSON-1818542910-project-member] Volume info retrieved successfully.
Aug 31 14:56:03 devstack devstack@c-api.service[85745]: INFO cinder.api.openstack.wsgi [req-2050ecf3-c73a-4413-91fb-55575d60ce6e req-b5bcbf89-02c7-4232-9552-82b3d6dc775d tempest-VolumesTestJSON-1818542910 tempest-VolumesTestJSON-1818542910-project-member] http://192.168.122.60/volume/v3/volumes/49a65555-0750-4d6f-a4c2-37618fe6fa7b returned with HTTP 200
Aug 31 14:56:03 devstack devstack@c-api.service[85745]: [pid: 85745|app: 0|req: 213/432] 192.168.122.60 () {60 vars in 1482 bytes} [Mon Aug 31 14:56:03 2026] GET /volume/v3/volumes/49a65555-0750-4d6f-a4c2-37618fe6fa7b => generated 859 bytes in 52 msecs (HTTP/1.1 200) 7 headers in 285 bytes (1 switches on core 0)
Aug 31 14:56:03 devstack devstack@c-api.service[85746]: DEBUG cinder.api.middleware.request_id [None req-cd96ccd2-2462-4737-87b5-8dd801ce4d64 None None] RequestId filter calling following filter/app {{(pid=85746) _context_setter /opt/stack/cinder/cinder/api/middleware/request_id.py:62}}
Aug 31 14:56:03 devstack devstack@c-api.service[85746]: INFO cinder.api.openstack.wsgi [None req-cd96ccd2-2462-4737-87b5-8dd801ce4d64 tempest-VolumesTestJSON-1818542910 tempest-VolumesTestJSON-1818542910-project-member] POST http://192.168.122.60/volume/v3/volumes
Aug 31 14:56:03 devstack devstack@c-api.service[85746]: DEBUG cinder.api.openstack.wsgi [None req-cd96ccd2-2462-4737-87b5-8dd801ce4d64 tempest-VolumesTestJSON-1818542910 tempest-VolumesTestJSON-1818542910-project-member] Action: 'create', calling method: create, body: {"volume": {"metadata": {"Type": "work"}, "size": 1, "display_name": "tempest-VolumesTestJSON-volume-218524018"}} {{(pid=85746) _process_stack /opt/stack/cinder/cinder/api/openstack/wsgi.py:876}}
Aug 31 14:56:03 devstack devstack@c-api.service[85746]: DEBUG cinder.api.v3.volumes [None req-cd96ccd2-2462-4737-87b5-8dd801ce4d64 tempest-VolumesTestJSON-1818542910 tempest-VolumesTestJSON-1818542910-project-member] Create volume request body: {'volume': {'metadata': {'Type': 'work'}, 'size': 1, 'display_name': 'tempest-VolumesTestJSON-volume-218524018'}} {{(pid=85746) create /opt/stack/cinder/cinder/api/v3/volumes.py:368}}
Aug 31 14:56:03 devstack devstack@c-api.service[85746]: INFO cinder.api.v3.volumes [None req-cd96ccd2-2462-4737-87b5-8dd801ce4d64 tempest-VolumesTestJSON-1818542910 tempest-VolumesTestJSON-1818542910-project-member] Create volume of 1 GB
Aug 31 14:56:03 devstack devstack@c-api.service[85746]: INFO cinder.volume.api [None req-cd96ccd2-2462-4737-87b5-8dd801ce4d64 tempest-VolumesTestJSON-1818542910 tempest-VolumesTestJSON-1818542910-project-member] Availability Zones retrieved successfully.
Aug 31 14:56:03 devstack devstack@c-api.service[85746]: DEBUG cinder.volume.api [None req-cd96ccd2-2462-4737-87b5-8dd801ce4d64 tempest-VolumesTestJSON-1818542910 tempest-VolumesTestJSON-1818542910-project-member] Flow 'volume_create_api' (fe146d29-5f7f-4c93-80c6-ccc52426db5c) transitioned into state 'RUNNING' from state 'PENDING' {{(pid=85746) _flow_receiver /opt/stack/data/venv/lib/python3.12/site-packages/taskflow/listeners/logging.py:160}}
Aug 31 14:56:03 devstack devstack@c-api.service[85746]: DEBUG cinder.volume.api [None req-cd96ccd2-2462-4737-87b5-8dd801ce4d64 tempest-VolumesTestJSON-1818542910 tempest-VolumesTestJSON-1818542910-project-member] Task 'cinder.volume.flows.api.create_volume.ExtractVolumeRequestTask;volume:create' (9f8637f5-99ee-4e5f-b38f-7ae2e781bb7e) transitioned into state 'RUNNING' from state 'PENDING' {{(pid=85746) _task_receiver /opt/stack/data/venv/lib/python3.12/site-packages/taskflow/listeners/logging.py:242}}
Aug 31 14:56:03 devstack devstack@c-api.service[85746]: DEBUG cinder.volume.flows.api.create_volume [None req-cd96ccd2-2462-4737-87b5-8dd801ce4d64 tempest-VolumesTestJSON-1818542910 tempest-VolumesTestJSON-1818542910-project-member] Validating volume size '1' using validate_int {{(pid=85746) _extract_size /opt/stack/cinder/cinder/volume/flows/api/create_volume.py:226}}
Aug 31 14:56:03 devstack devstack@c-api.service[85745]: DEBUG cinder.api.middleware.request_id [req-67802e85-b85b-48ab-9797-e6e6be7cb816 req-27c72e15-bfbf-4a29-9422-a09ea2b32710 None None] RequestId filter calling following filter/app {{(pid=85745) _context_setter /opt/stack/cinder/cinder/api/middleware/request_id.py:62}}
Aug 31 14:56:03 devstack devstack@c-api.service[85745]: INFO cinder.api.openstack.wsgi [req-67802e85-b85b-48ab-9797-e6e6be7cb816 req-27c72e15-bfbf-4a29-9422-a09ea2b32710 tempest-AttachVolumeTestJSON-131647683 tempest-AttachVolumeTestJSON-131647683-project-member] DELETE http://192.168.122.60/volume/v3/attachments/4378aec1-5ad1-4052-9a53-f67997ec746a
Aug 31 14:56:03 devstack devstack@c-api.service[85745]: DEBUG cinder.api.openstack.wsgi [req-67802e85-b85b-48ab-9797-e6e6be7cb816 req-27c72e15-bfbf-4a29-9422-a09ea2b32710 tempest-AttachVolumeTestJSON-131647683 tempest-AttachVolumeTestJSON-131647683-project-member] Empty body provided in request {{(pid=85745) get_body /opt/stack/cinder/cinder/api/openstack/wsgi.py:725}}
Aug 31 14:56:03 devstack devstack@c-api.service[85745]: DEBUG cinder.api.openstack.wsgi [req-67802e85-b85b-48ab-9797-e6e6be7cb816 req-27c72e15-bfbf-4a29-9422-a09ea2b32710 tempest-AttachVolumeTestJSON-131647683 tempest-AttachVolumeTestJSON-131647683-project-member] Calling method 'version_select' {{(pid=85745) _process_stack /opt/stack/cinder/cinder/api/openstack/wsgi.py:878}}
Aug 31 14:56:03 devstack devstack@c-api.service[85746]: DEBUG cinder.volume.api [None req-cd96ccd2-2462-4737-87b5-8dd801ce4d64 tempest-VolumesTestJSON-1818542910 tempest-VolumesTestJSON-1818542910-project-member] Task 'cinder.volume.flows.api.create_volume.ExtractVolumeRequestTask;volume:create' (9f8637f5-99ee-4e5f-b38f-7ae2e781bb7e) transitioned into state 'SUCCESS' from state 'RUNNING' with result '{'size': 1, 'snapshot_id': None, 'source_volid': None, 'volume_type': VolumeType(created_at=2026-08-31T12:48:17Z,deleted=False,deleted_at=None,description=None,extra_specs={},id=5f45f45c-b370-456c-812c-deaafcfee390,is_public=True,name='QuobyteHD',projects=[],qos_specs=,qos_specs_id=None,updated_at=None), 'volume_type_id': '5f45f45c-b370-456c-812c-deaafcfee390', 'encryption_key_id': None, 'qos_specs': None, 'consistencygroup_id': None, 'cgsnapshot_id': None, 'group_id': None, 'replication_status': 'disabled', 'refresh_az': False, 'backup_id': None, 'multiattach': False, 'availability_zones': ['nova']}' {{(pid=85746) _task_receiver /opt/stack/data/venv/lib/python3.12/site-packages/taskflow/listeners/logging.py:218}}
Aug 31 14:56:03 devstack devstack@c-api.service[85746]: DEBUG cinder.volume.api [None req-cd96ccd2-2462-4737-87b5-8dd801ce4d64 tempest-VolumesTestJSON-1818542910 tempest-VolumesTestJSON-1818542910-project-member] Task 'cinder.volume.flows.api.create_volume.QuotaReserveTask;volume:create' (1511a026-2f97-4e6d-ab31-08b86d02d495) transitioned into state 'RUNNING' from state 'PENDING' {{(pid=85746) _task_receiver /opt/stack/data/venv/lib/python3.12/site-packages/taskflow/listeners/logging.py:242}}
Aug 31 14:56:03 devstack devstack@c-api.service[85745]: /opt/stack/data/venv/lib/python3.12/site-packages/oslo_context/context.py:102: DeprecationWarning: Policy enforcement is depending on the value of is_admin. This key is deprecated. Please update your policy file to use the standard policy values.
Aug 31 14:56:03 devstack devstack@c-api.service[85745]: warnings.warn(
Aug 31 14:56:03 devstack devstack@c-api.service[85745]: /opt/stack/cinder/cinder/objects/volume_attachment.py:211: DeprecationWarning: Passing item_cls to obj_make_list() is deprecated. The item class is now derived from the list object's field definition.
Aug 31 14:56:03 devstack devstack@c-api.service[85745]: return base.obj_make_list(context,
Aug 31 14:56:03 devstack devstack@c-api.service[85746]: DEBUG cinder.quota [None req-cd96ccd2-2462-4737-87b5-8dd801ce4d64 tempest-VolumesTestJSON-1818542910 tempest-VolumesTestJSON-1818542910-project-member] Created reservations ['c0cf1343-4534-45e1-8df6-fbd18cc898de', 'd99f35df-1ae6-43ba-af06-4f7a1e22053e', 'eb694c59-ed47-43e6-8eba-200bc0b52940', '17d0b992-cd01-442c-b6fb-49e85b391456'] {{(pid=85746) reserve /opt/stack/cinder/cinder/quota.py:752}}
Aug 31 14:56:03 devstack devstack@c-api.service[85746]: DEBUG cinder.volume.api [None req-cd96ccd2-2462-4737-87b5-8dd801ce4d64 tempest-VolumesTestJSON-1818542910 tempest-VolumesTestJSON-1818542910-project-member] Task 'cinder.volume.flows.api.create_volume.QuotaReserveTask;volume:create' (1511a026-2f97-4e6d-ab31-08b86d02d495) transitioned into state 'SUCCESS' from state 'RUNNING' with result '{'reservations': ['c0cf1343-4534-45e1-8df6-fbd18cc898de', 'd99f35df-1ae6-43ba-af06-4f7a1e22053e', 'eb694c59-ed47-43e6-8eba-200bc0b52940', '17d0b992-cd01-442c-b6fb-49e85b391456']}' {{(pid=85746) _task_receiver /opt/stack/data/venv/lib/python3.12/site-packages/taskflow/listeners/logging.py:218}}
Aug 31 14:56:03 devstack devstack@c-api.service[85746]: DEBUG cinder.volume.api [None req-cd96ccd2-2462-4737-87b5-8dd801ce4d64 tempest-VolumesTestJSON-1818542910 tempest-VolumesTestJSON-1818542910-project-member] Task 'cinder.volume.flows.api.create_volume.EntryCreateTask;volume:create' (4783e42d-b875-4066-80fa-4b1c25e1adda) transitioned into state 'RUNNING' from state 'PENDING' {{(pid=85746) _task_receiver /opt/stack/data/venv/lib/python3.12/site-packages/taskflow/listeners/logging.py:242}}
Aug 31 14:56:03 devstack devstack@c-api.service[85745]: INFO cinder.api.openstack.wsgi [req-67802e85-b85b-48ab-9797-e6e6be7cb816 req-27c72e15-bfbf-4a29-9422-a09ea2b32710 tempest-AttachVolumeTestJSON-131647683 tempest-AttachVolumeTestJSON-131647683-project-member] http://192.168.122.60/volume/v3/attachments/4378aec1-5ad1-4052-9a53-f67997ec746a returned with HTTP 200
Aug 31 14:56:03 devstack devstack@c-api.service[85745]: [pid: 85745|app: 0|req: 214/433] 192.168.122.60 () {64 vars in 1557 bytes} [Mon Aug 31 14:56:03 2026] DELETE /volume/v3/attachments/4378aec1-5ad1-4052-9a53-f67997ec746a => generated 19 bytes in 140 msecs (HTTP/1.1 200) 7 headers in 285 bytes (1 switches on core 0)
Aug 31 14:56:03 devstack devstack@c-api.service[85746]: /opt/stack/cinder/cinder/objects/volume.py:315: DeprecationWarning: Passing item_cls to obj_make_list() is deprecated. The item class is now derived from the list object's field definition.
Aug 31 14:56:03 devstack devstack@c-api.service[85746]: attachments = base.obj_make_list(
Aug 31 14:56:03 devstack devstack@c-api.service[85746]: DEBUG cinder.volume.api [None req-cd96ccd2-2462-4737-87b5-8dd801ce4d64 tempest-VolumesTestJSON-1818542910 tempest-VolumesTestJSON-1818542910-project-member] Task 'cinder.volume.flows.api.create_volume.EntryCreateTask;volume:create' (4783e42d-b875-4066-80fa-4b1c25e1adda) transitioned into state 'SUCCESS' from state 'RUNNING' with result '{'volume_id': '44a905b5-28f6-4582-8420-b8c983206974', 'volume_properties': VolumeProperties(attach_status='detached',availability_zone='nova',cgsnapshot_id=None,consistencygroup_id=None,display_description=None,display_name='tempest-VolumesTestJSON-volume-218524018',encryption_key_id=None,group_id=None,group_type_id=,metadata={Type='work'},multiattach=False,project_id='b55c8137edf1411794f5739a22beb204',qos_specs=None,replication_status=,reservations=['c0cf1343-4534-45e1-8df6-fbd18cc898de','d99f35df-1ae6-43ba-af06-4f7a1e22053e','eb694c59-ed47-43e6-8eba-200bc0b52940','17d0b992-cd01-442c-b6fb-49e85b391456'],size=1,snapshot_id=None,source_replicaid=,source_volid=None,status='creating',user_id='e52c9e5a2a19457fbfdf0fefb2a00d68',volume_type_id=5f45f45c-b370-456c-812c-deaafcfee390), 'volume': Volume(_name_id=None,admin_metadata=,attach_status='detached',availability_zone='nova',bootable=False,cluster=,cluster_name=None,consistencygroup=,consistencygroup_id=None,created_at=2026-08-31T12:56:03Z,deleted=False,deleted_at=None,display_description=None,display_name='tempest-VolumesTestJSON-volume-218524018',ec2_id=None,encryption_key_id=None,glance_metadata=,group=,group_id=None,host=None,id=44a905b5-28f6-4582-8420-b8c983206974,launched_at=None,metadata={Type='work'},migration_status=None,multiattach=False,previous_status=None,project_id='b55c8137edf1411794f5739a22beb204',provider_auth=None,provider_geometry=None,provider_id=None,provider_location=None,replication_driver_data=None,replication_extended_status=None,replication_status=None,scheduled_at=None,service_uuid=None,shared_targets=True,size=1,snapshot_id=None,snapshots=,source_volid=None,status='creating',terminated_at=None,updated_at=None,use_quota=True,user_id='e52c9e5a2a19457fbfdf0fefb2a00d68',volume_attachment=VolumeAttachmentList,volume_type=VolumeType(5f45f45c-b370-456c-812c-deaafcfee390),volume_type_id=5f45f45c-b370-456c-812c-deaafcfee390)}' {{(pid=85746) _task_receiver /opt/stack/data/venv/lib/python3.12/site-packages/taskflow/listeners/logging.py:218}}
Aug 31 14:56:03 devstack devstack@c-api.service[85746]: DEBUG cinder.volume.api [None req-cd96ccd2-2462-4737-87b5-8dd801ce4d64 tempest-VolumesTestJSON-1818542910 tempest-VolumesTestJSON-1818542910-project-member] Task 'cinder.volume.flows.api.create_volume.QuotaCommitTask;volume:create' (0638f06c-305e-4cee-b73d-78d760f4f86b) transitioned into state 'RUNNING' from state 'PENDING' {{(pid=85746) _task_receiver /opt/stack/data/venv/lib/python3.12/site-packages/taskflow/listeners/logging.py:242}}
Aug 31 14:56:03 devstack devstack@c-api.service[85745]: DEBUG cinder.api.middleware.request_id [None req-5c2cf5ca-b2d2-4666-a3c4-0ff6edcfcf60 None None] RequestId filter calling following filter/app {{(pid=85745) _context_setter /opt/stack/cinder/cinder/api/middleware/request_id.py:62}}
Aug 31 14:56:03 devstack devstack@c-api.service[85745]: INFO cinder.api.openstack.wsgi [None req-5c2cf5ca-b2d2-4666-a3c4-0ff6edcfcf60 tempest-VolumesDeleteCascade-925131981 tempest-VolumesDeleteCascade-925131981-project-member] GET http://192.168.122.60/volume/v3/volumes/2c0ee7a8-d4a3-4d3b-b25f-c54c0a05e02e
Aug 31 14:56:03 devstack devstack@c-api.service[85745]: DEBUG cinder.api.openstack.wsgi [None req-5c2cf5ca-b2d2-4666-a3c4-0ff6edcfcf60 tempest-VolumesDeleteCascade-925131981 tempest-VolumesDeleteCascade-925131981-project-member] Empty body provided in request {{(pid=85745) get_body /opt/stack/cinder/cinder/api/openstack/wsgi.py:725}}
Aug 31 14:56:03 devstack devstack@c-api.service[85745]: DEBUG cinder.api.openstack.wsgi [None req-5c2cf5ca-b2d2-4666-a3c4-0ff6edcfcf60 tempest-VolumesDeleteCascade-925131981 tempest-VolumesDeleteCascade-925131981-project-member] Calling method 'show' {{(pid=85745) _process_stack /opt/stack/cinder/cinder/api/openstack/wsgi.py:878}}
Aug 31 14:56:03 devstack devstack@c-api.service[85745]: INFO cinder.api.openstack.wsgi [None req-5c2cf5ca-b2d2-4666-a3c4-0ff6edcfcf60 tempest-VolumesDeleteCascade-925131981 tempest-VolumesDeleteCascade-925131981-project-member] http://192.168.122.60/volume/v3/volumes/2c0ee7a8-d4a3-4d3b-b25f-c54c0a05e02e returned with HTTP 404
Aug 31 14:56:03 devstack devstack@c-api.service[85745]: [pid: 85745|app: 0|req: 215/434] 192.168.122.60 () {58 vars in 1227 bytes} [Mon Aug 31 14:56:03 2026] GET /volume/v3/volumes/2c0ee7a8-d4a3-4d3b-b25f-c54c0a05e02e => generated 109 bytes in 38 msecs (HTTP/1.1 404) 7 headers in 292 bytes (1 switches on core 0)
Aug 31 14:56:03 devstack devstack@c-api.service[85746]: DEBUG cinder.volume.api [None req-cd96ccd2-2462-4737-87b5-8dd801ce4d64 tempest-VolumesTestJSON-1818542910 tempest-VolumesTestJSON-1818542910-project-member] Task 'cinder.volume.flows.api.create_volume.QuotaCommitTask;volume:create' (0638f06c-305e-4cee-b73d-78d760f4f86b) transitioned into state 'SUCCESS' from state 'RUNNING' with result '{'volume_properties': VolumeProperties(attach_status='detached',availability_zone='nova',cgsnapshot_id=None,consistencygroup_id=None,display_description=None,display_name='tempest-VolumesTestJSON-volume-218524018',encryption_key_id=None,group_id=None,group_type_id=,metadata={Type='work'},multiattach=False,project_id='b55c8137edf1411794f5739a22beb204',qos_specs=None,replication_status=,reservations=['c0cf1343-4534-45e1-8df6-fbd18cc898de','d99f35df-1ae6-43ba-af06-4f7a1e22053e','eb694c59-ed47-43e6-8eba-200bc0b52940','17d0b992-cd01-442c-b6fb-49e85b391456'],size=1,snapshot_id=None,source_replicaid=,source_volid=None,status='creating',user_id='e52c9e5a2a19457fbfdf0fefb2a00d68',volume_type_id=5f45f45c-b370-456c-812c-deaafcfee390)}' {{(pid=85746) _task_receiver /opt/stack/data/venv/lib/python3.12/site-packages/taskflow/listeners/logging.py:218}}
Aug 31 14:56:03 devstack devstack@c-api.service[85745]: DEBUG cinder.api.middleware.request_id [None req-d5f8ca6f-b4df-4a1d-9570-8adf2853f1d2 None None] RequestId filter calling following filter/app {{(pid=85745) _context_setter /opt/stack/cinder/cinder/api/middleware/request_id.py:62}}
Aug 31 14:56:03 devstack devstack@c-api.service[85746]: DEBUG cinder.volume.api [None req-cd96ccd2-2462-4737-87b5-8dd801ce4d64 tempest-VolumesTestJSON-1818542910 tempest-VolumesTestJSON-1818542910-project-member] Task 'cinder.volume.flows.api.create_volume.VolumeCastTask;volume:create' (33c24197-bfc9-47e8-83ed-0244b61ccd02) transitioned into state 'RUNNING' from state 'PENDING' {{(pid=85746) _task_receiver /opt/stack/data/venv/lib/python3.12/site-packages/taskflow/listeners/logging.py:242}}
Aug 31 14:56:03 devstack devstack@c-api.service[85745]: INFO cinder.api.openstack.wsgi [None req-d5f8ca6f-b4df-4a1d-9570-8adf2853f1d2 tempest-VolumesDeleteCascade-925131981 tempest-VolumesDeleteCascade-925131981-project-member] GET http://192.168.122.60/volume/v3/volumes
Aug 31 14:56:03 devstack devstack@c-api.service[85745]: DEBUG cinder.api.openstack.wsgi [None req-d5f8ca6f-b4df-4a1d-9570-8adf2853f1d2 tempest-VolumesDeleteCascade-925131981 tempest-VolumesDeleteCascade-925131981-project-member] Empty body provided in request {{(pid=85745) get_body /opt/stack/cinder/cinder/api/openstack/wsgi.py:725}}
Aug 31 14:56:03 devstack devstack@c-api.service[85745]: DEBUG cinder.api.openstack.wsgi [None req-d5f8ca6f-b4df-4a1d-9570-8adf2853f1d2 tempest-VolumesDeleteCascade-925131981 tempest-VolumesDeleteCascade-925131981-project-member] Calling method 'index' {{(pid=85745) _process_stack /opt/stack/cinder/cinder/api/openstack/wsgi.py:878}}
Aug 31 14:56:03 devstack devstack@c-api.service[85745]: DEBUG cinder.api.api_utils [None req-d5f8ca6f-b4df-4a1d-9570-8adf2853f1d2 tempest-VolumesDeleteCascade-925131981 tempest-VolumesDeleteCascade-925131981-project-member] Removing options '' from query. {{(pid=85745) remove_invalid_filter_options /opt/stack/cinder/cinder/api/api_utils.py:82}}
Aug 31 14:56:03 devstack devstack@c-api.service[85745]: /opt/stack/data/venv/lib/python3.12/site-packages/oslo_context/context.py:102: DeprecationWarning: Policy enforcement is depending on the value of is_admin. This key is deprecated. Please update your policy file to use the standard policy values.
Aug 31 14:56:03 devstack devstack@c-api.service[85745]: warnings.warn(
Aug 31 14:56:03 devstack devstack@c-api.service[85745]: DEBUG cinder.volume.api [None req-d5f8ca6f-b4df-4a1d-9570-8adf2853f1d2 tempest-VolumesDeleteCascade-925131981 tempest-VolumesDeleteCascade-925131981-project-member] Searching by: MultiDict([('no_migration_targets', True)]). {{(pid=85745) get_all /opt/stack/cinder/cinder/volume/api.py:664}}
Aug 31 14:56:03 devstack devstack@c-api.service[85746]: DEBUG cinder.volume.api [None req-cd96ccd2-2462-4737-87b5-8dd801ce4d64 tempest-VolumesTestJSON-1818542910 tempest-VolumesTestJSON-1818542910-project-member] Task 'cinder.volume.flows.api.create_volume.VolumeCastTask;volume:create' (33c24197-bfc9-47e8-83ed-0244b61ccd02) transitioned into state 'SUCCESS' from state 'RUNNING' with result 'None' {{(pid=85746) _task_receiver /opt/stack/data/venv/lib/python3.12/site-packages/taskflow/listeners/logging.py:218}}
Aug 31 14:56:03 devstack devstack@c-api.service[85746]: DEBUG cinder.volume.api [None req-cd96ccd2-2462-4737-87b5-8dd801ce4d64 tempest-VolumesTestJSON-1818542910 tempest-VolumesTestJSON-1818542910-project-member] Flow 'volume_create_api' (fe146d29-5f7f-4c93-80c6-ccc52426db5c) transitioned into state 'SUCCESS' from state 'RUNNING' {{(pid=85746) _flow_receiver /opt/stack/data/venv/lib/python3.12/site-packages/taskflow/listeners/logging.py:160}}
Aug 31 14:56:03 devstack devstack@c-api.service[85746]: INFO cinder.volume.api [None req-cd96ccd2-2462-4737-87b5-8dd801ce4d64 tempest-VolumesTestJSON-1818542910 tempest-VolumesTestJSON-1818542910-project-member] Create volume request issued successfully.
Aug 31 14:56:03 devstack devstack@c-api.service[85746]: INFO cinder.api.openstack.wsgi [None req-cd96ccd2-2462-4737-87b5-8dd801ce4d64 tempest-VolumesTestJSON-1818542910 tempest-VolumesTestJSON-1818542910-project-member] http://192.168.122.60/volume/v3/volumes returned with HTTP 202
Aug 31 14:56:03 devstack devstack@c-api.service[85746]: [pid: 85746|app: 0|req: 220/435] 192.168.122.60 () {60 vars in 1138 bytes} [Mon Aug 31 14:56:03 2026] POST /volume/v3/volumes => generated 766 bytes in 405 msecs (HTTP/1.1 202) 7 headers in 291 bytes (1 switches on core 0)
Aug 31 14:56:03 devstack devstack@c-api.service[85745]: /opt/stack/cinder/cinder/objects/volume.py:708: DeprecationWarning: Passing item_cls to obj_make_list() is deprecated. The item class is now derived from the list object's field definition.
Aug 31 14:56:03 devstack devstack@c-api.service[85745]: return base.obj_make_list(context, cls(context), objects.Volume,
Aug 31 14:56:03 devstack devstack@c-api.service[85745]: /opt/stack/cinder/cinder/objects/volume.py:315: DeprecationWarning: Passing item_cls to obj_make_list() is deprecated. The item class is now derived from the list object's field definition.
Aug 31 14:56:03 devstack devstack@c-api.service[85745]: attachments = base.obj_make_list(
Aug 31 14:56:03 devstack devstack@c-api.service[85745]: INFO cinder.volume.api [None req-d5f8ca6f-b4df-4a1d-9570-8adf2853f1d2 tempest-VolumesDeleteCascade-925131981 tempest-VolumesDeleteCascade-925131981-project-member] Get all volumes completed successfully.
Aug 31 14:56:03 devstack devstack@c-api.service[85745]: INFO cinder.api.openstack.wsgi [None req-d5f8ca6f-b4df-4a1d-9570-8adf2853f1d2 tempest-VolumesDeleteCascade-925131981 tempest-VolumesDeleteCascade-925131981-project-member] http://192.168.122.60/volume/v3/volumes returned with HTTP 200
Aug 31 14:56:03 devstack devstack@c-api.service[85745]: [pid: 85745|app: 0|req: 216/436] 192.168.122.60 () {58 vars in 1116 bytes} [Mon Aug 31 14:56:03 2026] GET /volume/v3/volumes => generated 340 bytes in 67 msecs (HTTP/1.1 200) 7 headers in 285 bytes (1 switches on core 0)
Aug 31 14:56:03 devstack devstack@c-api.service[85746]: DEBUG cinder.api.middleware.request_id [None req-c59ee739-5ac6-4752-a653-b1c1b2ea124c None None] RequestId filter calling following filter/app {{(pid=85746) _context_setter /opt/stack/cinder/cinder/api/middleware/request_id.py:62}}
Aug 31 14:56:03 devstack devstack@c-api.service[85745]: DEBUG cinder.api.middleware.request_id [None req-9d92cf50-a01f-4bc2-8d01-01310663440e None None] RequestId filter calling following filter/app {{(pid=85745) _context_setter /opt/stack/cinder/cinder/api/middleware/request_id.py:62}}
Aug 31 14:56:03 devstack devstack@c-api.service[85746]: INFO cinder.api.openstack.wsgi [None req-c59ee739-5ac6-4752-a653-b1c1b2ea124c tempest-VolumesTestJSON-1818542910 tempest-VolumesTestJSON-1818542910-project-member] GET http://192.168.122.60/volume/v3/volumes/44a905b5-28f6-4582-8420-b8c983206974
Aug 31 14:56:03 devstack devstack@c-api.service[85746]: DEBUG cinder.api.openstack.wsgi [None req-c59ee739-5ac6-4752-a653-b1c1b2ea124c tempest-VolumesTestJSON-1818542910 tempest-VolumesTestJSON-1818542910-project-member] Empty body provided in request {{(pid=85746) get_body /opt/stack/cinder/cinder/api/openstack/wsgi.py:725}}
Aug 31 14:56:03 devstack devstack@c-api.service[85745]: INFO cinder.api.openstack.wsgi [None req-9d92cf50-a01f-4bc2-8d01-01310663440e tempest-VolumesDeleteCascade-925131981 tempest-VolumesDeleteCascade-925131981-project-member] GET http://192.168.122.60/volume/v3/snapshots
Aug 31 14:56:03 devstack devstack@c-api.service[85746]: DEBUG cinder.api.openstack.wsgi [None req-c59ee739-5ac6-4752-a653-b1c1b2ea124c tempest-VolumesTestJSON-1818542910 tempest-VolumesTestJSON-1818542910-project-member] Calling method 'show' {{(pid=85746) _process_stack /opt/stack/cinder/cinder/api/openstack/wsgi.py:878}}
Aug 31 14:56:03 devstack devstack@c-api.service[85745]: DEBUG cinder.api.openstack.wsgi [None req-9d92cf50-a01f-4bc2-8d01-01310663440e tempest-VolumesDeleteCascade-925131981 tempest-VolumesDeleteCascade-925131981-project-member] Empty body provided in request {{(pid=85745) get_body /opt/stack/cinder/cinder/api/openstack/wsgi.py:725}}
Aug 31 14:56:03 devstack devstack@c-api.service[85745]: DEBUG cinder.api.openstack.wsgi [None req-9d92cf50-a01f-4bc2-8d01-01310663440e tempest-VolumesDeleteCascade-925131981 tempest-VolumesDeleteCascade-925131981-project-member] Calling method 'index' {{(pid=85745) _process_stack /opt/stack/cinder/cinder/api/openstack/wsgi.py:878}}
Aug 31 14:56:03 devstack devstack@c-api.service[85745]: DEBUG cinder.api.api_utils [None req-9d92cf50-a01f-4bc2-8d01-01310663440e tempest-VolumesDeleteCascade-925131981 tempest-VolumesDeleteCascade-925131981-project-member] Removing options '' from query. {{(pid=85745) remove_invalid_filter_options /opt/stack/cinder/cinder/api/api_utils.py:82}}
Aug 31 14:56:03 devstack devstack@c-api.service[85745]: /opt/stack/data/venv/lib/python3.12/site-packages/oslo_context/context.py:102: DeprecationWarning: Policy enforcement is depending on the value of is_admin. This key is deprecated. Please update your policy file to use the standard policy values.
Aug 31 14:56:03 devstack devstack@c-api.service[85745]: warnings.warn(
Aug 31 14:56:03 devstack devstack@c-api.service[85745]: DEBUG cinder.db.api [None req-9d92cf50-a01f-4bc2-8d01-01310663440e tempest-VolumesDeleteCascade-925131981 tempest-VolumesDeleteCascade-925131981-project-member] Building query based on filter {{(pid=85745) _process_snaps_filters /opt/stack/cinder/cinder/db/api.py:3942}}
Aug 31 14:56:03 devstack devstack@c-api.service[85746]: /opt/stack/cinder/cinder/objects/volume.py:315: DeprecationWarning: Passing item_cls to obj_make_list() is deprecated. The item class is now derived from the list object's field definition.
Aug 31 14:56:03 devstack devstack@c-api.service[85746]: attachments = base.obj_make_list(
Aug 31 14:56:03 devstack devstack@c-api.service[85745]: /opt/stack/cinder/cinder/objects/snapshot.py:325: DeprecationWarning: Passing item_cls to obj_make_list() is deprecated. The item class is now derived from the list object's field definition.
Aug 31 14:56:03 devstack devstack@c-api.service[85745]: return base.obj_make_list(context, cls(context), objects.Snapshot,
Aug 31 14:56:03 devstack devstack@c-api.service[85745]: INFO cinder.volume.api [None req-9d92cf50-a01f-4bc2-8d01-01310663440e tempest-VolumesDeleteCascade-925131981 tempest-VolumesDeleteCascade-925131981-project-member] Get all snapshots completed successfully.
Aug 31 14:56:03 devstack devstack@c-api.service[85745]: INFO cinder.api.openstack.wsgi [None req-9d92cf50-a01f-4bc2-8d01-01310663440e tempest-VolumesDeleteCascade-925131981 tempest-VolumesDeleteCascade-925131981-project-member] http://192.168.122.60/volume/v3/snapshots returned with HTTP 200
Aug 31 14:56:03 devstack devstack@c-api.service[85746]: /opt/stack/data/venv/lib/python3.12/site-packages/oslo_context/context.py:102: DeprecationWarning: Policy enforcement is depending on the value of is_admin. This key is deprecated. Please update your policy file to use the standard policy values.
Aug 31 14:56:03 devstack devstack@c-api.service[85746]: warnings.warn(
Aug 31 14:56:03 devstack devstack@c-api.service[85745]: [pid: 85745|app: 0|req: 217/437] 192.168.122.60 () {58 vars in 1122 bytes} [Mon Aug 31 14:56:03 2026] GET /volume/v3/snapshots => generated 17 bytes in 51 msecs (HTTP/1.1 200) 7 headers in 284 bytes (1 switches on core 0)
Aug 31 14:56:03 devstack devstack@c-api.service[85745]: DEBUG cinder.api.middleware.request_id [None req-965bb9b0-61ca-4b60-8240-d77de0575243 None None] RequestId filter calling following filter/app {{(pid=85745) _context_setter /opt/stack/cinder/cinder/api/middleware/request_id.py:62}}
Aug 31 14:56:03 devstack devstack@c-api.service[85746]: INFO cinder.volume.api [None req-c59ee739-5ac6-4752-a653-b1c1b2ea124c tempest-VolumesTestJSON-1818542910 tempest-VolumesTestJSON-1818542910-project-member] Volume info retrieved successfully.
Aug 31 14:56:03 devstack devstack@c-api.service[85745]: INFO cinder.api.openstack.wsgi [None req-965bb9b0-61ca-4b60-8240-d77de0575243 tempest-VolumesDeleteCascade-925131981 tempest-VolumesDeleteCascade-925131981-project-member] GET http://192.168.122.60/volume/v3/volumes/842efe52-28e8-416d-8c43-3e1e24401b25
Aug 31 14:56:03 devstack devstack@c-api.service[85745]: DEBUG cinder.api.openstack.wsgi [None req-965bb9b0-61ca-4b60-8240-d77de0575243 tempest-VolumesDeleteCascade-925131981 tempest-VolumesDeleteCascade-925131981-project-member] Empty body provided in request {{(pid=85745) get_body /opt/stack/cinder/cinder/api/openstack/wsgi.py:725}}
Aug 31 14:56:03 devstack devstack@c-api.service[85745]: DEBUG cinder.api.openstack.wsgi [None req-965bb9b0-61ca-4b60-8240-d77de0575243 tempest-VolumesDeleteCascade-925131981 tempest-VolumesDeleteCascade-925131981-project-member] Calling method 'show' {{(pid=85745) _process_stack /opt/stack/cinder/cinder/api/openstack/wsgi.py:878}}
Aug 31 14:56:03 devstack devstack@c-api.service[85745]: /opt/stack/cinder/cinder/objects/volume.py:315: DeprecationWarning: Passing item_cls to obj_make_list() is deprecated. The item class is now derived from the list object's field definition.
Aug 31 14:56:03 devstack devstack@c-api.service[85745]: attachments = base.obj_make_list(
Aug 31 14:56:03 devstack devstack@c-api.service[85745]: /opt/stack/data/venv/lib/python3.12/site-packages/oslo_context/context.py:102: DeprecationWarning: Policy enforcement is depending on the value of is_admin. This key is deprecated. Please update your policy file to use the standard policy values.
Aug 31 14:56:03 devstack devstack@c-api.service[85745]: warnings.warn(
Aug 31 14:56:04 devstack devstack@c-api.service[85746]: INFO cinder.api.openstack.wsgi [None req-c59ee739-5ac6-4752-a653-b1c1b2ea124c tempest-VolumesTestJSON-1818542910 tempest-VolumesTestJSON-1818542910-project-member] http://192.168.122.60/volume/v3/volumes/44a905b5-28f6-4582-8420-b8c983206974 returned with HTTP 200
Aug 31 14:56:04 devstack devstack@c-api.service[85746]: [pid: 85746|app: 0|req: 221/438] 192.168.122.60 () {58 vars in 1227 bytes} [Mon Aug 31 14:56:03 2026] GET /volume/v3/volumes/44a905b5-28f6-4582-8420-b8c983206974 => generated 834 bytes in 102 msecs (HTTP/1.1 200) 7 headers in 285 bytes (1 switches on core 0)
Aug 31 14:56:04 devstack devstack@c-api.service[85745]: INFO cinder.volume.api [None req-965bb9b0-61ca-4b60-8240-d77de0575243 tempest-VolumesDeleteCascade-925131981 tempest-VolumesDeleteCascade-925131981-project-member] Volume info retrieved successfully.
Aug 31 14:56:04 devstack devstack@c-api.service[85745]: INFO cinder.api.openstack.wsgi [None req-965bb9b0-61ca-4b60-8240-d77de0575243 tempest-VolumesDeleteCascade-925131981 tempest-VolumesDeleteCascade-925131981-project-member] http://192.168.122.60/volume/v3/volumes/842efe52-28e8-416d-8c43-3e1e24401b25 returned with HTTP 200
Aug 31 14:56:04 devstack devstack@c-api.service[85745]: [pid: 85745|app: 0|req: 218/439] 192.168.122.60 () {58 vars in 1227 bytes} [Mon Aug 31 14:56:03 2026] GET /volume/v3/volumes/842efe52-28e8-416d-8c43-3e1e24401b25 => generated 884 bytes in 68 msecs (HTTP/1.1 200) 7 headers in 285 bytes (1 switches on core 0)
Aug 31 14:56:04 devstack devstack@c-api.service[85746]: DEBUG cinder.api.middleware.request_id [None req-746b9600-8e0c-4c8b-b17c-e82297018b94 None None] RequestId filter calling following filter/app {{(pid=85746) _context_setter /opt/stack/cinder/cinder/api/middleware/request_id.py:62}}
Aug 31 14:56:04 devstack devstack@c-api.service[85746]: INFO cinder.api.openstack.wsgi [None req-746b9600-8e0c-4c8b-b17c-e82297018b94 tempest-VolumesDeleteCascade-925131981 tempest-VolumesDeleteCascade-925131981-project-member] DELETE http://192.168.122.60/volume/v3/volumes/842efe52-28e8-416d-8c43-3e1e24401b25
Aug 31 14:56:04 devstack devstack@c-api.service[85746]: DEBUG cinder.api.openstack.wsgi [None req-746b9600-8e0c-4c8b-b17c-e82297018b94 tempest-VolumesDeleteCascade-925131981 tempest-VolumesDeleteCascade-925131981-project-member] Empty body provided in request {{(pid=85746) get_body /opt/stack/cinder/cinder/api/openstack/wsgi.py:725}}
Aug 31 14:56:04 devstack devstack@c-api.service[85746]: DEBUG cinder.api.openstack.wsgi [None req-746b9600-8e0c-4c8b-b17c-e82297018b94 tempest-VolumesDeleteCascade-925131981 tempest-VolumesDeleteCascade-925131981-project-member] Calling method 'delete' {{(pid=85746) _process_stack /opt/stack/cinder/cinder/api/openstack/wsgi.py:878}}
Aug 31 14:56:04 devstack devstack@c-api.service[85746]: INFO cinder.api.v3.volumes [None req-746b9600-8e0c-4c8b-b17c-e82297018b94 tempest-VolumesDeleteCascade-925131981 tempest-VolumesDeleteCascade-925131981-project-member] Delete volume with id: 842efe52-28e8-416d-8c43-3e1e24401b25
Aug 31 14:56:04 devstack devstack@c-api.service[85746]: /opt/stack/cinder/cinder/objects/volume.py:315: DeprecationWarning: Passing item_cls to obj_make_list() is deprecated. The item class is now derived from the list object's field definition.
Aug 31 14:56:04 devstack devstack@c-api.service[85746]: attachments = base.obj_make_list(
Aug 31 14:56:04 devstack devstack@c-api.service[85746]: /opt/stack/data/venv/lib/python3.12/site-packages/oslo_context/context.py:102: DeprecationWarning: Policy enforcement is depending on the value of is_admin. This key is deprecated. Please update your policy file to use the standard policy values.
Aug 31 14:56:04 devstack devstack@c-api.service[85746]: warnings.warn(
Aug 31 14:56:04 devstack devstack@c-api.service[85746]: INFO cinder.volume.api [None req-746b9600-8e0c-4c8b-b17c-e82297018b94 tempest-VolumesDeleteCascade-925131981 tempest-VolumesDeleteCascade-925131981-project-member] Volume info retrieved successfully.
Aug 31 14:56:04 devstack devstack@c-api.service[85746]: INFO cinder.volume.api [None req-746b9600-8e0c-4c8b-b17c-e82297018b94 tempest-VolumesDeleteCascade-925131981 tempest-VolumesDeleteCascade-925131981-project-member] Delete volume request issued successfully.
Aug 31 14:56:04 devstack devstack@c-api.service[85746]: INFO cinder.api.openstack.wsgi [None req-746b9600-8e0c-4c8b-b17c-e82297018b94 tempest-VolumesDeleteCascade-925131981 tempest-VolumesDeleteCascade-925131981-project-member] http://192.168.122.60/volume/v3/volumes/842efe52-28e8-416d-8c43-3e1e24401b25 returned with HTTP 202
Aug 31 14:56:04 devstack devstack@c-api.service[85746]: [pid: 85746|app: 0|req: 222/440] 192.168.122.60 () {58 vars in 1230 bytes} [Mon Aug 31 14:56:04 2026] DELETE /volume/v3/volumes/842efe52-28e8-416d-8c43-3e1e24401b25 => generated 0 bytes in 79 msecs (HTTP/1.1 202) 6 headers in 233 bytes (1 switches on core 0)
Aug 31 14:56:04 devstack devstack@c-api.service[85745]: DEBUG cinder.api.middleware.request_id [None req-0cf78f57-a232-4370-8556-2f765d0646c7 None None] RequestId filter calling following filter/app {{(pid=85745) _context_setter /opt/stack/cinder/cinder/api/middleware/request_id.py:62}}
Aug 31 14:56:04 devstack devstack@c-api.service[85745]: INFO cinder.api.openstack.wsgi [None req-0cf78f57-a232-4370-8556-2f765d0646c7 tempest-VolumesDeleteCascade-925131981 tempest-VolumesDeleteCascade-925131981-project-member] GET http://192.168.122.60/volume/v3/volumes/842efe52-28e8-416d-8c43-3e1e24401b25
Aug 31 14:56:04 devstack devstack@c-api.service[85745]: DEBUG cinder.api.openstack.wsgi [None req-0cf78f57-a232-4370-8556-2f765d0646c7 tempest-VolumesDeleteCascade-925131981 tempest-VolumesDeleteCascade-925131981-project-member] Empty body provided in request {{(pid=85745) get_body /opt/stack/cinder/cinder/api/openstack/wsgi.py:725}}
Aug 31 14:56:04 devstack devstack@c-api.service[85745]: DEBUG cinder.api.openstack.wsgi [None req-0cf78f57-a232-4370-8556-2f765d0646c7 tempest-VolumesDeleteCascade-925131981 tempest-VolumesDeleteCascade-925131981-project-member] Calling method 'show' {{(pid=85745) _process_stack /opt/stack/cinder/cinder/api/openstack/wsgi.py:878}}
Aug 31 14:56:04 devstack devstack@c-api.service[85745]: /opt/stack/cinder/cinder/objects/volume.py:315: DeprecationWarning: Passing item_cls to obj_make_list() is deprecated. The item class is now derived from the list object's field definition.
Aug 31 14:56:04 devstack devstack@c-api.service[85745]: attachments = base.obj_make_list(
Aug 31 14:56:04 devstack devstack@c-api.service[85745]: /opt/stack/data/venv/lib/python3.12/site-packages/oslo_context/context.py:102: DeprecationWarning: Policy enforcement is depending on the value of is_admin. This key is deprecated. Please update your policy file to use the standard policy values.
Aug 31 14:56:04 devstack devstack@c-api.service[85745]: warnings.warn(
Aug 31 14:56:04 devstack devstack@c-api.service[85745]: INFO cinder.volume.api [None req-0cf78f57-a232-4370-8556-2f765d0646c7 tempest-VolumesDeleteCascade-925131981 tempest-VolumesDeleteCascade-925131981-project-member] Volume info retrieved successfully.
