Feb 26 18:44:55 devstack cinder-volume[83333]: DEBUG oslo_concurrency.lockutils [req-82266ea3-3b5e-4a42-b3be-4b6f2caf7cbf req-f0806416-c0da-4b2b-a1ba-9832c3ec62c5 tempest-VolumesSnapshotsTestJSON-1498984538 None] Lock "quobyte_ensure" "released" by "cinder.volume.drivers.quobyte.QuobyteDriver._ensure_shares_mounted" :: held 0.012s {{(pid=83333) inner /opt/stack/data/venv/lib/python3.10/site-packages/oslo_concurrency/lockutils.py:538}}
Feb 26 18:44:55 devstack cinder-volume[83333]: DEBUG cinder.volume.drivers.quobyte [req-82266ea3-3b5e-4a42-b3be-4b6f2caf7cbf req-f0806416-c0da-4b2b-a1ba-9832c3ec62c5 tempest-VolumesSnapshotsTestJSON-1498984538 None] Selected osci02.corp.quobyte.com/cinder-vol-032291fa-77b5-4df9-bcb5-52cc704445a2 as target Quobyte volume. {{(pid=83333) _find_share /opt/stack/cinder/cinder/volume/drivers/quobyte.py:668}}
Feb 26 18:44:55 devstack cinder-volume[83333]: INFO cinder.volume.drivers.remotefs [req-82266ea3-3b5e-4a42-b3be-4b6f2caf7cbf req-f0806416-c0da-4b2b-a1ba-9832c3ec62c5 tempest-VolumesSnapshotsTestJSON-1498984538 None] casted to osci02.corp.quobyte.com/cinder-vol-032291fa-77b5-4df9-bcb5-52cc704445a2
Feb 26 18:44:55 devstack cinder-volume[83333]: DEBUG oslo_concurrency.processutils [req-82266ea3-3b5e-4a42-b3be-4b6f2caf7cbf req-f0806416-c0da-4b2b-a1ba-9832c3ec62c5 tempest-VolumesSnapshotsTestJSON-1498984538 None] Running cmd (subprocess): sudo cinder-rootwrap /etc/cinder/rootwrap.conf qemu-img create -f qcow2 -o preallocation=metadata /opt/stack/data/cinder/mnt/7c788271b61ed5d0b793cb13616b21e7/volume-0fa5f74a-46e0-4b41-a073-8b19a7d3ad6e 1073741824 {{(pid=83333) execute /opt/stack/data/venv/lib/python3.10/site-packages/oslo_concurrency/processutils.py:440}}
Feb 26 18:44:55 devstack sudo[84728]: quobyte : PWD=/ ; USER=root ; COMMAND=/opt/stack/data/venv/bin/cinder-rootwrap /etc/cinder/rootwrap.conf qemu-img create -f qcow2 -o preallocation=metadata /opt/stack/data/cinder/mnt/7c788271b61ed5d0b793cb13616b21e7/volume-0fa5f74a-46e0-4b41-a073-8b19a7d3ad6e 1073741824
Feb 26 18:44:55 devstack sudo[84728]: pam_unix(sudo:session): session opened for user root(uid=0) by (uid=1000)
Feb 26 18:44:56 devstack sudo[84728]: pam_unix(sudo:session): session closed for user root
Feb 26 18:44:56 devstack cinder-volume[83333]: DEBUG oslo_concurrency.processutils [req-82266ea3-3b5e-4a42-b3be-4b6f2caf7cbf req-f0806416-c0da-4b2b-a1ba-9832c3ec62c5 tempest-VolumesSnapshotsTestJSON-1498984538 None] CMD "sudo cinder-rootwrap /etc/cinder/rootwrap.conf qemu-img create -f qcow2 -o preallocation=metadata /opt/stack/data/cinder/mnt/7c788271b61ed5d0b793cb13616b21e7/volume-0fa5f74a-46e0-4b41-a073-8b19a7d3ad6e 1073741824" returned: 0 in 0.566s {{(pid=83333) execute /opt/stack/data/venv/lib/python3.10/site-packages/oslo_concurrency/processutils.py:468}}
Feb 26 18:44:56 devstack cinder-volume[83333]: DEBUG oslo_concurrency.processutils [req-82266ea3-3b5e-4a42-b3be-4b6f2caf7cbf req-f0806416-c0da-4b2b-a1ba-9832c3ec62c5 tempest-VolumesSnapshotsTestJSON-1498984538 None] Running cmd (subprocess): sudo cinder-rootwrap /etc/cinder/rootwrap.conf chmod ugo+rw /opt/stack/data/cinder/mnt/7c788271b61ed5d0b793cb13616b21e7/volume-0fa5f74a-46e0-4b41-a073-8b19a7d3ad6e {{(pid=83333) execute /opt/stack/data/venv/lib/python3.10/site-packages/oslo_concurrency/processutils.py:440}}
Feb 26 18:44:56 devstack sudo[84733]: quobyte : PWD=/ ; USER=root ; COMMAND=/opt/stack/data/venv/bin/cinder-rootwrap /etc/cinder/rootwrap.conf chmod ugo+rw /opt/stack/data/cinder/mnt/7c788271b61ed5d0b793cb13616b21e7/volume-0fa5f74a-46e0-4b41-a073-8b19a7d3ad6e
Feb 26 18:44:56 devstack sudo[84733]: pam_unix(sudo:session): session opened for user root(uid=0) by (uid=1000)
Feb 26 18:44:56 devstack sudo[84733]: pam_unix(sudo:session): session closed for user root
Feb 26 18:44:56 devstack cinder-volume[83333]: DEBUG oslo_concurrency.processutils [req-82266ea3-3b5e-4a42-b3be-4b6f2caf7cbf req-f0806416-c0da-4b2b-a1ba-9832c3ec62c5 tempest-VolumesSnapshotsTestJSON-1498984538 None] CMD "sudo cinder-rootwrap /etc/cinder/rootwrap.conf chmod ugo+rw /opt/stack/data/cinder/mnt/7c788271b61ed5d0b793cb13616b21e7/volume-0fa5f74a-46e0-4b41-a073-8b19a7d3ad6e" returned: 0 in 0.551s {{(pid=83333) execute /opt/stack/data/venv/lib/python3.10/site-packages/oslo_concurrency/processutils.py:468}}
Feb 26 18:44:56 devstack cinder-volume[83333]: DEBUG cinder.volume.drivers.quobyte [req-82266ea3-3b5e-4a42-b3be-4b6f2caf7cbf req-f0806416-c0da-4b2b-a1ba-9832c3ec62c5 tempest-VolumesSnapshotsTestJSON-1498984538 None] <== create_volume: return (1165ms) {'provider_location': 'osci02.corp.quobyte.com/cinder-vol-032291fa-77b5-4df9-bcb5-52cc704445a2'} {{(pid=83333) trace_logging_wrapper /opt/stack/cinder/cinder/volume/volume_utils.py:1523}}
Feb 26 18:44:56 devstack cinder-volume[83333]: DEBUG oslo_concurrency.lockutils [req-82266ea3-3b5e-4a42-b3be-4b6f2caf7cbf req-f0806416-c0da-4b2b-a1ba-9832c3ec62c5 tempest-VolumesSnapshotsTestJSON-1498984538 None] Lock "quobyte" "released" by "cinder.volume.drivers.quobyte.QuobyteDriver.create_volume" :: held 1.168s {{(pid=83333) inner /opt/stack/data/venv/lib/python3.10/site-packages/oslo_concurrency/lockutils.py:538}}
Feb 26 18:44:57 devstack cinder-volume[83333]: DEBUG cinder.volume.manager [req-82266ea3-3b5e-4a42-b3be-4b6f2caf7cbf req-f0806416-c0da-4b2b-a1ba-9832c3ec62c5 tempest-VolumesSnapshotsTestJSON-1498984538 None] Task 'cinder.volume.flows.manager.create_volume.CreateVolumeFromSpecTask;volume:create' (85117511-169a-473e-9eae-f68a679fc8fd) transitioned into state 'SUCCESS' from state 'RUNNING' with result '{'status': 'creating', 'volume_name': 'volume-0fa5f74a-46e0-4b41-a073-8b19a7d3ad6e', 'volume_size': 1}' {{(pid=83333) _task_receiver /opt/stack/data/venv/lib/python3.10/site-packages/taskflow/listeners/logging.py:182}}
Feb 26 18:44:57 devstack cinder-volume[83333]: DEBUG cinder.volume.manager [req-82266ea3-3b5e-4a42-b3be-4b6f2caf7cbf req-f0806416-c0da-4b2b-a1ba-9832c3ec62c5 tempest-VolumesSnapshotsTestJSON-1498984538 None] Task 'cinder.volume.flows.manager.create_volume.CreateVolumeOnFinishTask;volume:create, create.end' (40a7bc27-3fcf-43c9-a6e2-1d65275ff20b) transitioned into state 'RUNNING' from state 'PENDING' {{(pid=83333) _task_receiver /opt/stack/data/venv/lib/python3.10/site-packages/taskflow/listeners/logging.py:194}}
Feb 26 18:44:57 devstack cinder-volume[83333]: INFO cinder.volume.flows.manager.create_volume [req-82266ea3-3b5e-4a42-b3be-4b6f2caf7cbf req-f0806416-c0da-4b2b-a1ba-9832c3ec62c5 tempest-VolumesSnapshotsTestJSON-1498984538 None] Volume volume-0fa5f74a-46e0-4b41-a073-8b19a7d3ad6e (0fa5f74a-46e0-4b41-a073-8b19a7d3ad6e): created successfully
Feb 26 18:44:57 devstack cinder-volume[83333]: DEBUG cinder.volume.manager [req-82266ea3-3b5e-4a42-b3be-4b6f2caf7cbf req-f0806416-c0da-4b2b-a1ba-9832c3ec62c5 tempest-VolumesSnapshotsTestJSON-1498984538 None] Task 'cinder.volume.flows.manager.create_volume.CreateVolumeOnFinishTask;volume:create, create.end' (40a7bc27-3fcf-43c9-a6e2-1d65275ff20b) transitioned into state 'SUCCESS' from state 'RUNNING' with result 'None' {{(pid=83333) _task_receiver /opt/stack/data/venv/lib/python3.10/site-packages/taskflow/listeners/logging.py:182}}
Feb 26 18:44:57 devstack cinder-volume[83333]: DEBUG cinder.volume.manager [req-82266ea3-3b5e-4a42-b3be-4b6f2caf7cbf req-f0806416-c0da-4b2b-a1ba-9832c3ec62c5 tempest-VolumesSnapshotsTestJSON-1498984538 None] Flow 'volume_create_manager' (dbf71dd2-1acf-468b-8b84-8889ac9c3038) transitioned into state 'SUCCESS' from state 'RUNNING' {{(pid=83333) _flow_receiver /opt/stack/data/venv/lib/python3.10/site-packages/taskflow/listeners/logging.py:145}}
Feb 26 18:44:57 devstack cinder-volume[83333]: INFO cinder.volume.manager [req-82266ea3-3b5e-4a42-b3be-4b6f2caf7cbf req-f0806416-c0da-4b2b-a1ba-9832c3ec62c5 tempest-VolumesSnapshotsTestJSON-1498984538 None] Created volume successfully.
Feb 26 18:44:58 devstack cinder-volume[83333]: DEBUG oslo_concurrency.lockutils [req-8d8f2ee4-abc6-4c02-af48-b9d12019ddbc req-992bae88-7cce-428b-a5a9-f7d6cd643335 tempest-VolumesSnapshotsTestJSON-1498984538 None] Acquiring lock "quobyte" by "cinder.volume.drivers.quobyte.QuobyteDriver.create_snapshot" {{(pid=83333) inner /opt/stack/data/venv/lib/python3.10/site-packages/oslo_concurrency/lockutils.py:506}}
Feb 26 18:44:58 devstack cinder-volume[83333]: DEBUG oslo_concurrency.lockutils [req-8d8f2ee4-abc6-4c02-af48-b9d12019ddbc req-992bae88-7cce-428b-a5a9-f7d6cd643335 tempest-VolumesSnapshotsTestJSON-1498984538 None] Lock "quobyte" acquired by "cinder.volume.drivers.quobyte.QuobyteDriver.create_snapshot" :: waited 0.002s {{(pid=83333) inner /opt/stack/data/venv/lib/python3.10/site-packages/oslo_concurrency/lockutils.py:519}}
Feb 26 18:44:58 devstack cinder-volume[83333]: DEBUG cinder.volume.drivers.remotefs [req-8d8f2ee4-abc6-4c02-af48-b9d12019ddbc req-992bae88-7cce-428b-a5a9-f7d6cd643335 tempest-VolumesSnapshotsTestJSON-1498984538 None] Creating offline snapshot 016960da-6858-458d-9de0-8f9569938579 of volume 0fa5f74a-46e0-4b41-a073-8b19a7d3ad6e {{(pid=83333) _create_snapshot /opt/stack/cinder/cinder/volume/drivers/remotefs.py:1815}}
Feb 26 18:44:58 devstack cinder-volume[83333]: DEBUG oslo.privsep.daemon [-] privsep: reply[62e3484f-2ea3-43e1-b1a4-0f335ed37c21]: (4, 'qcow2') {{(pid=84165) _call_back /opt/stack/data/venv/lib/python3.10/site-packages/oslo_privsep/daemon.py:573}}
Feb 26 18:44:58 devstack cinder-volume[83333]: DEBUG oslo_concurrency.processutils [req-8d8f2ee4-abc6-4c02-af48-b9d12019ddbc req-992bae88-7cce-428b-a5a9-f7d6cd643335 tempest-VolumesSnapshotsTestJSON-1498984538 None] Running cmd (subprocess): /opt/stack/data/venv/bin/python3.10 -m oslo_concurrency.prlimit --as=1073741824 --cpu=60 -- sudo cinder-rootwrap /etc/cinder/rootwrap.conf env LC_ALL=C qemu-img info -f qcow2 --output=json --force-share /opt/stack/data/cinder/mnt/7c788271b61ed5d0b793cb13616b21e7/volume-0fa5f74a-46e0-4b41-a073-8b19a7d3ad6e {{(pid=83333) execute /opt/stack/data/venv/lib/python3.10/site-packages/oslo_concurrency/processutils.py:440}}
Feb 26 18:44:58 devstack sudo[84740]: quobyte : PWD=/ ; USER=root ; COMMAND=/opt/stack/data/venv/bin/cinder-rootwrap /etc/cinder/rootwrap.conf env LC_ALL=C qemu-img info -f qcow2 --output=json --force-share /opt/stack/data/cinder/mnt/7c788271b61ed5d0b793cb13616b21e7/volume-0fa5f74a-46e0-4b41-a073-8b19a7d3ad6e
Feb 26 18:44:58 devstack sudo[84740]: pam_unix(sudo:session): session opened for user root(uid=0) by (uid=1000)
Feb 26 18:44:58 devstack sudo[84740]: pam_unix(sudo:session): session closed for user root
Feb 26 18:44:58 devstack cinder-volume[83333]: DEBUG oslo_concurrency.processutils [req-8d8f2ee4-abc6-4c02-af48-b9d12019ddbc req-992bae88-7cce-428b-a5a9-f7d6cd643335 tempest-VolumesSnapshotsTestJSON-1498984538 None] CMD "/opt/stack/data/venv/bin/python3.10 -m oslo_concurrency.prlimit --as=1073741824 --cpu=60 -- sudo cinder-rootwrap /etc/cinder/rootwrap.conf env LC_ALL=C qemu-img info -f qcow2 --output=json --force-share /opt/stack/data/cinder/mnt/7c788271b61ed5d0b793cb13616b21e7/volume-0fa5f74a-46e0-4b41-a073-8b19a7d3ad6e" returned: 0 in 0.667s {{(pid=83333) execute /opt/stack/data/venv/lib/python3.10/site-packages/oslo_concurrency/processutils.py:468}}
Feb 26 18:44:58 devstack cinder-volume[83333]: DEBUG oslo_concurrency.processutils [req-8d8f2ee4-abc6-4c02-af48-b9d12019ddbc req-992bae88-7cce-428b-a5a9-f7d6cd643335 tempest-VolumesSnapshotsTestJSON-1498984538 None] Running cmd (subprocess): sudo cinder-rootwrap /etc/cinder/rootwrap.conf qemu-img create -f qcow2 -o backing_file=/opt/stack/data/cinder/mnt/7c788271b61ed5d0b793cb13616b21e7/volume-0fa5f74a-46e0-4b41-a073-8b19a7d3ad6e,backing_fmt=qcow2 /opt/stack/data/cinder/mnt/7c788271b61ed5d0b793cb13616b21e7/volume-0fa5f74a-46e0-4b41-a073-8b19a7d3ad6e.016960da-6858-458d-9de0-8f9569938579 1G {{(pid=83333) execute /opt/stack/data/venv/lib/python3.10/site-packages/oslo_concurrency/processutils.py:440}}
Feb 26 18:44:58 devstack sudo[84745]: quobyte : PWD=/ ; USER=root ; COMMAND=/opt/stack/data/venv/bin/cinder-rootwrap /etc/cinder/rootwrap.conf qemu-img create -f qcow2 -o backing_file=/opt/stack/data/cinder/mnt/7c788271b61ed5d0b793cb13616b21e7/volume-0fa5f74a-46e0-4b41-a073-8b19a7d3ad6e,backing_fmt=qcow2 /opt/stack/data/cinder/mnt/7c788271b61ed5d0b793cb13616b21e7/volume-0fa5f74a-46e0-4b41-a073-8b19a7d3ad6e.016960da-6858-458d-9de0-8f9569938579 1G
Feb 26 18:44:58 devstack sudo[84745]: pam_unix(sudo:session): session opened for user root(uid=0) by (uid=1000)
Feb 26 18:44:59 devstack sudo[84745]: pam_unix(sudo:session): session closed for user root
Feb 26 18:44:59 devstack cinder-volume[83333]: DEBUG oslo_concurrency.processutils [req-8d8f2ee4-abc6-4c02-af48-b9d12019ddbc req-992bae88-7cce-428b-a5a9-f7d6cd643335 tempest-VolumesSnapshotsTestJSON-1498984538 None] CMD "sudo cinder-rootwrap /etc/cinder/rootwrap.conf qemu-img create -f qcow2 -o backing_file=/opt/stack/data/cinder/mnt/7c788271b61ed5d0b793cb13616b21e7/volume-0fa5f74a-46e0-4b41-a073-8b19a7d3ad6e,backing_fmt=qcow2 /opt/stack/data/cinder/mnt/7c788271b61ed5d0b793cb13616b21e7/volume-0fa5f74a-46e0-4b41-a073-8b19a7d3ad6e.016960da-6858-458d-9de0-8f9569938579 1G" returned: 0 in 0.947s {{(pid=83333) execute /opt/stack/data/venv/lib/python3.10/site-packages/oslo_concurrency/processutils.py:468}}
Feb 26 18:44:59 devstack cinder-volume[83333]: DEBUG oslo_concurrency.processutils [req-8d8f2ee4-abc6-4c02-af48-b9d12019ddbc req-992bae88-7cce-428b-a5a9-f7d6cd643335 tempest-VolumesSnapshotsTestJSON-1498984538 None] Running cmd (subprocess): sudo cinder-rootwrap /etc/cinder/rootwrap.conf qemu-img rebase -u -b volume-0fa5f74a-46e0-4b41-a073-8b19a7d3ad6e -F qcow2 /opt/stack/data/cinder/mnt/7c788271b61ed5d0b793cb13616b21e7/volume-0fa5f74a-46e0-4b41-a073-8b19a7d3ad6e.016960da-6858-458d-9de0-8f9569938579 {{(pid=83333) execute /opt/stack/data/venv/lib/python3.10/site-packages/oslo_concurrency/processutils.py:440}}
Feb 26 18:44:59 devstack sudo[84757]: quobyte : PWD=/ ; USER=root ; COMMAND=/opt/stack/data/venv/bin/cinder-rootwrap /etc/cinder/rootwrap.conf qemu-img rebase -u -b volume-0fa5f74a-46e0-4b41-a073-8b19a7d3ad6e -F qcow2 /opt/stack/data/cinder/mnt/7c788271b61ed5d0b793cb13616b21e7/volume-0fa5f74a-46e0-4b41-a073-8b19a7d3ad6e.016960da-6858-458d-9de0-8f9569938579
Feb 26 18:44:59 devstack sudo[84757]: pam_unix(sudo:session): session opened for user root(uid=0) by (uid=1000)
Feb 26 18:45:00 devstack sudo[84757]: pam_unix(sudo:session): session closed for user root
Feb 26 18:45:00 devstack cinder-volume[83333]: DEBUG oslo_concurrency.processutils [req-8d8f2ee4-abc6-4c02-af48-b9d12019ddbc req-992bae88-7cce-428b-a5a9-f7d6cd643335 tempest-VolumesSnapshotsTestJSON-1498984538 None] CMD "sudo cinder-rootwrap /etc/cinder/rootwrap.conf qemu-img rebase -u -b volume-0fa5f74a-46e0-4b41-a073-8b19a7d3ad6e -F qcow2 /opt/stack/data/cinder/mnt/7c788271b61ed5d0b793cb13616b21e7/volume-0fa5f74a-46e0-4b41-a073-8b19a7d3ad6e.016960da-6858-458d-9de0-8f9569938579" returned: 0 in 0.656s {{(pid=83333) execute /opt/stack/data/venv/lib/python3.10/site-packages/oslo_concurrency/processutils.py:468}}
Feb 26 18:45:00 devstack cinder-volume[83333]: WARNING cinder.volume.drivers.remotefs [req-8d8f2ee4-abc6-4c02-af48-b9d12019ddbc req-992bae88-7cce-428b-a5a9-f7d6cd643335 tempest-VolumesSnapshotsTestJSON-1498984538 None] /opt/stack/data/cinder/mnt/7c788271b61ed5d0b793cb13616b21e7/volume-0fa5f74a-46e0-4b41-a073-8b19a7d3ad6e.016960da-6858-458d-9de0-8f9569938579 is being set with open permissions: ugo+rw
Feb 26 18:45:00 devstack cinder-volume[83333]: DEBUG oslo_concurrency.processutils [req-8d8f2ee4-abc6-4c02-af48-b9d12019ddbc req-992bae88-7cce-428b-a5a9-f7d6cd643335 tempest-VolumesSnapshotsTestJSON-1498984538 None] Running cmd (subprocess): sudo cinder-rootwrap /etc/cinder/rootwrap.conf chmod ugo+rw /opt/stack/data/cinder/mnt/7c788271b61ed5d0b793cb13616b21e7/volume-0fa5f74a-46e0-4b41-a073-8b19a7d3ad6e.016960da-6858-458d-9de0-8f9569938579 {{(pid=83333) execute /opt/stack/data/venv/lib/python3.10/site-packages/oslo_concurrency/processutils.py:440}}
Feb 26 18:45:00 devstack cinder-volume[83333]: DEBUG cinder.volume.flows.manager.create_volume [req-ac657697-7acc-4cea-9105-463a763f4785 req-561775d3-ed2f-4b9d-8376-a29c0805c4ad tempest-ServerBootFromVolumeStableRescueTest-628189041 None] Volume reschedule parameters: True retry: {'num_attempts': 1, 'backends': ['devstack@QuobyteHD#QuobyteHD'], 'hosts': ['devstack@QuobyteHD#QuobyteHD']} {{(pid=83333) get_flow /opt/stack/cinder/cinder/volume/flows/manager/create_volume.py:1388}}
Feb 26 18:45:00 devstack cinder-volume[83333]: DEBUG cinder.volume.manager [req-ac657697-7acc-4cea-9105-463a763f4785 req-561775d3-ed2f-4b9d-8376-a29c0805c4ad tempest-ServerBootFromVolumeStableRescueTest-628189041 None] Flow 'volume_create_manager' (676d6850-346c-4da7-b766-57e8fc94a09c) transitioned into state 'RUNNING' from state 'PENDING' {{(pid=83333) _flow_receiver /opt/stack/data/venv/lib/python3.10/site-packages/taskflow/listeners/logging.py:145}}
Feb 26 18:45:00 devstack cinder-volume[83333]: DEBUG cinder.volume.manager [req-ac657697-7acc-4cea-9105-463a763f4785 req-561775d3-ed2f-4b9d-8376-a29c0805c4ad tempest-ServerBootFromVolumeStableRescueTest-628189041 None] Task 'cinder.volume.flows.manager.create_volume.ExtractVolumeRefTask;volume:create' (01d3c6c7-a36a-4756-910e-9ce14d9a088b) transitioned into state 'RUNNING' from state 'PENDING' {{(pid=83333) _task_receiver /opt/stack/data/venv/lib/python3.10/site-packages/taskflow/listeners/logging.py:194}}
Feb 26 18:45:00 devstack sudo[84764]: quobyte : PWD=/ ; USER=root ; COMMAND=/opt/stack/data/venv/bin/cinder-rootwrap /etc/cinder/rootwrap.conf chmod ugo+rw /opt/stack/data/cinder/mnt/7c788271b61ed5d0b793cb13616b21e7/volume-0fa5f74a-46e0-4b41-a073-8b19a7d3ad6e.016960da-6858-458d-9de0-8f9569938579
Feb 26 18:45:00 devstack sudo[84764]: pam_unix(sudo:session): session opened for user root(uid=0) by (uid=1000)
Feb 26 18:45:00 devstack cinder-volume[83333]: DEBUG cinder.volume.manager [req-ac657697-7acc-4cea-9105-463a763f4785 req-561775d3-ed2f-4b9d-8376-a29c0805c4ad tempest-ServerBootFromVolumeStableRescueTest-628189041 None] Task 'cinder.volume.flows.manager.create_volume.ExtractVolumeRefTask;volume:create' (01d3c6c7-a36a-4756-910e-9ce14d9a088b) transitioned into state 'SUCCESS' from state 'RUNNING' with result 'Volume(_name_id=None,admin_metadata=,attach_status='detached',availability_zone='nova',bootable=False,cluster=,cluster_name=None,consistencygroup=,consistencygroup_id=None,created_at=2026-02-26T17:45:00Z,deleted=False,deleted_at=None,display_description='',display_name='6372ed72-57bd-49b2-935a-3dec10261330-blank-vol',ec2_id=None,encryption_key_id=None,glance_metadata=,group=,group_id=None,host='devstack@QuobyteHD#QuobyteHD',id=a58c4fe4-a7db-4a00-8824-d557b00d4afd,launched_at=None,metadata={},migration_status=None,multiattach=False,previous_status=None,project_id='a7e3586cc75e4672be0ae617cd27abfd',provider_auth=None,provider_geometry=None,provider_id=None,provider_location=None,replication_driver_data=None,replication_extended_status=None,replication_status=None,scheduled_at=2026-02-26T17:45:00Z,service_uuid=None,shared_targets=True,size=1,snapshot_id=None,snapshots=,source_volid=None,status='creating',terminated_at=None,updated_at=2026-02-26T17:45:00Z,use_quota=True,user_id='02b7a6e4c16746379cb47f37369e307a',volume_attachment=VolumeAttachmentList,volume_type=VolumeType(35dfe2a6-ebfe-4af8-9339-f02c3ea24350),volume_type_id=35dfe2a6-ebfe-4af8-9339-f02c3ea24350)' {{(pid=83333) _task_receiver /opt/stack/data/venv/lib/python3.10/site-packages/taskflow/listeners/logging.py:182}}
Feb 26 18:45:00 devstack cinder-volume[83333]: DEBUG cinder.volume.manager [req-ac657697-7acc-4cea-9105-463a763f4785 req-561775d3-ed2f-4b9d-8376-a29c0805c4ad tempest-ServerBootFromVolumeStableRescueTest-628189041 None] Task 'cinder.volume.flows.manager.create_volume.OnFailureRescheduleTask;volume:create' (102be954-740d-41b8-ac5c-d089c070eae4) transitioned into state 'RUNNING' from state 'PENDING' {{(pid=83333) _task_receiver /opt/stack/data/venv/lib/python3.10/site-packages/taskflow/listeners/logging.py:194}}
Feb 26 18:45:00 devstack cinder-volume[83333]: DEBUG cinder.volume.manager [req-ac657697-7acc-4cea-9105-463a763f4785 req-561775d3-ed2f-4b9d-8376-a29c0805c4ad tempest-ServerBootFromVolumeStableRescueTest-628189041 None] Task 'cinder.volume.flows.manager.create_volume.OnFailureRescheduleTask;volume:create' (102be954-740d-41b8-ac5c-d089c070eae4) transitioned into state 'SUCCESS' from state 'RUNNING' with result 'None' {{(pid=83333) _task_receiver /opt/stack/data/venv/lib/python3.10/site-packages/taskflow/listeners/logging.py:182}}
Feb 26 18:45:00 devstack cinder-volume[83333]: DEBUG cinder.volume.manager [req-ac657697-7acc-4cea-9105-463a763f4785 req-561775d3-ed2f-4b9d-8376-a29c0805c4ad tempest-ServerBootFromVolumeStableRescueTest-628189041 None] Task 'cinder.volume.flows.manager.create_volume.ExtractVolumeSpecTask;volume:create' (fe979880-32ae-46f7-a534-20869cdc80b1) transitioned into state 'RUNNING' from state 'PENDING' {{(pid=83333) _task_receiver /opt/stack/data/venv/lib/python3.10/site-packages/taskflow/listeners/logging.py:194}}
Feb 26 18:45:00 devstack cinder-volume[83333]: DEBUG cinder.volume.manager [req-ac657697-7acc-4cea-9105-463a763f4785 req-561775d3-ed2f-4b9d-8376-a29c0805c4ad tempest-ServerBootFromVolumeStableRescueTest-628189041 None] Task 'cinder.volume.flows.manager.create_volume.ExtractVolumeSpecTask;volume:create' (fe979880-32ae-46f7-a534-20869cdc80b1) transitioned into state 'SUCCESS' from state 'RUNNING' with result '{'status': 'creating', 'type': 'raw', 'volume_id': 'a58c4fe4-a7db-4a00-8824-d557b00d4afd', 'volume_name': 'volume-a58c4fe4-a7db-4a00-8824-d557b00d4afd', 'volume_size': 1}' {{(pid=83333) _task_receiver /opt/stack/data/venv/lib/python3.10/site-packages/taskflow/listeners/logging.py:182}}
Feb 26 18:45:00 devstack cinder-volume[83333]: DEBUG cinder.volume.manager [req-ac657697-7acc-4cea-9105-463a763f4785 req-561775d3-ed2f-4b9d-8376-a29c0805c4ad tempest-ServerBootFromVolumeStableRescueTest-628189041 None] Task 'cinder.volume.flows.manager.create_volume.NotifyVolumeActionTask;volume:create, create.start' (37a39f91-ba6d-4f9c-b578-7c3c93ed9fc7) transitioned into state 'RUNNING' from state 'PENDING' {{(pid=83333) _task_receiver /opt/stack/data/venv/lib/python3.10/site-packages/taskflow/listeners/logging.py:194}}
Feb 26 18:45:00 devstack cinder-volume[83333]: DEBUG cinder.volume.manager [req-ac657697-7acc-4cea-9105-463a763f4785 req-561775d3-ed2f-4b9d-8376-a29c0805c4ad tempest-ServerBootFromVolumeStableRescueTest-628189041 None] Task 'cinder.volume.flows.manager.create_volume.NotifyVolumeActionTask;volume:create, create.start' (37a39f91-ba6d-4f9c-b578-7c3c93ed9fc7) transitioned into state 'SUCCESS' from state 'RUNNING' with result 'None' {{(pid=83333) _task_receiver /opt/stack/data/venv/lib/python3.10/site-packages/taskflow/listeners/logging.py:182}}
Feb 26 18:45:00 devstack cinder-volume[83333]: DEBUG cinder.volume.manager [req-ac657697-7acc-4cea-9105-463a763f4785 req-561775d3-ed2f-4b9d-8376-a29c0805c4ad tempest-ServerBootFromVolumeStableRescueTest-628189041 None] Task 'cinder.volume.flows.manager.create_volume.CreateVolumeFromSpecTask;volume:create' (1c3a3ee9-6f78-4740-80e1-4029530f252f) transitioned into state 'RUNNING' from state 'PENDING' {{(pid=83333) _task_receiver /opt/stack/data/venv/lib/python3.10/site-packages/taskflow/listeners/logging.py:194}}
Feb 26 18:45:00 devstack cinder-volume[83333]: INFO cinder.volume.flows.manager.create_volume [req-ac657697-7acc-4cea-9105-463a763f4785 req-561775d3-ed2f-4b9d-8376-a29c0805c4ad tempest-ServerBootFromVolumeStableRescueTest-628189041 None] Volume a58c4fe4-a7db-4a00-8824-d557b00d4afd: being created as raw with specification: {'status': 'creating', 'volume_name': 'volume-a58c4fe4-a7db-4a00-8824-d557b00d4afd', 'volume_size': 1}
Feb 26 18:45:00 devstack cinder-volume[83333]: DEBUG oslo_concurrency.lockutils [req-ac657697-7acc-4cea-9105-463a763f4785 req-561775d3-ed2f-4b9d-8376-a29c0805c4ad tempest-ServerBootFromVolumeStableRescueTest-628189041 None] Acquiring lock "quobyte" by "cinder.volume.drivers.quobyte.QuobyteDriver.create_volume" {{(pid=83333) inner /opt/stack/data/venv/lib/python3.10/site-packages/oslo_concurrency/lockutils.py:506}}
Feb 26 18:45:01 devstack sudo[84764]: pam_unix(sudo:session): session closed for user root
Feb 26 18:45:01 devstack cinder-volume[83333]: DEBUG oslo_concurrency.processutils [req-8d8f2ee4-abc6-4c02-af48-b9d12019ddbc req-992bae88-7cce-428b-a5a9-f7d6cd643335 tempest-VolumesSnapshotsTestJSON-1498984538 None] CMD "sudo cinder-rootwrap /etc/cinder/rootwrap.conf chmod ugo+rw /opt/stack/data/cinder/mnt/7c788271b61ed5d0b793cb13616b21e7/volume-0fa5f74a-46e0-4b41-a073-8b19a7d3ad6e.016960da-6858-458d-9de0-8f9569938579" returned: 0 in 0.703s {{(pid=83333) execute /opt/stack/data/venv/lib/python3.10/site-packages/oslo_concurrency/processutils.py:468}}
Feb 26 18:45:01 devstack cinder-volume[83333]: DEBUG oslo_concurrency.processutils [req-8d8f2ee4-abc6-4c02-af48-b9d12019ddbc req-992bae88-7cce-428b-a5a9-f7d6cd643335 tempest-VolumesSnapshotsTestJSON-1498984538 None] Running cmd (subprocess): sudo cinder-rootwrap /etc/cinder/rootwrap.conf truncate -s0 /opt/stack/data/cinder/mnt/7c788271b61ed5d0b793cb13616b21e7/volume-0fa5f74a-46e0-4b41-a073-8b19a7d3ad6e.info {{(pid=83333) execute /opt/stack/data/venv/lib/python3.10/site-packages/oslo_concurrency/processutils.py:440}}
Feb 26 18:45:01 devstack sudo[84770]: quobyte : PWD=/ ; USER=root ; COMMAND=/opt/stack/data/venv/bin/cinder-rootwrap /etc/cinder/rootwrap.conf truncate -s0 /opt/stack/data/cinder/mnt/7c788271b61ed5d0b793cb13616b21e7/volume-0fa5f74a-46e0-4b41-a073-8b19a7d3ad6e.info
Feb 26 18:45:01 devstack sudo[84770]: pam_unix(sudo:session): session opened for user root(uid=0) by (uid=1000)
Feb 26 18:45:01 devstack sudo[84770]: pam_unix(sudo:session): session closed for user root
Feb 26 18:45:01 devstack cinder-volume[83333]: DEBUG oslo_concurrency.processutils [req-8d8f2ee4-abc6-4c02-af48-b9d12019ddbc req-992bae88-7cce-428b-a5a9-f7d6cd643335 tempest-VolumesSnapshotsTestJSON-1498984538 None] CMD "sudo cinder-rootwrap /etc/cinder/rootwrap.conf truncate -s0 /opt/stack/data/cinder/mnt/7c788271b61ed5d0b793cb13616b21e7/volume-0fa5f74a-46e0-4b41-a073-8b19a7d3ad6e.info" returned: 0 in 0.669s {{(pid=83333) execute /opt/stack/data/venv/lib/python3.10/site-packages/oslo_concurrency/processutils.py:468}}
Feb 26 18:45:01 devstack cinder-volume[83333]: WARNING cinder.volume.drivers.remotefs [req-8d8f2ee4-abc6-4c02-af48-b9d12019ddbc req-992bae88-7cce-428b-a5a9-f7d6cd643335 tempest-VolumesSnapshotsTestJSON-1498984538 None] /opt/stack/data/cinder/mnt/7c788271b61ed5d0b793cb13616b21e7/volume-0fa5f74a-46e0-4b41-a073-8b19a7d3ad6e.info is being set with open permissions: ugo+rw
Feb 26 18:45:01 devstack cinder-volume[83333]: DEBUG oslo_concurrency.processutils [req-8d8f2ee4-abc6-4c02-af48-b9d12019ddbc req-992bae88-7cce-428b-a5a9-f7d6cd643335 tempest-VolumesSnapshotsTestJSON-1498984538 None] Running cmd (subprocess): sudo cinder-rootwrap /etc/cinder/rootwrap.conf chmod ugo+rw /opt/stack/data/cinder/mnt/7c788271b61ed5d0b793cb13616b21e7/volume-0fa5f74a-46e0-4b41-a073-8b19a7d3ad6e.info {{(pid=83333) execute /opt/stack/data/venv/lib/python3.10/site-packages/oslo_concurrency/processutils.py:440}}
Feb 26 18:45:01 devstack sudo[84773]: quobyte : PWD=/ ; USER=root ; COMMAND=/opt/stack/data/venv/bin/cinder-rootwrap /etc/cinder/rootwrap.conf chmod ugo+rw /opt/stack/data/cinder/mnt/7c788271b61ed5d0b793cb13616b21e7/volume-0fa5f74a-46e0-4b41-a073-8b19a7d3ad6e.info
Feb 26 18:45:01 devstack sudo[84773]: pam_unix(sudo:session): session opened for user root(uid=0) by (uid=1000)
Feb 26 18:45:02 devstack sudo[84773]: pam_unix(sudo:session): session closed for user root
Feb 26 18:45:02 devstack cinder-volume[83333]: DEBUG oslo_concurrency.processutils [req-8d8f2ee4-abc6-4c02-af48-b9d12019ddbc req-992bae88-7cce-428b-a5a9-f7d6cd643335 tempest-VolumesSnapshotsTestJSON-1498984538 None] CMD "sudo cinder-rootwrap /etc/cinder/rootwrap.conf chmod ugo+rw /opt/stack/data/cinder/mnt/7c788271b61ed5d0b793cb13616b21e7/volume-0fa5f74a-46e0-4b41-a073-8b19a7d3ad6e.info" returned: 0 in 0.697s {{(pid=83333) execute /opt/stack/data/venv/lib/python3.10/site-packages/oslo_concurrency/processutils.py:468}}
Feb 26 18:45:02 devstack cinder-volume[83333]: DEBUG oslo_concurrency.lockutils [req-8d8f2ee4-abc6-4c02-af48-b9d12019ddbc req-992bae88-7cce-428b-a5a9-f7d6cd643335 tempest-VolumesSnapshotsTestJSON-1498984538 None] Lock "quobyte" "released" by "cinder.volume.drivers.quobyte.QuobyteDriver.create_snapshot" :: held 4.432s {{(pid=83333) inner /opt/stack/data/venv/lib/python3.10/site-packages/oslo_concurrency/lockutils.py:538}}
Feb 26 18:45:02 devstack cinder-volume[83333]: DEBUG oslo_concurrency.lockutils [req-ac657697-7acc-4cea-9105-463a763f4785 req-561775d3-ed2f-4b9d-8376-a29c0805c4ad tempest-ServerBootFromVolumeStableRescueTest-628189041 None] Lock "quobyte" acquired by "cinder.volume.drivers.quobyte.QuobyteDriver.create_volume" :: waited 2.047s {{(pid=83333) inner /opt/stack/data/venv/lib/python3.10/site-packages/oslo_concurrency/lockutils.py:519}}
Feb 26 18:45:02 devstack cinder-volume[83333]: DEBUG cinder.volume.drivers.quobyte [req-ac657697-7acc-4cea-9105-463a763f4785 req-561775d3-ed2f-4b9d-8376-a29c0805c4ad tempest-ServerBootFromVolumeStableRescueTest-628189041 None] ==> create_volume: call "{'self': , 'volume': Volume(_name_id=None,admin_metadata=,attach_status='detached',availability_zone='nova',bootable=False,cluster=,cluster_name=None,consistencygroup=,consistencygroup_id=None,created_at=2026-02-26T17:45:00Z,deleted=False,deleted_at=None,display_description='',display_name='6372ed72-57bd-49b2-935a-3dec10261330-blank-vol',ec2_id=None,encryption_key_id=None,glance_metadata=,group=,group_id=None,host='devstack@QuobyteHD#QuobyteHD',id=a58c4fe4-a7db-4a00-8824-d557b00d4afd,launched_at=None,metadata={},migration_status=None,multiattach=False,previous_status=None,project_id='a7e3586cc75e4672be0ae617cd27abfd',provider_auth=None,provider_geometry=None,provider_id=None,provider_location=None,replication_driver_data=None,replication_extended_status=None,replication_status=None,scheduled_at=2026-02-26T17:45:00Z,service_uuid=None,shared_targets=True,size=1,snapshot_id=None,snapshots=,source_volid=None,status='creating',terminated_at=None,updated_at=2026-02-26T17:45:00Z,use_quota=True,user_id='02b7a6e4c16746379cb47f37369e307a',volume_attachment=VolumeAttachmentList,volume_type=VolumeType(35dfe2a6-ebfe-4af8-9339-f02c3ea24350),volume_type_id=35dfe2a6-ebfe-4af8-9339-f02c3ea24350)}" {{(pid=83333) trace_logging_wrapper /opt/stack/cinder/cinder/volume/volume_utils.py:1498}}
Feb 26 18:45:02 devstack cinder-volume[83333]: DEBUG cinder.volume.drivers.remotefs [req-ac657697-7acc-4cea-9105-463a763f4785 req-561775d3-ed2f-4b9d-8376-a29c0805c4ad tempest-ServerBootFromVolumeStableRescueTest-628189041 None] Creating volume a58c4fe4-a7db-4a00-8824-d557b00d4afd {{(pid=83333) create_volume /opt/stack/cinder/cinder/volume/drivers/remotefs.py:292}}
Feb 26 18:45:02 devstack cinder-volume[83333]: DEBUG oslo_concurrency.lockutils [req-ac657697-7acc-4cea-9105-463a763f4785 req-561775d3-ed2f-4b9d-8376-a29c0805c4ad tempest-ServerBootFromVolumeStableRescueTest-628189041 None] Acquiring lock "quobyte_ensure" by "cinder.volume.drivers.quobyte.QuobyteDriver._ensure_shares_mounted" {{(pid=83333) inner /opt/stack/data/venv/lib/python3.10/site-packages/oslo_concurrency/lockutils.py:506}}
Feb 26 18:45:02 devstack cinder-volume[83333]: DEBUG oslo_concurrency.lockutils [req-ac657697-7acc-4cea-9105-463a763f4785 req-561775d3-ed2f-4b9d-8376-a29c0805c4ad tempest-ServerBootFromVolumeStableRescueTest-628189041 None] Lock "quobyte_ensure" acquired by "cinder.volume.drivers.quobyte.QuobyteDriver._ensure_shares_mounted" :: waited 0.001s {{(pid=83333) inner /opt/stack/data/venv/lib/python3.10/site-packages/oslo_concurrency/lockutils.py:519}}
Feb 26 18:45:02 devstack cinder-volume[83333]: DEBUG cinder.volume.drivers.quobyte [req-ac657697-7acc-4cea-9105-463a763f4785 req-561775d3-ed2f-4b9d-8376-a29c0805c4ad tempest-ServerBootFromVolumeStableRescueTest-628189041 None] Quobyte Volume URL set to: {'osci02.corp.quobyte.com/cinder-vol-032291fa-77b5-4df9-bcb5-52cc704445a2': None} {{(pid=83333) _load_shares_config /opt/stack/cinder/cinder/volume/drivers/quobyte.py:617}}
Feb 26 18:45:02 devstack cinder-volume[83333]: DEBUG cinder.volume.drivers.quobyte [req-ac657697-7acc-4cea-9105-463a763f4785 req-561775d3-ed2f-4b9d-8376-a29c0805c4ad tempest-ServerBootFromVolumeStableRescueTest-628189041 None] Available shares ['osci02.corp.quobyte.com/cinder-vol-032291fa-77b5-4df9-bcb5-52cc704445a2'] {{(pid=83333) _ensure_shares_mounted /opt/stack/cinder/cinder/volume/drivers/quobyte.py:647}}
Feb 26 18:45:02 devstack cinder-volume[83333]: DEBUG oslo_concurrency.lockutils [req-ac657697-7acc-4cea-9105-463a763f4785 req-561775d3-ed2f-4b9d-8376-a29c0805c4ad tempest-ServerBootFromVolumeStableRescueTest-628189041 None] Lock "quobyte_ensure" "released" by "cinder.volume.drivers.quobyte.QuobyteDriver._ensure_shares_mounted" :: held 0.018s {{(pid=83333) inner /opt/stack/data/venv/lib/python3.10/site-packages/oslo_concurrency/lockutils.py:538}}
Feb 26 18:45:02 devstack cinder-volume[83333]: DEBUG cinder.volume.drivers.quobyte [req-ac657697-7acc-4cea-9105-463a763f4785 req-561775d3-ed2f-4b9d-8376-a29c0805c4ad tempest-ServerBootFromVolumeStableRescueTest-628189041 None] Selected osci02.corp.quobyte.com/cinder-vol-032291fa-77b5-4df9-bcb5-52cc704445a2 as target Quobyte volume. {{(pid=83333) _find_share /opt/stack/cinder/cinder/volume/drivers/quobyte.py:668}}
Feb 26 18:45:02 devstack cinder-volume[83333]: INFO cinder.volume.drivers.remotefs [req-ac657697-7acc-4cea-9105-463a763f4785 req-561775d3-ed2f-4b9d-8376-a29c0805c4ad tempest-ServerBootFromVolumeStableRescueTest-628189041 None] casted to osci02.corp.quobyte.com/cinder-vol-032291fa-77b5-4df9-bcb5-52cc704445a2
Feb 26 18:45:02 devstack cinder-volume[83333]: DEBUG oslo_concurrency.processutils [req-ac657697-7acc-4cea-9105-463a763f4785 req-561775d3-ed2f-4b9d-8376-a29c0805c4ad tempest-ServerBootFromVolumeStableRescueTest-628189041 None] Running cmd (subprocess): sudo cinder-rootwrap /etc/cinder/rootwrap.conf qemu-img create -f qcow2 -o preallocation=metadata /opt/stack/data/cinder/mnt/7c788271b61ed5d0b793cb13616b21e7/volume-a58c4fe4-a7db-4a00-8824-d557b00d4afd 1073741824 {{(pid=83333) execute /opt/stack/data/venv/lib/python3.10/site-packages/oslo_concurrency/processutils.py:440}}
Feb 26 18:45:02 devstack sudo[84776]: quobyte : PWD=/ ; USER=root ; COMMAND=/opt/stack/data/venv/bin/cinder-rootwrap /etc/cinder/rootwrap.conf qemu-img create -f qcow2 -o preallocation=metadata /opt/stack/data/cinder/mnt/7c788271b61ed5d0b793cb13616b21e7/volume-a58c4fe4-a7db-4a00-8824-d557b00d4afd 1073741824
Feb 26 18:45:02 devstack sudo[84776]: pam_unix(sudo:session): session opened for user root(uid=0) by (uid=1000)
Feb 26 18:45:02 devstack cinder-volume[83333]: INFO cinder.volume.manager [req-8d8f2ee4-abc6-4c02-af48-b9d12019ddbc req-992bae88-7cce-428b-a5a9-f7d6cd643335 tempest-VolumesSnapshotsTestJSON-1498984538 None] Create snapshot completed successfully
Feb 26 18:45:03 devstack sudo[84776]: pam_unix(sudo:session): session closed for user root
Feb 26 18:45:03 devstack cinder-volume[83333]: DEBUG oslo_concurrency.processutils [req-ac657697-7acc-4cea-9105-463a763f4785 req-561775d3-ed2f-4b9d-8376-a29c0805c4ad tempest-ServerBootFromVolumeStableRescueTest-628189041 None] CMD "sudo cinder-rootwrap /etc/cinder/rootwrap.conf qemu-img create -f qcow2 -o preallocation=metadata /opt/stack/data/cinder/mnt/7c788271b61ed5d0b793cb13616b21e7/volume-a58c4fe4-a7db-4a00-8824-d557b00d4afd 1073741824" returned: 0 in 0.996s {{(pid=83333) execute /opt/stack/data/venv/lib/python3.10/site-packages/oslo_concurrency/processutils.py:468}}
Feb 26 18:45:03 devstack cinder-volume[83333]: DEBUG oslo_concurrency.processutils [req-ac657697-7acc-4cea-9105-463a763f4785 req-561775d3-ed2f-4b9d-8376-a29c0805c4ad tempest-ServerBootFromVolumeStableRescueTest-628189041 None] Running cmd (subprocess): sudo cinder-rootwrap /etc/cinder/rootwrap.conf chmod ugo+rw /opt/stack/data/cinder/mnt/7c788271b61ed5d0b793cb13616b21e7/volume-a58c4fe4-a7db-4a00-8824-d557b00d4afd {{(pid=83333) execute /opt/stack/data/venv/lib/python3.10/site-packages/oslo_concurrency/processutils.py:440}}
Feb 26 18:45:03 devstack sudo[84782]: quobyte : PWD=/ ; USER=root ; COMMAND=/opt/stack/data/venv/bin/cinder-rootwrap /etc/cinder/rootwrap.conf chmod ugo+rw /opt/stack/data/cinder/mnt/7c788271b61ed5d0b793cb13616b21e7/volume-a58c4fe4-a7db-4a00-8824-d557b00d4afd
Feb 26 18:45:03 devstack sudo[84782]: pam_unix(sudo:session): session opened for user root(uid=0) by (uid=1000)
Feb 26 18:45:03 devstack cinder-volume[83333]: DEBUG cinder.coordination [req-b425e239-8cb7-49ab-8a68-fa4d46ef7d95 req-a8b0602f-92df-4e66-91d9-55ca74c484b1 tempest-VolumesSnapshotsTestJSON-1498984538 None] Acquiring lock "cinder-016960da-6858-458d-9de0-8f9569938579-delete_snapshot" by "delete_snapshot" {{(pid=83333) __acquire /opt/stack/cinder/cinder/coordination.py:138}}
Feb 26 18:45:03 devstack cinder-volume[83333]: DEBUG cinder.coordination [req-b425e239-8cb7-49ab-8a68-fa4d46ef7d95 req-a8b0602f-92df-4e66-91d9-55ca74c484b1 tempest-VolumesSnapshotsTestJSON-1498984538 None] Lock "cinder-016960da-6858-458d-9de0-8f9569938579-delete_snapshot" acquired by "delete_snapshot" :: waited 0.041s {{(pid=83333) __acquire /opt/stack/cinder/cinder/coordination.py:141}}
Feb 26 18:45:03 devstack cinder-volume[83333]: DEBUG cinder.coordination [req-b425e239-8cb7-49ab-8a68-fa4d46ef7d95 req-a8b0602f-92df-4e66-91d9-55ca74c484b1 tempest-VolumesSnapshotsTestJSON-1498984538 None] Acquiring lock "cinder-quobyte-0fa5f74a-46e0-4b41-a073-8b19a7d3ad6e" by "delete_snapshot" {{(pid=83333) __acquire /opt/stack/cinder/cinder/coordination.py:138}}
Feb 26 18:45:03 devstack cinder-volume[83333]: DEBUG cinder.coordination [req-b425e239-8cb7-49ab-8a68-fa4d46ef7d95 req-a8b0602f-92df-4e66-91d9-55ca74c484b1 tempest-VolumesSnapshotsTestJSON-1498984538 None] Lock "cinder-quobyte-0fa5f74a-46e0-4b41-a073-8b19a7d3ad6e" acquired by "delete_snapshot" :: waited 0.037s {{(pid=83333) __acquire /opt/stack/cinder/cinder/coordination.py:141}}
Feb 26 18:45:03 devstack cinder-volume[83333]: DEBUG cinder.coordination [req-b425e239-8cb7-49ab-8a68-fa4d46ef7d95 req-a8b0602f-92df-4e66-91d9-55ca74c484b1 tempest-VolumesSnapshotsTestJSON-1498984538 None] Acquiring lock "cinder-quobyte-016960da-6858-458d-9de0-8f9569938579" by "_delete_snapshot" {{(pid=83333) __acquire /opt/stack/cinder/cinder/coordination.py:138}}
Feb 26 18:45:03 devstack cinder-volume[83333]: DEBUG cinder.coordination [req-b425e239-8cb7-49ab-8a68-fa4d46ef7d95 req-a8b0602f-92df-4e66-91d9-55ca74c484b1 tempest-VolumesSnapshotsTestJSON-1498984538 None] Lock "cinder-quobyte-016960da-6858-458d-9de0-8f9569938579" acquired by "_delete_snapshot" :: waited 0.026s {{(pid=83333) __acquire /opt/stack/cinder/cinder/coordination.py:141}}
Feb 26 18:45:03 devstack cinder-volume[83333]: DEBUG cinder.volume.drivers.remotefs [req-b425e239-8cb7-49ab-8a68-fa4d46ef7d95 req-a8b0602f-92df-4e66-91d9-55ca74c484b1 tempest-VolumesSnapshotsTestJSON-1498984538 None] Deleting offline snapshot 016960da-6858-458d-9de0-8f9569938579 of volume 0fa5f74a-46e0-4b41-a073-8b19a7d3ad6e {{(pid=83333) _delete_snapshot /opt/stack/cinder/cinder/volume/drivers/remotefs.py:1288}}
Feb 26 18:45:03 devstack cinder-volume[83333]: DEBUG cinder.volume.drivers.remotefs [req-b425e239-8cb7-49ab-8a68-fa4d46ef7d95 req-a8b0602f-92df-4e66-91d9-55ca74c484b1 tempest-VolumesSnapshotsTestJSON-1498984538 None] snapshot_file for this snap is: volume-0fa5f74a-46e0-4b41-a073-8b19a7d3ad6e.016960da-6858-458d-9de0-8f9569938579 {{(pid=83333) _delete_snapshot /opt/stack/cinder/cinder/volume/drivers/remotefs.py:1317}}
Feb 26 18:45:03 devstack cinder-volume[83333]: DEBUG oslo.privsep.daemon [-] privsep: reply[7fc62b0a-1730-4b17-8cb4-bc4b75a8bea7]: (4, 'qcow2') {{(pid=84165) _call_back /opt/stack/data/venv/lib/python3.10/site-packages/oslo_privsep/daemon.py:573}}
Feb 26 18:45:03 devstack cinder-volume[83333]: DEBUG oslo_concurrency.processutils [req-b425e239-8cb7-49ab-8a68-fa4d46ef7d95 req-a8b0602f-92df-4e66-91d9-55ca74c484b1 tempest-VolumesSnapshotsTestJSON-1498984538 None] Running cmd (subprocess): /opt/stack/data/venv/bin/python3.10 -m oslo_concurrency.prlimit --as=1073741824 --cpu=60 -- sudo cinder-rootwrap /etc/cinder/rootwrap.conf env LC_ALL=C qemu-img info -f qcow2 --output=json --force-share /opt/stack/data/cinder/mnt/7c788271b61ed5d0b793cb13616b21e7/volume-0fa5f74a-46e0-4b41-a073-8b19a7d3ad6e.016960da-6858-458d-9de0-8f9569938579 {{(pid=83333) execute /opt/stack/data/venv/lib/python3.10/site-packages/oslo_concurrency/processutils.py:440}}
Feb 26 18:45:04 devstack sudo[84785]: quobyte : PWD=/ ; USER=root ; COMMAND=/opt/stack/data/venv/bin/cinder-rootwrap /etc/cinder/rootwrap.conf env LC_ALL=C qemu-img info -f qcow2 --output=json --force-share /opt/stack/data/cinder/mnt/7c788271b61ed5d0b793cb13616b21e7/volume-0fa5f74a-46e0-4b41-a073-8b19a7d3ad6e.016960da-6858-458d-9de0-8f9569938579
Feb 26 18:45:04 devstack sudo[84785]: pam_unix(sudo:session): session opened for user root(uid=0) by (uid=1000)
Feb 26 18:45:04 devstack sudo[84782]: pam_unix(sudo:session): session closed for user root
Feb 26 18:45:04 devstack cinder-volume[83333]: DEBUG oslo_concurrency.processutils [req-ac657697-7acc-4cea-9105-463a763f4785 req-561775d3-ed2f-4b9d-8376-a29c0805c4ad tempest-ServerBootFromVolumeStableRescueTest-628189041 None] CMD "sudo cinder-rootwrap /etc/cinder/rootwrap.conf chmod ugo+rw /opt/stack/data/cinder/mnt/7c788271b61ed5d0b793cb13616b21e7/volume-a58c4fe4-a7db-4a00-8824-d557b00d4afd" returned: 0 in 0.657s {{(pid=83333) execute /opt/stack/data/venv/lib/python3.10/site-packages/oslo_concurrency/processutils.py:468}}
Feb 26 18:45:04 devstack cinder-volume[83333]: DEBUG cinder.volume.drivers.quobyte [req-ac657697-7acc-4cea-9105-463a763f4785 req-561775d3-ed2f-4b9d-8376-a29c0805c4ad tempest-ServerBootFromVolumeStableRescueTest-628189041 None] <== create_volume: return (1708ms) {'provider_location': 'osci02.corp.quobyte.com/cinder-vol-032291fa-77b5-4df9-bcb5-52cc704445a2'} {{(pid=83333) trace_logging_wrapper /opt/stack/cinder/cinder/volume/volume_utils.py:1523}}
Feb 26 18:45:04 devstack cinder-volume[83333]: DEBUG oslo_concurrency.lockutils [req-ac657697-7acc-4cea-9105-463a763f4785 req-561775d3-ed2f-4b9d-8376-a29c0805c4ad tempest-ServerBootFromVolumeStableRescueTest-628189041 None] Lock "quobyte" "released" by "cinder.volume.drivers.quobyte.QuobyteDriver.create_volume" :: held 1.712s {{(pid=83333) inner /opt/stack/data/venv/lib/python3.10/site-packages/oslo_concurrency/lockutils.py:538}}
Feb 26 18:45:04 devstack cinder-volume[83333]: DEBUG cinder.volume.manager [req-ac657697-7acc-4cea-9105-463a763f4785 req-561775d3-ed2f-4b9d-8376-a29c0805c4ad tempest-ServerBootFromVolumeStableRescueTest-628189041 None] Task 'cinder.volume.flows.manager.create_volume.CreateVolumeFromSpecTask;volume:create' (1c3a3ee9-6f78-4740-80e1-4029530f252f) transitioned into state 'SUCCESS' from state 'RUNNING' with result '{'status': 'creating', 'volume_name': 'volume-a58c4fe4-a7db-4a00-8824-d557b00d4afd', 'volume_size': 1}' {{(pid=83333) _task_receiver /opt/stack/data/venv/lib/python3.10/site-packages/taskflow/listeners/logging.py:182}}
Feb 26 18:45:04 devstack cinder-volume[83333]: DEBUG cinder.volume.manager [req-ac657697-7acc-4cea-9105-463a763f4785 req-561775d3-ed2f-4b9d-8376-a29c0805c4ad tempest-ServerBootFromVolumeStableRescueTest-628189041 None] Task 'cinder.volume.flows.manager.create_volume.CreateVolumeOnFinishTask;volume:create, create.end' (7558743e-ed4e-4ced-9cab-b021128a97cf) transitioned into state 'RUNNING' from state 'PENDING' {{(pid=83333) _task_receiver /opt/stack/data/venv/lib/python3.10/site-packages/taskflow/listeners/logging.py:194}}
Feb 26 18:45:04 devstack cinder-volume[83333]: INFO cinder.volume.flows.manager.create_volume [req-ac657697-7acc-4cea-9105-463a763f4785 req-561775d3-ed2f-4b9d-8376-a29c0805c4ad tempest-ServerBootFromVolumeStableRescueTest-628189041 None] Volume volume-a58c4fe4-a7db-4a00-8824-d557b00d4afd (a58c4fe4-a7db-4a00-8824-d557b00d4afd): created successfully
Feb 26 18:45:04 devstack cinder-volume[83333]: DEBUG cinder.volume.manager [req-ac657697-7acc-4cea-9105-463a763f4785 req-561775d3-ed2f-4b9d-8376-a29c0805c4ad tempest-ServerBootFromVolumeStableRescueTest-628189041 None] Task 'cinder.volume.flows.manager.create_volume.CreateVolumeOnFinishTask;volume:create, create.end' (7558743e-ed4e-4ced-9cab-b021128a97cf) transitioned into state 'SUCCESS' from state 'RUNNING' with result 'None' {{(pid=83333) _task_receiver /opt/stack/data/venv/lib/python3.10/site-packages/taskflow/listeners/logging.py:182}}
Feb 26 18:45:04 devstack cinder-volume[83333]: DEBUG cinder.volume.manager [req-ac657697-7acc-4cea-9105-463a763f4785 req-561775d3-ed2f-4b9d-8376-a29c0805c4ad tempest-ServerBootFromVolumeStableRescueTest-628189041 None] Flow 'volume_create_manager' (676d6850-346c-4da7-b766-57e8fc94a09c) transitioned into state 'SUCCESS' from state 'RUNNING' {{(pid=83333) _flow_receiver /opt/stack/data/venv/lib/python3.10/site-packages/taskflow/listeners/logging.py:145}}
Feb 26 18:45:04 devstack cinder-volume[83333]: INFO cinder.volume.manager [req-ac657697-7acc-4cea-9105-463a763f4785 req-561775d3-ed2f-4b9d-8376-a29c0805c4ad tempest-ServerBootFromVolumeStableRescueTest-628189041 None] Created volume successfully.
Feb 26 18:45:04 devstack sudo[84785]: pam_unix(sudo:session): session closed for user root
Feb 26 18:45:04 devstack cinder-volume[83333]: DEBUG oslo_concurrency.processutils [req-b425e239-8cb7-49ab-8a68-fa4d46ef7d95 req-a8b0602f-92df-4e66-91d9-55ca74c484b1 tempest-VolumesSnapshotsTestJSON-1498984538 None] CMD "/opt/stack/data/venv/bin/python3.10 -m oslo_concurrency.prlimit --as=1073741824 --cpu=60 -- sudo cinder-rootwrap /etc/cinder/rootwrap.conf env LC_ALL=C qemu-img info -f qcow2 --output=json --force-share /opt/stack/data/cinder/mnt/7c788271b61ed5d0b793cb13616b21e7/volume-0fa5f74a-46e0-4b41-a073-8b19a7d3ad6e.016960da-6858-458d-9de0-8f9569938579" returned: 0 in 0.806s {{(pid=83333) execute /opt/stack/data/venv/lib/python3.10/site-packages/oslo_concurrency/processutils.py:468}}
Feb 26 18:45:04 devstack cinder-volume[83333]: DEBUG cinder.volume.drivers.remotefs [req-b425e239-8cb7-49ab-8a68-fa4d46ef7d95 req-a8b0602f-92df-4e66-91d9-55ca74c484b1 tempest-VolumesSnapshotsTestJSON-1498984538 None] Fetching qemu-img info with special backing_file_template: (/opt/stack/data/cinder/mnt/[0-9a-f]+/)?(volume-0fa5f74a-46e0-4b41-a073-8b19a7d3ad6e(.(tmp-snap-)?[0-9a-f-]+)?|volume_from_snapshot_cache/(tmp-snap-)?[0-9a-f-]+(.(child-|parent-)[0-9a-f-]+)?)$ {{(pid=83333) _qemu_img_info_base /opt/stack/cinder/cinder/volume/drivers/remotefs.py:896}}
Feb 26 18:45:04 devstack cinder-volume[83333]: DEBUG oslo.privsep.daemon [-] privsep: reply[56e01431-8f0c-41e7-894a-8351f1cc3469]: (4, 'qcow2') {{(pid=84165) _call_back /opt/stack/data/venv/lib/python3.10/site-packages/oslo_privsep/daemon.py:573}}
Feb 26 18:45:04 devstack cinder-volume[83333]: DEBUG oslo_concurrency.processutils [req-b425e239-8cb7-49ab-8a68-fa4d46ef7d95 req-a8b0602f-92df-4e66-91d9-55ca74c484b1 tempest-VolumesSnapshotsTestJSON-1498984538 None] Running cmd (subprocess): /opt/stack/data/venv/bin/python3.10 -m oslo_concurrency.prlimit --as=1073741824 --cpu=60 -- sudo cinder-rootwrap /etc/cinder/rootwrap.conf env LC_ALL=C qemu-img info -f qcow2 --output=json --force-share /opt/stack/data/cinder/mnt/7c788271b61ed5d0b793cb13616b21e7/volume-0fa5f74a-46e0-4b41-a073-8b19a7d3ad6e {{(pid=83333) execute /opt/stack/data/venv/lib/python3.10/site-packages/oslo_concurrency/processutils.py:440}}
Feb 26 18:45:04 devstack sudo[84819]: quobyte : PWD=/ ; USER=root ; COMMAND=/opt/stack/data/venv/bin/cinder-rootwrap /etc/cinder/rootwrap.conf env LC_ALL=C qemu-img info -f qcow2 --output=json --force-share /opt/stack/data/cinder/mnt/7c788271b61ed5d0b793cb13616b21e7/volume-0fa5f74a-46e0-4b41-a073-8b19a7d3ad6e
Feb 26 18:45:04 devstack sudo[84819]: pam_unix(sudo:session): session opened for user root(uid=0) by (uid=1000)
Feb 26 18:45:05 devstack sudo[84819]: pam_unix(sudo:session): session closed for user root
Feb 26 18:45:05 devstack cinder-volume[83333]: DEBUG oslo_concurrency.processutils [req-b425e239-8cb7-49ab-8a68-fa4d46ef7d95 req-a8b0602f-92df-4e66-91d9-55ca74c484b1 tempest-VolumesSnapshotsTestJSON-1498984538 None] CMD "/opt/stack/data/venv/bin/python3.10 -m oslo_concurrency.prlimit --as=1073741824 --cpu=60 -- sudo cinder-rootwrap /etc/cinder/rootwrap.conf env LC_ALL=C qemu-img info -f qcow2 --output=json --force-share /opt/stack/data/cinder/mnt/7c788271b61ed5d0b793cb13616b21e7/volume-0fa5f74a-46e0-4b41-a073-8b19a7d3ad6e" returned: 0 in 0.628s {{(pid=83333) execute /opt/stack/data/venv/lib/python3.10/site-packages/oslo_concurrency/processutils.py:468}}
Feb 26 18:45:05 devstack cinder-volume[83333]: DEBUG oslo_concurrency.processutils [req-b425e239-8cb7-49ab-8a68-fa4d46ef7d95 req-a8b0602f-92df-4e66-91d9-55ca74c484b1 tempest-VolumesSnapshotsTestJSON-1498984538 None] Running cmd (subprocess): sudo cinder-rootwrap /etc/cinder/rootwrap.conf qemu-img commit -d /opt/stack/data/cinder/mnt/7c788271b61ed5d0b793cb13616b21e7/volume-0fa5f74a-46e0-4b41-a073-8b19a7d3ad6e.016960da-6858-458d-9de0-8f9569938579 {{(pid=83333) execute /opt/stack/data/venv/lib/python3.10/site-packages/oslo_concurrency/processutils.py:440}}
Feb 26 18:45:05 devstack sudo[84824]: quobyte : PWD=/ ; USER=root ; COMMAND=/opt/stack/data/venv/bin/cinder-rootwrap /etc/cinder/rootwrap.conf qemu-img commit -d /opt/stack/data/cinder/mnt/7c788271b61ed5d0b793cb13616b21e7/volume-0fa5f74a-46e0-4b41-a073-8b19a7d3ad6e.016960da-6858-458d-9de0-8f9569938579
Feb 26 18:45:05 devstack sudo[84824]: pam_unix(sudo:session): session opened for user root(uid=0) by (uid=1000)
