Jun 09 17:13:38 devstack devstack@n-api.service[66846]: DEBUG nova.api.openstack.wsgi_app [None req-9a2ec896-6148-4e47-a672-2403e0b36c46 None None] keystone_authtoken.domain_id = None {{(pid=66846) log_opt_values /opt/stack/data/venv/lib/python3.12/site-packages/oslo_config/cfg.py:3006}}
Jun 09 17:13:38 devstack devstack@n-api.service[66847]: DEBUG nova.api.openstack.wsgi_app [None req-9419eb6c-6fcb-48c8-8c5a-49360f18f154 None None] keystone_authtoken.keyfile = None {{(pid=66847) log_opt_values /opt/stack/data/venv/lib/python3.12/site-packages/oslo_config/cfg.py:3006}}
Jun 09 17:13:38 devstack devstack@n-api.service[66846]: DEBUG nova.api.openstack.wsgi_app [None req-9a2ec896-6148-4e47-a672-2403e0b36c46 None None] keystone_authtoken.domain_name = None {{(pid=66846) log_opt_values /opt/stack/data/venv/lib/python3.12/site-packages/oslo_config/cfg.py:3006}}
Jun 09 17:13:38 devstack devstack@n-api.service[66847]: DEBUG nova.api.openstack.wsgi_app [None req-9419eb6c-6fcb-48c8-8c5a-49360f18f154 None None] keystone_authtoken.memcache_password = {{(pid=66847) log_opt_values /opt/stack/data/venv/lib/python3.12/site-packages/oslo_config/cfg.py:3006}}
Jun 09 17:13:38 devstack devstack@n-api.service[66846]: DEBUG nova.api.openstack.wsgi_app [None req-9a2ec896-6148-4e47-a672-2403e0b36c46 None None] keystone_authtoken.enforce_token_bind = permissive {{(pid=66846) log_opt_values /opt/stack/data/venv/lib/python3.12/site-packages/oslo_config/cfg.py:3006}}
Jun 09 17:13:38 devstack devstack@n-api.service[66847]: DEBUG nova.api.openstack.wsgi_app [None req-9419eb6c-6fcb-48c8-8c5a-49360f18f154 None None] keystone_authtoken.memcache_pool_conn_get_timeout = 10 {{(pid=66847) log_opt_values /opt/stack/data/venv/lib/python3.12/site-packages/oslo_config/cfg.py:3006}}
Jun 09 17:13:38 devstack devstack@n-api.service[66846]: DEBUG nova.api.openstack.wsgi_app [None req-9a2ec896-6148-4e47-a672-2403e0b36c46 None None] keystone_authtoken.http_connect_timeout = None {{(pid=66846) log_opt_values /opt/stack/data/venv/lib/python3.12/site-packages/oslo_config/cfg.py:3006}}
Jun 09 17:13:38 devstack devstack@n-api.service[66847]: DEBUG nova.api.openstack.wsgi_app [None req-9419eb6c-6fcb-48c8-8c5a-49360f18f154 None None] keystone_authtoken.memcache_pool_dead_retry = 300 {{(pid=66847) log_opt_values /opt/stack/data/venv/lib/python3.12/site-packages/oslo_config/cfg.py:3006}}
Jun 09 17:13:38 devstack devstack@n-api.service[66846]: DEBUG nova.api.openstack.wsgi_app [None req-9a2ec896-6148-4e47-a672-2403e0b36c46 None None] keystone_authtoken.http_request_max_retries = 3 {{(pid=66846) log_opt_values /opt/stack/data/venv/lib/python3.12/site-packages/oslo_config/cfg.py:3006}}
Jun 09 17:13:38 devstack devstack@n-api.service[66847]: DEBUG nova.api.openstack.wsgi_app [None req-9419eb6c-6fcb-48c8-8c5a-49360f18f154 None None] keystone_authtoken.memcache_pool_maxsize = 10 {{(pid=66847) log_opt_values /opt/stack/data/venv/lib/python3.12/site-packages/oslo_config/cfg.py:3006}}
Jun 09 17:13:38 devstack devstack@n-api.service[66846]: DEBUG nova.api.openstack.wsgi_app [None req-9a2ec896-6148-4e47-a672-2403e0b36c46 None None] keystone_authtoken.identity_uri = None {{(pid=66846) log_opt_values /opt/stack/data/venv/lib/python3.12/site-packages/oslo_config/cfg.py:3006}}
Jun 09 17:13:38 devstack devstack@n-api.service[66847]: DEBUG nova.api.openstack.wsgi_app [None req-9419eb6c-6fcb-48c8-8c5a-49360f18f154 None None] keystone_authtoken.memcache_pool_socket_timeout = 3 {{(pid=66847) log_opt_values /opt/stack/data/venv/lib/python3.12/site-packages/oslo_config/cfg.py:3006}}
Jun 09 17:13:38 devstack devstack@n-api.service[66846]: DEBUG nova.api.openstack.wsgi_app [None req-9a2ec896-6148-4e47-a672-2403e0b36c46 None None] keystone_authtoken.include_service_catalog = True {{(pid=66846) log_opt_values /opt/stack/data/venv/lib/python3.12/site-packages/oslo_config/cfg.py:3006}}
Jun 09 17:13:38 devstack devstack@n-api.service[66847]: DEBUG nova.api.openstack.wsgi_app [None req-9419eb6c-6fcb-48c8-8c5a-49360f18f154 None None] keystone_authtoken.memcache_pool_unused_timeout = 60 {{(pid=66847) log_opt_values /opt/stack/data/venv/lib/python3.12/site-packages/oslo_config/cfg.py:3006}}
Jun 09 17:13:38 devstack devstack@n-api.service[66846]: DEBUG nova.api.openstack.wsgi_app [None req-9a2ec896-6148-4e47-a672-2403e0b36c46 None None] keystone_authtoken.insecure = False {{(pid=66846) log_opt_values /opt/stack/data/venv/lib/python3.12/site-packages/oslo_config/cfg.py:3006}}
Jun 09 17:13:38 devstack devstack@n-api.service[66847]: DEBUG nova.api.openstack.wsgi_app [None req-9419eb6c-6fcb-48c8-8c5a-49360f18f154 None None] keystone_authtoken.memcache_sasl_enabled = False {{(pid=66847) log_opt_values /opt/stack/data/venv/lib/python3.12/site-packages/oslo_config/cfg.py:3006}}
Jun 09 17:13:38 devstack devstack@n-api.service[66846]: DEBUG nova.api.openstack.wsgi_app [None req-9a2ec896-6148-4e47-a672-2403e0b36c46 None None] keystone_authtoken.interface = public {{(pid=66846) log_opt_values /opt/stack/data/venv/lib/python3.12/site-packages/oslo_config/cfg.py:3006}}
Jun 09 17:13:38 devstack devstack@n-api.service[66847]: DEBUG nova.api.openstack.wsgi_app [None req-9419eb6c-6fcb-48c8-8c5a-49360f18f154 None None] keystone_authtoken.memcache_secret_key = **** {{(pid=66847) log_opt_values /opt/stack/data/venv/lib/python3.12/site-packages/oslo_config/cfg.py:3006}}
Jun 09 17:13:38 devstack devstack@n-api.service[66846]: DEBUG nova.api.openstack.wsgi_app [None req-9a2ec896-6148-4e47-a672-2403e0b36c46 None None] keystone_authtoken.keyfile = None {{(pid=66846) log_opt_values /opt/stack/data/venv/lib/python3.12/site-packages/oslo_config/cfg.py:3006}}
Jun 09 17:13:38 devstack devstack@n-api.service[66847]: DEBUG nova.api.openstack.wsgi_app [None req-9419eb6c-6fcb-48c8-8c5a-49360f18f154 None None] keystone_authtoken.memcache_security_strategy = None {{(pid=66847) log_opt_values /opt/stack/data/venv/lib/python3.12/site-packages/oslo_config/cfg.py:3006}}
Jun 09 17:13:38 devstack devstack@n-api.service[66846]: DEBUG nova.api.openstack.wsgi_app [None req-9a2ec896-6148-4e47-a672-2403e0b36c46 None None] keystone_authtoken.memcache_password = {{(pid=66846) log_opt_values /opt/stack/data/venv/lib/python3.12/site-packages/oslo_config/cfg.py:3006}}
Jun 09 17:13:38 devstack devstack@n-api.service[66847]: DEBUG nova.api.openstack.wsgi_app [None req-9419eb6c-6fcb-48c8-8c5a-49360f18f154 None None] keystone_authtoken.memcache_tls_allowed_ciphers = None {{(pid=66847) log_opt_values /opt/stack/data/venv/lib/python3.12/site-packages/oslo_config/cfg.py:3006}}
Jun 09 17:13:38 devstack devstack@n-api.service[66846]: DEBUG nova.api.openstack.wsgi_app [None req-9a2ec896-6148-4e47-a672-2403e0b36c46 None None] keystone_authtoken.memcache_pool_conn_get_timeout = 10 {{(pid=66846) log_opt_values /opt/stack/data/venv/lib/python3.12/site-packages/oslo_config/cfg.py:3006}}
Jun 09 17:13:38 devstack devstack@n-api.service[66847]: DEBUG nova.api.openstack.wsgi_app [None req-9419eb6c-6fcb-48c8-8c5a-49360f18f154 None None] keystone_authtoken.memcache_tls_cafile = None {{(pid=66847) log_opt_values /opt/stack/data/venv/lib/python3.12/site-packages/oslo_config/cfg.py:3006}}
Jun 09 17:13:38 devstack devstack@n-api.service[66846]: DEBUG nova.api.openstack.wsgi_app [None req-9a2ec896-6148-4e47-a672-2403e0b36c46 None None] keystone_authtoken.memcache_pool_dead_retry = 300 {{(pid=66846) log_opt_values /opt/stack/data/venv/lib/python3.12/site-packages/oslo_config/cfg.py:3006}}
Jun 09 17:13:38 devstack devstack@n-api.service[66847]: DEBUG nova.api.openstack.wsgi_app [None req-9419eb6c-6fcb-48c8-8c5a-49360f18f154 None None] keystone_authtoken.memcache_tls_certfile = None {{(pid=66847) log_opt_values /opt/stack/data/venv/lib/python3.12/site-packages/oslo_config/cfg.py:3006}}
Jun 09 17:13:38 devstack devstack@n-api.service[66846]: DEBUG nova.api.openstack.wsgi_app [None req-9a2ec896-6148-4e47-a672-2403e0b36c46 None None] keystone_authtoken.memcache_pool_maxsize = 10 {{(pid=66846) log_opt_values /opt/stack/data/venv/lib/python3.12/site-packages/oslo_config/cfg.py:3006}}
Jun 09 17:13:38 devstack devstack@n-api.service[66847]: DEBUG nova.api.openstack.wsgi_app [None req-9419eb6c-6fcb-48c8-8c5a-49360f18f154 None None] keystone_authtoken.memcache_tls_enabled = False {{(pid=66847) log_opt_values /opt/stack/data/venv/lib/python3.12/site-packages/oslo_config/cfg.py:3006}}
Jun 09 17:13:38 devstack devstack@n-api.service[66846]: DEBUG nova.api.openstack.wsgi_app [None req-9a2ec896-6148-4e47-a672-2403e0b36c46 None None] keystone_authtoken.memcache_pool_socket_timeout = 3 {{(pid=66846) log_opt_values /opt/stack/data/venv/lib/python3.12/site-packages/oslo_config/cfg.py:3006}}
Jun 09 17:13:38 devstack devstack@n-api.service[66847]: DEBUG nova.api.openstack.wsgi_app [None req-9419eb6c-6fcb-48c8-8c5a-49360f18f154 None None] keystone_authtoken.memcache_tls_keyfile = None {{(pid=66847) log_opt_values /opt/stack/data/venv/lib/python3.12/site-packages/oslo_config/cfg.py:3006}}
Jun 09 17:13:38 devstack devstack@n-api.service[66846]: DEBUG nova.api.openstack.wsgi_app [None req-9a2ec896-6148-4e47-a672-2403e0b36c46 None None] keystone_authtoken.memcache_pool_unused_timeout = 60 {{(pid=66846) log_opt_values /opt/stack/data/venv/lib/python3.12/site-packages/oslo_config/cfg.py:3006}}
Jun 09 17:13:38 devstack devstack@n-api.service[66847]: DEBUG nova.api.openstack.wsgi_app [None req-9419eb6c-6fcb-48c8-8c5a-49360f18f154 None None] keystone_authtoken.memcache_use_advanced_pool = True {{(pid=66847) log_opt_values /opt/stack/data/venv/lib/python3.12/site-packages/oslo_config/cfg.py:3006}}
Jun 09 17:13:38 devstack devstack@n-api.service[66846]: DEBUG nova.api.openstack.wsgi_app [None req-9a2ec896-6148-4e47-a672-2403e0b36c46 None None] keystone_authtoken.memcache_sasl_enabled = False {{(pid=66846) log_opt_values /opt/stack/data/venv/lib/python3.12/site-packages/oslo_config/cfg.py:3006}}
Jun 09 17:13:38 devstack devstack@n-api.service[66847]: DEBUG nova.api.openstack.wsgi_app [None req-9419eb6c-6fcb-48c8-8c5a-49360f18f154 None None] keystone_authtoken.memcache_username = {{(pid=66847) log_opt_values /opt/stack/data/venv/lib/python3.12/site-packages/oslo_config/cfg.py:3006}}
Jun 09 17:13:38 devstack devstack@n-api.service[66846]: DEBUG nova.api.openstack.wsgi_app [None req-9a2ec896-6148-4e47-a672-2403e0b36c46 None None] keystone_authtoken.memcache_secret_key = **** {{(pid=66846) log_opt_values /opt/stack/data/venv/lib/python3.12/site-packages/oslo_config/cfg.py:3006}}
Jun 09 17:13:38 devstack devstack@n-api.service[66847]: DEBUG nova.api.openstack.wsgi_app [None req-9419eb6c-6fcb-48c8-8c5a-49360f18f154 None None] keystone_authtoken.memcached_servers = ['localhost:11211'] {{(pid=66847) log_opt_values /opt/stack/data/venv/lib/python3.12/site-packages/oslo_config/cfg.py:3006}}
Jun 09 17:13:38 devstack devstack@n-api.service[66846]: DEBUG nova.api.openstack.wsgi_app [None req-9a2ec896-6148-4e47-a672-2403e0b36c46 None None] keystone_authtoken.memcache_security_strategy = None {{(pid=66846) log_opt_values /opt/stack/data/venv/lib/python3.12/site-packages/oslo_config/cfg.py:3006}}
Jun 09 17:13:38 devstack devstack@n-api.service[66847]: DEBUG nova.api.openstack.wsgi_app [None req-9419eb6c-6fcb-48c8-8c5a-49360f18f154 None None] keystone_authtoken.password = **** {{(pid=66847) log_opt_values /opt/stack/data/venv/lib/python3.12/site-packages/oslo_config/cfg.py:3006}}
Jun 09 17:13:38 devstack devstack@n-api.service[66846]: DEBUG nova.api.openstack.wsgi_app [None req-9a2ec896-6148-4e47-a672-2403e0b36c46 None None] keystone_authtoken.memcache_tls_allowed_ciphers = None {{(pid=66846) log_opt_values /opt/stack/data/venv/lib/python3.12/site-packages/oslo_config/cfg.py:3006}}
Jun 09 17:13:38 devstack devstack@n-api.service[66847]: DEBUG nova.api.openstack.wsgi_app [None req-9419eb6c-6fcb-48c8-8c5a-49360f18f154 None None] keystone_authtoken.project_domain_id = None {{(pid=66847) log_opt_values /opt/stack/data/venv/lib/python3.12/site-packages/oslo_config/cfg.py:3006}}
Jun 09 17:13:38 devstack devstack@n-api.service[66846]: DEBUG nova.api.openstack.wsgi_app [None req-9a2ec896-6148-4e47-a672-2403e0b36c46 None None] keystone_authtoken.memcache_tls_cafile = None {{(pid=66846) log_opt_values /opt/stack/data/venv/lib/python3.12/site-packages/oslo_config/cfg.py:3006}}
Jun 09 17:13:38 devstack devstack@n-api.service[66847]: DEBUG nova.api.openstack.wsgi_app [None req-9419eb6c-6fcb-48c8-8c5a-49360f18f154 None None] keystone_authtoken.project_domain_name = Default {{(pid=66847) log_opt_values /opt/stack/data/venv/lib/python3.12/site-packages/oslo_config/cfg.py:3006}}
Jun 09 17:13:38 devstack devstack@n-api.service[66846]: DEBUG nova.api.openstack.wsgi_app [None req-9a2ec896-6148-4e47-a672-2403e0b36c46 None None] keystone_authtoken.memcache_tls_certfile = None {{(pid=66846) log_opt_values /opt/stack/data/venv/lib/python3.12/site-packages/oslo_config/cfg.py:3006}}
Jun 09 17:13:38 devstack devstack@n-api.service[66847]: DEBUG nova.api.openstack.wsgi_app [None req-9419eb6c-6fcb-48c8-8c5a-49360f18f154 None None] keystone_authtoken.project_id = None {{(pid=66847) log_opt_values /opt/stack/data/venv/lib/python3.12/site-packages/oslo_config/cfg.py:3006}}
Jun 09 17:13:38 devstack devstack@n-api.service[66846]: DEBUG nova.api.openstack.wsgi_app [None req-9a2ec896-6148-4e47-a672-2403e0b36c46 None None] keystone_authtoken.memcache_tls_enabled = False {{(pid=66846) log_opt_values /opt/stack/data/venv/lib/python3.12/site-packages/oslo_config/cfg.py:3006}}
Jun 09 17:13:38 devstack devstack@n-api.service[66847]: DEBUG nova.api.openstack.wsgi_app [None req-9419eb6c-6fcb-48c8-8c5a-49360f18f154 None None] keystone_authtoken.project_name = service {{(pid=66847) log_opt_values /opt/stack/data/venv/lib/python3.12/site-packages/oslo_config/cfg.py:3006}}
Jun 09 17:13:38 devstack devstack@n-api.service[66846]: DEBUG nova.api.openstack.wsgi_app [None req-9a2ec896-6148-4e47-a672-2403e0b36c46 None None] keystone_authtoken.memcache_tls_keyfile = None {{(pid=66846) log_opt_values /opt/stack/data/venv/lib/python3.12/site-packages/oslo_config/cfg.py:3006}}
Jun 09 17:13:38 devstack devstack@n-api.service[66847]: DEBUG nova.api.openstack.wsgi_app [None req-9419eb6c-6fcb-48c8-8c5a-49360f18f154 None None] keystone_authtoken.region_name = None {{(pid=66847) log_opt_values /opt/stack/data/venv/lib/python3.12/site-packages/oslo_config/cfg.py:3006}}
Jun 09 17:13:38 devstack devstack@n-api.service[66846]: DEBUG nova.api.openstack.wsgi_app [None req-9a2ec896-6148-4e47-a672-2403e0b36c46 None None] keystone_authtoken.memcache_use_advanced_pool = True {{(pid=66846) log_opt_values /opt/stack/data/venv/lib/python3.12/site-packages/oslo_config/cfg.py:3006}}
Jun 09 17:13:38 devstack devstack@n-api.service[66847]: DEBUG nova.api.openstack.wsgi_app [None req-9419eb6c-6fcb-48c8-8c5a-49360f18f154 None None] keystone_authtoken.service_token_roles = ['service'] {{(pid=66847) log_opt_values /opt/stack/data/venv/lib/python3.12/site-packages/oslo_config/cfg.py:3006}}
Jun 09 17:13:38 devstack devstack@n-api.service[66846]: DEBUG nova.api.openstack.wsgi_app [None req-9a2ec896-6148-4e47-a672-2403e0b36c46 None None] keystone_authtoken.memcache_username = {{(pid=66846) log_opt_values /opt/stack/data/venv/lib/python3.12/site-packages/oslo_config/cfg.py:3006}}
Jun 09 17:13:38 devstack devstack@n-api.service[66847]: DEBUG nova.api.openstack.wsgi_app [None req-9419eb6c-6fcb-48c8-8c5a-49360f18f154 None None] keystone_authtoken.service_token_roles_required = False {{(pid=66847) log_opt_values /opt/stack/data/venv/lib/python3.12/site-packages/oslo_config/cfg.py:3006}}
Jun 09 17:13:38 devstack devstack@n-api.service[66846]: DEBUG nova.api.openstack.wsgi_app [None req-9a2ec896-6148-4e47-a672-2403e0b36c46 None None] keystone_authtoken.memcached_servers = ['localhost:11211'] {{(pid=66846) log_opt_values /opt/stack/data/venv/lib/python3.12/site-packages/oslo_config/cfg.py:3006}}
Jun 09 17:13:38 devstack devstack@n-api.service[66847]: DEBUG nova.api.openstack.wsgi_app [None req-9419eb6c-6fcb-48c8-8c5a-49360f18f154 None None] keystone_authtoken.service_type = None {{(pid=66847) log_opt_values /opt/stack/data/venv/lib/python3.12/site-packages/oslo_config/cfg.py:3006}}
Jun 09 17:13:38 devstack devstack@n-api.service[66846]: DEBUG nova.api.openstack.wsgi_app [None req-9a2ec896-6148-4e47-a672-2403e0b36c46 None None] keystone_authtoken.password = **** {{(pid=66846) log_opt_values /opt/stack/data/venv/lib/python3.12/site-packages/oslo_config/cfg.py:3006}}
Jun 09 17:13:38 devstack devstack@n-api.service[66847]: DEBUG nova.api.openstack.wsgi_app [None req-9419eb6c-6fcb-48c8-8c5a-49360f18f154 None None] keystone_authtoken.system_scope = None {{(pid=66847) log_opt_values /opt/stack/data/venv/lib/python3.12/site-packages/oslo_config/cfg.py:3006}}
Jun 09 17:13:38 devstack devstack@n-api.service[66846]: DEBUG nova.api.openstack.wsgi_app [None req-9a2ec896-6148-4e47-a672-2403e0b36c46 None None] keystone_authtoken.project_domain_id = None {{(pid=66846) log_opt_values /opt/stack/data/venv/lib/python3.12/site-packages/oslo_config/cfg.py:3006}}
Jun 09 17:13:38 devstack devstack@n-api.service[66847]: DEBUG nova.api.openstack.wsgi_app [None req-9419eb6c-6fcb-48c8-8c5a-49360f18f154 None None] keystone_authtoken.token_cache_time = 300 {{(pid=66847) log_opt_values /opt/stack/data/venv/lib/python3.12/site-packages/oslo_config/cfg.py:3006}}
Jun 09 17:13:38 devstack devstack@n-api.service[66846]: DEBUG nova.api.openstack.wsgi_app [None req-9a2ec896-6148-4e47-a672-2403e0b36c46 None None] keystone_authtoken.project_domain_name = Default {{(pid=66846) log_opt_values /opt/stack/data/venv/lib/python3.12/site-packages/oslo_config/cfg.py:3006}}
Jun 09 17:13:38 devstack devstack@n-api.service[66847]: DEBUG nova.api.openstack.wsgi_app [None req-9419eb6c-6fcb-48c8-8c5a-49360f18f154 None None] keystone_authtoken.trust_id = None {{(pid=66847) log_opt_values /opt/stack/data/venv/lib/python3.12/site-packages/oslo_config/cfg.py:3006}}
Jun 09 17:13:38 devstack devstack@n-api.service[66846]: DEBUG nova.api.openstack.wsgi_app [None req-9a2ec896-6148-4e47-a672-2403e0b36c46 None None] keystone_authtoken.project_id = None {{(pid=66846) log_opt_values /opt/stack/data/venv/lib/python3.12/site-packages/oslo_config/cfg.py:3006}}
Jun 09 17:13:38 devstack devstack@n-api.service[66847]: DEBUG nova.api.openstack.wsgi_app [None req-9419eb6c-6fcb-48c8-8c5a-49360f18f154 None None] keystone_authtoken.user_domain_id = None {{(pid=66847) log_opt_values /opt/stack/data/venv/lib/python3.12/site-packages/oslo_config/cfg.py:3006}}
Jun 09 17:13:38 devstack devstack@n-api.service[66846]: DEBUG nova.api.openstack.wsgi_app [None req-9a2ec896-6148-4e47-a672-2403e0b36c46 None None] keystone_authtoken.project_name = service {{(pid=66846) log_opt_values /opt/stack/data/venv/lib/python3.12/site-packages/oslo_config/cfg.py:3006}}
Jun 09 17:13:38 devstack devstack@n-api.service[66847]: DEBUG nova.api.openstack.wsgi_app [None req-9419eb6c-6fcb-48c8-8c5a-49360f18f154 None None] keystone_authtoken.user_domain_name = Default {{(pid=66847) log_opt_values /opt/stack/data/venv/lib/python3.12/site-packages/oslo_config/cfg.py:3006}}
Jun 09 17:13:38 devstack devstack@n-api.service[66846]: DEBUG nova.api.openstack.wsgi_app [None req-9a2ec896-6148-4e47-a672-2403e0b36c46 None None] keystone_authtoken.region_name = None {{(pid=66846) log_opt_values /opt/stack/data/venv/lib/python3.12/site-packages/oslo_config/cfg.py:3006}}
Jun 09 17:13:38 devstack devstack@n-api.service[66847]: DEBUG nova.api.openstack.wsgi_app [None req-9419eb6c-6fcb-48c8-8c5a-49360f18f154 None None] keystone_authtoken.user_id = None {{(pid=66847) log_opt_values /opt/stack/data/venv/lib/python3.12/site-packages/oslo_config/cfg.py:3006}}
Jun 09 17:13:38 devstack devstack@n-api.service[66846]: DEBUG nova.api.openstack.wsgi_app [None req-9a2ec896-6148-4e47-a672-2403e0b36c46 None None] keystone_authtoken.service_token_roles = ['service'] {{(pid=66846) log_opt_values /opt/stack/data/venv/lib/python3.12/site-packages/oslo_config/cfg.py:3006}}
Jun 09 17:13:38 devstack devstack@n-api.service[66847]: DEBUG nova.api.openstack.wsgi_app [None req-9419eb6c-6fcb-48c8-8c5a-49360f18f154 None None] keystone_authtoken.username = nova {{(pid=66847) log_opt_values /opt/stack/data/venv/lib/python3.12/site-packages/oslo_config/cfg.py:3006}}
Jun 09 17:13:38 devstack devstack@n-api.service[66846]: DEBUG nova.api.openstack.wsgi_app [None req-9a2ec896-6148-4e47-a672-2403e0b36c46 None None] keystone_authtoken.service_token_roles_required = False {{(pid=66846) log_opt_values /opt/stack/data/venv/lib/python3.12/site-packages/oslo_config/cfg.py:3006}}
Jun 09 17:13:38 devstack devstack@n-api.service[66847]: DEBUG nova.api.openstack.wsgi_app [None req-9419eb6c-6fcb-48c8-8c5a-49360f18f154 None None] keystone_authtoken.www_authenticate_uri = http://192.168.122.167/identity {{(pid=66847) log_opt_values /opt/stack/data/venv/lib/python3.12/site-packages/oslo_config/cfg.py:3006}}
Jun 09 17:13:38 devstack devstack@n-api.service[66846]: DEBUG nova.api.openstack.wsgi_app [None req-9a2ec896-6148-4e47-a672-2403e0b36c46 None None] keystone_authtoken.service_type = None {{(pid=66846) log_opt_values /opt/stack/data/venv/lib/python3.12/site-packages/oslo_config/cfg.py:3006}}
Jun 09 17:13:38 devstack devstack@n-api.service[66847]: DEBUG nova.api.openstack.wsgi_app [None req-9419eb6c-6fcb-48c8-8c5a-49360f18f154 None None] ******************************************************************************** {{(pid=66847) log_opt_values /opt/stack/data/venv/lib/python3.12/site-packages/oslo_config/cfg.py:3013}}
Jun 09 17:13:38 devstack devstack@n-api.service[66847]: WSGI app 0 (mountpoint='') ready in 6 seconds on interpreter 0x77aa8a4a3668 pid: 66847 (default app)
Jun 09 17:13:38 devstack devstack@n-api.service[66846]: DEBUG nova.api.openstack.wsgi_app [None req-9a2ec896-6148-4e47-a672-2403e0b36c46 None None] keystone_authtoken.system_scope = None {{(pid=66846) log_opt_values /opt/stack/data/venv/lib/python3.12/site-packages/oslo_config/cfg.py:3006}}
Jun 09 17:13:38 devstack devstack@n-api.service[66846]: DEBUG nova.api.openstack.wsgi_app [None req-9a2ec896-6148-4e47-a672-2403e0b36c46 None None] keystone_authtoken.token_cache_time = 300 {{(pid=66846) log_opt_values /opt/stack/data/venv/lib/python3.12/site-packages/oslo_config/cfg.py:3006}}
Jun 09 17:13:38 devstack devstack@n-api.service[66846]: DEBUG nova.api.openstack.wsgi_app [None req-9a2ec896-6148-4e47-a672-2403e0b36c46 None None] keystone_authtoken.trust_id = None {{(pid=66846) log_opt_values /opt/stack/data/venv/lib/python3.12/site-packages/oslo_config/cfg.py:3006}}
Jun 09 17:13:38 devstack devstack@n-api.service[66846]: DEBUG nova.api.openstack.wsgi_app [None req-9a2ec896-6148-4e47-a672-2403e0b36c46 None None] keystone_authtoken.user_domain_id = None {{(pid=66846) log_opt_values /opt/stack/data/venv/lib/python3.12/site-packages/oslo_config/cfg.py:3006}}
Jun 09 17:13:38 devstack devstack@n-api.service[66846]: DEBUG nova.api.openstack.wsgi_app [None req-9a2ec896-6148-4e47-a672-2403e0b36c46 None None] keystone_authtoken.user_domain_name = Default {{(pid=66846) log_opt_values /opt/stack/data/venv/lib/python3.12/site-packages/oslo_config/cfg.py:3006}}
Jun 09 17:13:38 devstack devstack@n-api.service[66847]: DEBUG nova.api.openstack.wsgi [None req-9419eb6c-6fcb-48c8-8c5a-49360f18f154 None None] Calling method '>' {{(pid=66847) _process_stack /opt/stack/nova/nova/api/openstack/wsgi.py:551}}
Jun 09 17:13:38 devstack devstack@n-api.service[66846]: DEBUG nova.api.openstack.wsgi_app [None req-9a2ec896-6148-4e47-a672-2403e0b36c46 None None] keystone_authtoken.user_id = None {{(pid=66846) log_opt_values /opt/stack/data/venv/lib/python3.12/site-packages/oslo_config/cfg.py:3006}}
Jun 09 17:13:38 devstack devstack@n-api.service[66846]: DEBUG nova.api.openstack.wsgi_app [None req-9a2ec896-6148-4e47-a672-2403e0b36c46 None None] keystone_authtoken.username = nova {{(pid=66846) log_opt_values /opt/stack/data/venv/lib/python3.12/site-packages/oslo_config/cfg.py:3006}}
Jun 09 17:13:38 devstack devstack@n-api.service[66846]: DEBUG nova.api.openstack.wsgi_app [None req-9a2ec896-6148-4e47-a672-2403e0b36c46 None None] keystone_authtoken.www_authenticate_uri = http://192.168.122.167/identity {{(pid=66846) log_opt_values /opt/stack/data/venv/lib/python3.12/site-packages/oslo_config/cfg.py:3006}}
Jun 09 17:13:38 devstack devstack@n-api.service[66846]: DEBUG nova.api.openstack.wsgi_app [None req-9a2ec896-6148-4e47-a672-2403e0b36c46 None None] ******************************************************************************** {{(pid=66846) log_opt_values /opt/stack/data/venv/lib/python3.12/site-packages/oslo_config/cfg.py:3013}}
Jun 09 17:13:38 devstack devstack@n-api.service[66846]: WSGI app 0 (mountpoint='') ready in 6 seconds on interpreter 0x77aa8a4a3668 pid: 66846 (default app)
Jun 09 17:13:38 devstack devstack@n-api.service[66847]: INFO nova.api.openstack.requestlog [None req-9419eb6c-6fcb-48c8-8c5a-49360f18f154 None None] 192.168.122.167 "GET /compute/v2.1/" status: 200 len: 393 microversion: 2.1 time: 0.005696
Jun 09 17:13:38 devstack devstack@n-api.service[66847]: [pid: 66847|app: 0|req: 1/1] 192.168.122.167 () {50 vars in 791 bytes} [Tue Jun 9 17:13:38 2026] GET /compute/v2.1/ => generated 393 bytes in 7 msecs (HTTP/1.1 200) 9 headers in 357 bytes (1 switches on core 0)
Jun 09 17:13:45 devstack devstack@n-api.service[66846]: DEBUG dbcounter [-] [66846] Writing DB stats nova_api:SELECT=1 {{(pid=66846) stat_writer /opt/stack/data/venv/lib/python3.12/site-packages/dbcounter.py:115}}
Jun 09 17:13:45 devstack devstack@n-api.service[66847]: DEBUG dbcounter [-] [66847] Writing DB stats nova_api:SELECT=1 {{(pid=66847) stat_writer /opt/stack/data/venv/lib/python3.12/site-packages/dbcounter.py:115}}
Jun 09 17:13:45 devstack devstack@n-api.service[66846]: DEBUG dbcounter [-] [66846] Writing DB stats nova_cell0:SELECT=1 {{(pid=66846) stat_writer /opt/stack/data/venv/lib/python3.12/site-packages/dbcounter.py:115}}
Jun 09 17:13:45 devstack devstack@n-api.service[66846]: DEBUG dbcounter [-] [66846] Writing DB stats nova_cell1:SELECT=1 {{(pid=66846) stat_writer /opt/stack/data/venv/lib/python3.12/site-packages/dbcounter.py:115}}
Jun 09 17:13:45 devstack devstack@n-api.service[66847]: DEBUG dbcounter [-] [66847] Writing DB stats nova_cell0:SELECT=1 {{(pid=66847) stat_writer /opt/stack/data/venv/lib/python3.12/site-packages/dbcounter.py:115}}
Jun 09 17:13:45 devstack devstack@n-api.service[66847]: DEBUG dbcounter [-] [66847] Writing DB stats nova_cell1:SELECT=1 {{(pid=66847) stat_writer /opt/stack/data/venv/lib/python3.12/site-packages/dbcounter.py:115}}
Jun 09 17:13:45 devstack devstack@n-api.service[66846]: DEBUG dbcounter [-] [66846] Writing DB stats nova_cell0:SELECT=2,nova_cell0:INSERT=1 {{(pid=66846) stat_writer /opt/stack/data/venv/lib/python3.12/site-packages/dbcounter.py:115}}
Jun 09 17:13:45 devstack devstack@n-api.service[66847]: DEBUG dbcounter [-] [66847] Writing DB stats nova_cell0:SELECT=1 {{(pid=66847) stat_writer /opt/stack/data/venv/lib/python3.12/site-packages/dbcounter.py:115}}
Jun 09 17:15:55 devstack devstack@n-api.service[66846]: DEBUG nova.api.openstack.wsgi [None req-9a2ec896-6148-4e47-a672-2403e0b36c46 None None] Calling method '>' {{(pid=66846) _process_stack /opt/stack/nova/nova/api/openstack/wsgi.py:551}}
Jun 09 17:15:55 devstack devstack@n-api.service[66846]: INFO nova.api.openstack.requestlog [None req-9a2ec896-6148-4e47-a672-2403e0b36c46 None None] 192.168.122.167 "GET /compute/v2.1" status: 200 len: 393 microversion: 2.1 time: 0.009327
Jun 09 17:15:55 devstack devstack@n-api.service[66846]: [pid: 66846|app: 0|req: 1/2] 192.168.122.167 () {54 vars in 935 bytes} [Tue Jun 9 17:15:55 2026] GET /compute/v2.1 => generated 393 bytes in 15 msecs (HTTP/1.1 200) 9 headers in 357 bytes (1 switches on core 0)
Jun 09 17:15:56 devstack devstack@n-api.service[66847]: DEBUG nova.api.openstack.wsgi [None req-376026ec-e086-4b82-a7ab-0582543164a0 admin admin] Calling method '>' {{(pid=66847) _process_stack /opt/stack/nova/nova/api/openstack/wsgi.py:551}}
Jun 09 17:15:56 devstack devstack@n-api.service[66847]: INFO nova.api.openstack.requestlog [None req-376026ec-e086-4b82-a7ab-0582543164a0 admin admin] 192.168.122.167 "GET /compute/v2.1/flavors/detail?is_public=True" status: 200 len: 15 microversion: 2.61 time: 0.517117
Jun 09 17:15:56 devstack devstack@n-api.service[66847]: [pid: 66847|app: 0|req: 2/3] 192.168.122.167 () {60 vars in 1296 bytes} [Tue Jun 9 17:15:55 2026] GET /compute/v2.1/flavors/detail?is_public=True => generated 15 bytes in 518 msecs (HTTP/1.1 200) 9 headers in 358 bytes (1 switches on core 0)
Jun 09 17:15:58 devstack devstack@n-api.service[66846]: DEBUG nova.api.openstack.wsgi [None req-9a2ec896-6148-4e47-a672-2403e0b36c46 None None] Calling method '>' {{(pid=66846) _process_stack /opt/stack/nova/nova/api/openstack/wsgi.py:551}}
Jun 09 17:15:58 devstack devstack@n-api.service[66846]: INFO nova.api.openstack.requestlog [None req-9a2ec896-6148-4e47-a672-2403e0b36c46 None None] 192.168.122.167 "GET /compute/v2.1" status: 200 len: 393 microversion: 2.1 time: 0.010903
Jun 09 17:15:58 devstack devstack@n-api.service[66846]: [pid: 66846|app: 0|req: 2/4] 192.168.122.167 () {54 vars in 935 bytes} [Tue Jun 9 17:15:58 2026] GET /compute/v2.1 => generated 393 bytes in 12 msecs (HTTP/1.1 200) 9 headers in 357 bytes (1 switches on core 0)
Jun 09 17:15:59 devstack devstack@n-api.service[66847]: DEBUG nova.api.openstack.wsgi [None req-d0c97a73-e417-4772-b384-9899d376acd7 admin admin] Action: 'create', calling method: >, body: {"flavor": {"OS-FLV-EXT-DATA:ephemeral": 0, "disk": 1, "vcpus": 1, "ram": 256, "id": "c1", "name": "cirros256", "rxtx_factor": 1.0, "os-flavor-access:is_public": true, "swap": 0}} {{(pid=66847) _process_stack /opt/stack/nova/nova/api/openstack/wsgi.py:549}}
Jun 09 17:15:59 devstack devstack@n-api.service[66847]: INFO nova.api.openstack.requestlog [None req-d0c97a73-e417-4772-b384-9899d376acd7 admin admin] 192.168.122.167 "POST /compute/v2.1/flavors" status: 200 len: 415 microversion: 2.61 time: 0.142659
Jun 09 17:15:59 devstack devstack@n-api.service[66847]: [pid: 66847|app: 0|req: 3/5] 192.168.122.167 () {64 vars in 1287 bytes} [Tue Jun 9 17:15:58 2026] POST /compute/v2.1/flavors => generated 415 bytes in 145 msecs (HTTP/1.1 200) 9 headers in 359 bytes (1 switches on core 0)
Jun 09 17:15:59 devstack devstack@n-api.service[66846]: DEBUG nova.api.openstack.wsgi [None req-37bbe467-714b-434c-990a-64653b2b46c3 admin admin] Action: 'create', calling method: >, body: {"extra_specs": {"hw_rng:allowed": "True"}} {{(pid=66846) _process_stack /opt/stack/nova/nova/api/openstack/wsgi.py:549}}
Jun 09 17:15:59 devstack devstack@n-api.service[66846]: INFO nova.api.openstack.requestlog [None req-37bbe467-714b-434c-990a-64653b2b46c3 admin admin] 192.168.122.167 "POST /compute/v2.1/flavors/c1/os-extra_specs" status: 200 len: 43 microversion: 2.61 time: 0.403227
Jun 09 17:15:59 devstack devstack@n-api.service[66846]: [pid: 66846|app: 0|req: 3/6] 192.168.122.167 () {64 vars in 1340 bytes} [Tue Jun 9 17:15:59 2026] POST /compute/v2.1/flavors/c1/os-extra_specs => generated 43 bytes in 404 msecs (HTTP/1.1 200) 9 headers in 358 bytes (1 switches on core 0)
Jun 09 17:16:02 devstack devstack@n-api.service[66847]: DEBUG nova.api.openstack.wsgi [None req-d0c97a73-e417-4772-b384-9899d376acd7 admin admin] Calling method '>' {{(pid=66847) _process_stack /opt/stack/nova/nova/api/openstack/wsgi.py:551}}
Jun 09 17:16:02 devstack devstack@n-api.service[66847]: INFO nova.api.openstack.requestlog [None req-d0c97a73-e417-4772-b384-9899d376acd7 admin admin] 192.168.122.167 "GET /compute/v2.1" status: 200 len: 393 microversion: 2.1 time: 0.008704
Jun 09 17:16:02 devstack devstack@n-api.service[66847]: [pid: 66847|app: 0|req: 4/7] 192.168.122.167 () {54 vars in 935 bytes} [Tue Jun 9 17:16:02 2026] GET /compute/v2.1 => generated 393 bytes in 11 msecs (HTTP/1.1 200) 9 headers in 357 bytes (1 switches on core 0)
Jun 09 17:16:02 devstack devstack@n-api.service[66846]: DEBUG nova.api.openstack.wsgi [None req-487a5c6f-08bd-4860-8bb0-5afa3235e040 admin admin] Action: 'create', calling method: >, body: {"flavor": {"name": "ds512M", "vcpus": 1, "OS-FLV-EXT-DATA:ephemeral": 0, "id": "d1", "os-flavor-access:is_public": true, "disk": 5, "ram": 512, "swap": 0, "rxtx_factor": 1.0}} {{(pid=66846) _process_stack /opt/stack/nova/nova/api/openstack/wsgi.py:549}}
Jun 09 17:16:02 devstack devstack@n-api.service[66846]: INFO nova.api.openstack.requestlog [None req-487a5c6f-08bd-4860-8bb0-5afa3235e040 admin admin] 192.168.122.167 "POST /compute/v2.1/flavors" status: 200 len: 412 microversion: 2.61 time: 0.214338
Jun 09 17:16:02 devstack devstack@n-api.service[66846]: [pid: 66846|app: 0|req: 4/8] 192.168.122.167 () {64 vars in 1287 bytes} [Tue Jun 9 17:16:02 2026] POST /compute/v2.1/flavors => generated 412 bytes in 216 msecs (HTTP/1.1 200) 9 headers in 359 bytes (1 switches on core 0)
Jun 09 17:16:02 devstack devstack@n-api.service[66847]: DEBUG nova.api.openstack.wsgi [None req-09736fe0-8a6e-438a-b6fe-0c00be81beb6 admin admin] Action: 'create', calling method: >, body: {"extra_specs": {"hw_rng:allowed": "True"}} {{(pid=66847) _process_stack /opt/stack/nova/nova/api/openstack/wsgi.py:549}}
Jun 09 17:16:02 devstack devstack@n-api.service[66847]: INFO nova.api.openstack.requestlog [None req-09736fe0-8a6e-438a-b6fe-0c00be81beb6 admin admin] 192.168.122.167 "POST /compute/v2.1/flavors/d1/os-extra_specs" status: 200 len: 43 microversion: 2.61 time: 0.070021
Jun 09 17:16:02 devstack devstack@n-api.service[66847]: [pid: 66847|app: 0|req: 5/9] 192.168.122.167 () {64 vars in 1340 bytes} [Tue Jun 9 17:16:02 2026] POST /compute/v2.1/flavors/d1/os-extra_specs => generated 43 bytes in 71 msecs (HTTP/1.1 200) 9 headers in 358 bytes (1 switches on core 0)
Jun 09 17:16:05 devstack devstack@n-api.service[66846]: DEBUG nova.api.openstack.wsgi [None req-487a5c6f-08bd-4860-8bb0-5afa3235e040 admin admin] Calling method '>' {{(pid=66846) _process_stack /opt/stack/nova/nova/api/openstack/wsgi.py:551}}
Jun 09 17:16:05 devstack devstack@n-api.service[66846]: INFO nova.api.openstack.requestlog [None req-487a5c6f-08bd-4860-8bb0-5afa3235e040 admin admin] 192.168.122.167 "GET /compute/v2.1" status: 200 len: 393 microversion: 2.1 time: 0.021123
Jun 09 17:16:05 devstack devstack@n-api.service[66846]: [pid: 66846|app: 0|req: 5/10] 192.168.122.167 () {54 vars in 935 bytes} [Tue Jun 9 17:16:05 2026] GET /compute/v2.1 => generated 393 bytes in 25 msecs (HTTP/1.1 200) 9 headers in 357 bytes (1 switches on core 0)
Jun 09 17:16:06 devstack devstack@n-api.service[66847]: DEBUG nova.api.openstack.wsgi [None req-3fc65176-ece4-4fd3-82f5-e06f513e9305 admin admin] Action: 'create', calling method: >, body: {"flavor": {"name": "ds1G", "vcpus": 1, "OS-FLV-EXT-DATA:ephemeral": 0, "os-flavor-access:is_public": true, "rxtx_factor": 1.0, "id": "d2", "disk": 10, "swap": 0, "ram": 1024}} {{(pid=66847) _process_stack /opt/stack/nova/nova/api/openstack/wsgi.py:549}}
Jun 09 17:16:06 devstack devstack@n-api.service[66847]: INFO nova.api.openstack.requestlog [None req-3fc65176-ece4-4fd3-82f5-e06f513e9305 admin admin] 192.168.122.167 "POST /compute/v2.1/flavors" status: 200 len: 412 microversion: 2.61 time: 0.143392
Jun 09 17:16:06 devstack devstack@n-api.service[66847]: [pid: 66847|app: 0|req: 6/11] 192.168.122.167 () {64 vars in 1287 bytes} [Tue Jun 9 17:16:05 2026] POST /compute/v2.1/flavors => generated 412 bytes in 148 msecs (HTTP/1.1 200) 9 headers in 359 bytes (1 switches on core 0)
Jun 09 17:16:06 devstack devstack@n-api.service[66846]: DEBUG nova.api.openstack.wsgi [None req-a9ad7f8a-397b-43fc-bf5b-b79314acfec6 admin admin] Action: 'create', calling method: >, body: {"extra_specs": {"hw_rng:allowed": "True"}} {{(pid=66846) _process_stack /opt/stack/nova/nova/api/openstack/wsgi.py:549}}
Jun 09 17:16:06 devstack devstack@n-api.service[66846]: INFO nova.api.openstack.requestlog [None req-a9ad7f8a-397b-43fc-bf5b-b79314acfec6 admin admin] 192.168.122.167 "POST /compute/v2.1/flavors/d2/os-extra_specs" status: 200 len: 43 microversion: 2.61 time: 0.052238
Jun 09 17:16:06 devstack devstack@n-api.service[66846]: [pid: 66846|app: 0|req: 6/12] 192.168.122.167 () {64 vars in 1340 bytes} [Tue Jun 9 17:16:06 2026] POST /compute/v2.1/flavors/d2/os-extra_specs => generated 43 bytes in 53 msecs (HTTP/1.1 200) 9 headers in 358 bytes (1 switches on core 0)
Jun 09 17:16:09 devstack devstack@n-api.service[66847]: DEBUG nova.api.openstack.wsgi [None req-3fc65176-ece4-4fd3-82f5-e06f513e9305 admin admin] Calling method '>' {{(pid=66847) _process_stack /opt/stack/nova/nova/api/openstack/wsgi.py:551}}
Jun 09 17:16:09 devstack devstack@n-api.service[66847]: INFO nova.api.openstack.requestlog [None req-3fc65176-ece4-4fd3-82f5-e06f513e9305 admin admin] 192.168.122.167 "GET /compute/v2.1" status: 200 len: 393 microversion: 2.1 time: 0.005060
Jun 09 17:16:09 devstack devstack@n-api.service[66847]: [pid: 66847|app: 0|req: 7/13] 192.168.122.167 () {54 vars in 935 bytes} [Tue Jun 9 17:16:09 2026] GET /compute/v2.1 => generated 393 bytes in 9 msecs (HTTP/1.1 200) 9 headers in 357 bytes (2 switches on core 0)
Jun 09 17:16:09 devstack devstack@n-api.service[66846]: DEBUG nova.api.openstack.wsgi [None req-a3c6bd0d-28fb-4d3b-99f4-b438094ab3de admin admin] Action: 'create', calling method: >, body: {"flavor": {"os-flavor-access:is_public": true, "swap": 0, "rxtx_factor": 1.0, "name": "ds2G", "OS-FLV-EXT-DATA:ephemeral": 0, "disk": 10, "id": "d3", "ram": 2048, "vcpus": 2}} {{(pid=66846) _process_stack /opt/stack/nova/nova/api/openstack/wsgi.py:549}}
Jun 09 17:16:09 devstack devstack@n-api.service[66846]: INFO nova.api.openstack.requestlog [None req-a3c6bd0d-28fb-4d3b-99f4-b438094ab3de admin admin] 192.168.122.167 "POST /compute/v2.1/flavors" status: 200 len: 412 microversion: 2.61 time: 0.171639
Jun 09 17:16:09 devstack devstack@n-api.service[66846]: [pid: 66846|app: 0|req: 7/14] 192.168.122.167 () {64 vars in 1287 bytes} [Tue Jun 9 17:16:09 2026] POST /compute/v2.1/flavors => generated 412 bytes in 176 msecs (HTTP/1.1 200) 9 headers in 359 bytes (1 switches on core 0)
Jun 09 17:16:09 devstack devstack@n-api.service[66847]: DEBUG nova.api.openstack.wsgi [None req-4cae9b6c-d025-4795-8fcd-815258f5958e admin admin] Action: 'create', calling method: >, body: {"extra_specs": {"hw_rng:allowed": "True"}} {{(pid=66847) _process_stack /opt/stack/nova/nova/api/openstack/wsgi.py:549}}
Jun 09 17:16:09 devstack devstack@n-api.service[66847]: INFO nova.api.openstack.requestlog [None req-4cae9b6c-d025-4795-8fcd-815258f5958e admin admin] 192.168.122.167 "POST /compute/v2.1/flavors/d3/os-extra_specs" status: 200 len: 43 microversion: 2.61 time: 0.070423
Jun 09 17:16:09 devstack devstack@n-api.service[66847]: [pid: 66847|app: 0|req: 8/15] 192.168.122.167 () {64 vars in 1340 bytes} [Tue Jun 9 17:16:09 2026] POST /compute/v2.1/flavors/d3/os-extra_specs => generated 43 bytes in 72 msecs (HTTP/1.1 200) 9 headers in 358 bytes (1 switches on core 0)
Jun 09 17:16:12 devstack devstack@n-api.service[66846]: DEBUG nova.api.openstack.wsgi [None req-a3c6bd0d-28fb-4d3b-99f4-b438094ab3de admin admin] Calling method '>' {{(pid=66846) _process_stack /opt/stack/nova/nova/api/openstack/wsgi.py:551}}
Jun 09 17:16:12 devstack devstack@n-api.service[66846]: INFO nova.api.openstack.requestlog [None req-a3c6bd0d-28fb-4d3b-99f4-b438094ab3de admin admin] 192.168.122.167 "GET /compute/v2.1" status: 200 len: 393 microversion: 2.1 time: 0.010976
Jun 09 17:16:12 devstack devstack@n-api.service[66846]: [pid: 66846|app: 0|req: 8/16] 192.168.122.167 () {54 vars in 935 bytes} [Tue Jun 9 17:16:12 2026] GET /compute/v2.1 => generated 393 bytes in 12 msecs (HTTP/1.1 200) 9 headers in 357 bytes (1 switches on core 0)
Jun 09 17:16:12 devstack devstack@n-api.service[66847]: DEBUG nova.api.openstack.wsgi [None req-3c9faa6b-21f5-4677-a31a-0c2f891ec26c admin admin] Action: 'create', calling method: >, body: {"flavor": {"name": "ds4G", "OS-FLV-EXT-DATA:ephemeral": 0, "ram": 4096, "swap": 0, "rxtx_factor": 1.0, "vcpus": 4, "id": "d4", "disk": 20, "os-flavor-access:is_public": true}} {{(pid=66847) _process_stack /opt/stack/nova/nova/api/openstack/wsgi.py:549}}
Jun 09 17:16:12 devstack devstack@n-api.service[66847]: INFO nova.api.openstack.requestlog [None req-3c9faa6b-21f5-4677-a31a-0c2f891ec26c admin admin] 192.168.122.167 "POST /compute/v2.1/flavors" status: 200 len: 412 microversion: 2.61 time: 0.175120
Jun 09 17:16:12 devstack devstack@n-api.service[66847]: [pid: 66847|app: 0|req: 9/17] 192.168.122.167 () {64 vars in 1287 bytes} [Tue Jun 9 17:16:12 2026] POST /compute/v2.1/flavors => generated 412 bytes in 179 msecs (HTTP/1.1 200) 9 headers in 359 bytes (2 switches on core 0)
Jun 09 17:16:12 devstack devstack@n-api.service[66846]: DEBUG nova.api.openstack.wsgi [None req-2fa266f2-02d4-4c30-91b5-4f4b32689323 admin admin] Action: 'create', calling method: >, body: {"extra_specs": {"hw_rng:allowed": "True"}} {{(pid=66846) _process_stack /opt/stack/nova/nova/api/openstack/wsgi.py:549}}
Jun 09 17:16:12 devstack devstack@n-api.service[66846]: INFO nova.api.openstack.requestlog [None req-2fa266f2-02d4-4c30-91b5-4f4b32689323 admin admin] 192.168.122.167 "POST /compute/v2.1/flavors/d4/os-extra_specs" status: 200 len: 43 microversion: 2.61 time: 0.050067
Jun 09 17:16:12 devstack devstack@n-api.service[66846]: [pid: 66846|app: 0|req: 9/18] 192.168.122.167 () {64 vars in 1340 bytes} [Tue Jun 9 17:16:12 2026] POST /compute/v2.1/flavors/d4/os-extra_specs => generated 43 bytes in 52 msecs (HTTP/1.1 200) 9 headers in 358 bytes (2 switches on core 0)
Jun 09 17:16:16 devstack devstack@n-api.service[66847]: DEBUG nova.api.openstack.wsgi [None req-3c9faa6b-21f5-4677-a31a-0c2f891ec26c admin admin] Calling method '>' {{(pid=66847) _process_stack /opt/stack/nova/nova/api/openstack/wsgi.py:551}}
Jun 09 17:16:16 devstack devstack@n-api.service[66847]: INFO nova.api.openstack.requestlog [None req-3c9faa6b-21f5-4677-a31a-0c2f891ec26c admin admin] 192.168.122.167 "GET /compute/v2.1" status: 200 len: 393 microversion: 2.1 time: 0.006116
Jun 09 17:16:16 devstack devstack@n-api.service[66847]: [pid: 66847|app: 0|req: 10/19] 192.168.122.167 () {54 vars in 935 bytes} [Tue Jun 9 17:16:16 2026] GET /compute/v2.1 => generated 393 bytes in 7 msecs (HTTP/1.1 200) 9 headers in 357 bytes (1 switches on core 0)
Jun 09 17:16:16 devstack devstack@n-api.service[66846]: DEBUG nova.api.openstack.wsgi [None req-5b513d6d-04e3-47ac-8dbc-4a036a9b8acb admin admin] Calling method '>' {{(pid=66846) _process_stack /opt/stack/nova/nova/api/openstack/wsgi.py:551}}
Jun 09 17:16:16 devstack devstack@n-api.service[66846]: INFO nova.api.openstack.requestlog [None req-5b513d6d-04e3-47ac-8dbc-4a036a9b8acb admin admin] 192.168.122.167 "GET /compute/v2.1/flavors/detail?is_public=True" status: 200 len: 2146 microversion: 2.61 time: 0.154267
Jun 09 17:16:16 devstack devstack@n-api.service[66846]: [pid: 66846|app: 0|req: 10/20] 192.168.122.167 () {60 vars in 1296 bytes} [Tue Jun 9 17:16:16 2026] GET /compute/v2.1/flavors/detail?is_public=True => generated 2146 bytes in 155 msecs (HTTP/1.1 200) 9 headers in 360 bytes (2 switches on core 0)
Jun 09 17:16:19 devstack devstack@n-api.service[66847]: DEBUG nova.api.openstack.wsgi [None req-3c9faa6b-21f5-4677-a31a-0c2f891ec26c admin admin] Calling method '>' {{(pid=66847) _process_stack /opt/stack/nova/nova/api/openstack/wsgi.py:551}}
Jun 09 17:16:19 devstack devstack@n-api.service[66847]: INFO nova.api.openstack.requestlog [None req-3c9faa6b-21f5-4677-a31a-0c2f891ec26c admin admin] 192.168.122.167 "GET /compute/v2.1" status: 200 len: 393 microversion: 2.1 time: 0.008077
Jun 09 17:16:19 devstack devstack@n-api.service[66847]: [pid: 66847|app: 0|req: 11/21] 192.168.122.167 () {54 vars in 935 bytes} [Tue Jun 9 17:16:19 2026] GET /compute/v2.1 => generated 393 bytes in 11 msecs (HTTP/1.1 200) 9 headers in 357 bytes (2 switches on core 0)
Jun 09 17:16:19 devstack devstack@n-api.service[66846]: DEBUG nova.api.openstack.wsgi [None req-4fd702d4-8de4-4267-848e-17a4b88b4b77 admin admin] Action: 'create', calling method: >, body: {"flavor": {"name": "m1.tiny", "rxtx_factor": 1.0, "id": "1", "os-flavor-access:is_public": true, "vcpus": 1, "swap": 0, "ram": 512, "OS-FLV-EXT-DATA:ephemeral": 0, "disk": 1}} {{(pid=66846) _process_stack /opt/stack/nova/nova/api/openstack/wsgi.py:549}}
Jun 09 17:16:19 devstack devstack@n-api.service[66846]: INFO nova.api.openstack.requestlog [None req-4fd702d4-8de4-4267-848e-17a4b88b4b77 admin admin] 192.168.122.167 "POST /compute/v2.1/flavors" status: 200 len: 410 microversion: 2.61 time: 0.091774
Jun 09 17:16:19 devstack devstack@n-api.service[66846]: [pid: 66846|app: 0|req: 11/22] 192.168.122.167 () {64 vars in 1287 bytes} [Tue Jun 9 17:16:19 2026] POST /compute/v2.1/flavors => generated 410 bytes in 93 msecs (HTTP/1.1 200) 9 headers in 359 bytes (2 switches on core 0)
Jun 09 17:16:19 devstack devstack@n-api.service[66847]: DEBUG nova.api.openstack.wsgi [None req-23d55a75-2720-405a-84d0-c916fd51b19a admin admin] Action: 'create', calling method: >, body: {"extra_specs": {"hw_rng:allowed": "True"}} {{(pid=66847) _process_stack /opt/stack/nova/nova/api/openstack/wsgi.py:549}}
Jun 09 17:16:19 devstack devstack@n-api.service[66847]: INFO nova.api.openstack.requestlog [None req-23d55a75-2720-405a-84d0-c916fd51b19a admin admin] 192.168.122.167 "POST /compute/v2.1/flavors/1/os-extra_specs" status: 200 len: 43 microversion: 2.61 time: 0.041179
Jun 09 17:16:19 devstack devstack@n-api.service[66847]: [pid: 66847|app: 0|req: 12/23] 192.168.122.167 () {64 vars in 1337 bytes} [Tue Jun 9 17:16:19 2026] POST /compute/v2.1/flavors/1/os-extra_specs => generated 43 bytes in 43 msecs (HTTP/1.1 200) 9 headers in 358 bytes (1 switches on core 0)
Jun 09 17:16:22 devstack devstack@n-api.service[66846]: DEBUG nova.api.openstack.wsgi [None req-4fd702d4-8de4-4267-848e-17a4b88b4b77 admin admin] Calling method '>' {{(pid=66846) _process_stack /opt/stack/nova/nova/api/openstack/wsgi.py:551}}
Jun 09 17:16:22 devstack devstack@n-api.service[66846]: INFO nova.api.openstack.requestlog [None req-4fd702d4-8de4-4267-848e-17a4b88b4b77 admin admin] 192.168.122.167 "GET /compute/v2.1" status: 200 len: 393 microversion: 2.1 time: 0.005049
Jun 09 17:16:22 devstack devstack@n-api.service[66846]: [pid: 66846|app: 0|req: 12/24] 192.168.122.167 () {54 vars in 935 bytes} [Tue Jun 9 17:16:22 2026] GET /compute/v2.1 => generated 393 bytes in 6 msecs (HTTP/1.1 200) 9 headers in 357 bytes (1 switches on core 0)
Jun 09 17:16:22 devstack devstack@n-api.service[66847]: DEBUG nova.api.openstack.wsgi [None req-79593804-5a82-4e57-a22e-0c6f435fb5f8 admin admin] Action: 'create', calling method: >, body: {"flavor": {"swap": 0, "disk": 20, "id": "2", "vcpus": 1, "os-flavor-access:is_public": true, "OS-FLV-EXT-DATA:ephemeral": 0, "ram": 2048, "rxtx_factor": 1.0, "name": "m1.small"}} {{(pid=66847) _process_stack /opt/stack/nova/nova/api/openstack/wsgi.py:549}}
Jun 09 17:16:22 devstack devstack@n-api.service[66847]: INFO nova.api.openstack.requestlog [None req-79593804-5a82-4e57-a22e-0c6f435fb5f8 admin admin] 192.168.122.167 "POST /compute/v2.1/flavors" status: 200 len: 413 microversion: 2.61 time: 0.115686
Jun 09 17:16:22 devstack devstack@n-api.service[66847]: [pid: 66847|app: 0|req: 13/25] 192.168.122.167 () {64 vars in 1287 bytes} [Tue Jun 9 17:16:22 2026] POST /compute/v2.1/flavors => generated 413 bytes in 117 msecs (HTTP/1.1 200) 9 headers in 359 bytes (1 switches on core 0)
Jun 09 17:16:22 devstack devstack@n-api.service[66846]: DEBUG nova.api.openstack.wsgi [None req-e08a834c-f2c5-4da5-8155-5b2bb88a9d40 admin admin] Action: 'create', calling method: >, body: {"extra_specs": {"hw_rng:allowed": "True"}} {{(pid=66846) _process_stack /opt/stack/nova/nova/api/openstack/wsgi.py:549}}
Jun 09 17:16:22 devstack devstack@n-api.service[66846]: INFO nova.api.openstack.requestlog [None req-e08a834c-f2c5-4da5-8155-5b2bb88a9d40 admin admin] 192.168.122.167 "POST /compute/v2.1/flavors/2/os-extra_specs" status: 200 len: 43 microversion: 2.61 time: 0.037107
Jun 09 17:16:22 devstack devstack@n-api.service[66846]: [pid: 66846|app: 0|req: 13/26] 192.168.122.167 () {64 vars in 1337 bytes} [Tue Jun 9 17:16:22 2026] POST /compute/v2.1/flavors/2/os-extra_specs => generated 43 bytes in 38 msecs (HTTP/1.1 200) 9 headers in 358 bytes (1 switches on core 0)
Jun 09 17:16:25 devstack devstack@n-api.service[66847]: DEBUG nova.api.openstack.wsgi [None req-79593804-5a82-4e57-a22e-0c6f435fb5f8 admin admin] Calling method '>' {{(pid=66847) _process_stack /opt/stack/nova/nova/api/openstack/wsgi.py:551}}
Jun 09 17:16:25 devstack devstack@n-api.service[66847]: INFO nova.api.openstack.requestlog [None req-79593804-5a82-4e57-a22e-0c6f435fb5f8 admin admin] 192.168.122.167 "GET /compute/v2.1" status: 200 len: 393 microversion: 2.1 time: 0.005966
Jun 09 17:16:25 devstack devstack@n-api.service[66847]: [pid: 66847|app: 0|req: 14/27] 192.168.122.167 () {54 vars in 935 bytes} [Tue Jun 9 17:16:25 2026] GET /compute/v2.1 => generated 393 bytes in 7 msecs (HTTP/1.1 200) 9 headers in 357 bytes (1 switches on core 0)
Jun 09 17:16:25 devstack devstack@n-api.service[66846]: DEBUG nova.api.openstack.wsgi [None req-63dae7c1-7f9b-46ac-b3b5-c29b73471b4c admin admin] Action: 'create', calling method: >, body: {"flavor": {"swap": 0, "ram": 4096, "disk": 40, "name": "m1.medium", "vcpus": 2, "rxtx_factor": 1.0, "OS-FLV-EXT-DATA:ephemeral": 0, "id": "3", "os-flavor-access:is_public": true}} {{(pid=66846) _process_stack /opt/stack/nova/nova/api/openstack/wsgi.py:549}}
Jun 09 17:16:25 devstack devstack@n-api.service[66846]: INFO nova.api.openstack.requestlog [None req-63dae7c1-7f9b-46ac-b3b5-c29b73471b4c admin admin] 192.168.122.167 "POST /compute/v2.1/flavors" status: 200 len: 414 microversion: 2.61 time: 0.087089
