Sep 01 11:25:45 devstack cinder-volume[87144]: DEBUG oslo_concurrency.lockutils [None req-909986c2-076b-45fe-ac9e-d646873f236b tempest-GroupsTest-801426410 None] Lock "quobyte_ensure" acquired by "cinder.volume.drivers.quobyte.QuobyteDriver._ensure_shares_mounted" :: waited 0.001s {{(pid=87144) inner /opt/stack/data/venv/lib/python3.12/site-packages/oslo_concurrency/lockutils.py:525}}
Sep 01 11:25:45 devstack cinder-volume[87144]: DEBUG cinder.volume.drivers.quobyte [None req-909986c2-076b-45fe-ac9e-d646873f236b tempest-GroupsTest-801426410 None] Quobyte Volume URL set to: {'osci02.corp.quobyte.com/cinder-vol-e1628186-ce10-4476-a5a8-44b7fc86c223': None} {{(pid=87144) _load_shares_config /opt/stack/cinder/cinder/volume/drivers/quobyte.py:617}}
Sep 01 11:25:45 devstack cinder-volume[87144]: DEBUG cinder.volume.drivers.quobyte [None req-909986c2-076b-45fe-ac9e-d646873f236b tempest-GroupsTest-801426410 None] Available shares ['osci02.corp.quobyte.com/cinder-vol-e1628186-ce10-4476-a5a8-44b7fc86c223'] {{(pid=87144) _ensure_shares_mounted /opt/stack/cinder/cinder/volume/drivers/quobyte.py:647}}
Sep 01 11:25:45 devstack cinder-volume[87144]: DEBUG oslo_concurrency.lockutils [None req-909986c2-076b-45fe-ac9e-d646873f236b tempest-GroupsTest-801426410 None] Lock "quobyte_ensure" "released" by "cinder.volume.drivers.quobyte.QuobyteDriver._ensure_shares_mounted" :: held 0.012s {{(pid=87144) inner /opt/stack/data/venv/lib/python3.12/site-packages/oslo_concurrency/lockutils.py:544}}
Sep 01 11:25:45 devstack cinder-volume[87144]: DEBUG oslo_concurrency.processutils [None req-909986c2-076b-45fe-ac9e-d646873f236b tempest-GroupsTest-801426410 None] Running cmd (subprocess): sudo cinder-rootwrap /etc/cinder/rootwrap.conf df --portability --block-size 1 /opt/stack/data/cinder/mnt/b7ca69cee1d0405894a0e07707032117 {{(pid=87144) execute /opt/stack/data/venv/lib/python3.12/site-packages/oslo_concurrency/processutils.py:440}}
Sep 01 11:25:45 devstack sudo[94034]: quobyte : PWD=/ ; USER=root ; COMMAND=/opt/stack/data/venv/bin/cinder-rootwrap /etc/cinder/rootwrap.conf df --portability --block-size 1 /opt/stack/data/cinder/mnt/b7ca69cee1d0405894a0e07707032117
Sep 01 11:25:45 devstack sudo[94034]: pam_unix(sudo:session): session opened for user root(uid=0) by (uid=1000)
Sep 01 11:25:45 devstack sudo[94031]: pam_unix(sudo:session): session closed for user root
Sep 01 11:25:45 devstack cinder-volume[87144]: DEBUG oslo_concurrency.processutils [None req-d7c03ee1-d2cd-4720-bb43-7d9689d1937d tempest-SnapshotsActionsTest-1579292491 None] CMD "sudo cinder-rootwrap /etc/cinder/rootwrap.conf truncate -s0 /opt/stack/data/cinder/mnt/b7ca69cee1d0405894a0e07707032117/volume-ecb5233f-6540-45d6-9264-ea9f7ba57ed9.info" returned: 0 in 0.305s {{(pid=87144) execute /opt/stack/data/venv/lib/python3.12/site-packages/oslo_concurrency/processutils.py:468}}
Sep 01 11:25:45 devstack cinder-volume[87144]: WARNING cinder.volume.drivers.remotefs [None req-d7c03ee1-d2cd-4720-bb43-7d9689d1937d tempest-SnapshotsActionsTest-1579292491 None] /opt/stack/data/cinder/mnt/b7ca69cee1d0405894a0e07707032117/volume-ecb5233f-6540-45d6-9264-ea9f7ba57ed9.info is being set with open permissions: ugo+rw
Sep 01 11:25:45 devstack cinder-volume[87144]: DEBUG oslo_concurrency.processutils [None req-d7c03ee1-d2cd-4720-bb43-7d9689d1937d tempest-SnapshotsActionsTest-1579292491 None] Running cmd (subprocess): sudo cinder-rootwrap /etc/cinder/rootwrap.conf chmod ugo+rw /opt/stack/data/cinder/mnt/b7ca69cee1d0405894a0e07707032117/volume-ecb5233f-6540-45d6-9264-ea9f7ba57ed9.info {{(pid=87144) execute /opt/stack/data/venv/lib/python3.12/site-packages/oslo_concurrency/processutils.py:440}}
Sep 01 11:25:45 devstack sudo[94036]: quobyte : PWD=/ ; USER=root ; COMMAND=/opt/stack/data/venv/bin/cinder-rootwrap /etc/cinder/rootwrap.conf chmod ugo+rw /opt/stack/data/cinder/mnt/b7ca69cee1d0405894a0e07707032117/volume-ecb5233f-6540-45d6-9264-ea9f7ba57ed9.info
Sep 01 11:25:45 devstack sudo[94036]: pam_unix(sudo:session): session opened for user root(uid=0) by (uid=1000)
Sep 01 11:25:46 devstack sudo[94034]: pam_unix(sudo:session): session closed for user root
Sep 01 11:25:46 devstack cinder-volume[87144]: DEBUG oslo_concurrency.processutils [None req-909986c2-076b-45fe-ac9e-d646873f236b tempest-GroupsTest-801426410 None] CMD "sudo cinder-rootwrap /etc/cinder/rootwrap.conf df --portability --block-size 1 /opt/stack/data/cinder/mnt/b7ca69cee1d0405894a0e07707032117" returned: 0 in 0.273s {{(pid=87144) execute /opt/stack/data/venv/lib/python3.12/site-packages/oslo_concurrency/processutils.py:468}}
Sep 01 11:25:46 devstack cinder-volume[87144]: DEBUG cinder.manager [None req-909986c2-076b-45fe-ac9e-d646873f236b tempest-GroupsTest-801426410 None] Notifying Schedulers of capabilities ... {{(pid=87144) _publish_service_capabilities /opt/stack/cinder/cinder/manager.py:219}}
Sep 01 11:25:46 devstack cinder-volume[87144]: INFO cinder.volume.manager [None req-909986c2-076b-45fe-ac9e-d646873f236b tempest-GroupsTest-801426410 None] Delete group completed successfully.
Sep 01 11:25:46 devstack sudo[94036]: pam_unix(sudo:session): session closed for user root
Sep 01 11:25:46 devstack cinder-volume[87144]: DEBUG oslo_concurrency.processutils [None req-d7c03ee1-d2cd-4720-bb43-7d9689d1937d tempest-SnapshotsActionsTest-1579292491 None] CMD "sudo cinder-rootwrap /etc/cinder/rootwrap.conf chmod ugo+rw /opt/stack/data/cinder/mnt/b7ca69cee1d0405894a0e07707032117/volume-ecb5233f-6540-45d6-9264-ea9f7ba57ed9.info" returned: 0 in 0.307s {{(pid=87144) execute /opt/stack/data/venv/lib/python3.12/site-packages/oslo_concurrency/processutils.py:468}}
Sep 01 11:25:46 devstack cinder-volume[87144]: DEBUG oslo_concurrency.lockutils [None req-d7c03ee1-d2cd-4720-bb43-7d9689d1937d tempest-SnapshotsActionsTest-1579292491 None] Lock "quobyte" "released" by "cinder.volume.drivers.quobyte.QuobyteDriver.create_snapshot" :: held 2.217s {{(pid=87144) inner /opt/stack/data/venv/lib/python3.12/site-packages/oslo_concurrency/lockutils.py:544}}
Sep 01 11:25:46 devstack cinder-volume[87144]: INFO cinder.volume.manager [None req-d7c03ee1-d2cd-4720-bb43-7d9689d1937d tempest-SnapshotsActionsTest-1579292491 None] Create snapshot completed successfully
Sep 01 11:25:47 devstack cinder-volume[87144]: DEBUG dbcounter [-] [87144] Writing DB stats cinder:UPDATE=150,cinder:SELECT=146,cinder:INSERT=37,cinder:DELETE=5 {{(pid=87144) stat_writer /opt/stack/data/venv/lib/python3.12/site-packages/dbcounter.py:115}}
Sep 01 11:25:47 devstack cinder-volume[87144]: DEBUG oslo_concurrency.lockutils [None req-fb141df7-9dfc-4350-acd9-70143ab1d115 tempest-SnapshotsActionsTest-1579292491 None] Acquiring lock "quobyte" by "cinder.volume.drivers.quobyte.QuobyteDriver.create_snapshot" {{(pid=87144) inner /opt/stack/data/venv/lib/python3.12/site-packages/oslo_concurrency/lockutils.py:512}}
Sep 01 11:25:47 devstack cinder-volume[87144]: DEBUG oslo_concurrency.lockutils [None req-fb141df7-9dfc-4350-acd9-70143ab1d115 tempest-SnapshotsActionsTest-1579292491 None] Lock "quobyte" acquired by "cinder.volume.drivers.quobyte.QuobyteDriver.create_snapshot" :: waited 0.002s {{(pid=87144) inner /opt/stack/data/venv/lib/python3.12/site-packages/oslo_concurrency/lockutils.py:525}}
Sep 01 11:25:47 devstack cinder-volume[87144]: DEBUG dbcounter [-] [87144] Writing DB stats cinder:UPDATE=145,cinder:SELECT=149,cinder:DELETE=7,cinder:INSERT=28 {{(pid=87144) stat_writer /opt/stack/data/venv/lib/python3.12/site-packages/dbcounter.py:115}}
Sep 01 11:25:47 devstack cinder-volume[87144]: DEBUG cinder.volume.drivers.remotefs [None req-fb141df7-9dfc-4350-acd9-70143ab1d115 tempest-SnapshotsActionsTest-1579292491 None] Creating offline snapshot f894796f-05e4-4d69-8190-9ebf56314f8a of volume ecb5233f-6540-45d6-9264-ea9f7ba57ed9 {{(pid=87144) _create_snapshot /opt/stack/cinder/cinder/volume/drivers/remotefs.py:1816}}
Sep 01 11:25:47 devstack cinder-volume[87144]: DEBUG oslo.privsep.daemon [-] privsep: reply[9f2e941b-3cad-44a0-b3bd-f0b3a1a51f54]: (4, 'qcow2') {{(pid=88216) _call_back /opt/stack/data/venv/lib/python3.12/site-packages/oslo_privsep/daemon.py:580}}
Sep 01 11:25:47 devstack cinder-volume[87144]: DEBUG oslo_concurrency.processutils [None req-fb141df7-9dfc-4350-acd9-70143ab1d115 tempest-SnapshotsActionsTest-1579292491 None] Running cmd (subprocess): /opt/stack/data/venv/bin/python3.12 -m oslo_concurrency.prlimit --as=1073741824 --cpu=60 -- sudo cinder-rootwrap /etc/cinder/rootwrap.conf env LC_ALL=C qemu-img info -f qcow2 --output=json --force-share /opt/stack/data/cinder/mnt/b7ca69cee1d0405894a0e07707032117/volume-ecb5233f-6540-45d6-9264-ea9f7ba57ed9.d77212ff-0343-4c79-add2-739c67fed0cd {{(pid=87144) execute /opt/stack/data/venv/lib/python3.12/site-packages/oslo_concurrency/processutils.py:440}}
Sep 01 11:25:48 devstack sudo[94041]: quobyte : PWD=/ ; USER=root ; COMMAND=/opt/stack/data/venv/bin/cinder-rootwrap /etc/cinder/rootwrap.conf env LC_ALL=C qemu-img info -f qcow2 --output=json --force-share /opt/stack/data/cinder/mnt/b7ca69cee1d0405894a0e07707032117/volume-ecb5233f-6540-45d6-9264-ea9f7ba57ed9.d77212ff-0343-4c79-add2-739c67fed0cd
Sep 01 11:25:48 devstack sudo[94041]: pam_unix(sudo:session): session opened for user root(uid=0) by (uid=1000)
Sep 01 11:25:48 devstack sudo[94041]: pam_unix(sudo:session): session closed for user root
Sep 01 11:25:48 devstack cinder-volume[87144]: DEBUG oslo_concurrency.processutils [None req-fb141df7-9dfc-4350-acd9-70143ab1d115 tempest-SnapshotsActionsTest-1579292491 None] CMD "/opt/stack/data/venv/bin/python3.12 -m oslo_concurrency.prlimit --as=1073741824 --cpu=60 -- sudo cinder-rootwrap /etc/cinder/rootwrap.conf env LC_ALL=C qemu-img info -f qcow2 --output=json --force-share /opt/stack/data/cinder/mnt/b7ca69cee1d0405894a0e07707032117/volume-ecb5233f-6540-45d6-9264-ea9f7ba57ed9.d77212ff-0343-4c79-add2-739c67fed0cd" returned: 0 in 0.387s {{(pid=87144) execute /opt/stack/data/venv/lib/python3.12/site-packages/oslo_concurrency/processutils.py:468}}
Sep 01 11:25:48 devstack cinder-volume[87144]: DEBUG cinder.volume.drivers.remotefs [None req-fb141df7-9dfc-4350-acd9-70143ab1d115 tempest-SnapshotsActionsTest-1579292491 None] Fetching qemu-img info with special backing_file_template: (/opt/stack/data/cinder/mnt/[0-9a-f]+/)?(volume-ecb5233f-6540-45d6-9264-ea9f7ba57ed9(.(tmp-snap-)?[0-9a-f-]+)?|volume_from_snapshot_cache/(tmp-snap-)?[0-9a-f-]+(.(child-|parent-)[0-9a-f-]+)?)$ {{(pid=87144) _qemu_img_info_base /opt/stack/cinder/cinder/volume/drivers/remotefs.py:896}}
Sep 01 11:25:48 devstack cinder-volume[87144]: DEBUG oslo_concurrency.processutils [None req-fb141df7-9dfc-4350-acd9-70143ab1d115 tempest-SnapshotsActionsTest-1579292491 None] Running cmd (subprocess): sudo cinder-rootwrap /etc/cinder/rootwrap.conf qemu-img create -f qcow2 -o backing_file=/opt/stack/data/cinder/mnt/b7ca69cee1d0405894a0e07707032117/volume-ecb5233f-6540-45d6-9264-ea9f7ba57ed9.d77212ff-0343-4c79-add2-739c67fed0cd,backing_fmt=qcow2 /opt/stack/data/cinder/mnt/b7ca69cee1d0405894a0e07707032117/volume-ecb5233f-6540-45d6-9264-ea9f7ba57ed9.f894796f-05e4-4d69-8190-9ebf56314f8a 1G {{(pid=87144) execute /opt/stack/data/venv/lib/python3.12/site-packages/oslo_concurrency/processutils.py:440}}
Sep 01 11:25:48 devstack sudo[94046]: quobyte : PWD=/ ; USER=root ; COMMAND=/opt/stack/data/venv/bin/cinder-rootwrap /etc/cinder/rootwrap.conf qemu-img create -f qcow2 -o backing_file=/opt/stack/data/cinder/mnt/b7ca69cee1d0405894a0e07707032117/volume-ecb5233f-6540-45d6-9264-ea9f7ba57ed9.d77212ff-0343-4c79-add2-739c67fed0cd,backing_fmt=qcow2 /opt/stack/data/cinder/mnt/b7ca69cee1d0405894a0e07707032117/volume-ecb5233f-6540-45d6-9264-ea9f7ba57ed9.f894796f-05e4-4d69-8190-9ebf56314f8a 1G
Sep 01 11:25:48 devstack sudo[94046]: pam_unix(sudo:session): session opened for user root(uid=0) by (uid=1000)
Sep 01 11:25:48 devstack sudo[94046]: pam_unix(sudo:session): session closed for user root
Sep 01 11:25:48 devstack cinder-volume[87144]: DEBUG oslo_concurrency.processutils [None req-fb141df7-9dfc-4350-acd9-70143ab1d115 tempest-SnapshotsActionsTest-1579292491 None] CMD "sudo cinder-rootwrap /etc/cinder/rootwrap.conf qemu-img create -f qcow2 -o backing_file=/opt/stack/data/cinder/mnt/b7ca69cee1d0405894a0e07707032117/volume-ecb5233f-6540-45d6-9264-ea9f7ba57ed9.d77212ff-0343-4c79-add2-739c67fed0cd,backing_fmt=qcow2 /opt/stack/data/cinder/mnt/b7ca69cee1d0405894a0e07707032117/volume-ecb5233f-6540-45d6-9264-ea9f7ba57ed9.f894796f-05e4-4d69-8190-9ebf56314f8a 1G" returned: 0 in 0.435s {{(pid=87144) execute /opt/stack/data/venv/lib/python3.12/site-packages/oslo_concurrency/processutils.py:468}}
Sep 01 11:25:48 devstack cinder-volume[87144]: DEBUG oslo_concurrency.processutils [None req-fb141df7-9dfc-4350-acd9-70143ab1d115 tempest-SnapshotsActionsTest-1579292491 None] Running cmd (subprocess): sudo cinder-rootwrap /etc/cinder/rootwrap.conf qemu-img rebase -u -b volume-ecb5233f-6540-45d6-9264-ea9f7ba57ed9.d77212ff-0343-4c79-add2-739c67fed0cd -F qcow2 /opt/stack/data/cinder/mnt/b7ca69cee1d0405894a0e07707032117/volume-ecb5233f-6540-45d6-9264-ea9f7ba57ed9.f894796f-05e4-4d69-8190-9ebf56314f8a {{(pid=87144) execute /opt/stack/data/venv/lib/python3.12/site-packages/oslo_concurrency/processutils.py:440}}
Sep 01 11:25:48 devstack sudo[94052]: quobyte : PWD=/ ; USER=root ; COMMAND=/opt/stack/data/venv/bin/cinder-rootwrap /etc/cinder/rootwrap.conf qemu-img rebase -u -b volume-ecb5233f-6540-45d6-9264-ea9f7ba57ed9.d77212ff-0343-4c79-add2-739c67fed0cd -F qcow2 /opt/stack/data/cinder/mnt/b7ca69cee1d0405894a0e07707032117/volume-ecb5233f-6540-45d6-9264-ea9f7ba57ed9.f894796f-05e4-4d69-8190-9ebf56314f8a
Sep 01 11:25:48 devstack sudo[94052]: pam_unix(sudo:session): session opened for user root(uid=0) by (uid=1000)
Sep 01 11:25:49 devstack sudo[94052]: pam_unix(sudo:session): session closed for user root
Sep 01 11:25:49 devstack cinder-volume[87144]: DEBUG oslo_concurrency.processutils [None req-fb141df7-9dfc-4350-acd9-70143ab1d115 tempest-SnapshotsActionsTest-1579292491 None] CMD "sudo cinder-rootwrap /etc/cinder/rootwrap.conf qemu-img rebase -u -b volume-ecb5233f-6540-45d6-9264-ea9f7ba57ed9.d77212ff-0343-4c79-add2-739c67fed0cd -F qcow2 /opt/stack/data/cinder/mnt/b7ca69cee1d0405894a0e07707032117/volume-ecb5233f-6540-45d6-9264-ea9f7ba57ed9.f894796f-05e4-4d69-8190-9ebf56314f8a" returned: 0 in 0.299s {{(pid=87144) execute /opt/stack/data/venv/lib/python3.12/site-packages/oslo_concurrency/processutils.py:468}}
Sep 01 11:25:49 devstack cinder-volume[87144]: WARNING cinder.volume.drivers.remotefs [None req-fb141df7-9dfc-4350-acd9-70143ab1d115 tempest-SnapshotsActionsTest-1579292491 None] /opt/stack/data/cinder/mnt/b7ca69cee1d0405894a0e07707032117/volume-ecb5233f-6540-45d6-9264-ea9f7ba57ed9.f894796f-05e4-4d69-8190-9ebf56314f8a is being set with open permissions: ugo+rw
Sep 01 11:25:49 devstack cinder-volume[87144]: DEBUG oslo_concurrency.processutils [None req-fb141df7-9dfc-4350-acd9-70143ab1d115 tempest-SnapshotsActionsTest-1579292491 None] Running cmd (subprocess): sudo cinder-rootwrap /etc/cinder/rootwrap.conf chmod ugo+rw /opt/stack/data/cinder/mnt/b7ca69cee1d0405894a0e07707032117/volume-ecb5233f-6540-45d6-9264-ea9f7ba57ed9.f894796f-05e4-4d69-8190-9ebf56314f8a {{(pid=87144) execute /opt/stack/data/venv/lib/python3.12/site-packages/oslo_concurrency/processutils.py:440}}
Sep 01 11:25:49 devstack sudo[94057]: quobyte : PWD=/ ; USER=root ; COMMAND=/opt/stack/data/venv/bin/cinder-rootwrap /etc/cinder/rootwrap.conf chmod ugo+rw /opt/stack/data/cinder/mnt/b7ca69cee1d0405894a0e07707032117/volume-ecb5233f-6540-45d6-9264-ea9f7ba57ed9.f894796f-05e4-4d69-8190-9ebf56314f8a
Sep 01 11:25:49 devstack sudo[94057]: pam_unix(sudo:session): session opened for user root(uid=0) by (uid=1000)
Sep 01 11:25:49 devstack sudo[94057]: pam_unix(sudo:session): session closed for user root
Sep 01 11:25:49 devstack cinder-volume[87144]: DEBUG oslo_concurrency.processutils [None req-fb141df7-9dfc-4350-acd9-70143ab1d115 tempest-SnapshotsActionsTest-1579292491 None] CMD "sudo cinder-rootwrap /etc/cinder/rootwrap.conf chmod ugo+rw /opt/stack/data/cinder/mnt/b7ca69cee1d0405894a0e07707032117/volume-ecb5233f-6540-45d6-9264-ea9f7ba57ed9.f894796f-05e4-4d69-8190-9ebf56314f8a" returned: 0 in 0.237s {{(pid=87144) execute /opt/stack/data/venv/lib/python3.12/site-packages/oslo_concurrency/processutils.py:468}}
Sep 01 11:25:49 devstack cinder-volume[87144]: DEBUG oslo_concurrency.lockutils [None req-fb141df7-9dfc-4350-acd9-70143ab1d115 tempest-SnapshotsActionsTest-1579292491 None] Lock "quobyte" "released" by "cinder.volume.drivers.quobyte.QuobyteDriver.create_snapshot" :: held 1.490s {{(pid=87144) inner /opt/stack/data/venv/lib/python3.12/site-packages/oslo_concurrency/lockutils.py:544}}
Sep 01 11:25:49 devstack cinder-volume[87144]: INFO cinder.volume.manager [None req-fb141df7-9dfc-4350-acd9-70143ab1d115 tempest-SnapshotsActionsTest-1579292491 None] Create snapshot completed successfully
Sep 01 11:25:50 devstack cinder-volume[87144]: DEBUG cinder.coordination [None req-4cf68ac8-7830-42c4-afd1-53e76bd502e0 tempest-SnapshotsActionsTest-346656841 None] Acquiring lock "cinder-f894796f-05e4-4d69-8190-9ebf56314f8a-delete_snapshot" by "delete_snapshot" {{(pid=87144) __acquire /opt/stack/cinder/cinder/coordination.py:138}}
Sep 01 11:25:50 devstack cinder-volume[87144]: DEBUG cinder.coordination [None req-4cf68ac8-7830-42c4-afd1-53e76bd502e0 tempest-SnapshotsActionsTest-346656841 None] Lock "cinder-f894796f-05e4-4d69-8190-9ebf56314f8a-delete_snapshot" acquired by "delete_snapshot" :: waited 0.027s {{(pid=87144) __acquire /opt/stack/cinder/cinder/coordination.py:141}}
Sep 01 11:25:50 devstack cinder-volume[87144]: DEBUG cinder.coordination [None req-4cf68ac8-7830-42c4-afd1-53e76bd502e0 tempest-SnapshotsActionsTest-346656841 None] Acquiring lock "cinder-quobyte-ecb5233f-6540-45d6-9264-ea9f7ba57ed9" by "delete_snapshot" {{(pid=87144) __acquire /opt/stack/cinder/cinder/coordination.py:138}}
Sep 01 11:25:50 devstack cinder-volume[87144]: DEBUG cinder.coordination [None req-4cf68ac8-7830-42c4-afd1-53e76bd502e0 tempest-SnapshotsActionsTest-346656841 None] Lock "cinder-quobyte-ecb5233f-6540-45d6-9264-ea9f7ba57ed9" acquired by "delete_snapshot" :: waited 0.020s {{(pid=87144) __acquire /opt/stack/cinder/cinder/coordination.py:141}}
Sep 01 11:25:50 devstack cinder-volume[87144]: DEBUG cinder.coordination [None req-4cf68ac8-7830-42c4-afd1-53e76bd502e0 tempest-SnapshotsActionsTest-346656841 None] Acquiring lock "cinder-quobyte-f894796f-05e4-4d69-8190-9ebf56314f8a" by "_delete_snapshot" {{(pid=87144) __acquire /opt/stack/cinder/cinder/coordination.py:138}}
Sep 01 11:25:50 devstack cinder-volume[87144]: DEBUG cinder.coordination [None req-4cf68ac8-7830-42c4-afd1-53e76bd502e0 tempest-SnapshotsActionsTest-346656841 None] Lock "cinder-quobyte-f894796f-05e4-4d69-8190-9ebf56314f8a" acquired by "_delete_snapshot" :: waited 0.014s {{(pid=87144) __acquire /opt/stack/cinder/cinder/coordination.py:141}}
Sep 01 11:25:50 devstack cinder-volume[87144]: DEBUG cinder.volume.drivers.remotefs [None req-4cf68ac8-7830-42c4-afd1-53e76bd502e0 tempest-SnapshotsActionsTest-346656841 None] Deleting offline snapshot f894796f-05e4-4d69-8190-9ebf56314f8a of volume ecb5233f-6540-45d6-9264-ea9f7ba57ed9 {{(pid=87144) _delete_snapshot /opt/stack/cinder/cinder/volume/drivers/remotefs.py:1288}}
Sep 01 11:25:50 devstack cinder-volume[87144]: DEBUG cinder.volume.drivers.remotefs [None req-4cf68ac8-7830-42c4-afd1-53e76bd502e0 tempest-SnapshotsActionsTest-346656841 None] snapshot_file for this snap is: volume-ecb5233f-6540-45d6-9264-ea9f7ba57ed9.f894796f-05e4-4d69-8190-9ebf56314f8a {{(pid=87144) _delete_snapshot /opt/stack/cinder/cinder/volume/drivers/remotefs.py:1317}}
Sep 01 11:25:50 devstack cinder-volume[87144]: DEBUG oslo.privsep.daemon [-] privsep: reply[806ec9b2-99bb-43ee-9b20-2059a0d545fe]: (4, 'qcow2') {{(pid=88216) _call_back /opt/stack/data/venv/lib/python3.12/site-packages/oslo_privsep/daemon.py:580}}
Sep 01 11:25:50 devstack cinder-volume[87144]: DEBUG oslo_concurrency.processutils [None req-4cf68ac8-7830-42c4-afd1-53e76bd502e0 tempest-SnapshotsActionsTest-346656841 None] Running cmd (subprocess): /opt/stack/data/venv/bin/python3.12 -m oslo_concurrency.prlimit --as=1073741824 --cpu=60 -- sudo cinder-rootwrap /etc/cinder/rootwrap.conf env LC_ALL=C qemu-img info -f qcow2 --output=json --force-share /opt/stack/data/cinder/mnt/b7ca69cee1d0405894a0e07707032117/volume-ecb5233f-6540-45d6-9264-ea9f7ba57ed9.f894796f-05e4-4d69-8190-9ebf56314f8a {{(pid=87144) execute /opt/stack/data/venv/lib/python3.12/site-packages/oslo_concurrency/processutils.py:440}}
Sep 01 11:25:50 devstack sudo[94060]: quobyte : PWD=/ ; USER=root ; COMMAND=/opt/stack/data/venv/bin/cinder-rootwrap /etc/cinder/rootwrap.conf env LC_ALL=C qemu-img info -f qcow2 --output=json --force-share /opt/stack/data/cinder/mnt/b7ca69cee1d0405894a0e07707032117/volume-ecb5233f-6540-45d6-9264-ea9f7ba57ed9.f894796f-05e4-4d69-8190-9ebf56314f8a
Sep 01 11:25:50 devstack sudo[94060]: pam_unix(sudo:session): session opened for user root(uid=0) by (uid=1000)
Sep 01 11:25:50 devstack sudo[94060]: pam_unix(sudo:session): session closed for user root
Sep 01 11:25:50 devstack cinder-volume[87144]: DEBUG oslo_concurrency.processutils [None req-4cf68ac8-7830-42c4-afd1-53e76bd502e0 tempest-SnapshotsActionsTest-346656841 None] CMD "/opt/stack/data/venv/bin/python3.12 -m oslo_concurrency.prlimit --as=1073741824 --cpu=60 -- sudo cinder-rootwrap /etc/cinder/rootwrap.conf env LC_ALL=C qemu-img info -f qcow2 --output=json --force-share /opt/stack/data/cinder/mnt/b7ca69cee1d0405894a0e07707032117/volume-ecb5233f-6540-45d6-9264-ea9f7ba57ed9.f894796f-05e4-4d69-8190-9ebf56314f8a" returned: 0 in 0.361s {{(pid=87144) execute /opt/stack/data/venv/lib/python3.12/site-packages/oslo_concurrency/processutils.py:468}}
Sep 01 11:25:50 devstack cinder-volume[87144]: DEBUG cinder.volume.drivers.remotefs [None req-4cf68ac8-7830-42c4-afd1-53e76bd502e0 tempest-SnapshotsActionsTest-346656841 None] Fetching qemu-img info with special backing_file_template: (/opt/stack/data/cinder/mnt/[0-9a-f]+/)?(volume-ecb5233f-6540-45d6-9264-ea9f7ba57ed9(.(tmp-snap-)?[0-9a-f-]+)?|volume_from_snapshot_cache/(tmp-snap-)?[0-9a-f-]+(.(child-|parent-)[0-9a-f-]+)?)$ {{(pid=87144) _qemu_img_info_base /opt/stack/cinder/cinder/volume/drivers/remotefs.py:896}}
Sep 01 11:25:50 devstack cinder-volume[87144]: DEBUG oslo.privsep.daemon [-] privsep: reply[782e418f-b55e-40f3-946d-f02eee7b11bf]: (4, 'qcow2') {{(pid=88216) _call_back /opt/stack/data/venv/lib/python3.12/site-packages/oslo_privsep/daemon.py:580}}
Sep 01 11:25:50 devstack cinder-volume[87144]: DEBUG oslo_concurrency.processutils [None req-4cf68ac8-7830-42c4-afd1-53e76bd502e0 tempest-SnapshotsActionsTest-346656841 None] Running cmd (subprocess): /opt/stack/data/venv/bin/python3.12 -m oslo_concurrency.prlimit --as=1073741824 --cpu=60 -- sudo cinder-rootwrap /etc/cinder/rootwrap.conf env LC_ALL=C qemu-img info -f qcow2 --output=json --force-share /opt/stack/data/cinder/mnt/b7ca69cee1d0405894a0e07707032117/volume-ecb5233f-6540-45d6-9264-ea9f7ba57ed9.d77212ff-0343-4c79-add2-739c67fed0cd {{(pid=87144) execute /opt/stack/data/venv/lib/python3.12/site-packages/oslo_concurrency/processutils.py:440}}
Sep 01 11:25:50 devstack sudo[94065]: quobyte : PWD=/ ; USER=root ; COMMAND=/opt/stack/data/venv/bin/cinder-rootwrap /etc/cinder/rootwrap.conf env LC_ALL=C qemu-img info -f qcow2 --output=json --force-share /opt/stack/data/cinder/mnt/b7ca69cee1d0405894a0e07707032117/volume-ecb5233f-6540-45d6-9264-ea9f7ba57ed9.d77212ff-0343-4c79-add2-739c67fed0cd
Sep 01 11:25:50 devstack sudo[94065]: pam_unix(sudo:session): session opened for user root(uid=0) by (uid=1000)
Sep 01 11:25:50 devstack sudo[94065]: pam_unix(sudo:session): session closed for user root
Sep 01 11:25:50 devstack cinder-volume[87144]: DEBUG oslo_concurrency.processutils [None req-4cf68ac8-7830-42c4-afd1-53e76bd502e0 tempest-SnapshotsActionsTest-346656841 None] CMD "/opt/stack/data/venv/bin/python3.12 -m oslo_concurrency.prlimit --as=1073741824 --cpu=60 -- sudo cinder-rootwrap /etc/cinder/rootwrap.conf env LC_ALL=C qemu-img info -f qcow2 --output=json --force-share /opt/stack/data/cinder/mnt/b7ca69cee1d0405894a0e07707032117/volume-ecb5233f-6540-45d6-9264-ea9f7ba57ed9.d77212ff-0343-4c79-add2-739c67fed0cd" returned: 0 in 0.366s {{(pid=87144) execute /opt/stack/data/venv/lib/python3.12/site-packages/oslo_concurrency/processutils.py:468}}
Sep 01 11:25:50 devstack cinder-volume[87144]: DEBUG cinder.volume.drivers.remotefs [None req-4cf68ac8-7830-42c4-afd1-53e76bd502e0 tempest-SnapshotsActionsTest-346656841 None] Fetching qemu-img info with special backing_file_template: (/opt/stack/data/cinder/mnt/[0-9a-f]+/)?(volume-ecb5233f-6540-45d6-9264-ea9f7ba57ed9(.(tmp-snap-)?[0-9a-f-]+)?|volume_from_snapshot_cache/(tmp-snap-)?[0-9a-f-]+(.(child-|parent-)[0-9a-f-]+)?)$ {{(pid=87144) _qemu_img_info_base /opt/stack/cinder/cinder/volume/drivers/remotefs.py:896}}
Sep 01 11:25:50 devstack cinder-volume[87144]: DEBUG oslo_concurrency.processutils [None req-4cf68ac8-7830-42c4-afd1-53e76bd502e0 tempest-SnapshotsActionsTest-346656841 None] Running cmd (subprocess): sudo cinder-rootwrap /etc/cinder/rootwrap.conf qemu-img commit -d /opt/stack/data/cinder/mnt/b7ca69cee1d0405894a0e07707032117/volume-ecb5233f-6540-45d6-9264-ea9f7ba57ed9.f894796f-05e4-4d69-8190-9ebf56314f8a {{(pid=87144) execute /opt/stack/data/venv/lib/python3.12/site-packages/oslo_concurrency/processutils.py:440}}
Sep 01 11:25:50 devstack sudo[94071]: quobyte : PWD=/ ; USER=root ; COMMAND=/opt/stack/data/venv/bin/cinder-rootwrap /etc/cinder/rootwrap.conf qemu-img commit -d /opt/stack/data/cinder/mnt/b7ca69cee1d0405894a0e07707032117/volume-ecb5233f-6540-45d6-9264-ea9f7ba57ed9.f894796f-05e4-4d69-8190-9ebf56314f8a
Sep 01 11:25:50 devstack sudo[94071]: pam_unix(sudo:session): session opened for user root(uid=0) by (uid=1000)
Sep 01 11:25:51 devstack cinder-volume[87144]: INFO cinder.volume.manager [None req-0304154b-3d09-411d-b340-b803900bcabc tempest-GroupsV314Test-1933444681 None] Group tempest-GroupsV314Test-Group-762845835: creating
Sep 01 11:25:51 devstack cinder-volume[87144]: INFO cinder.volume.manager [None req-0304154b-3d09-411d-b340-b803900bcabc tempest-GroupsV314Test-1933444681 None] Group tempest-GroupsV314Test-Group-762845835: created successfully
Sep 01 11:25:51 devstack cinder-volume[87144]: INFO cinder.volume.manager [None req-0304154b-3d09-411d-b340-b803900bcabc tempest-GroupsV314Test-1933444681 None] Create group completed successfully.
Sep 01 11:25:51 devstack sudo[94071]: pam_unix(sudo:session): session closed for user root
Sep 01 11:25:51 devstack cinder-volume[87144]: DEBUG oslo_concurrency.processutils [None req-4cf68ac8-7830-42c4-afd1-53e76bd502e0 tempest-SnapshotsActionsTest-346656841 None] CMD "sudo cinder-rootwrap /etc/cinder/rootwrap.conf qemu-img commit -d /opt/stack/data/cinder/mnt/b7ca69cee1d0405894a0e07707032117/volume-ecb5233f-6540-45d6-9264-ea9f7ba57ed9.f894796f-05e4-4d69-8190-9ebf56314f8a" returned: 0 in 0.384s {{(pid=87144) execute /opt/stack/data/venv/lib/python3.12/site-packages/oslo_concurrency/processutils.py:468}}
Sep 01 11:25:51 devstack cinder-volume[87144]: DEBUG oslo_concurrency.processutils [None req-4cf68ac8-7830-42c4-afd1-53e76bd502e0 tempest-SnapshotsActionsTest-346656841 None] Running cmd (subprocess): sudo cinder-rootwrap /etc/cinder/rootwrap.conf rm -f /opt/stack/data/cinder/mnt/b7ca69cee1d0405894a0e07707032117/volume-ecb5233f-6540-45d6-9264-ea9f7ba57ed9.f894796f-05e4-4d69-8190-9ebf56314f8a {{(pid=87144) execute /opt/stack/data/venv/lib/python3.12/site-packages/oslo_concurrency/processutils.py:440}}
Sep 01 11:25:51 devstack sudo[94076]: quobyte : PWD=/ ; USER=root ; COMMAND=/opt/stack/data/venv/bin/cinder-rootwrap /etc/cinder/rootwrap.conf rm -f /opt/stack/data/cinder/mnt/b7ca69cee1d0405894a0e07707032117/volume-ecb5233f-6540-45d6-9264-ea9f7ba57ed9.f894796f-05e4-4d69-8190-9ebf56314f8a
Sep 01 11:25:51 devstack sudo[94076]: pam_unix(sudo:session): session opened for user root(uid=0) by (uid=1000)
Sep 01 11:25:51 devstack sudo[94076]: pam_unix(sudo:session): session closed for user root
Sep 01 11:25:51 devstack cinder-volume[87144]: DEBUG oslo_concurrency.processutils [None req-4cf68ac8-7830-42c4-afd1-53e76bd502e0 tempest-SnapshotsActionsTest-346656841 None] CMD "sudo cinder-rootwrap /etc/cinder/rootwrap.conf rm -f /opt/stack/data/cinder/mnt/b7ca69cee1d0405894a0e07707032117/volume-ecb5233f-6540-45d6-9264-ea9f7ba57ed9.f894796f-05e4-4d69-8190-9ebf56314f8a" returned: 0 in 0.260s {{(pid=87144) execute /opt/stack/data/venv/lib/python3.12/site-packages/oslo_concurrency/processutils.py:468}}
Sep 01 11:25:51 devstack cinder-volume[87144]: DEBUG cinder.coordination [None req-4cf68ac8-7830-42c4-afd1-53e76bd502e0 tempest-SnapshotsActionsTest-346656841 None] Lock "cinder-quobyte-f894796f-05e4-4d69-8190-9ebf56314f8a" released by "_delete_snapshot" :: held 1.466s {{(pid=87144) __release /opt/stack/cinder/cinder/coordination.py:152}}
Sep 01 11:25:51 devstack cinder-volume[87144]: DEBUG cinder.coordination [None req-4cf68ac8-7830-42c4-afd1-53e76bd502e0 tempest-SnapshotsActionsTest-346656841 None] Lock "cinder-quobyte-ecb5233f-6540-45d6-9264-ea9f7ba57ed9" released by "delete_snapshot" :: held 1.487s {{(pid=87144) __release /opt/stack/cinder/cinder/coordination.py:152}}
Sep 01 11:25:51 devstack cinder-volume[87144]: WARNING cinder.quota [None req-4cf68ac8-7830-42c4-afd1-53e76bd502e0 tempest-SnapshotsActionsTest-346656841 None] Deprecated: Default quota for resource: snapshots_QuobyteHD is set by the default quota flag: quota_snapshots_QuobyteHD, it is now deprecated. Please use the default quota class for default quota.
Sep 01 11:25:51 devstack cinder-volume[87144]: DEBUG cinder.quota [None req-4cf68ac8-7830-42c4-afd1-53e76bd502e0 tempest-SnapshotsActionsTest-346656841 None] Created reservations ['dac448ad-ce9f-4f52-a29e-3cf6c4de3573', '722f866a-8091-44f7-9297-3868f3a00c5b', 'cc428bee-c63d-48cd-9802-717bb645b706', '7d17b25c-a3b6-4546-a646-41b4be1fe061'] {{(pid=87144) reserve /opt/stack/cinder/cinder/quota.py:752}}
Sep 01 11:25:51 devstack cinder-volume[87144]: INFO cinder.volume.manager [None req-4cf68ac8-7830-42c4-afd1-53e76bd502e0 tempest-SnapshotsActionsTest-346656841 None] Delete snapshot completed successfully.
Sep 01 11:25:51 devstack cinder-volume[87144]: DEBUG cinder.coordination [None req-4cf68ac8-7830-42c4-afd1-53e76bd502e0 tempest-SnapshotsActionsTest-346656841 None] Lock "cinder-f894796f-05e4-4d69-8190-9ebf56314f8a-delete_snapshot" released by "delete_snapshot" :: held 1.638s {{(pid=87144) __release /opt/stack/cinder/cinder/coordination.py:152}}
Sep 01 11:25:52 devstack cinder-volume[87144]: DEBUG oslo_concurrency.lockutils [None req-c646e42b-4c7d-4080-8b34-038af1e0a1be tempest-SnapshotsActionsTest-1579292491 None] Acquiring lock "quobyte" by "cinder.volume.drivers.quobyte.QuobyteDriver.create_snapshot" {{(pid=87144) inner /opt/stack/data/venv/lib/python3.12/site-packages/oslo_concurrency/lockutils.py:512}}
Sep 01 11:25:52 devstack cinder-volume[87144]: DEBUG oslo_concurrency.lockutils [None req-c646e42b-4c7d-4080-8b34-038af1e0a1be tempest-SnapshotsActionsTest-1579292491 None] Lock "quobyte" acquired by "cinder.volume.drivers.quobyte.QuobyteDriver.create_snapshot" :: waited 0.001s {{(pid=87144) inner /opt/stack/data/venv/lib/python3.12/site-packages/oslo_concurrency/lockutils.py:525}}
Sep 01 11:25:52 devstack cinder-volume[87144]: DEBUG cinder.volume.drivers.remotefs [None req-c646e42b-4c7d-4080-8b34-038af1e0a1be tempest-SnapshotsActionsTest-1579292491 None] Creating offline snapshot 5263225e-43f6-439f-9af9-42d48f97a6bc of volume ecb5233f-6540-45d6-9264-ea9f7ba57ed9 {{(pid=87144) _create_snapshot /opt/stack/cinder/cinder/volume/drivers/remotefs.py:1816}}
Sep 01 11:25:52 devstack cinder-volume[87144]: DEBUG oslo.privsep.daemon [-] privsep: reply[a03fa3df-0308-4464-af4c-d8ae01275463]: (4, 'qcow2') {{(pid=88216) _call_back /opt/stack/data/venv/lib/python3.12/site-packages/oslo_privsep/daemon.py:580}}
Sep 01 11:25:52 devstack cinder-volume[87144]: DEBUG oslo_concurrency.processutils [None req-c646e42b-4c7d-4080-8b34-038af1e0a1be tempest-SnapshotsActionsTest-1579292491 None] Running cmd (subprocess): /opt/stack/data/venv/bin/python3.12 -m oslo_concurrency.prlimit --as=1073741824 --cpu=60 -- sudo cinder-rootwrap /etc/cinder/rootwrap.conf env LC_ALL=C qemu-img info -f qcow2 --output=json --force-share /opt/stack/data/cinder/mnt/b7ca69cee1d0405894a0e07707032117/volume-ecb5233f-6540-45d6-9264-ea9f7ba57ed9.d77212ff-0343-4c79-add2-739c67fed0cd {{(pid=87144) execute /opt/stack/data/venv/lib/python3.12/site-packages/oslo_concurrency/processutils.py:440}}
Sep 01 11:25:52 devstack sudo[94079]: quobyte : PWD=/ ; USER=root ; COMMAND=/opt/stack/data/venv/bin/cinder-rootwrap /etc/cinder/rootwrap.conf env LC_ALL=C qemu-img info -f qcow2 --output=json --force-share /opt/stack/data/cinder/mnt/b7ca69cee1d0405894a0e07707032117/volume-ecb5233f-6540-45d6-9264-ea9f7ba57ed9.d77212ff-0343-4c79-add2-739c67fed0cd
Sep 01 11:25:52 devstack sudo[94079]: pam_unix(sudo:session): session opened for user root(uid=0) by (uid=1000)
Sep 01 11:25:52 devstack cinder-volume[87144]: DEBUG cinder.volume.flows.manager.create_volume [None req-f71fc39a-ab61-4761-8e0a-9a71c633816a tempest-GroupsV314Test-1933444681 None] Volume reschedule parameters: True retry: {'num_attempts': 1, 'backends': ['devstack@QuobyteHD#QuobyteHD'], 'hosts': ['devstack@QuobyteHD#QuobyteHD']} {{(pid=87144) get_flow /opt/stack/cinder/cinder/volume/flows/manager/create_volume.py:1397}}
Sep 01 11:25:52 devstack cinder-volume[87144]: DEBUG cinder.volume.manager [None req-f71fc39a-ab61-4761-8e0a-9a71c633816a tempest-GroupsV314Test-1933444681 None] Flow 'volume_create_manager' (ae0ab1ba-1b77-4342-be26-429f40e74aa6) transitioned into state 'RUNNING' from state 'PENDING' {{(pid=87144) _flow_receiver /opt/stack/data/venv/lib/python3.12/site-packages/taskflow/listeners/logging.py:160}}
Sep 01 11:25:52 devstack cinder-volume[87144]: DEBUG cinder.volume.manager [None req-f71fc39a-ab61-4761-8e0a-9a71c633816a tempest-GroupsV314Test-1933444681 None] Task 'cinder.volume.flows.manager.create_volume.ExtractVolumeRefTask;volume:create' (671314a9-af6e-4b1e-8fe8-9a429e9f71c2) transitioned into state 'RUNNING' from state 'PENDING' {{(pid=87144) _task_receiver /opt/stack/data/venv/lib/python3.12/site-packages/taskflow/listeners/logging.py:242}}
Sep 01 11:25:52 devstack cinder-volume[87144]: DEBUG cinder.volume.manager [None req-f71fc39a-ab61-4761-8e0a-9a71c633816a tempest-GroupsV314Test-1933444681 None] Task 'cinder.volume.flows.manager.create_volume.ExtractVolumeRefTask;volume:create' (671314a9-af6e-4b1e-8fe8-9a429e9f71c2) transitioned into state 'SUCCESS' from state 'RUNNING' with result 'Volume(_name_id=None,admin_metadata=,attach_status='detached',availability_zone='nova',bootable=False,cluster=,cluster_name=None,consistencygroup=,consistencygroup_id=None,created_at=2026-09-01T09:25:52Z,deleted=False,deleted_at=None,display_description=None,display_name='tempest-volume-1835635875',ec2_id=None,encryption_key_id=None,glance_metadata=,group=,group_id=18d64315-7568-4529-8bd7-1db7ed5ced91,host='devstack@QuobyteHD#QuobyteHD',id=cb8b9a43-41f0-4867-a748-28127e42f4e0,launched_at=None,metadata={},migration_status=None,multiattach=False,previous_status=None,project_id='233f3fd615014cb8a7fae03bb7421089',provider_auth=None,provider_geometry=None,provider_id=None,provider_location=None,replication_driver_data=None,replication_extended_status=None,replication_status=None,scheduled_at=2026-09-01T09:25:53Z,service_uuid=None,shared_targets=True,size=1,snapshot_id=None,snapshots=,source_volid=None,status='creating',terminated_at=None,updated_at=2026-09-01T09:25:53Z,use_quota=True,user_id='8f32287a438348f2ad877d5413546797',volume_attachment=VolumeAttachmentList,volume_type=VolumeType(b8d6abda-3c98-49e7-87e6-9b6f9280bbed),volume_type_id=b8d6abda-3c98-49e7-87e6-9b6f9280bbed)' {{(pid=87144) _task_receiver /opt/stack/data/venv/lib/python3.12/site-packages/taskflow/listeners/logging.py:218}}
Sep 01 11:25:52 devstack cinder-volume[87144]: DEBUG cinder.volume.manager [None req-f71fc39a-ab61-4761-8e0a-9a71c633816a tempest-GroupsV314Test-1933444681 None] Task 'cinder.volume.flows.manager.create_volume.OnFailureRescheduleTask;volume:create' (963a4c16-eb17-4ba8-acc8-a0fdf772c969) transitioned into state 'RUNNING' from state 'PENDING' {{(pid=87144) _task_receiver /opt/stack/data/venv/lib/python3.12/site-packages/taskflow/listeners/logging.py:242}}
Sep 01 11:25:52 devstack cinder-volume[87144]: DEBUG cinder.volume.manager [None req-f71fc39a-ab61-4761-8e0a-9a71c633816a tempest-GroupsV314Test-1933444681 None] Task 'cinder.volume.flows.manager.create_volume.OnFailureRescheduleTask;volume:create' (963a4c16-eb17-4ba8-acc8-a0fdf772c969) transitioned into state 'SUCCESS' from state 'RUNNING' with result 'None' {{(pid=87144) _task_receiver /opt/stack/data/venv/lib/python3.12/site-packages/taskflow/listeners/logging.py:218}}
Sep 01 11:25:52 devstack cinder-volume[87144]: DEBUG cinder.volume.manager [None req-f71fc39a-ab61-4761-8e0a-9a71c633816a tempest-GroupsV314Test-1933444681 None] Task 'cinder.volume.flows.manager.create_volume.ExtractVolumeSpecTask;volume:create' (779ce06f-648b-428c-81e7-d044a183a8f3) transitioned into state 'RUNNING' from state 'PENDING' {{(pid=87144) _task_receiver /opt/stack/data/venv/lib/python3.12/site-packages/taskflow/listeners/logging.py:242}}
Sep 01 11:25:52 devstack cinder-volume[87144]: DEBUG cinder.volume.manager [None req-f71fc39a-ab61-4761-8e0a-9a71c633816a tempest-GroupsV314Test-1933444681 None] Task 'cinder.volume.flows.manager.create_volume.ExtractVolumeSpecTask;volume:create' (779ce06f-648b-428c-81e7-d044a183a8f3) transitioned into state 'SUCCESS' from state 'RUNNING' with result '{'status': 'creating', 'type': 'raw', 'volume_id': 'cb8b9a43-41f0-4867-a748-28127e42f4e0', 'volume_name': 'volume-cb8b9a43-41f0-4867-a748-28127e42f4e0', 'volume_size': 1}' {{(pid=87144) _task_receiver /opt/stack/data/venv/lib/python3.12/site-packages/taskflow/listeners/logging.py:218}}
Sep 01 11:25:52 devstack cinder-volume[87144]: DEBUG cinder.volume.manager [None req-f71fc39a-ab61-4761-8e0a-9a71c633816a tempest-GroupsV314Test-1933444681 None] Task 'cinder.volume.flows.manager.create_volume.NotifyVolumeActionTask;volume:create, create.start' (b3207c99-9693-4c41-ab43-1d3e6f1bacd9) transitioned into state 'RUNNING' from state 'PENDING' {{(pid=87144) _task_receiver /opt/stack/data/venv/lib/python3.12/site-packages/taskflow/listeners/logging.py:242}}
Sep 01 11:25:52 devstack cinder-volume[87144]: DEBUG cinder.volume.manager [None req-f71fc39a-ab61-4761-8e0a-9a71c633816a tempest-GroupsV314Test-1933444681 None] Task 'cinder.volume.flows.manager.create_volume.NotifyVolumeActionTask;volume:create, create.start' (b3207c99-9693-4c41-ab43-1d3e6f1bacd9) transitioned into state 'SUCCESS' from state 'RUNNING' with result 'None' {{(pid=87144) _task_receiver /opt/stack/data/venv/lib/python3.12/site-packages/taskflow/listeners/logging.py:218}}
Sep 01 11:25:52 devstack cinder-volume[87144]: DEBUG cinder.volume.manager [None req-f71fc39a-ab61-4761-8e0a-9a71c633816a tempest-GroupsV314Test-1933444681 None] Task 'cinder.volume.flows.manager.create_volume.CreateVolumeFromSpecTask;volume:create' (a754b8f6-6e18-4e03-93ab-12ccf7b8427e) transitioned into state 'RUNNING' from state 'PENDING' {{(pid=87144) _task_receiver /opt/stack/data/venv/lib/python3.12/site-packages/taskflow/listeners/logging.py:242}}
Sep 01 11:25:52 devstack cinder-volume[87144]: INFO cinder.volume.flows.manager.create_volume [None req-f71fc39a-ab61-4761-8e0a-9a71c633816a tempest-GroupsV314Test-1933444681 None] Volume cb8b9a43-41f0-4867-a748-28127e42f4e0: being created as raw with specification: {'status': 'creating', 'volume_name': 'volume-cb8b9a43-41f0-4867-a748-28127e42f4e0', 'volume_size': 1}
Sep 01 11:25:52 devstack cinder-volume[87144]: DEBUG oslo_concurrency.lockutils [None req-f71fc39a-ab61-4761-8e0a-9a71c633816a tempest-GroupsV314Test-1933444681 None] Acquiring lock "quobyte" by "cinder.volume.drivers.quobyte.QuobyteDriver.create_volume" {{(pid=87144) inner /opt/stack/data/venv/lib/python3.12/site-packages/oslo_concurrency/lockutils.py:512}}
Sep 01 11:25:53 devstack sudo[94079]: pam_unix(sudo:session): session closed for user root
Sep 01 11:25:53 devstack cinder-volume[87144]: DEBUG oslo_concurrency.processutils [None req-c646e42b-4c7d-4080-8b34-038af1e0a1be tempest-SnapshotsActionsTest-1579292491 None] CMD "/opt/stack/data/venv/bin/python3.12 -m oslo_concurrency.prlimit --as=1073741824 --cpu=60 -- sudo cinder-rootwrap /etc/cinder/rootwrap.conf env LC_ALL=C qemu-img info -f qcow2 --output=json --force-share /opt/stack/data/cinder/mnt/b7ca69cee1d0405894a0e07707032117/volume-ecb5233f-6540-45d6-9264-ea9f7ba57ed9.d77212ff-0343-4c79-add2-739c67fed0cd" returned: 0 in 0.380s {{(pid=87144) execute /opt/stack/data/venv/lib/python3.12/site-packages/oslo_concurrency/processutils.py:468}}
Sep 01 11:25:53 devstack cinder-volume[87144]: DEBUG cinder.volume.drivers.remotefs [None req-c646e42b-4c7d-4080-8b34-038af1e0a1be tempest-SnapshotsActionsTest-1579292491 None] Fetching qemu-img info with special backing_file_template: (/opt/stack/data/cinder/mnt/[0-9a-f]+/)?(volume-ecb5233f-6540-45d6-9264-ea9f7ba57ed9(.(tmp-snap-)?[0-9a-f-]+)?|volume_from_snapshot_cache/(tmp-snap-)?[0-9a-f-]+(.(child-|parent-)[0-9a-f-]+)?)$ {{(pid=87144) _qemu_img_info_base /opt/stack/cinder/cinder/volume/drivers/remotefs.py:896}}
Sep 01 11:25:53 devstack cinder-volume[87144]: DEBUG oslo_concurrency.processutils [None req-c646e42b-4c7d-4080-8b34-038af1e0a1be tempest-SnapshotsActionsTest-1579292491 None] Running cmd (subprocess): sudo cinder-rootwrap /etc/cinder/rootwrap.conf qemu-img create -f qcow2 -o backing_file=/opt/stack/data/cinder/mnt/b7ca69cee1d0405894a0e07707032117/volume-ecb5233f-6540-45d6-9264-ea9f7ba57ed9.d77212ff-0343-4c79-add2-739c67fed0cd,backing_fmt=qcow2 /opt/stack/data/cinder/mnt/b7ca69cee1d0405894a0e07707032117/volume-ecb5233f-6540-45d6-9264-ea9f7ba57ed9.5263225e-43f6-439f-9af9-42d48f97a6bc 1G {{(pid=87144) execute /opt/stack/data/venv/lib/python3.12/site-packages/oslo_concurrency/processutils.py:440}}
Sep 01 11:25:53 devstack sudo[94084]: quobyte : PWD=/ ; USER=root ; COMMAND=/opt/stack/data/venv/bin/cinder-rootwrap /etc/cinder/rootwrap.conf qemu-img create -f qcow2 -o backing_file=/opt/stack/data/cinder/mnt/b7ca69cee1d0405894a0e07707032117/volume-ecb5233f-6540-45d6-9264-ea9f7ba57ed9.d77212ff-0343-4c79-add2-739c67fed0cd,backing_fmt=qcow2 /opt/stack/data/cinder/mnt/b7ca69cee1d0405894a0e07707032117/volume-ecb5233f-6540-45d6-9264-ea9f7ba57ed9.5263225e-43f6-439f-9af9-42d48f97a6bc 1G
Sep 01 11:25:53 devstack sudo[94084]: pam_unix(sudo:session): session opened for user root(uid=0) by (uid=1000)
Sep 01 11:25:53 devstack sudo[94084]: pam_unix(sudo:session): session closed for user root
Sep 01 11:25:53 devstack cinder-volume[87144]: DEBUG oslo_concurrency.processutils [None req-c646e42b-4c7d-4080-8b34-038af1e0a1be tempest-SnapshotsActionsTest-1579292491 None] CMD "sudo cinder-rootwrap /etc/cinder/rootwrap.conf qemu-img create -f qcow2 -o backing_file=/opt/stack/data/cinder/mnt/b7ca69cee1d0405894a0e07707032117/volume-ecb5233f-6540-45d6-9264-ea9f7ba57ed9.d77212ff-0343-4c79-add2-739c67fed0cd,backing_fmt=qcow2 /opt/stack/data/cinder/mnt/b7ca69cee1d0405894a0e07707032117/volume-ecb5233f-6540-45d6-9264-ea9f7ba57ed9.5263225e-43f6-439f-9af9-42d48f97a6bc 1G" returned: 0 in 0.395s {{(pid=87144) execute /opt/stack/data/venv/lib/python3.12/site-packages/oslo_concurrency/processutils.py:468}}
Sep 01 11:25:53 devstack cinder-volume[87144]: DEBUG oslo_concurrency.processutils [None req-c646e42b-4c7d-4080-8b34-038af1e0a1be tempest-SnapshotsActionsTest-1579292491 None] Running cmd (subprocess): sudo cinder-rootwrap /etc/cinder/rootwrap.conf qemu-img rebase -u -b volume-ecb5233f-6540-45d6-9264-ea9f7ba57ed9.d77212ff-0343-4c79-add2-739c67fed0cd -F qcow2 /opt/stack/data/cinder/mnt/b7ca69cee1d0405894a0e07707032117/volume-ecb5233f-6540-45d6-9264-ea9f7ba57ed9.5263225e-43f6-439f-9af9-42d48f97a6bc {{(pid=87144) execute /opt/stack/data/venv/lib/python3.12/site-packages/oslo_concurrency/processutils.py:440}}
Sep 01 11:25:53 devstack sudo[94089]: quobyte : PWD=/ ; USER=root ; COMMAND=/opt/stack/data/venv/bin/cinder-rootwrap /etc/cinder/rootwrap.conf qemu-img rebase -u -b volume-ecb5233f-6540-45d6-9264-ea9f7ba57ed9.d77212ff-0343-4c79-add2-739c67fed0cd -F qcow2 /opt/stack/data/cinder/mnt/b7ca69cee1d0405894a0e07707032117/volume-ecb5233f-6540-45d6-9264-ea9f7ba57ed9.5263225e-43f6-439f-9af9-42d48f97a6bc
Sep 01 11:25:53 devstack sudo[94089]: pam_unix(sudo:session): session opened for user root(uid=0) by (uid=1000)
Sep 01 11:25:53 devstack sudo[94089]: pam_unix(sudo:session): session closed for user root
Sep 01 11:25:53 devstack cinder-volume[87144]: DEBUG oslo_concurrency.processutils [None req-c646e42b-4c7d-4080-8b34-038af1e0a1be tempest-SnapshotsActionsTest-1579292491 None] CMD "sudo cinder-rootwrap /etc/cinder/rootwrap.conf qemu-img rebase -u -b volume-ecb5233f-6540-45d6-9264-ea9f7ba57ed9.d77212ff-0343-4c79-add2-739c67fed0cd -F qcow2 /opt/stack/data/cinder/mnt/b7ca69cee1d0405894a0e07707032117/volume-ecb5233f-6540-45d6-9264-ea9f7ba57ed9.5263225e-43f6-439f-9af9-42d48f97a6bc" returned: 0 in 0.283s {{(pid=87144) execute /opt/stack/data/venv/lib/python3.12/site-packages/oslo_concurrency/processutils.py:468}}
Sep 01 11:25:53 devstack cinder-volume[87144]: WARNING cinder.volume.drivers.remotefs [None req-c646e42b-4c7d-4080-8b34-038af1e0a1be tempest-SnapshotsActionsTest-1579292491 None] /opt/stack/data/cinder/mnt/b7ca69cee1d0405894a0e07707032117/volume-ecb5233f-6540-45d6-9264-ea9f7ba57ed9.5263225e-43f6-439f-9af9-42d48f97a6bc is being set with open permissions: ugo+rw
Sep 01 11:25:53 devstack cinder-volume[87144]: DEBUG oslo_concurrency.processutils [None req-c646e42b-4c7d-4080-8b34-038af1e0a1be tempest-SnapshotsActionsTest-1579292491 None] Running cmd (subprocess): sudo cinder-rootwrap /etc/cinder/rootwrap.conf chmod ugo+rw /opt/stack/data/cinder/mnt/b7ca69cee1d0405894a0e07707032117/volume-ecb5233f-6540-45d6-9264-ea9f7ba57ed9.5263225e-43f6-439f-9af9-42d48f97a6bc {{(pid=87144) execute /opt/stack/data/venv/lib/python3.12/site-packages/oslo_concurrency/processutils.py:440}}
Sep 01 11:25:53 devstack sudo[94096]: quobyte : PWD=/ ; USER=root ; COMMAND=/opt/stack/data/venv/bin/cinder-rootwrap /etc/cinder/rootwrap.conf chmod ugo+rw /opt/stack/data/cinder/mnt/b7ca69cee1d0405894a0e07707032117/volume-ecb5233f-6540-45d6-9264-ea9f7ba57ed9.5263225e-43f6-439f-9af9-42d48f97a6bc
Sep 01 11:25:53 devstack sudo[94096]: pam_unix(sudo:session): session opened for user root(uid=0) by (uid=1000)
Sep 01 11:25:53 devstack sudo[94096]: pam_unix(sudo:session): session closed for user root
Sep 01 11:25:53 devstack cinder-volume[87144]: DEBUG oslo_concurrency.processutils [None req-c646e42b-4c7d-4080-8b34-038af1e0a1be tempest-SnapshotsActionsTest-1579292491 None] CMD "sudo cinder-rootwrap /etc/cinder/rootwrap.conf chmod ugo+rw /opt/stack/data/cinder/mnt/b7ca69cee1d0405894a0e07707032117/volume-ecb5233f-6540-45d6-9264-ea9f7ba57ed9.5263225e-43f6-439f-9af9-42d48f97a6bc" returned: 0 in 0.245s {{(pid=87144) execute /opt/stack/data/venv/lib/python3.12/site-packages/oslo_concurrency/processutils.py:468}}
Sep 01 11:25:53 devstack cinder-volume[87144]: DEBUG oslo_concurrency.lockutils [None req-c646e42b-4c7d-4080-8b34-038af1e0a1be tempest-SnapshotsActionsTest-1579292491 None] Lock "quobyte" "released" by "cinder.volume.drivers.quobyte.QuobyteDriver.create_snapshot" :: held 1.408s {{(pid=87144) inner /opt/stack/data/venv/lib/python3.12/site-packages/oslo_concurrency/lockutils.py:544}}
Sep 01 11:25:53 devstack cinder-volume[87144]: DEBUG oslo_concurrency.lockutils [None req-f71fc39a-ab61-4761-8e0a-9a71c633816a tempest-GroupsV314Test-1933444681 None] Lock "quobyte" acquired by "cinder.volume.drivers.quobyte.QuobyteDriver.create_volume" :: waited 1.077s {{(pid=87144) inner /opt/stack/data/venv/lib/python3.12/site-packages/oslo_concurrency/lockutils.py:525}}
Sep 01 11:25:53 devstack cinder-volume[87144]: DEBUG cinder.volume.drivers.quobyte [None req-f71fc39a-ab61-4761-8e0a-9a71c633816a tempest-GroupsV314Test-1933444681 None] ==> create_volume: call "{'self': , 'volume': Volume(_name_id=None,admin_metadata=,attach_status='detached',availability_zone='nova',bootable=False,cluster=,cluster_name=None,consistencygroup=,consistencygroup_id=18d64315-7568-4529-8bd7-1db7ed5ced91,created_at=2026-09-01T09:25:52Z,deleted=False,deleted_at=None,display_description=None,display_name='tempest-volume-1835635875',ec2_id=None,encryption_key_id=None,glance_metadata=,group=,group_id=18d64315-7568-4529-8bd7-1db7ed5ced91,host='devstack@QuobyteHD#QuobyteHD',id=cb8b9a43-41f0-4867-a748-28127e42f4e0,launched_at=None,metadata={},migration_status=None,multiattach=False,previous_status=None,project_id='233f3fd615014cb8a7fae03bb7421089',provider_auth=None,provider_geometry=None,provider_id=None,provider_location=None,replication_driver_data=None,replication_extended_status=None,replication_status=None,scheduled_at=2026-09-01T09:25:53Z,service_uuid=None,shared_targets=True,size=1,snapshot_id=None,snapshots=,source_volid=None,status='creating',terminated_at=None,updated_at=2026-09-01T09:25:53Z,use_quota=True,user_id='8f32287a438348f2ad877d5413546797',volume_attachment=VolumeAttachmentList,volume_type=VolumeType(b8d6abda-3c98-49e7-87e6-9b6f9280bbed),volume_type_id=b8d6abda-3c98-49e7-87e6-9b6f9280bbed)}" {{(pid=87144) trace_logging_wrapper /opt/stack/cinder/cinder/volume/volume_utils.py:1497}}
Sep 01 11:25:53 devstack cinder-volume[87144]: DEBUG cinder.volume.drivers.remotefs [None req-f71fc39a-ab61-4761-8e0a-9a71c633816a tempest-GroupsV314Test-1933444681 None] Creating volume cb8b9a43-41f0-4867-a748-28127e42f4e0 {{(pid=87144) create_volume /opt/stack/cinder/cinder/volume/drivers/remotefs.py:292}}
