Jul 27 13:15:29 devstack sudo[93269]: quobyte : PWD=/ ; USER=root ; COMMAND=/opt/stack/data/venv/bin/cinder-rootwrap /etc/cinder/rootwrap.conf truncate -s0 /opt/stack/data/cinder/mnt/64c04635ed5c4e065c708917f4450b39/volume-513e8217-80a6-4b23-94c1-2c6eb62ca7fc.info
Jul 27 13:15:29 devstack sudo[93269]: pam_unix(sudo:session): session opened for user root(uid=0) by (uid=1000)
Jul 27 13:15:29 devstack sudo[93269]: pam_unix(sudo:session): session closed for user root
Jul 27 13:15:29 devstack cinder-volume[88202]: DEBUG oslo_concurrency.processutils [None req-0d4ce107-1841-40b4-a559-2ebf4c3f3c8d tempest-VolumesDeleteCascade-663171339 None] CMD "sudo cinder-rootwrap /etc/cinder/rootwrap.conf truncate -s0 /opt/stack/data/cinder/mnt/64c04635ed5c4e065c708917f4450b39/volume-513e8217-80a6-4b23-94c1-2c6eb62ca7fc.info" returned: 0 in 0.562s {{(pid=88202) execute /opt/stack/data/venv/lib/python3.12/site-packages/oslo_concurrency/processutils.py:468}}
Jul 27 13:15:29 devstack cinder-volume[88202]: WARNING cinder.volume.drivers.remotefs [None req-0d4ce107-1841-40b4-a559-2ebf4c3f3c8d tempest-VolumesDeleteCascade-663171339 None] /opt/stack/data/cinder/mnt/64c04635ed5c4e065c708917f4450b39/volume-513e8217-80a6-4b23-94c1-2c6eb62ca7fc.info is being set with open permissions: ugo+rw
Jul 27 13:15:29 devstack cinder-volume[88202]: DEBUG oslo_concurrency.processutils [None req-0d4ce107-1841-40b4-a559-2ebf4c3f3c8d tempest-VolumesDeleteCascade-663171339 None] Running cmd (subprocess): sudo cinder-rootwrap /etc/cinder/rootwrap.conf chmod ugo+rw /opt/stack/data/cinder/mnt/64c04635ed5c4e065c708917f4450b39/volume-513e8217-80a6-4b23-94c1-2c6eb62ca7fc.info {{(pid=88202) execute /opt/stack/data/venv/lib/python3.12/site-packages/oslo_concurrency/processutils.py:440}}
Jul 27 13:15:29 devstack sudo[93296]: quobyte : PWD=/ ; USER=root ; COMMAND=/opt/stack/data/venv/bin/cinder-rootwrap /etc/cinder/rootwrap.conf chmod ugo+rw /opt/stack/data/cinder/mnt/64c04635ed5c4e065c708917f4450b39/volume-513e8217-80a6-4b23-94c1-2c6eb62ca7fc.info
Jul 27 13:15:29 devstack sudo[93296]: pam_unix(sudo:session): session opened for user root(uid=0) by (uid=1000)
Jul 27 13:15:29 devstack sudo[93296]: pam_unix(sudo:session): session closed for user root
Jul 27 13:15:29 devstack cinder-volume[88202]: DEBUG oslo_concurrency.processutils [None req-0d4ce107-1841-40b4-a559-2ebf4c3f3c8d tempest-VolumesDeleteCascade-663171339 None] CMD "sudo cinder-rootwrap /etc/cinder/rootwrap.conf chmod ugo+rw /opt/stack/data/cinder/mnt/64c04635ed5c4e065c708917f4450b39/volume-513e8217-80a6-4b23-94c1-2c6eb62ca7fc.info" returned: 0 in 0.454s {{(pid=88202) execute /opt/stack/data/venv/lib/python3.12/site-packages/oslo_concurrency/processutils.py:468}}
Jul 27 13:15:30 devstack cinder-volume[88202]: DEBUG oslo_concurrency.lockutils [None req-0d4ce107-1841-40b4-a559-2ebf4c3f3c8d tempest-VolumesDeleteCascade-663171339 None] Lock "quobyte" "released" by "cinder.volume.drivers.quobyte.QuobyteDriver.create_snapshot" :: held 4.283s {{(pid=88202) inner /opt/stack/data/venv/lib/python3.12/site-packages/oslo_concurrency/lockutils.py:544}}
Jul 27 13:15:30 devstack cinder-volume[88202]: INFO cinder.volume.manager [None req-0d4ce107-1841-40b4-a559-2ebf4c3f3c8d tempest-VolumesDeleteCascade-663171339 None] Create snapshot completed successfully
Jul 27 13:15:30 devstack cinder-volume[88202]: DEBUG cinder.coordination [None req-22f272a3-663f-4446-a920-3efdfa37f6bd tempest-TaggedAttachmentsTest-1288421795 None] Acquiring lock "cinder-d330fc87-283c-4ae5-8a68-e2f0435554cb-delete_volume" by "delete_volume" {{(pid=88202) __acquire /opt/stack/cinder/cinder/coordination.py:138}}
Jul 27 13:15:30 devstack cinder-volume[88202]: DEBUG cinder.coordination [None req-22f272a3-663f-4446-a920-3efdfa37f6bd tempest-TaggedAttachmentsTest-1288421795 None] Lock "cinder-d330fc87-283c-4ae5-8a68-e2f0435554cb-delete_volume" acquired by "delete_volume" :: waited 0.029s {{(pid=88202) __acquire /opt/stack/cinder/cinder/coordination.py:141}}
Jul 27 13:15:30 devstack cinder-volume[88202]: DEBUG cinder.coordination [None req-22f272a3-663f-4446-a920-3efdfa37f6bd tempest-TaggedAttachmentsTest-1288421795 None] Acquiring lock "cinder-quobyte-d330fc87-283c-4ae5-8a68-e2f0435554cb" by "delete_volume" {{(pid=88202) __acquire /opt/stack/cinder/cinder/coordination.py:138}}
Jul 27 13:15:30 devstack cinder-volume[88202]: DEBUG cinder.coordination [None req-22f272a3-663f-4446-a920-3efdfa37f6bd tempest-TaggedAttachmentsTest-1288421795 None] Lock "cinder-quobyte-d330fc87-283c-4ae5-8a68-e2f0435554cb" acquired by "delete_volume" :: waited 0.024s {{(pid=88202) __acquire /opt/stack/cinder/cinder/coordination.py:141}}
Jul 27 13:15:30 devstack cinder-volume[88202]: DEBUG oslo.privsep.daemon [-] privsep: reply[8fd10a77-fab3-4891-93ed-7e19312b7a74]: (4, 'qcow2') {{(pid=88961) _call_back /opt/stack/data/venv/lib/python3.12/site-packages/oslo_privsep/daemon.py:580}}
Jul 27 13:15:30 devstack cinder-volume[88202]: DEBUG oslo_concurrency.processutils [None req-22f272a3-663f-4446-a920-3efdfa37f6bd tempest-TaggedAttachmentsTest-1288421795 None] Running cmd (subprocess): /opt/stack/data/venv/bin/python3.12 -m oslo_concurrency.prlimit --as=1073741824 --cpu=60 -- sudo cinder-rootwrap /etc/cinder/rootwrap.conf env LC_ALL=C qemu-img info -f qcow2 --output=json --force-share /opt/stack/data/cinder/mnt/64c04635ed5c4e065c708917f4450b39/volume-d330fc87-283c-4ae5-8a68-e2f0435554cb {{(pid=88202) execute /opt/stack/data/venv/lib/python3.12/site-packages/oslo_concurrency/processutils.py:440}}
Jul 27 13:15:30 devstack sudo[93325]: quobyte : PWD=/ ; USER=root ; COMMAND=/opt/stack/data/venv/bin/cinder-rootwrap /etc/cinder/rootwrap.conf env LC_ALL=C qemu-img info -f qcow2 --output=json --force-share /opt/stack/data/cinder/mnt/64c04635ed5c4e065c708917f4450b39/volume-d330fc87-283c-4ae5-8a68-e2f0435554cb
Jul 27 13:15:30 devstack sudo[93325]: pam_unix(sudo:session): session opened for user root(uid=0) by (uid=1000)
Jul 27 13:15:31 devstack sudo[93325]: pam_unix(sudo:session): session closed for user root
Jul 27 13:15:31 devstack cinder-volume[88202]: DEBUG oslo_concurrency.processutils [None req-22f272a3-663f-4446-a920-3efdfa37f6bd tempest-TaggedAttachmentsTest-1288421795 None] CMD "/opt/stack/data/venv/bin/python3.12 -m oslo_concurrency.prlimit --as=1073741824 --cpu=60 -- sudo cinder-rootwrap /etc/cinder/rootwrap.conf env LC_ALL=C qemu-img info -f qcow2 --output=json --force-share /opt/stack/data/cinder/mnt/64c04635ed5c4e065c708917f4450b39/volume-d330fc87-283c-4ae5-8a68-e2f0435554cb" returned: 0 in 0.517s {{(pid=88202) execute /opt/stack/data/venv/lib/python3.12/site-packages/oslo_concurrency/processutils.py:468}}
Jul 27 13:15:31 devstack cinder-volume[88202]: DEBUG oslo_concurrency.processutils [None req-22f272a3-663f-4446-a920-3efdfa37f6bd tempest-TaggedAttachmentsTest-1288421795 None] Running cmd (subprocess): sudo cinder-rootwrap /etc/cinder/rootwrap.conf rm -f /opt/stack/data/cinder/mnt/64c04635ed5c4e065c708917f4450b39/volume-d330fc87-283c-4ae5-8a68-e2f0435554cb {{(pid=88202) execute /opt/stack/data/venv/lib/python3.12/site-packages/oslo_concurrency/processutils.py:440}}
Jul 27 13:15:31 devstack sudo[93330]: quobyte : PWD=/ ; USER=root ; COMMAND=/opt/stack/data/venv/bin/cinder-rootwrap /etc/cinder/rootwrap.conf rm -f /opt/stack/data/cinder/mnt/64c04635ed5c4e065c708917f4450b39/volume-d330fc87-283c-4ae5-8a68-e2f0435554cb
Jul 27 13:15:31 devstack sudo[93330]: pam_unix(sudo:session): session opened for user root(uid=0) by (uid=1000)
Jul 27 13:15:31 devstack cinder-volume[88202]: DEBUG oslo_concurrency.lockutils [None req-24678ee7-7eb8-4cba-b1ab-f298c2fe1dd8 tempest-VolumesDeleteCascade-663171339 None] Acquiring lock "quobyte" by "cinder.volume.drivers.quobyte.QuobyteDriver.create_snapshot" {{(pid=88202) inner /opt/stack/data/venv/lib/python3.12/site-packages/oslo_concurrency/lockutils.py:512}}
Jul 27 13:15:31 devstack cinder-volume[88202]: DEBUG oslo_concurrency.lockutils [None req-24678ee7-7eb8-4cba-b1ab-f298c2fe1dd8 tempest-VolumesDeleteCascade-663171339 None] Lock "quobyte" acquired by "cinder.volume.drivers.quobyte.QuobyteDriver.create_snapshot" :: waited 0.006s {{(pid=88202) inner /opt/stack/data/venv/lib/python3.12/site-packages/oslo_concurrency/lockutils.py:525}}
Jul 27 13:15:31 devstack cinder-volume[88202]: DEBUG cinder.volume.drivers.remotefs [None req-24678ee7-7eb8-4cba-b1ab-f298c2fe1dd8 tempest-VolumesDeleteCascade-663171339 None] Creating offline snapshot 6e80faf5-3e4e-4f8a-a2c8-e83db9b1ad10 of volume 513e8217-80a6-4b23-94c1-2c6eb62ca7fc {{(pid=88202) _create_snapshot /opt/stack/cinder/cinder/volume/drivers/remotefs.py:1816}}
Jul 27 13:15:31 devstack sudo[93330]: pam_unix(sudo:session): session closed for user root
Jul 27 13:15:31 devstack cinder-volume[88202]: DEBUG oslo_concurrency.processutils [None req-22f272a3-663f-4446-a920-3efdfa37f6bd tempest-TaggedAttachmentsTest-1288421795 None] CMD "sudo cinder-rootwrap /etc/cinder/rootwrap.conf rm -f /opt/stack/data/cinder/mnt/64c04635ed5c4e065c708917f4450b39/volume-d330fc87-283c-4ae5-8a68-e2f0435554cb" returned: 0 in 0.522s {{(pid=88202) execute /opt/stack/data/venv/lib/python3.12/site-packages/oslo_concurrency/processutils.py:468}}
Jul 27 13:15:31 devstack cinder-volume[88202]: DEBUG cinder.coordination [None req-22f272a3-663f-4446-a920-3efdfa37f6bd tempest-TaggedAttachmentsTest-1288421795 None] Lock "cinder-quobyte-d330fc87-283c-4ae5-8a68-e2f0435554cb" released by "delete_volume" :: held 1.090s {{(pid=88202) __release /opt/stack/cinder/cinder/coordination.py:152}}
Jul 27 13:15:31 devstack cinder-volume[88202]: DEBUG oslo.privsep.daemon [-] privsep: reply[a94ce966-6a31-46a3-8422-8c5c87c781ec]: (4, 'qcow2') {{(pid=88961) _call_back /opt/stack/data/venv/lib/python3.12/site-packages/oslo_privsep/daemon.py:580}}
Jul 27 13:15:31 devstack cinder-volume[88202]: DEBUG oslo_concurrency.processutils [None req-24678ee7-7eb8-4cba-b1ab-f298c2fe1dd8 tempest-VolumesDeleteCascade-663171339 None] Running cmd (subprocess): /opt/stack/data/venv/bin/python3.12 -m oslo_concurrency.prlimit --as=1073741824 --cpu=60 -- sudo cinder-rootwrap /etc/cinder/rootwrap.conf env LC_ALL=C qemu-img info -f qcow2 --output=json --force-share /opt/stack/data/cinder/mnt/64c04635ed5c4e065c708917f4450b39/volume-513e8217-80a6-4b23-94c1-2c6eb62ca7fc.ac6bb583-a9d9-4e45-bcbf-009e7a26e695 {{(pid=88202) execute /opt/stack/data/venv/lib/python3.12/site-packages/oslo_concurrency/processutils.py:440}}
Jul 27 13:15:31 devstack cinder-volume[88202]: DEBUG cinder.quota [None req-22f272a3-663f-4446-a920-3efdfa37f6bd tempest-TaggedAttachmentsTest-1288421795 None] Created reservations ['36ca57ae-5982-4d80-a522-b5c62e470fb7', 'aa9fdf28-ad41-4814-b8ba-297e2151748a', 'c24310d5-7237-4f44-b26f-622e7e640f65', '50db8ffe-79ca-48eb-8fb6-0c2f24c0be33'] {{(pid=88202) reserve /opt/stack/cinder/cinder/quota.py:752}}
Jul 27 13:15:31 devstack sudo[93335]: quobyte : PWD=/ ; USER=root ; COMMAND=/opt/stack/data/venv/bin/cinder-rootwrap /etc/cinder/rootwrap.conf env LC_ALL=C qemu-img info -f qcow2 --output=json --force-share /opt/stack/data/cinder/mnt/64c04635ed5c4e065c708917f4450b39/volume-513e8217-80a6-4b23-94c1-2c6eb62ca7fc.ac6bb583-a9d9-4e45-bcbf-009e7a26e695
Jul 27 13:15:31 devstack sudo[93335]: pam_unix(sudo:session): session opened for user root(uid=0) by (uid=1000)
Jul 27 13:15:31 devstack cinder-volume[88202]: DEBUG oslo_concurrency.lockutils [None req-22f272a3-663f-4446-a920-3efdfa37f6bd tempest-TaggedAttachmentsTest-1288421795 None] Acquiring lock "quobyte_ensure" by "cinder.volume.drivers.quobyte.QuobyteDriver._ensure_shares_mounted" {{(pid=88202) inner /opt/stack/data/venv/lib/python3.12/site-packages/oslo_concurrency/lockutils.py:512}}
Jul 27 13:15:31 devstack cinder-volume[88202]: DEBUG oslo_concurrency.lockutils [None req-22f272a3-663f-4446-a920-3efdfa37f6bd tempest-TaggedAttachmentsTest-1288421795 None] Lock "quobyte_ensure" acquired by "cinder.volume.drivers.quobyte.QuobyteDriver._ensure_shares_mounted" :: waited 0.001s {{(pid=88202) inner /opt/stack/data/venv/lib/python3.12/site-packages/oslo_concurrency/lockutils.py:525}}
Jul 27 13:15:31 devstack cinder-volume[88202]: DEBUG cinder.volume.drivers.quobyte [None req-22f272a3-663f-4446-a920-3efdfa37f6bd tempest-TaggedAttachmentsTest-1288421795 None] Quobyte Volume URL set to: {'osci02.corp.quobyte.com/cinder-vol-4a1ec349-106b-4260-903d-824218111076': None} {{(pid=88202) _load_shares_config /opt/stack/cinder/cinder/volume/drivers/quobyte.py:651}}
Jul 27 13:15:31 devstack cinder-volume[88202]: DEBUG cinder.volume.drivers.quobyte [None req-22f272a3-663f-4446-a920-3efdfa37f6bd tempest-TaggedAttachmentsTest-1288421795 None] Available shares ['osci02.corp.quobyte.com/cinder-vol-4a1ec349-106b-4260-903d-824218111076'] {{(pid=88202) _ensure_shares_mounted /opt/stack/cinder/cinder/volume/drivers/quobyte.py:681}}
Jul 27 13:15:31 devstack cinder-volume[88202]: DEBUG oslo_concurrency.lockutils [None req-22f272a3-663f-4446-a920-3efdfa37f6bd tempest-TaggedAttachmentsTest-1288421795 None] Lock "quobyte_ensure" "released" by "cinder.volume.drivers.quobyte.QuobyteDriver._ensure_shares_mounted" :: held 0.008s {{(pid=88202) inner /opt/stack/data/venv/lib/python3.12/site-packages/oslo_concurrency/lockutils.py:544}}
Jul 27 13:15:31 devstack cinder-volume[88202]: DEBUG oslo_concurrency.processutils [None req-22f272a3-663f-4446-a920-3efdfa37f6bd tempest-TaggedAttachmentsTest-1288421795 None] Running cmd (subprocess): sudo cinder-rootwrap /etc/cinder/rootwrap.conf df --portability --block-size 1 /opt/stack/data/cinder/mnt/64c04635ed5c4e065c708917f4450b39 {{(pid=88202) execute /opt/stack/data/venv/lib/python3.12/site-packages/oslo_concurrency/processutils.py:440}}
Jul 27 13:15:31 devstack sudo[93337]: quobyte : PWD=/ ; USER=root ; COMMAND=/opt/stack/data/venv/bin/cinder-rootwrap /etc/cinder/rootwrap.conf df --portability --block-size 1 /opt/stack/data/cinder/mnt/64c04635ed5c4e065c708917f4450b39
Jul 27 13:15:31 devstack sudo[93337]: pam_unix(sudo:session): session opened for user root(uid=0) by (uid=1000)
Jul 27 13:15:32 devstack sudo[93337]: pam_unix(sudo:session): session closed for user root
Jul 27 13:15:32 devstack cinder-volume[88202]: DEBUG oslo_concurrency.processutils [None req-22f272a3-663f-4446-a920-3efdfa37f6bd tempest-TaggedAttachmentsTest-1288421795 None] CMD "sudo cinder-rootwrap /etc/cinder/rootwrap.conf df --portability --block-size 1 /opt/stack/data/cinder/mnt/64c04635ed5c4e065c708917f4450b39" returned: 0 in 0.322s {{(pid=88202) execute /opt/stack/data/venv/lib/python3.12/site-packages/oslo_concurrency/processutils.py:468}}
Jul 27 13:15:32 devstack cinder-volume[88202]: DEBUG cinder.manager [None req-22f272a3-663f-4446-a920-3efdfa37f6bd tempest-TaggedAttachmentsTest-1288421795 None] Notifying Schedulers of capabilities ... {{(pid=88202) _publish_service_capabilities /opt/stack/cinder/cinder/manager.py:219}}
Jul 27 13:15:32 devstack cinder-volume[88202]: INFO cinder.volume.manager [None req-22f272a3-663f-4446-a920-3efdfa37f6bd tempest-TaggedAttachmentsTest-1288421795 None] Deleted volume successfully.
Jul 27 13:15:32 devstack cinder-volume[88202]: DEBUG cinder.coordination [None req-22f272a3-663f-4446-a920-3efdfa37f6bd tempest-TaggedAttachmentsTest-1288421795 None] Lock "cinder-d330fc87-283c-4ae5-8a68-e2f0435554cb-delete_volume" released by "delete_volume" :: held 1.706s {{(pid=88202) __release /opt/stack/cinder/cinder/coordination.py:152}}
Jul 27 13:15:32 devstack sudo[93335]: pam_unix(sudo:session): session closed for user root
Jul 27 13:15:32 devstack cinder-volume[88202]: DEBUG oslo_concurrency.processutils [None req-24678ee7-7eb8-4cba-b1ab-f298c2fe1dd8 tempest-VolumesDeleteCascade-663171339 None] CMD "/opt/stack/data/venv/bin/python3.12 -m oslo_concurrency.prlimit --as=1073741824 --cpu=60 -- sudo cinder-rootwrap /etc/cinder/rootwrap.conf env LC_ALL=C qemu-img info -f qcow2 --output=json --force-share /opt/stack/data/cinder/mnt/64c04635ed5c4e065c708917f4450b39/volume-513e8217-80a6-4b23-94c1-2c6eb62ca7fc.ac6bb583-a9d9-4e45-bcbf-009e7a26e695" returned: 0 in 0.560s {{(pid=88202) execute /opt/stack/data/venv/lib/python3.12/site-packages/oslo_concurrency/processutils.py:468}}
Jul 27 13:15:32 devstack cinder-volume[88202]: DEBUG cinder.volume.drivers.remotefs [None req-24678ee7-7eb8-4cba-b1ab-f298c2fe1dd8 tempest-VolumesDeleteCascade-663171339 None] Fetching qemu-img info with special backing_file_template: (/opt/stack/data/cinder/mnt/[0-9a-f]+/)?(volume-513e8217-80a6-4b23-94c1-2c6eb62ca7fc(.(tmp-snap-)?[0-9a-f-]+)?|volume_from_snapshot_cache/(tmp-snap-)?[0-9a-f-]+(.(child-|parent-)[0-9a-f-]+)?)$ {{(pid=88202) _qemu_img_info_base /opt/stack/cinder/cinder/volume/drivers/remotefs.py:896}}
Jul 27 13:15:32 devstack cinder-volume[88202]: DEBUG oslo_concurrency.processutils [None req-24678ee7-7eb8-4cba-b1ab-f298c2fe1dd8 tempest-VolumesDeleteCascade-663171339 None] Running cmd (subprocess): sudo cinder-rootwrap /etc/cinder/rootwrap.conf qemu-img create -f qcow2 -o backing_file=/opt/stack/data/cinder/mnt/64c04635ed5c4e065c708917f4450b39/volume-513e8217-80a6-4b23-94c1-2c6eb62ca7fc.ac6bb583-a9d9-4e45-bcbf-009e7a26e695,backing_fmt=qcow2 /opt/stack/data/cinder/mnt/64c04635ed5c4e065c708917f4450b39/volume-513e8217-80a6-4b23-94c1-2c6eb62ca7fc.6e80faf5-3e4e-4f8a-a2c8-e83db9b1ad10 1G {{(pid=88202) execute /opt/stack/data/venv/lib/python3.12/site-packages/oslo_concurrency/processutils.py:440}}
Jul 27 13:15:32 devstack sudo[93344]: quobyte : PWD=/ ; USER=root ; COMMAND=/opt/stack/data/venv/bin/cinder-rootwrap /etc/cinder/rootwrap.conf qemu-img create -f qcow2 -o backing_file=/opt/stack/data/cinder/mnt/64c04635ed5c4e065c708917f4450b39/volume-513e8217-80a6-4b23-94c1-2c6eb62ca7fc.ac6bb583-a9d9-4e45-bcbf-009e7a26e695,backing_fmt=qcow2 /opt/stack/data/cinder/mnt/64c04635ed5c4e065c708917f4450b39/volume-513e8217-80a6-4b23-94c1-2c6eb62ca7fc.6e80faf5-3e4e-4f8a-a2c8-e83db9b1ad10 1G
Jul 27 13:15:32 devstack sudo[93344]: pam_unix(sudo:session): session opened for user root(uid=0) by (uid=1000)
Jul 27 13:15:32 devstack sudo[93344]: pam_unix(sudo:session): session closed for user root
Jul 27 13:15:32 devstack cinder-volume[88202]: DEBUG oslo_concurrency.processutils [None req-24678ee7-7eb8-4cba-b1ab-f298c2fe1dd8 tempest-VolumesDeleteCascade-663171339 None] CMD "sudo cinder-rootwrap /etc/cinder/rootwrap.conf qemu-img create -f qcow2 -o backing_file=/opt/stack/data/cinder/mnt/64c04635ed5c4e065c708917f4450b39/volume-513e8217-80a6-4b23-94c1-2c6eb62ca7fc.ac6bb583-a9d9-4e45-bcbf-009e7a26e695,backing_fmt=qcow2 /opt/stack/data/cinder/mnt/64c04635ed5c4e065c708917f4450b39/volume-513e8217-80a6-4b23-94c1-2c6eb62ca7fc.6e80faf5-3e4e-4f8a-a2c8-e83db9b1ad10 1G" returned: 0 in 0.754s {{(pid=88202) execute /opt/stack/data/venv/lib/python3.12/site-packages/oslo_concurrency/processutils.py:468}}
Jul 27 13:15:32 devstack cinder-volume[88202]: DEBUG oslo_concurrency.processutils [None req-24678ee7-7eb8-4cba-b1ab-f298c2fe1dd8 tempest-VolumesDeleteCascade-663171339 None] Running cmd (subprocess): sudo cinder-rootwrap /etc/cinder/rootwrap.conf qemu-img rebase -u -b volume-513e8217-80a6-4b23-94c1-2c6eb62ca7fc.ac6bb583-a9d9-4e45-bcbf-009e7a26e695 -F qcow2 /opt/stack/data/cinder/mnt/64c04635ed5c4e065c708917f4450b39/volume-513e8217-80a6-4b23-94c1-2c6eb62ca7fc.6e80faf5-3e4e-4f8a-a2c8-e83db9b1ad10 {{(pid=88202) execute /opt/stack/data/venv/lib/python3.12/site-packages/oslo_concurrency/processutils.py:440}}
Jul 27 13:15:32 devstack sudo[93351]: quobyte : PWD=/ ; USER=root ; COMMAND=/opt/stack/data/venv/bin/cinder-rootwrap /etc/cinder/rootwrap.conf qemu-img rebase -u -b volume-513e8217-80a6-4b23-94c1-2c6eb62ca7fc.ac6bb583-a9d9-4e45-bcbf-009e7a26e695 -F qcow2 /opt/stack/data/cinder/mnt/64c04635ed5c4e065c708917f4450b39/volume-513e8217-80a6-4b23-94c1-2c6eb62ca7fc.6e80faf5-3e4e-4f8a-a2c8-e83db9b1ad10
Jul 27 13:15:32 devstack sudo[93351]: pam_unix(sudo:session): session opened for user root(uid=0) by (uid=1000)
Jul 27 13:15:33 devstack cinder-volume[88202]: DEBUG oslo_service.periodic_task [None req-584872d9-b6ca-4a81-a98e-5b5f355c280c None None] Running periodic task VolumeManager.publish_service_capabilities {{(pid=88202) run_periodic_tasks /opt/stack/data/venv/lib/python3.12/site-packages/oslo_service/periodic_task.py:254}}
Jul 27 13:15:33 devstack cinder-volume[88202]: DEBUG oslo_concurrency.lockutils [None req-584872d9-b6ca-4a81-a98e-5b5f355c280c None None] Acquiring lock "quobyte_ensure" by "cinder.volume.drivers.quobyte.QuobyteDriver._ensure_shares_mounted" {{(pid=88202) inner /opt/stack/data/venv/lib/python3.12/site-packages/oslo_concurrency/lockutils.py:512}}
Jul 27 13:15:33 devstack cinder-volume[88202]: DEBUG oslo_concurrency.lockutils [None req-584872d9-b6ca-4a81-a98e-5b5f355c280c None None] Lock "quobyte_ensure" acquired by "cinder.volume.drivers.quobyte.QuobyteDriver._ensure_shares_mounted" :: waited 0.004s {{(pid=88202) inner /opt/stack/data/venv/lib/python3.12/site-packages/oslo_concurrency/lockutils.py:525}}
Jul 27 13:15:33 devstack cinder-volume[88202]: DEBUG cinder.volume.drivers.quobyte [None req-584872d9-b6ca-4a81-a98e-5b5f355c280c None None] Quobyte Volume URL set to: {'osci02.corp.quobyte.com/cinder-vol-4a1ec349-106b-4260-903d-824218111076': None} {{(pid=88202) _load_shares_config /opt/stack/cinder/cinder/volume/drivers/quobyte.py:651}}
Jul 27 13:15:33 devstack cinder-volume[88202]: DEBUG cinder.volume.drivers.quobyte [None req-584872d9-b6ca-4a81-a98e-5b5f355c280c None None] Available shares ['osci02.corp.quobyte.com/cinder-vol-4a1ec349-106b-4260-903d-824218111076'] {{(pid=88202) _ensure_shares_mounted /opt/stack/cinder/cinder/volume/drivers/quobyte.py:681}}
Jul 27 13:15:33 devstack cinder-volume[88202]: DEBUG oslo_concurrency.lockutils [None req-584872d9-b6ca-4a81-a98e-5b5f355c280c None None] Lock "quobyte_ensure" "released" by "cinder.volume.drivers.quobyte.QuobyteDriver._ensure_shares_mounted" :: held 0.006s {{(pid=88202) inner /opt/stack/data/venv/lib/python3.12/site-packages/oslo_concurrency/lockutils.py:544}}
Jul 27 13:15:33 devstack cinder-volume[88202]: DEBUG oslo_concurrency.processutils [None req-584872d9-b6ca-4a81-a98e-5b5f355c280c None None] Running cmd (subprocess): sudo cinder-rootwrap /etc/cinder/rootwrap.conf df --portability --block-size 1 /opt/stack/data/cinder/mnt/64c04635ed5c4e065c708917f4450b39 {{(pid=88202) execute /opt/stack/data/venv/lib/python3.12/site-packages/oslo_concurrency/processutils.py:440}}
Jul 27 13:15:33 devstack sudo[93353]: quobyte : PWD=/ ; USER=root ; COMMAND=/opt/stack/data/venv/bin/cinder-rootwrap /etc/cinder/rootwrap.conf df --portability --block-size 1 /opt/stack/data/cinder/mnt/64c04635ed5c4e065c708917f4450b39
Jul 27 13:15:33 devstack sudo[93353]: pam_unix(sudo:session): session opened for user root(uid=0) by (uid=1000)
Jul 27 13:15:33 devstack sudo[93351]: pam_unix(sudo:session): session closed for user root
Jul 27 13:15:33 devstack cinder-volume[88202]: DEBUG oslo_concurrency.processutils [None req-24678ee7-7eb8-4cba-b1ab-f298c2fe1dd8 tempest-VolumesDeleteCascade-663171339 None] CMD "sudo cinder-rootwrap /etc/cinder/rootwrap.conf qemu-img rebase -u -b volume-513e8217-80a6-4b23-94c1-2c6eb62ca7fc.ac6bb583-a9d9-4e45-bcbf-009e7a26e695 -F qcow2 /opt/stack/data/cinder/mnt/64c04635ed5c4e065c708917f4450b39/volume-513e8217-80a6-4b23-94c1-2c6eb62ca7fc.6e80faf5-3e4e-4f8a-a2c8-e83db9b1ad10" returned: 0 in 0.534s {{(pid=88202) execute /opt/stack/data/venv/lib/python3.12/site-packages/oslo_concurrency/processutils.py:468}}
Jul 27 13:15:33 devstack cinder-volume[88202]: WARNING cinder.volume.drivers.remotefs [None req-24678ee7-7eb8-4cba-b1ab-f298c2fe1dd8 tempest-VolumesDeleteCascade-663171339 None] /opt/stack/data/cinder/mnt/64c04635ed5c4e065c708917f4450b39/volume-513e8217-80a6-4b23-94c1-2c6eb62ca7fc.6e80faf5-3e4e-4f8a-a2c8-e83db9b1ad10 is being set with open permissions: ugo+rw
Jul 27 13:15:33 devstack cinder-volume[88202]: DEBUG oslo_concurrency.processutils [None req-24678ee7-7eb8-4cba-b1ab-f298c2fe1dd8 tempest-VolumesDeleteCascade-663171339 None] Running cmd (subprocess): sudo cinder-rootwrap /etc/cinder/rootwrap.conf chmod ugo+rw /opt/stack/data/cinder/mnt/64c04635ed5c4e065c708917f4450b39/volume-513e8217-80a6-4b23-94c1-2c6eb62ca7fc.6e80faf5-3e4e-4f8a-a2c8-e83db9b1ad10 {{(pid=88202) execute /opt/stack/data/venv/lib/python3.12/site-packages/oslo_concurrency/processutils.py:440}}
Jul 27 13:15:33 devstack sudo[93359]: quobyte : PWD=/ ; USER=root ; COMMAND=/opt/stack/data/venv/bin/cinder-rootwrap /etc/cinder/rootwrap.conf chmod ugo+rw /opt/stack/data/cinder/mnt/64c04635ed5c4e065c708917f4450b39/volume-513e8217-80a6-4b23-94c1-2c6eb62ca7fc.6e80faf5-3e4e-4f8a-a2c8-e83db9b1ad10
Jul 27 13:15:33 devstack sudo[93359]: pam_unix(sudo:session): session opened for user root(uid=0) by (uid=1000)
Jul 27 13:15:33 devstack sudo[93353]: pam_unix(sudo:session): session closed for user root
Jul 27 13:15:33 devstack cinder-volume[88202]: DEBUG oslo_concurrency.processutils [None req-584872d9-b6ca-4a81-a98e-5b5f355c280c None None] CMD "sudo cinder-rootwrap /etc/cinder/rootwrap.conf df --portability --block-size 1 /opt/stack/data/cinder/mnt/64c04635ed5c4e065c708917f4450b39" returned: 0 in 0.612s {{(pid=88202) execute /opt/stack/data/venv/lib/python3.12/site-packages/oslo_concurrency/processutils.py:468}}
Jul 27 13:15:33 devstack cinder-volume[88202]: DEBUG cinder.manager [None req-584872d9-b6ca-4a81-a98e-5b5f355c280c None None] Notifying Schedulers of capabilities ... {{(pid=88202) _publish_service_capabilities /opt/stack/cinder/cinder/manager.py:219}}
Jul 27 13:15:33 devstack sudo[93359]: pam_unix(sudo:session): session closed for user root
Jul 27 13:15:33 devstack cinder-volume[88202]: DEBUG oslo_concurrency.processutils [None req-24678ee7-7eb8-4cba-b1ab-f298c2fe1dd8 tempest-VolumesDeleteCascade-663171339 None] CMD "sudo cinder-rootwrap /etc/cinder/rootwrap.conf chmod ugo+rw /opt/stack/data/cinder/mnt/64c04635ed5c4e065c708917f4450b39/volume-513e8217-80a6-4b23-94c1-2c6eb62ca7fc.6e80faf5-3e4e-4f8a-a2c8-e83db9b1ad10" returned: 0 in 0.357s {{(pid=88202) execute /opt/stack/data/venv/lib/python3.12/site-packages/oslo_concurrency/processutils.py:468}}
Jul 27 13:15:33 devstack cinder-volume[88202]: DEBUG oslo_concurrency.lockutils [None req-24678ee7-7eb8-4cba-b1ab-f298c2fe1dd8 tempest-VolumesDeleteCascade-663171339 None] Lock "quobyte" "released" by "cinder.volume.drivers.quobyte.QuobyteDriver.create_snapshot" :: held 2.346s {{(pid=88202) inner /opt/stack/data/venv/lib/python3.12/site-packages/oslo_concurrency/lockutils.py:544}}
Jul 27 13:15:33 devstack cinder-volume[88202]: INFO cinder.volume.manager [None req-24678ee7-7eb8-4cba-b1ab-f298c2fe1dd8 tempest-VolumesDeleteCascade-663171339 None] Create snapshot completed successfully
Jul 27 13:15:34 devstack cinder-volume[88202]: DEBUG cinder.coordination [None req-3aafd457-ab45-47f5-8cf9-80c3f1fe8de9 tempest-VolumesDeleteCascade-663171339 None] Acquiring lock "cinder-513e8217-80a6-4b23-94c1-2c6eb62ca7fc-delete_volume" by "delete_volume" {{(pid=88202) __acquire /opt/stack/cinder/cinder/coordination.py:138}}
Jul 27 13:15:34 devstack cinder-volume[88202]: DEBUG cinder.coordination [None req-3aafd457-ab45-47f5-8cf9-80c3f1fe8de9 tempest-VolumesDeleteCascade-663171339 None] Lock "cinder-513e8217-80a6-4b23-94c1-2c6eb62ca7fc-delete_volume" acquired by "delete_volume" :: waited 0.049s {{(pid=88202) __acquire /opt/stack/cinder/cinder/coordination.py:141}}
Jul 27 13:15:34 devstack cinder-volume[88202]: DEBUG cinder.volume.manager [None req-3aafd457-ab45-47f5-8cf9-80c3f1fe8de9 tempest-VolumesDeleteCascade-663171339 None] Performing cascade delete. {{(pid=88202) delete_volume /opt/stack/cinder/cinder/volume/manager.py:995}}
Jul 27 13:15:34 devstack cinder-volume[88202]: DEBUG cinder.coordination [None req-3aafd457-ab45-47f5-8cf9-80c3f1fe8de9 tempest-VolumesDeleteCascade-663171339 None] Acquiring lock "cinder-6e80faf5-3e4e-4f8a-a2c8-e83db9b1ad10-delete_snapshot" by "delete_snapshot" {{(pid=88202) __acquire /opt/stack/cinder/cinder/coordination.py:138}}
Jul 27 13:15:34 devstack cinder-volume[88202]: DEBUG cinder.coordination [None req-3aafd457-ab45-47f5-8cf9-80c3f1fe8de9 tempest-VolumesDeleteCascade-663171339 None] Lock "cinder-6e80faf5-3e4e-4f8a-a2c8-e83db9b1ad10-delete_snapshot" acquired by "delete_snapshot" :: waited 0.018s {{(pid=88202) __acquire /opt/stack/cinder/cinder/coordination.py:141}}
Jul 27 13:15:34 devstack cinder-volume[88202]: DEBUG cinder.coordination [None req-3aafd457-ab45-47f5-8cf9-80c3f1fe8de9 tempest-VolumesDeleteCascade-663171339 None] Acquiring lock "cinder-quobyte-513e8217-80a6-4b23-94c1-2c6eb62ca7fc" by "delete_snapshot" {{(pid=88202) __acquire /opt/stack/cinder/cinder/coordination.py:138}}
Jul 27 13:15:34 devstack cinder-volume[88202]: DEBUG cinder.coordination [None req-3aafd457-ab45-47f5-8cf9-80c3f1fe8de9 tempest-VolumesDeleteCascade-663171339 None] Lock "cinder-quobyte-513e8217-80a6-4b23-94c1-2c6eb62ca7fc" acquired by "delete_snapshot" :: waited 0.018s {{(pid=88202) __acquire /opt/stack/cinder/cinder/coordination.py:141}}
Jul 27 13:15:34 devstack cinder-volume[88202]: DEBUG cinder.coordination [None req-3aafd457-ab45-47f5-8cf9-80c3f1fe8de9 tempest-VolumesDeleteCascade-663171339 None] Acquiring lock "cinder-quobyte-6e80faf5-3e4e-4f8a-a2c8-e83db9b1ad10" by "_delete_snapshot" {{(pid=88202) __acquire /opt/stack/cinder/cinder/coordination.py:138}}
Jul 27 13:15:34 devstack cinder-volume[88202]: DEBUG cinder.coordination [None req-3aafd457-ab45-47f5-8cf9-80c3f1fe8de9 tempest-VolumesDeleteCascade-663171339 None] Lock "cinder-quobyte-6e80faf5-3e4e-4f8a-a2c8-e83db9b1ad10" acquired by "_delete_snapshot" :: waited 0.018s {{(pid=88202) __acquire /opt/stack/cinder/cinder/coordination.py:141}}
Jul 27 13:15:34 devstack cinder-volume[88202]: DEBUG cinder.volume.drivers.remotefs [None req-3aafd457-ab45-47f5-8cf9-80c3f1fe8de9 tempest-VolumesDeleteCascade-663171339 None] Deleting offline snapshot 6e80faf5-3e4e-4f8a-a2c8-e83db9b1ad10 of volume 513e8217-80a6-4b23-94c1-2c6eb62ca7fc {{(pid=88202) _delete_snapshot /opt/stack/cinder/cinder/volume/drivers/remotefs.py:1288}}
Jul 27 13:15:34 devstack cinder-volume[88202]: DEBUG cinder.volume.drivers.remotefs [None req-3aafd457-ab45-47f5-8cf9-80c3f1fe8de9 tempest-VolumesDeleteCascade-663171339 None] snapshot_file for this snap is: volume-513e8217-80a6-4b23-94c1-2c6eb62ca7fc.6e80faf5-3e4e-4f8a-a2c8-e83db9b1ad10 {{(pid=88202) _delete_snapshot /opt/stack/cinder/cinder/volume/drivers/remotefs.py:1317}}
Jul 27 13:15:34 devstack cinder-volume[88202]: DEBUG oslo.privsep.daemon [-] privsep: reply[9a3b5d2b-f4b0-4f39-b78a-41fb4eee3c95]: (4, 'qcow2') {{(pid=88961) _call_back /opt/stack/data/venv/lib/python3.12/site-packages/oslo_privsep/daemon.py:580}}
Jul 27 13:15:34 devstack cinder-volume[88202]: DEBUG oslo_concurrency.processutils [None req-3aafd457-ab45-47f5-8cf9-80c3f1fe8de9 tempest-VolumesDeleteCascade-663171339 None] Running cmd (subprocess): /opt/stack/data/venv/bin/python3.12 -m oslo_concurrency.prlimit --as=1073741824 --cpu=60 -- sudo cinder-rootwrap /etc/cinder/rootwrap.conf env LC_ALL=C qemu-img info -f qcow2 --output=json --force-share /opt/stack/data/cinder/mnt/64c04635ed5c4e065c708917f4450b39/volume-513e8217-80a6-4b23-94c1-2c6eb62ca7fc.6e80faf5-3e4e-4f8a-a2c8-e83db9b1ad10 {{(pid=88202) execute /opt/stack/data/venv/lib/python3.12/site-packages/oslo_concurrency/processutils.py:440}}
Jul 27 13:15:35 devstack sudo[93366]: quobyte : PWD=/ ; USER=root ; COMMAND=/opt/stack/data/venv/bin/cinder-rootwrap /etc/cinder/rootwrap.conf env LC_ALL=C qemu-img info -f qcow2 --output=json --force-share /opt/stack/data/cinder/mnt/64c04635ed5c4e065c708917f4450b39/volume-513e8217-80a6-4b23-94c1-2c6eb62ca7fc.6e80faf5-3e4e-4f8a-a2c8-e83db9b1ad10
Jul 27 13:15:35 devstack sudo[93366]: pam_unix(sudo:session): session opened for user root(uid=0) by (uid=1000)
Jul 27 13:15:35 devstack sudo[93366]: pam_unix(sudo:session): session closed for user root
Jul 27 13:15:35 devstack cinder-volume[88202]: DEBUG oslo_concurrency.processutils [None req-3aafd457-ab45-47f5-8cf9-80c3f1fe8de9 tempest-VolumesDeleteCascade-663171339 None] CMD "/opt/stack/data/venv/bin/python3.12 -m oslo_concurrency.prlimit --as=1073741824 --cpu=60 -- sudo cinder-rootwrap /etc/cinder/rootwrap.conf env LC_ALL=C qemu-img info -f qcow2 --output=json --force-share /opt/stack/data/cinder/mnt/64c04635ed5c4e065c708917f4450b39/volume-513e8217-80a6-4b23-94c1-2c6eb62ca7fc.6e80faf5-3e4e-4f8a-a2c8-e83db9b1ad10" returned: 0 in 0.507s {{(pid=88202) execute /opt/stack/data/venv/lib/python3.12/site-packages/oslo_concurrency/processutils.py:468}}
Jul 27 13:15:35 devstack cinder-volume[88202]: DEBUG cinder.volume.drivers.remotefs [None req-3aafd457-ab45-47f5-8cf9-80c3f1fe8de9 tempest-VolumesDeleteCascade-663171339 None] Fetching qemu-img info with special backing_file_template: (/opt/stack/data/cinder/mnt/[0-9a-f]+/)?(volume-513e8217-80a6-4b23-94c1-2c6eb62ca7fc(.(tmp-snap-)?[0-9a-f-]+)?|volume_from_snapshot_cache/(tmp-snap-)?[0-9a-f-]+(.(child-|parent-)[0-9a-f-]+)?)$ {{(pid=88202) _qemu_img_info_base /opt/stack/cinder/cinder/volume/drivers/remotefs.py:896}}
Jul 27 13:15:35 devstack cinder-volume[88202]: DEBUG oslo.privsep.daemon [-] privsep: reply[c09904b8-757f-4025-bbf7-6c99f04fd6b7]: (4, 'qcow2') {{(pid=88961) _call_back /opt/stack/data/venv/lib/python3.12/site-packages/oslo_privsep/daemon.py:580}}
Jul 27 13:15:35 devstack cinder-volume[88202]: DEBUG oslo_concurrency.processutils [None req-3aafd457-ab45-47f5-8cf9-80c3f1fe8de9 tempest-VolumesDeleteCascade-663171339 None] Running cmd (subprocess): /opt/stack/data/venv/bin/python3.12 -m oslo_concurrency.prlimit --as=1073741824 --cpu=60 -- sudo cinder-rootwrap /etc/cinder/rootwrap.conf env LC_ALL=C qemu-img info -f qcow2 --output=json --force-share /opt/stack/data/cinder/mnt/64c04635ed5c4e065c708917f4450b39/volume-513e8217-80a6-4b23-94c1-2c6eb62ca7fc.ac6bb583-a9d9-4e45-bcbf-009e7a26e695 {{(pid=88202) execute /opt/stack/data/venv/lib/python3.12/site-packages/oslo_concurrency/processutils.py:440}}
Jul 27 13:15:35 devstack sudo[93380]: quobyte : PWD=/ ; USER=root ; COMMAND=/opt/stack/data/venv/bin/cinder-rootwrap /etc/cinder/rootwrap.conf env LC_ALL=C qemu-img info -f qcow2 --output=json --force-share /opt/stack/data/cinder/mnt/64c04635ed5c4e065c708917f4450b39/volume-513e8217-80a6-4b23-94c1-2c6eb62ca7fc.ac6bb583-a9d9-4e45-bcbf-009e7a26e695
Jul 27 13:15:35 devstack sudo[93380]: pam_unix(sudo:session): session opened for user root(uid=0) by (uid=1000)
Jul 27 13:15:36 devstack sudo[93380]: pam_unix(sudo:session): session closed for user root
Jul 27 13:15:36 devstack cinder-volume[88202]: DEBUG oslo_concurrency.processutils [None req-3aafd457-ab45-47f5-8cf9-80c3f1fe8de9 tempest-VolumesDeleteCascade-663171339 None] CMD "/opt/stack/data/venv/bin/python3.12 -m oslo_concurrency.prlimit --as=1073741824 --cpu=60 -- sudo cinder-rootwrap /etc/cinder/rootwrap.conf env LC_ALL=C qemu-img info -f qcow2 --output=json --force-share /opt/stack/data/cinder/mnt/64c04635ed5c4e065c708917f4450b39/volume-513e8217-80a6-4b23-94c1-2c6eb62ca7fc.ac6bb583-a9d9-4e45-bcbf-009e7a26e695" returned: 0 in 0.715s {{(pid=88202) execute /opt/stack/data/venv/lib/python3.12/site-packages/oslo_concurrency/processutils.py:468}}
Jul 27 13:15:36 devstack cinder-volume[88202]: DEBUG cinder.volume.drivers.remotefs [None req-3aafd457-ab45-47f5-8cf9-80c3f1fe8de9 tempest-VolumesDeleteCascade-663171339 None] Fetching qemu-img info with special backing_file_template: (/opt/stack/data/cinder/mnt/[0-9a-f]+/)?(volume-513e8217-80a6-4b23-94c1-2c6eb62ca7fc(.(tmp-snap-)?[0-9a-f-]+)?|volume_from_snapshot_cache/(tmp-snap-)?[0-9a-f-]+(.(child-|parent-)[0-9a-f-]+)?)$ {{(pid=88202) _qemu_img_info_base /opt/stack/cinder/cinder/volume/drivers/remotefs.py:896}}
Jul 27 13:15:36 devstack cinder-volume[88202]: DEBUG oslo_concurrency.processutils [None req-3aafd457-ab45-47f5-8cf9-80c3f1fe8de9 tempest-VolumesDeleteCascade-663171339 None] Running cmd (subprocess): sudo cinder-rootwrap /etc/cinder/rootwrap.conf qemu-img commit -d /opt/stack/data/cinder/mnt/64c04635ed5c4e065c708917f4450b39/volume-513e8217-80a6-4b23-94c1-2c6eb62ca7fc.6e80faf5-3e4e-4f8a-a2c8-e83db9b1ad10 {{(pid=88202) execute /opt/stack/data/venv/lib/python3.12/site-packages/oslo_concurrency/processutils.py:440}}
Jul 27 13:15:36 devstack sudo[93397]: quobyte : PWD=/ ; USER=root ; COMMAND=/opt/stack/data/venv/bin/cinder-rootwrap /etc/cinder/rootwrap.conf qemu-img commit -d /opt/stack/data/cinder/mnt/64c04635ed5c4e065c708917f4450b39/volume-513e8217-80a6-4b23-94c1-2c6eb62ca7fc.6e80faf5-3e4e-4f8a-a2c8-e83db9b1ad10
Jul 27 13:15:36 devstack sudo[93397]: pam_unix(sudo:session): session opened for user root(uid=0) by (uid=1000)
Jul 27 13:15:37 devstack sudo[93397]: pam_unix(sudo:session): session closed for user root
Jul 27 13:15:37 devstack cinder-volume[88202]: DEBUG oslo_concurrency.processutils [None req-3aafd457-ab45-47f5-8cf9-80c3f1fe8de9 tempest-VolumesDeleteCascade-663171339 None] CMD "sudo cinder-rootwrap /etc/cinder/rootwrap.conf qemu-img commit -d /opt/stack/data/cinder/mnt/64c04635ed5c4e065c708917f4450b39/volume-513e8217-80a6-4b23-94c1-2c6eb62ca7fc.6e80faf5-3e4e-4f8a-a2c8-e83db9b1ad10" returned: 0 in 0.770s {{(pid=88202) execute /opt/stack/data/venv/lib/python3.12/site-packages/oslo_concurrency/processutils.py:468}}
Jul 27 13:15:37 devstack cinder-volume[88202]: DEBUG oslo_concurrency.processutils [None req-3aafd457-ab45-47f5-8cf9-80c3f1fe8de9 tempest-VolumesDeleteCascade-663171339 None] Running cmd (subprocess): sudo cinder-rootwrap /etc/cinder/rootwrap.conf rm -f /opt/stack/data/cinder/mnt/64c04635ed5c4e065c708917f4450b39/volume-513e8217-80a6-4b23-94c1-2c6eb62ca7fc.6e80faf5-3e4e-4f8a-a2c8-e83db9b1ad10 {{(pid=88202) execute /opt/stack/data/venv/lib/python3.12/site-packages/oslo_concurrency/processutils.py:440}}
Jul 27 13:15:37 devstack sudo[93417]: quobyte : PWD=/ ; USER=root ; COMMAND=/opt/stack/data/venv/bin/cinder-rootwrap /etc/cinder/rootwrap.conf rm -f /opt/stack/data/cinder/mnt/64c04635ed5c4e065c708917f4450b39/volume-513e8217-80a6-4b23-94c1-2c6eb62ca7fc.6e80faf5-3e4e-4f8a-a2c8-e83db9b1ad10
Jul 27 13:15:37 devstack sudo[93417]: pam_unix(sudo:session): session opened for user root(uid=0) by (uid=1000)
Jul 27 13:15:37 devstack sudo[93417]: pam_unix(sudo:session): session closed for user root
Jul 27 13:15:37 devstack cinder-volume[88202]: DEBUG oslo_concurrency.processutils [None req-3aafd457-ab45-47f5-8cf9-80c3f1fe8de9 tempest-VolumesDeleteCascade-663171339 None] CMD "sudo cinder-rootwrap /etc/cinder/rootwrap.conf rm -f /opt/stack/data/cinder/mnt/64c04635ed5c4e065c708917f4450b39/volume-513e8217-80a6-4b23-94c1-2c6eb62ca7fc.6e80faf5-3e4e-4f8a-a2c8-e83db9b1ad10" returned: 0 in 0.355s {{(pid=88202) execute /opt/stack/data/venv/lib/python3.12/site-packages/oslo_concurrency/processutils.py:468}}
Jul 27 13:15:37 devstack cinder-volume[88202]: DEBUG cinder.coordination [None req-3aafd457-ab45-47f5-8cf9-80c3f1fe8de9 tempest-VolumesDeleteCascade-663171339 None] Lock "cinder-quobyte-6e80faf5-3e4e-4f8a-a2c8-e83db9b1ad10" released by "_delete_snapshot" :: held 2.509s {{(pid=88202) __release /opt/stack/cinder/cinder/coordination.py:152}}
Jul 27 13:15:37 devstack cinder-volume[88202]: DEBUG cinder.coordination [None req-3aafd457-ab45-47f5-8cf9-80c3f1fe8de9 tempest-VolumesDeleteCascade-663171339 None] Lock "cinder-quobyte-513e8217-80a6-4b23-94c1-2c6eb62ca7fc" released by "delete_snapshot" :: held 2.539s {{(pid=88202) __release /opt/stack/cinder/cinder/coordination.py:152}}
Jul 27 13:15:37 devstack cinder-volume[88202]: DEBUG cinder.quota [None req-3aafd457-ab45-47f5-8cf9-80c3f1fe8de9 tempest-VolumesDeleteCascade-663171339 None] Created reservations ['560f9d8c-992d-497d-8675-cc622934f806', '2acdb696-366c-4684-8108-ea3f04375b26', '8ea5dbb6-3f17-4e7d-80e5-4c32ee78b55b', 'a7acc338-b4fe-493e-a3b5-2f1a46ea66bd'] {{(pid=88202) reserve /opt/stack/cinder/cinder/quota.py:752}}
Jul 27 13:15:37 devstack cinder-volume[88202]: INFO cinder.volume.manager [None req-3aafd457-ab45-47f5-8cf9-80c3f1fe8de9 tempest-VolumesDeleteCascade-663171339 None] Delete snapshot completed successfully.
Jul 27 13:15:37 devstack cinder-volume[88202]: DEBUG cinder.coordination [None req-3aafd457-ab45-47f5-8cf9-80c3f1fe8de9 tempest-VolumesDeleteCascade-663171339 None] Lock "cinder-6e80faf5-3e4e-4f8a-a2c8-e83db9b1ad10-delete_snapshot" released by "delete_snapshot" :: held 2.817s {{(pid=88202) __release /opt/stack/cinder/cinder/coordination.py:152}}
Jul 27 13:15:37 devstack cinder-volume[88202]: DEBUG cinder.coordination [None req-3aafd457-ab45-47f5-8cf9-80c3f1fe8de9 tempest-VolumesDeleteCascade-663171339 None] Acquiring lock "cinder-ac6bb583-a9d9-4e45-bcbf-009e7a26e695-delete_snapshot" by "delete_snapshot" {{(pid=88202) __acquire /opt/stack/cinder/cinder/coordination.py:138}}
Jul 27 13:15:37 devstack cinder-volume[88202]: DEBUG cinder.coordination [None req-3aafd457-ab45-47f5-8cf9-80c3f1fe8de9 tempest-VolumesDeleteCascade-663171339 None] Lock "cinder-ac6bb583-a9d9-4e45-bcbf-009e7a26e695-delete_snapshot" acquired by "delete_snapshot" :: waited 0.025s {{(pid=88202) __acquire /opt/stack/cinder/cinder/coordination.py:141}}
Jul 27 13:15:37 devstack cinder-volume[88202]: DEBUG cinder.coordination [None req-3aafd457-ab45-47f5-8cf9-80c3f1fe8de9 tempest-VolumesDeleteCascade-663171339 None] Acquiring lock "cinder-quobyte-513e8217-80a6-4b23-94c1-2c6eb62ca7fc" by "delete_snapshot" {{(pid=88202) __acquire /opt/stack/cinder/cinder/coordination.py:138}}
Jul 27 13:15:37 devstack cinder-volume[88202]: DEBUG cinder.coordination [None req-3aafd457-ab45-47f5-8cf9-80c3f1fe8de9 tempest-VolumesDeleteCascade-663171339 None] Lock "cinder-quobyte-513e8217-80a6-4b23-94c1-2c6eb62ca7fc" acquired by "delete_snapshot" :: waited 0.021s {{(pid=88202) __acquire /opt/stack/cinder/cinder/coordination.py:141}}
Jul 27 13:15:37 devstack cinder-volume[88202]: DEBUG cinder.coordination [None req-3aafd457-ab45-47f5-8cf9-80c3f1fe8de9 tempest-VolumesDeleteCascade-663171339 None] Acquiring lock "cinder-quobyte-ac6bb583-a9d9-4e45-bcbf-009e7a26e695" by "_delete_snapshot" {{(pid=88202) __acquire /opt/stack/cinder/cinder/coordination.py:138}}
Jul 27 13:15:37 devstack cinder-volume[88202]: DEBUG cinder.coordination [None req-3aafd457-ab45-47f5-8cf9-80c3f1fe8de9 tempest-VolumesDeleteCascade-663171339 None] Lock "cinder-quobyte-ac6bb583-a9d9-4e45-bcbf-009e7a26e695" acquired by "_delete_snapshot" :: waited 0.024s {{(pid=88202) __acquire /opt/stack/cinder/cinder/coordination.py:141}}
Jul 27 13:15:37 devstack cinder-volume[88202]: DEBUG cinder.volume.drivers.remotefs [None req-3aafd457-ab45-47f5-8cf9-80c3f1fe8de9 tempest-VolumesDeleteCascade-663171339 None] Deleting offline snapshot ac6bb583-a9d9-4e45-bcbf-009e7a26e695 of volume 513e8217-80a6-4b23-94c1-2c6eb62ca7fc {{(pid=88202) _delete_snapshot /opt/stack/cinder/cinder/volume/drivers/remotefs.py:1288}}
Jul 27 13:15:37 devstack cinder-volume[88202]: DEBUG cinder.volume.drivers.remotefs [None req-3aafd457-ab45-47f5-8cf9-80c3f1fe8de9 tempest-VolumesDeleteCascade-663171339 None] snapshot_file for this snap is: volume-513e8217-80a6-4b23-94c1-2c6eb62ca7fc.ac6bb583-a9d9-4e45-bcbf-009e7a26e695 {{(pid=88202) _delete_snapshot /opt/stack/cinder/cinder/volume/drivers/remotefs.py:1317}}
Jul 27 13:15:37 devstack cinder-volume[88202]: DEBUG oslo.privsep.daemon [-] privsep: reply[0bbecefb-a6cf-4d35-afd9-6b1e307f0e15]: (4, 'qcow2') {{(pid=88961) _call_back /opt/stack/data/venv/lib/python3.12/site-packages/oslo_privsep/daemon.py:580}}
Jul 27 13:15:37 devstack cinder-volume[88202]: DEBUG oslo_concurrency.processutils [None req-3aafd457-ab45-47f5-8cf9-80c3f1fe8de9 tempest-VolumesDeleteCascade-663171339 None] Running cmd (subprocess): /opt/stack/data/venv/bin/python3.12 -m oslo_concurrency.prlimit --as=1073741824 --cpu=60 -- sudo cinder-rootwrap /etc/cinder/rootwrap.conf env LC_ALL=C qemu-img info -f qcow2 --output=json --force-share /opt/stack/data/cinder/mnt/64c04635ed5c4e065c708917f4450b39/volume-513e8217-80a6-4b23-94c1-2c6eb62ca7fc.ac6bb583-a9d9-4e45-bcbf-009e7a26e695 {{(pid=88202) execute /opt/stack/data/venv/lib/python3.12/site-packages/oslo_concurrency/processutils.py:440}}
Jul 27 13:15:38 devstack sudo[93436]: quobyte : PWD=/ ; USER=root ; COMMAND=/opt/stack/data/venv/bin/cinder-rootwrap /etc/cinder/rootwrap.conf env LC_ALL=C qemu-img info -f qcow2 --output=json --force-share /opt/stack/data/cinder/mnt/64c04635ed5c4e065c708917f4450b39/volume-513e8217-80a6-4b23-94c1-2c6eb62ca7fc.ac6bb583-a9d9-4e45-bcbf-009e7a26e695
Jul 27 13:15:38 devstack sudo[93436]: pam_unix(sudo:session): session opened for user root(uid=0) by (uid=1000)
Jul 27 13:15:38 devstack sudo[93436]: pam_unix(sudo:session): session closed for user root
Jul 27 13:15:38 devstack cinder-volume[88202]: DEBUG oslo_concurrency.processutils [None req-3aafd457-ab45-47f5-8cf9-80c3f1fe8de9 tempest-VolumesDeleteCascade-663171339 None] CMD "/opt/stack/data/venv/bin/python3.12 -m oslo_concurrency.prlimit --as=1073741824 --cpu=60 -- sudo cinder-rootwrap /etc/cinder/rootwrap.conf env LC_ALL=C qemu-img info -f qcow2 --output=json --force-share /opt/stack/data/cinder/mnt/64c04635ed5c4e065c708917f4450b39/volume-513e8217-80a6-4b23-94c1-2c6eb62ca7fc.ac6bb583-a9d9-4e45-bcbf-009e7a26e695" returned: 0 in 0.706s {{(pid=88202) execute /opt/stack/data/venv/lib/python3.12/site-packages/oslo_concurrency/processutils.py:468}}
Jul 27 13:15:38 devstack cinder-volume[88202]: DEBUG cinder.volume.drivers.remotefs [None req-3aafd457-ab45-47f5-8cf9-80c3f1fe8de9 tempest-VolumesDeleteCascade-663171339 None] Fetching qemu-img info with special backing_file_template: (/opt/stack/data/cinder/mnt/[0-9a-f]+/)?(volume-513e8217-80a6-4b23-94c1-2c6eb62ca7fc(.(tmp-snap-)?[0-9a-f-]+)?|volume_from_snapshot_cache/(tmp-snap-)?[0-9a-f-]+(.(child-|parent-)[0-9a-f-]+)?)$ {{(pid=88202) _qemu_img_info_base /opt/stack/cinder/cinder/volume/drivers/remotefs.py:896}}
Jul 27 13:15:38 devstack cinder-volume[88202]: DEBUG oslo.privsep.daemon [-] privsep: reply[57a3eed4-c4fa-402d-bc92-b8125ec8df63]: (4, 'qcow2') {{(pid=88961) _call_back /opt/stack/data/venv/lib/python3.12/site-packages/oslo_privsep/daemon.py:580}}
Jul 27 13:15:38 devstack cinder-volume[88202]: DEBUG oslo_concurrency.processutils [None req-3aafd457-ab45-47f5-8cf9-80c3f1fe8de9 tempest-VolumesDeleteCascade-663171339 None] Running cmd (subprocess): /opt/stack/data/venv/bin/python3.12 -m oslo_concurrency.prlimit --as=1073741824 --cpu=60 -- sudo cinder-rootwrap /etc/cinder/rootwrap.conf env LC_ALL=C qemu-img info -f qcow2 --output=json --force-share /opt/stack/data/cinder/mnt/64c04635ed5c4e065c708917f4450b39/volume-513e8217-80a6-4b23-94c1-2c6eb62ca7fc {{(pid=88202) execute /opt/stack/data/venv/lib/python3.12/site-packages/oslo_concurrency/processutils.py:440}}
Jul 27 13:15:38 devstack sudo[93443]: quobyte : PWD=/ ; USER=root ; COMMAND=/opt/stack/data/venv/bin/cinder-rootwrap /etc/cinder/rootwrap.conf env LC_ALL=C qemu-img info -f qcow2 --output=json --force-share /opt/stack/data/cinder/mnt/64c04635ed5c4e065c708917f4450b39/volume-513e8217-80a6-4b23-94c1-2c6eb62ca7fc
Jul 27 13:15:38 devstack sudo[93443]: pam_unix(sudo:session): session opened for user root(uid=0) by (uid=1000)
Jul 27 13:15:39 devstack sudo[93443]: pam_unix(sudo:session): session closed for user root
Jul 27 13:15:39 devstack cinder-volume[88202]: DEBUG oslo_concurrency.processutils [None req-3aafd457-ab45-47f5-8cf9-80c3f1fe8de9 tempest-VolumesDeleteCascade-663171339 None] CMD "/opt/stack/data/venv/bin/python3.12 -m oslo_concurrency.prlimit --as=1073741824 --cpu=60 -- sudo cinder-rootwrap /etc/cinder/rootwrap.conf env LC_ALL=C qemu-img info -f qcow2 --output=json --force-share /opt/stack/data/cinder/mnt/64c04635ed5c4e065c708917f4450b39/volume-513e8217-80a6-4b23-94c1-2c6eb62ca7fc" returned: 0 in 0.663s {{(pid=88202) execute /opt/stack/data/venv/lib/python3.12/site-packages/oslo_concurrency/processutils.py:468}}
Jul 27 13:15:39 devstack cinder-volume[88202]: DEBUG oslo_concurrency.processutils [None req-3aafd457-ab45-47f5-8cf9-80c3f1fe8de9 tempest-VolumesDeleteCascade-663171339 None] Running cmd (subprocess): sudo cinder-rootwrap /etc/cinder/rootwrap.conf qemu-img commit -d /opt/stack/data/cinder/mnt/64c04635ed5c4e065c708917f4450b39/volume-513e8217-80a6-4b23-94c1-2c6eb62ca7fc.ac6bb583-a9d9-4e45-bcbf-009e7a26e695 {{(pid=88202) execute /opt/stack/data/venv/lib/python3.12/site-packages/oslo_concurrency/processutils.py:440}}
Jul 27 13:15:39 devstack sudo[93461]: quobyte : PWD=/ ; USER=root ; COMMAND=/opt/stack/data/venv/bin/cinder-rootwrap /etc/cinder/rootwrap.conf qemu-img commit -d /opt/stack/data/cinder/mnt/64c04635ed5c4e065c708917f4450b39/volume-513e8217-80a6-4b23-94c1-2c6eb62ca7fc.ac6bb583-a9d9-4e45-bcbf-009e7a26e695
Jul 27 13:15:39 devstack sudo[93461]: pam_unix(sudo:session): session opened for user root(uid=0) by (uid=1000)
Jul 27 13:15:39 devstack sudo[93461]: pam_unix(sudo:session): session closed for user root
Jul 27 13:15:39 devstack cinder-volume[88202]: DEBUG oslo_concurrency.processutils [None req-3aafd457-ab45-47f5-8cf9-80c3f1fe8de9 tempest-VolumesDeleteCascade-663171339 None] CMD "sudo cinder-rootwrap /etc/cinder/rootwrap.conf qemu-img commit -d /opt/stack/data/cinder/mnt/64c04635ed5c4e065c708917f4450b39/volume-513e8217-80a6-4b23-94c1-2c6eb62ca7fc.ac6bb583-a9d9-4e45-bcbf-009e7a26e695" returned: 0 in 0.531s {{(pid=88202) execute /opt/stack/data/venv/lib/python3.12/site-packages/oslo_concurrency/processutils.py:468}}
Jul 27 13:15:39 devstack cinder-volume[88202]: DEBUG oslo_concurrency.processutils [None req-3aafd457-ab45-47f5-8cf9-80c3f1fe8de9 tempest-VolumesDeleteCascade-663171339 None] Running cmd (subprocess): sudo cinder-rootwrap /etc/cinder/rootwrap.conf rm -f /opt/stack/data/cinder/mnt/64c04635ed5c4e065c708917f4450b39/volume-513e8217-80a6-4b23-94c1-2c6eb62ca7fc.ac6bb583-a9d9-4e45-bcbf-009e7a26e695 {{(pid=88202) execute /opt/stack/data/venv/lib/python3.12/site-packages/oslo_concurrency/processutils.py:440}}
