Jul 22 18:23:11 devstack cinder-volume[89774]: DEBUG cinder.volume.manager [None req-26395e9f-da21-43e2-bdcf-e91ad7ebae14 tempest-GroupSnapshotsV319Test-797897730 None] Task 'cinder.volume.flows.manager.create_volume.ExtractVolumeRefTask;volume:create' (83eb42dd-c232-472d-abba-4f832f9ce1d1) transitioned into state 'RUNNING' from state 'PENDING' {{(pid=89774) _task_receiver /opt/stack/data/venv/lib/python3.12/site-packages/taskflow/listeners/logging.py:242}}
Jul 22 18:23:11 devstack cinder-volume[89774]: DEBUG cinder.volume.manager [None req-26395e9f-da21-43e2-bdcf-e91ad7ebae14 tempest-GroupSnapshotsV319Test-797897730 None] Task 'cinder.volume.flows.manager.create_volume.ExtractVolumeRefTask;volume:create' (83eb42dd-c232-472d-abba-4f832f9ce1d1) transitioned into state 'SUCCESS' from state 'RUNNING' with result 'Volume(_name_id=None,admin_metadata=,attach_status='detached',availability_zone='nova',bootable=False,cluster=,cluster_name=None,consistencygroup=,consistencygroup_id=None,created_at=2026-07-22T16:23:11Z,deleted=False,deleted_at=None,display_description=None,display_name='tempest-volume-663920582',ec2_id=None,encryption_key_id=None,glance_metadata=,group=,group_id=729578a0-595c-43c7-82dc-40c64c98b6c8,host='devstack@QuobyteHD#QuobyteHD',id=b1a39916-ae21-44b5-88a8-73dcd394579f,launched_at=None,metadata={},migration_status=None,multiattach=False,previous_status=None,project_id='8b4ee176b67044099fdd980f82b776c1',provider_auth=None,provider_geometry=None,provider_id=None,provider_location=None,replication_driver_data=None,replication_extended_status=None,replication_status=None,scheduled_at=2026-07-22T16:23:11Z,service_uuid=None,shared_targets=True,size=1,snapshot_id=None,snapshots=,source_volid=None,status='creating',terminated_at=None,updated_at=2026-07-22T16:23:11Z,use_quota=True,user_id='719270c487a14e1fbafec94795165612',volume_attachment=VolumeAttachmentList,volume_type=VolumeType(e09ba7d2-9444-4172-8aa0-9b330c58e739),volume_type_id=e09ba7d2-9444-4172-8aa0-9b330c58e739)' {{(pid=89774) _task_receiver /opt/stack/data/venv/lib/python3.12/site-packages/taskflow/listeners/logging.py:218}}
Jul 22 18:23:11 devstack cinder-volume[89774]: DEBUG cinder.volume.manager [None req-26395e9f-da21-43e2-bdcf-e91ad7ebae14 tempest-GroupSnapshotsV319Test-797897730 None] Task 'cinder.volume.flows.manager.create_volume.OnFailureRescheduleTask;volume:create' (dd5f6e88-c1d0-4e6e-95f3-0fbe65f89077) transitioned into state 'RUNNING' from state 'PENDING' {{(pid=89774) _task_receiver /opt/stack/data/venv/lib/python3.12/site-packages/taskflow/listeners/logging.py:242}}
Jul 22 18:23:11 devstack cinder-volume[89774]: DEBUG cinder.volume.manager [None req-26395e9f-da21-43e2-bdcf-e91ad7ebae14 tempest-GroupSnapshotsV319Test-797897730 None] Task 'cinder.volume.flows.manager.create_volume.OnFailureRescheduleTask;volume:create' (dd5f6e88-c1d0-4e6e-95f3-0fbe65f89077) transitioned into state 'SUCCESS' from state 'RUNNING' with result 'None' {{(pid=89774) _task_receiver /opt/stack/data/venv/lib/python3.12/site-packages/taskflow/listeners/logging.py:218}}
Jul 22 18:23:11 devstack cinder-volume[89774]: DEBUG cinder.volume.manager [None req-26395e9f-da21-43e2-bdcf-e91ad7ebae14 tempest-GroupSnapshotsV319Test-797897730 None] Task 'cinder.volume.flows.manager.create_volume.ExtractVolumeSpecTask;volume:create' (608d00ea-1d26-4ceb-aa73-0ce3fde4d193) transitioned into state 'RUNNING' from state 'PENDING' {{(pid=89774) _task_receiver /opt/stack/data/venv/lib/python3.12/site-packages/taskflow/listeners/logging.py:242}}
Jul 22 18:23:11 devstack cinder-volume[89774]: DEBUG cinder.volume.manager [None req-26395e9f-da21-43e2-bdcf-e91ad7ebae14 tempest-GroupSnapshotsV319Test-797897730 None] Task 'cinder.volume.flows.manager.create_volume.ExtractVolumeSpecTask;volume:create' (608d00ea-1d26-4ceb-aa73-0ce3fde4d193) transitioned into state 'SUCCESS' from state 'RUNNING' with result '{'status': 'creating', 'type': 'raw', 'volume_id': 'b1a39916-ae21-44b5-88a8-73dcd394579f', 'volume_name': 'volume-b1a39916-ae21-44b5-88a8-73dcd394579f', 'volume_size': 1}' {{(pid=89774) _task_receiver /opt/stack/data/venv/lib/python3.12/site-packages/taskflow/listeners/logging.py:218}}
Jul 22 18:23:11 devstack cinder-volume[89774]: DEBUG cinder.volume.manager [None req-26395e9f-da21-43e2-bdcf-e91ad7ebae14 tempest-GroupSnapshotsV319Test-797897730 None] Task 'cinder.volume.flows.manager.create_volume.NotifyVolumeActionTask;volume:create, create.start' (0b591c9e-3aa3-4a93-865d-5767823fe2c7) transitioned into state 'RUNNING' from state 'PENDING' {{(pid=89774) _task_receiver /opt/stack/data/venv/lib/python3.12/site-packages/taskflow/listeners/logging.py:242}}
Jul 22 18:23:11 devstack cinder-volume[89774]: DEBUG cinder.volume.manager [None req-26395e9f-da21-43e2-bdcf-e91ad7ebae14 tempest-GroupSnapshotsV319Test-797897730 None] Task 'cinder.volume.flows.manager.create_volume.NotifyVolumeActionTask;volume:create, create.start' (0b591c9e-3aa3-4a93-865d-5767823fe2c7) transitioned into state 'SUCCESS' from state 'RUNNING' with result 'None' {{(pid=89774) _task_receiver /opt/stack/data/venv/lib/python3.12/site-packages/taskflow/listeners/logging.py:218}}
Jul 22 18:23:11 devstack cinder-volume[89774]: DEBUG cinder.volume.manager [None req-26395e9f-da21-43e2-bdcf-e91ad7ebae14 tempest-GroupSnapshotsV319Test-797897730 None] Task 'cinder.volume.flows.manager.create_volume.CreateVolumeFromSpecTask;volume:create' (a643b579-d799-4bf5-ae85-8906f997e084) transitioned into state 'RUNNING' from state 'PENDING' {{(pid=89774) _task_receiver /opt/stack/data/venv/lib/python3.12/site-packages/taskflow/listeners/logging.py:242}}
Jul 22 18:23:11 devstack cinder-volume[89774]: INFO cinder.volume.flows.manager.create_volume [None req-26395e9f-da21-43e2-bdcf-e91ad7ebae14 tempest-GroupSnapshotsV319Test-797897730 None] Volume b1a39916-ae21-44b5-88a8-73dcd394579f: being created as raw with specification: {'status': 'creating', 'volume_name': 'volume-b1a39916-ae21-44b5-88a8-73dcd394579f', 'volume_size': 1}
Jul 22 18:23:11 devstack cinder-volume[89774]: DEBUG oslo_concurrency.lockutils [None req-26395e9f-da21-43e2-bdcf-e91ad7ebae14 tempest-GroupSnapshotsV319Test-797897730 None] Acquiring lock "quobyte" by "cinder.volume.drivers.quobyte.QuobyteDriver.create_volume" {{(pid=89774) inner /opt/stack/data/venv/lib/python3.12/site-packages/oslo_concurrency/lockutils.py:512}}
Jul 22 18:23:11 devstack cinder-volume[89774]: DEBUG oslo_concurrency.lockutils [None req-26395e9f-da21-43e2-bdcf-e91ad7ebae14 tempest-GroupSnapshotsV319Test-797897730 None] Lock "quobyte" acquired by "cinder.volume.drivers.quobyte.QuobyteDriver.create_volume" :: waited 0.000s {{(pid=89774) inner /opt/stack/data/venv/lib/python3.12/site-packages/oslo_concurrency/lockutils.py:525}}
Jul 22 18:23:11 devstack cinder-volume[89774]: DEBUG cinder.volume.drivers.quobyte [None req-26395e9f-da21-43e2-bdcf-e91ad7ebae14 tempest-GroupSnapshotsV319Test-797897730 None] ==> create_volume: call "{'self': , 'volume': Volume(_name_id=None,admin_metadata=,attach_status='detached',availability_zone='nova',bootable=False,cluster=,cluster_name=None,consistencygroup=,consistencygroup_id=729578a0-595c-43c7-82dc-40c64c98b6c8,created_at=2026-07-22T16:23:11Z,deleted=False,deleted_at=None,display_description=None,display_name='tempest-volume-663920582',ec2_id=None,encryption_key_id=None,glance_metadata=,group=,group_id=729578a0-595c-43c7-82dc-40c64c98b6c8,host='devstack@QuobyteHD#QuobyteHD',id=b1a39916-ae21-44b5-88a8-73dcd394579f,launched_at=None,metadata={},migration_status=None,multiattach=False,previous_status=None,project_id='8b4ee176b67044099fdd980f82b776c1',provider_auth=None,provider_geometry=None,provider_id=None,provider_location=None,replication_driver_data=None,replication_extended_status=None,replication_status=None,scheduled_at=2026-07-22T16:23:11Z,service_uuid=None,shared_targets=True,size=1,snapshot_id=None,snapshots=,source_volid=None,status='creating',terminated_at=None,updated_at=2026-07-22T16:23:11Z,use_quota=True,user_id='719270c487a14e1fbafec94795165612',volume_attachment=VolumeAttachmentList,volume_type=VolumeType(e09ba7d2-9444-4172-8aa0-9b330c58e739),volume_type_id=e09ba7d2-9444-4172-8aa0-9b330c58e739)}" {{(pid=89774) trace_logging_wrapper /opt/stack/cinder/cinder/volume/volume_utils.py:1497}}
Jul 22 18:23:11 devstack cinder-volume[89774]: DEBUG cinder.volume.drivers.remotefs [None req-26395e9f-da21-43e2-bdcf-e91ad7ebae14 tempest-GroupSnapshotsV319Test-797897730 None] Creating volume b1a39916-ae21-44b5-88a8-73dcd394579f {{(pid=89774) create_volume /opt/stack/cinder/cinder/volume/drivers/remotefs.py:292}}
Jul 22 18:23:11 devstack cinder-volume[89774]: DEBUG oslo_concurrency.lockutils [None req-26395e9f-da21-43e2-bdcf-e91ad7ebae14 tempest-GroupSnapshotsV319Test-797897730 None] Acquiring lock "quobyte_ensure" by "cinder.volume.drivers.quobyte.QuobyteDriver._ensure_shares_mounted" {{(pid=89774) inner /opt/stack/data/venv/lib/python3.12/site-packages/oslo_concurrency/lockutils.py:512}}
Jul 22 18:23:11 devstack cinder-volume[89774]: DEBUG oslo_concurrency.lockutils [None req-26395e9f-da21-43e2-bdcf-e91ad7ebae14 tempest-GroupSnapshotsV319Test-797897730 None] Lock "quobyte_ensure" acquired by "cinder.volume.drivers.quobyte.QuobyteDriver._ensure_shares_mounted" :: waited 0.000s {{(pid=89774) inner /opt/stack/data/venv/lib/python3.12/site-packages/oslo_concurrency/lockutils.py:525}}
Jul 22 18:23:11 devstack cinder-volume[89774]: DEBUG cinder.volume.drivers.quobyte [None req-26395e9f-da21-43e2-bdcf-e91ad7ebae14 tempest-GroupSnapshotsV319Test-797897730 None] Quobyte Volume URL set to: {'osci02.corp.quobyte.com/cinder-vol-d6d30bd5-2112-4250-be09-90590fdf2836': None} {{(pid=89774) _load_shares_config /opt/stack/cinder/cinder/volume/drivers/quobyte.py:651}}
Jul 22 18:23:11 devstack cinder-volume[89774]: DEBUG cinder.volume.drivers.quobyte [None req-26395e9f-da21-43e2-bdcf-e91ad7ebae14 tempest-GroupSnapshotsV319Test-797897730 None] Available shares ['osci02.corp.quobyte.com/cinder-vol-d6d30bd5-2112-4250-be09-90590fdf2836'] {{(pid=89774) _ensure_shares_mounted /opt/stack/cinder/cinder/volume/drivers/quobyte.py:681}}
Jul 22 18:23:11 devstack cinder-volume[89774]: DEBUG oslo_concurrency.lockutils [None req-26395e9f-da21-43e2-bdcf-e91ad7ebae14 tempest-GroupSnapshotsV319Test-797897730 None] Lock "quobyte_ensure" "released" by "cinder.volume.drivers.quobyte.QuobyteDriver._ensure_shares_mounted" :: held 0.011s {{(pid=89774) inner /opt/stack/data/venv/lib/python3.12/site-packages/oslo_concurrency/lockutils.py:544}}
Jul 22 18:23:11 devstack cinder-volume[89774]: DEBUG cinder.volume.drivers.quobyte [None req-26395e9f-da21-43e2-bdcf-e91ad7ebae14 tempest-GroupSnapshotsV319Test-797897730 None] Selected osci02.corp.quobyte.com/cinder-vol-d6d30bd5-2112-4250-be09-90590fdf2836 as target Quobyte volume. {{(pid=89774) _find_share /opt/stack/cinder/cinder/volume/drivers/quobyte.py:702}}
Jul 22 18:23:11 devstack cinder-volume[89774]: INFO cinder.volume.drivers.remotefs [None req-26395e9f-da21-43e2-bdcf-e91ad7ebae14 tempest-GroupSnapshotsV319Test-797897730 None] casted to osci02.corp.quobyte.com/cinder-vol-d6d30bd5-2112-4250-be09-90590fdf2836
Jul 22 18:23:11 devstack cinder-volume[89774]: DEBUG oslo_concurrency.processutils [None req-26395e9f-da21-43e2-bdcf-e91ad7ebae14 tempest-GroupSnapshotsV319Test-797897730 None] Running cmd (subprocess): sudo cinder-rootwrap /etc/cinder/rootwrap.conf qemu-img create -f qcow2 -o preallocation=metadata /opt/stack/data/cinder/mnt/1609415e88e626e884f3671c89319f2f/volume-b1a39916-ae21-44b5-88a8-73dcd394579f 1073741824 {{(pid=89774) execute /opt/stack/data/venv/lib/python3.12/site-packages/oslo_concurrency/processutils.py:440}}
Jul 22 18:23:11 devstack sudo[96362]: quobyte : PWD=/ ; USER=root ; COMMAND=/opt/stack/data/venv/bin/cinder-rootwrap /etc/cinder/rootwrap.conf qemu-img create -f qcow2 -o preallocation=metadata /opt/stack/data/cinder/mnt/1609415e88e626e884f3671c89319f2f/volume-b1a39916-ae21-44b5-88a8-73dcd394579f 1073741824
Jul 22 18:23:11 devstack sudo[96362]: pam_unix(sudo:session): session opened for user root(uid=0) by (uid=1000)
Jul 22 18:23:12 devstack sudo[96362]: pam_unix(sudo:session): session closed for user root
Jul 22 18:23:12 devstack cinder-volume[89774]: DEBUG oslo_concurrency.processutils [None req-26395e9f-da21-43e2-bdcf-e91ad7ebae14 tempest-GroupSnapshotsV319Test-797897730 None] CMD "sudo cinder-rootwrap /etc/cinder/rootwrap.conf qemu-img create -f qcow2 -o preallocation=metadata /opt/stack/data/cinder/mnt/1609415e88e626e884f3671c89319f2f/volume-b1a39916-ae21-44b5-88a8-73dcd394579f 1073741824" returned: 0 in 0.597s {{(pid=89774) execute /opt/stack/data/venv/lib/python3.12/site-packages/oslo_concurrency/processutils.py:468}}
Jul 22 18:23:12 devstack cinder-volume[89774]: DEBUG oslo_concurrency.processutils [None req-26395e9f-da21-43e2-bdcf-e91ad7ebae14 tempest-GroupSnapshotsV319Test-797897730 None] Running cmd (subprocess): sudo cinder-rootwrap /etc/cinder/rootwrap.conf chmod ugo+rw /opt/stack/data/cinder/mnt/1609415e88e626e884f3671c89319f2f/volume-b1a39916-ae21-44b5-88a8-73dcd394579f {{(pid=89774) execute /opt/stack/data/venv/lib/python3.12/site-packages/oslo_concurrency/processutils.py:440}}
Jul 22 18:23:12 devstack cinder-volume[89774]: DEBUG cinder.coordination [None req-6bc9d092-ae23-4d02-82f2-d0fcf1f69138 tempest-VolumeQuotasNegativeTestJSON-1575091217 None] Acquiring lock "cinder-3e453ca1-497c-4641-9f88-22e1bf6270ca-delete_volume" by "delete_volume" {{(pid=89774) __acquire /opt/stack/cinder/cinder/coordination.py:138}}
Jul 22 18:23:12 devstack sudo[96368]: quobyte : PWD=/ ; USER=root ; COMMAND=/opt/stack/data/venv/bin/cinder-rootwrap /etc/cinder/rootwrap.conf chmod ugo+rw /opt/stack/data/cinder/mnt/1609415e88e626e884f3671c89319f2f/volume-b1a39916-ae21-44b5-88a8-73dcd394579f
Jul 22 18:23:12 devstack sudo[96368]: pam_unix(sudo:session): session opened for user root(uid=0) by (uid=1000)
Jul 22 18:23:12 devstack cinder-volume[89774]: DEBUG cinder.coordination [None req-6bc9d092-ae23-4d02-82f2-d0fcf1f69138 tempest-VolumeQuotasNegativeTestJSON-1575091217 None] Lock "cinder-3e453ca1-497c-4641-9f88-22e1bf6270ca-delete_volume" acquired by "delete_volume" :: waited 0.029s {{(pid=89774) __acquire /opt/stack/cinder/cinder/coordination.py:141}}
Jul 22 18:23:12 devstack cinder-volume[89774]: DEBUG cinder.coordination [None req-6bc9d092-ae23-4d02-82f2-d0fcf1f69138 tempest-VolumeQuotasNegativeTestJSON-1575091217 None] Acquiring lock "cinder-quobyte-3e453ca1-497c-4641-9f88-22e1bf6270ca" by "delete_volume" {{(pid=89774) __acquire /opt/stack/cinder/cinder/coordination.py:138}}
Jul 22 18:23:12 devstack cinder-volume[89774]: DEBUG cinder.coordination [None req-6bc9d092-ae23-4d02-82f2-d0fcf1f69138 tempest-VolumeQuotasNegativeTestJSON-1575091217 None] Lock "cinder-quobyte-3e453ca1-497c-4641-9f88-22e1bf6270ca" acquired by "delete_volume" :: waited 0.029s {{(pid=89774) __acquire /opt/stack/cinder/cinder/coordination.py:141}}
Jul 22 18:23:12 devstack cinder-volume[89774]: DEBUG oslo.privsep.daemon [-] privsep: reply[a6f05c44-db8c-4bcd-8f6b-6eec2ac6127c]: (4, 'qcow2') {{(pid=91022) _call_back /opt/stack/data/venv/lib/python3.12/site-packages/oslo_privsep/daemon.py:580}}
Jul 22 18:23:12 devstack cinder-volume[89774]: DEBUG oslo_concurrency.processutils [None req-6bc9d092-ae23-4d02-82f2-d0fcf1f69138 tempest-VolumeQuotasNegativeTestJSON-1575091217 None] Running cmd (subprocess): /opt/stack/data/venv/bin/python3.12 -m oslo_concurrency.prlimit --as=1073741824 --cpu=60 -- sudo cinder-rootwrap /etc/cinder/rootwrap.conf env LC_ALL=C qemu-img info -f qcow2 --output=json --force-share /opt/stack/data/cinder/mnt/1609415e88e626e884f3671c89319f2f/volume-3e453ca1-497c-4641-9f88-22e1bf6270ca {{(pid=89774) execute /opt/stack/data/venv/lib/python3.12/site-packages/oslo_concurrency/processutils.py:440}}
Jul 22 18:23:12 devstack sudo[96368]: pam_unix(sudo:session): session closed for user root
Jul 22 18:23:12 devstack cinder-volume[89774]: DEBUG oslo_concurrency.processutils [None req-26395e9f-da21-43e2-bdcf-e91ad7ebae14 tempest-GroupSnapshotsV319Test-797897730 None] CMD "sudo cinder-rootwrap /etc/cinder/rootwrap.conf chmod ugo+rw /opt/stack/data/cinder/mnt/1609415e88e626e884f3671c89319f2f/volume-b1a39916-ae21-44b5-88a8-73dcd394579f" returned: 0 in 0.353s {{(pid=89774) execute /opt/stack/data/venv/lib/python3.12/site-packages/oslo_concurrency/processutils.py:468}}
Jul 22 18:23:12 devstack cinder-volume[89774]: DEBUG cinder.volume.drivers.quobyte [None req-26395e9f-da21-43e2-bdcf-e91ad7ebae14 tempest-GroupSnapshotsV319Test-797897730 None] <== create_volume: return (1022ms) {'provider_location': 'osci02.corp.quobyte.com/cinder-vol-d6d30bd5-2112-4250-be09-90590fdf2836'} {{(pid=89774) trace_logging_wrapper /opt/stack/cinder/cinder/volume/volume_utils.py:1522}}
Jul 22 18:23:12 devstack cinder-volume[89774]: DEBUG oslo_concurrency.lockutils [None req-26395e9f-da21-43e2-bdcf-e91ad7ebae14 tempest-GroupSnapshotsV319Test-797897730 None] Lock "quobyte" "released" by "cinder.volume.drivers.quobyte.QuobyteDriver.create_volume" :: held 1.025s {{(pid=89774) inner /opt/stack/data/venv/lib/python3.12/site-packages/oslo_concurrency/lockutils.py:544}}
Jul 22 18:23:12 devstack sudo[96370]: quobyte : PWD=/ ; USER=root ; COMMAND=/opt/stack/data/venv/bin/cinder-rootwrap /etc/cinder/rootwrap.conf env LC_ALL=C qemu-img info -f qcow2 --output=json --force-share /opt/stack/data/cinder/mnt/1609415e88e626e884f3671c89319f2f/volume-3e453ca1-497c-4641-9f88-22e1bf6270ca
Jul 22 18:23:12 devstack sudo[96370]: pam_unix(sudo:session): session opened for user root(uid=0) by (uid=1000)
Jul 22 18:23:12 devstack cinder-volume[89774]: DEBUG cinder.volume.manager [None req-26395e9f-da21-43e2-bdcf-e91ad7ebae14 tempest-GroupSnapshotsV319Test-797897730 None] Task 'cinder.volume.flows.manager.create_volume.CreateVolumeFromSpecTask;volume:create' (a643b579-d799-4bf5-ae85-8906f997e084) transitioned into state 'SUCCESS' from state 'RUNNING' with result '{'status': 'creating', 'volume_name': 'volume-b1a39916-ae21-44b5-88a8-73dcd394579f', 'volume_size': 1}' {{(pid=89774) _task_receiver /opt/stack/data/venv/lib/python3.12/site-packages/taskflow/listeners/logging.py:218}}
Jul 22 18:23:12 devstack cinder-volume[89774]: DEBUG cinder.volume.manager [None req-26395e9f-da21-43e2-bdcf-e91ad7ebae14 tempest-GroupSnapshotsV319Test-797897730 None] Task 'cinder.volume.flows.manager.create_volume.CreateVolumeOnFinishTask;volume:create, create.end' (cfd9e2b7-dd75-4273-8ab3-24aac5d86ae4) transitioned into state 'RUNNING' from state 'PENDING' {{(pid=89774) _task_receiver /opt/stack/data/venv/lib/python3.12/site-packages/taskflow/listeners/logging.py:242}}
Jul 22 18:23:12 devstack cinder-volume[89774]: INFO cinder.volume.flows.manager.create_volume [None req-26395e9f-da21-43e2-bdcf-e91ad7ebae14 tempest-GroupSnapshotsV319Test-797897730 None] Volume volume-b1a39916-ae21-44b5-88a8-73dcd394579f (b1a39916-ae21-44b5-88a8-73dcd394579f): created successfully
Jul 22 18:23:12 devstack cinder-volume[89774]: DEBUG cinder.volume.manager [None req-26395e9f-da21-43e2-bdcf-e91ad7ebae14 tempest-GroupSnapshotsV319Test-797897730 None] Task 'cinder.volume.flows.manager.create_volume.CreateVolumeOnFinishTask;volume:create, create.end' (cfd9e2b7-dd75-4273-8ab3-24aac5d86ae4) transitioned into state 'SUCCESS' from state 'RUNNING' with result 'None' {{(pid=89774) _task_receiver /opt/stack/data/venv/lib/python3.12/site-packages/taskflow/listeners/logging.py:218}}
Jul 22 18:23:12 devstack cinder-volume[89774]: DEBUG cinder.volume.manager [None req-26395e9f-da21-43e2-bdcf-e91ad7ebae14 tempest-GroupSnapshotsV319Test-797897730 None] Flow 'volume_create_manager' (786fabd2-494c-4e46-ac59-138e5fe56a93) transitioned into state 'SUCCESS' from state 'RUNNING' {{(pid=89774) _flow_receiver /opt/stack/data/venv/lib/python3.12/site-packages/taskflow/listeners/logging.py:160}}
Jul 22 18:23:12 devstack cinder-volume[89774]: INFO cinder.volume.manager [None req-26395e9f-da21-43e2-bdcf-e91ad7ebae14 tempest-GroupSnapshotsV319Test-797897730 None] Created volume successfully.
Jul 22 18:23:12 devstack sudo[96370]: pam_unix(sudo:session): session closed for user root
Jul 22 18:23:12 devstack cinder-volume[89774]: DEBUG oslo_concurrency.processutils [None req-6bc9d092-ae23-4d02-82f2-d0fcf1f69138 tempest-VolumeQuotasNegativeTestJSON-1575091217 None] CMD "/opt/stack/data/venv/bin/python3.12 -m oslo_concurrency.prlimit --as=1073741824 --cpu=60 -- sudo cinder-rootwrap /etc/cinder/rootwrap.conf env LC_ALL=C qemu-img info -f qcow2 --output=json --force-share /opt/stack/data/cinder/mnt/1609415e88e626e884f3671c89319f2f/volume-3e453ca1-497c-4641-9f88-22e1bf6270ca" returned: 0 in 0.531s {{(pid=89774) execute /opt/stack/data/venv/lib/python3.12/site-packages/oslo_concurrency/processutils.py:468}}
Jul 22 18:23:12 devstack cinder-volume[89774]: DEBUG oslo_concurrency.processutils [None req-6bc9d092-ae23-4d02-82f2-d0fcf1f69138 tempest-VolumeQuotasNegativeTestJSON-1575091217 None] Running cmd (subprocess): sudo cinder-rootwrap /etc/cinder/rootwrap.conf rm -f /opt/stack/data/cinder/mnt/1609415e88e626e884f3671c89319f2f/volume-3e453ca1-497c-4641-9f88-22e1bf6270ca {{(pid=89774) execute /opt/stack/data/venv/lib/python3.12/site-packages/oslo_concurrency/processutils.py:440}}
Jul 22 18:23:13 devstack sudo[96376]: quobyte : PWD=/ ; USER=root ; COMMAND=/opt/stack/data/venv/bin/cinder-rootwrap /etc/cinder/rootwrap.conf rm -f /opt/stack/data/cinder/mnt/1609415e88e626e884f3671c89319f2f/volume-3e453ca1-497c-4641-9f88-22e1bf6270ca
Jul 22 18:23:13 devstack sudo[96376]: pam_unix(sudo:session): session opened for user root(uid=0) by (uid=1000)
Jul 22 18:23:13 devstack cinder-volume[89774]: INFO cinder.volume.manager [None req-1ef7cbfb-8a1f-4422-a0a7-ab7ede380bd5 tempest-GroupSnapshotsV319Test-797897730 None] GroupSnapshot f7949ac3-60d2-4ba2-b669-ac681e996085: creating.
Jul 22 18:23:13 devstack cinder-volume[89774]: DEBUG cinder.volume.manager [None req-1ef7cbfb-8a1f-4422-a0a7-ab7ede380bd5 tempest-GroupSnapshotsV319Test-797897730 None] Group snapshot f7949ac3-60d2-4ba2-b669-ac681e996085: creating. {{(pid=89774) create_group_snapshot /opt/stack/cinder/cinder/volume/manager.py:4175}}
Jul 22 18:23:13 devstack cinder-volume[89774]: DEBUG oslo_concurrency.lockutils [None req-1ef7cbfb-8a1f-4422-a0a7-ab7ede380bd5 tempest-GroupSnapshotsV319Test-797897730 None] Acquiring lock "quobyte" by "cinder.volume.drivers.quobyte.QuobyteDriver.create_snapshot" {{(pid=89774) inner /opt/stack/data/venv/lib/python3.12/site-packages/oslo_concurrency/lockutils.py:512}}
Jul 22 18:23:13 devstack cinder-volume[89774]: DEBUG oslo_concurrency.lockutils [None req-1ef7cbfb-8a1f-4422-a0a7-ab7ede380bd5 tempest-GroupSnapshotsV319Test-797897730 None] Lock "quobyte" acquired by "cinder.volume.drivers.quobyte.QuobyteDriver.create_snapshot" :: waited 0.001s {{(pid=89774) inner /opt/stack/data/venv/lib/python3.12/site-packages/oslo_concurrency/lockutils.py:525}}
Jul 22 18:23:13 devstack cinder-volume[89774]: DEBUG cinder.volume.drivers.remotefs [None req-1ef7cbfb-8a1f-4422-a0a7-ab7ede380bd5 tempest-GroupSnapshotsV319Test-797897730 None] Creating offline snapshot c3934875-00e2-4f85-a9d6-4b2cf1a36f66 of volume b1a39916-ae21-44b5-88a8-73dcd394579f {{(pid=89774) _create_snapshot /opt/stack/cinder/cinder/volume/drivers/remotefs.py:1816}}
Jul 22 18:23:13 devstack cinder-volume[89774]: DEBUG oslo.privsep.daemon [-] privsep: reply[11b3c00c-49f1-4900-8dde-e88e5103705d]: (4, 'qcow2') {{(pid=91022) _call_back /opt/stack/data/venv/lib/python3.12/site-packages/oslo_privsep/daemon.py:580}}
Jul 22 18:23:13 devstack cinder-volume[89774]: DEBUG oslo_concurrency.processutils [None req-1ef7cbfb-8a1f-4422-a0a7-ab7ede380bd5 tempest-GroupSnapshotsV319Test-797897730 None] Running cmd (subprocess): /opt/stack/data/venv/bin/python3.12 -m oslo_concurrency.prlimit --as=1073741824 --cpu=60 -- sudo cinder-rootwrap /etc/cinder/rootwrap.conf env LC_ALL=C qemu-img info -f qcow2 --output=json --force-share /opt/stack/data/cinder/mnt/1609415e88e626e884f3671c89319f2f/volume-b1a39916-ae21-44b5-88a8-73dcd394579f {{(pid=89774) execute /opt/stack/data/venv/lib/python3.12/site-packages/oslo_concurrency/processutils.py:440}}
Jul 22 18:23:13 devstack sudo[96376]: pam_unix(sudo:session): session closed for user root
Jul 22 18:23:13 devstack cinder-volume[89774]: DEBUG oslo_concurrency.processutils [None req-6bc9d092-ae23-4d02-82f2-d0fcf1f69138 tempest-VolumeQuotasNegativeTestJSON-1575091217 None] CMD "sudo cinder-rootwrap /etc/cinder/rootwrap.conf rm -f /opt/stack/data/cinder/mnt/1609415e88e626e884f3671c89319f2f/volume-3e453ca1-497c-4641-9f88-22e1bf6270ca" returned: 0 in 0.350s {{(pid=89774) execute /opt/stack/data/venv/lib/python3.12/site-packages/oslo_concurrency/processutils.py:468}}
Jul 22 18:23:13 devstack cinder-volume[89774]: DEBUG cinder.coordination [None req-6bc9d092-ae23-4d02-82f2-d0fcf1f69138 tempest-VolumeQuotasNegativeTestJSON-1575091217 None] Lock "cinder-quobyte-3e453ca1-497c-4641-9f88-22e1bf6270ca" released by "delete_volume" :: held 0.944s {{(pid=89774) __release /opt/stack/cinder/cinder/coordination.py:152}}
Jul 22 18:23:13 devstack sudo[96379]: quobyte : PWD=/ ; USER=root ; COMMAND=/opt/stack/data/venv/bin/cinder-rootwrap /etc/cinder/rootwrap.conf env LC_ALL=C qemu-img info -f qcow2 --output=json --force-share /opt/stack/data/cinder/mnt/1609415e88e626e884f3671c89319f2f/volume-b1a39916-ae21-44b5-88a8-73dcd394579f
Jul 22 18:23:13 devstack sudo[96379]: pam_unix(sudo:session): session opened for user root(uid=0) by (uid=1000)
Jul 22 18:23:13 devstack cinder-volume[89774]: DEBUG cinder.quota [None req-6bc9d092-ae23-4d02-82f2-d0fcf1f69138 tempest-VolumeQuotasNegativeTestJSON-1575091217 None] Created reservations ['abe250d0-139c-43c1-abe6-286c4fb65370', '55660bc2-e18f-4889-b9d1-e66cf7a9d652', '57c7360c-b089-4099-8def-683cc9cb8aee', 'f67c9a26-0644-4bdb-8a35-a1ba85a67e8f'] {{(pid=89774) reserve /opt/stack/cinder/cinder/quota.py:752}}
Jul 22 18:23:13 devstack cinder-volume[89774]: DEBUG oslo_concurrency.lockutils [None req-6bc9d092-ae23-4d02-82f2-d0fcf1f69138 tempest-VolumeQuotasNegativeTestJSON-1575091217 None] Acquiring lock "quobyte_ensure" by "cinder.volume.drivers.quobyte.QuobyteDriver._ensure_shares_mounted" {{(pid=89774) inner /opt/stack/data/venv/lib/python3.12/site-packages/oslo_concurrency/lockutils.py:512}}
Jul 22 18:23:13 devstack cinder-volume[89774]: DEBUG oslo_concurrency.lockutils [None req-6bc9d092-ae23-4d02-82f2-d0fcf1f69138 tempest-VolumeQuotasNegativeTestJSON-1575091217 None] Lock "quobyte_ensure" acquired by "cinder.volume.drivers.quobyte.QuobyteDriver._ensure_shares_mounted" :: waited 0.001s {{(pid=89774) inner /opt/stack/data/venv/lib/python3.12/site-packages/oslo_concurrency/lockutils.py:525}}
Jul 22 18:23:13 devstack cinder-volume[89774]: DEBUG cinder.volume.drivers.quobyte [None req-6bc9d092-ae23-4d02-82f2-d0fcf1f69138 tempest-VolumeQuotasNegativeTestJSON-1575091217 None] Quobyte Volume URL set to: {'osci02.corp.quobyte.com/cinder-vol-d6d30bd5-2112-4250-be09-90590fdf2836': None} {{(pid=89774) _load_shares_config /opt/stack/cinder/cinder/volume/drivers/quobyte.py:651}}
Jul 22 18:23:13 devstack cinder-volume[89774]: DEBUG cinder.volume.drivers.quobyte [None req-6bc9d092-ae23-4d02-82f2-d0fcf1f69138 tempest-VolumeQuotasNegativeTestJSON-1575091217 None] Available shares ['osci02.corp.quobyte.com/cinder-vol-d6d30bd5-2112-4250-be09-90590fdf2836'] {{(pid=89774) _ensure_shares_mounted /opt/stack/cinder/cinder/volume/drivers/quobyte.py:681}}
Jul 22 18:23:13 devstack cinder-volume[89774]: DEBUG oslo_concurrency.lockutils [None req-6bc9d092-ae23-4d02-82f2-d0fcf1f69138 tempest-VolumeQuotasNegativeTestJSON-1575091217 None] Lock "quobyte_ensure" "released" by "cinder.volume.drivers.quobyte.QuobyteDriver._ensure_shares_mounted" :: held 0.012s {{(pid=89774) inner /opt/stack/data/venv/lib/python3.12/site-packages/oslo_concurrency/lockutils.py:544}}
Jul 22 18:23:13 devstack cinder-volume[89774]: DEBUG oslo_concurrency.processutils [None req-6bc9d092-ae23-4d02-82f2-d0fcf1f69138 tempest-VolumeQuotasNegativeTestJSON-1575091217 None] Running cmd (subprocess): sudo cinder-rootwrap /etc/cinder/rootwrap.conf df --portability --block-size 1 /opt/stack/data/cinder/mnt/1609415e88e626e884f3671c89319f2f {{(pid=89774) execute /opt/stack/data/venv/lib/python3.12/site-packages/oslo_concurrency/processutils.py:440}}
Jul 22 18:23:13 devstack sudo[96381]: quobyte : PWD=/ ; USER=root ; COMMAND=/opt/stack/data/venv/bin/cinder-rootwrap /etc/cinder/rootwrap.conf df --portability --block-size 1 /opt/stack/data/cinder/mnt/1609415e88e626e884f3671c89319f2f
Jul 22 18:23:13 devstack sudo[96381]: pam_unix(sudo:session): session opened for user root(uid=0) by (uid=1000)
Jul 22 18:23:13 devstack sudo[96379]: pam_unix(sudo:session): session closed for user root
Jul 22 18:23:13 devstack cinder-volume[89774]: DEBUG oslo_concurrency.processutils [None req-1ef7cbfb-8a1f-4422-a0a7-ab7ede380bd5 tempest-GroupSnapshotsV319Test-797897730 None] CMD "/opt/stack/data/venv/bin/python3.12 -m oslo_concurrency.prlimit --as=1073741824 --cpu=60 -- sudo cinder-rootwrap /etc/cinder/rootwrap.conf env LC_ALL=C qemu-img info -f qcow2 --output=json --force-share /opt/stack/data/cinder/mnt/1609415e88e626e884f3671c89319f2f/volume-b1a39916-ae21-44b5-88a8-73dcd394579f" returned: 0 in 0.451s {{(pid=89774) execute /opt/stack/data/venv/lib/python3.12/site-packages/oslo_concurrency/processutils.py:468}}
Jul 22 18:23:13 devstack cinder-volume[89774]: DEBUG oslo_concurrency.processutils [None req-1ef7cbfb-8a1f-4422-a0a7-ab7ede380bd5 tempest-GroupSnapshotsV319Test-797897730 None] Running cmd (subprocess): sudo cinder-rootwrap /etc/cinder/rootwrap.conf qemu-img create -f qcow2 -o backing_file=/opt/stack/data/cinder/mnt/1609415e88e626e884f3671c89319f2f/volume-b1a39916-ae21-44b5-88a8-73dcd394579f,backing_fmt=qcow2 /opt/stack/data/cinder/mnt/1609415e88e626e884f3671c89319f2f/volume-b1a39916-ae21-44b5-88a8-73dcd394579f.c3934875-00e2-4f85-a9d6-4b2cf1a36f66 1G {{(pid=89774) execute /opt/stack/data/venv/lib/python3.12/site-packages/oslo_concurrency/processutils.py:440}}
Jul 22 18:23:13 devstack sudo[96386]: quobyte : PWD=/ ; USER=root ; COMMAND=/opt/stack/data/venv/bin/cinder-rootwrap /etc/cinder/rootwrap.conf qemu-img create -f qcow2 -o backing_file=/opt/stack/data/cinder/mnt/1609415e88e626e884f3671c89319f2f/volume-b1a39916-ae21-44b5-88a8-73dcd394579f,backing_fmt=qcow2 /opt/stack/data/cinder/mnt/1609415e88e626e884f3671c89319f2f/volume-b1a39916-ae21-44b5-88a8-73dcd394579f.c3934875-00e2-4f85-a9d6-4b2cf1a36f66 1G
Jul 22 18:23:13 devstack sudo[96386]: pam_unix(sudo:session): session opened for user root(uid=0) by (uid=1000)
Jul 22 18:23:13 devstack sudo[96381]: pam_unix(sudo:session): session closed for user root
Jul 22 18:23:13 devstack cinder-volume[89774]: DEBUG oslo_concurrency.processutils [None req-6bc9d092-ae23-4d02-82f2-d0fcf1f69138 tempest-VolumeQuotasNegativeTestJSON-1575091217 None] CMD "sudo cinder-rootwrap /etc/cinder/rootwrap.conf df --portability --block-size 1 /opt/stack/data/cinder/mnt/1609415e88e626e884f3671c89319f2f" returned: 0 in 0.317s {{(pid=89774) execute /opt/stack/data/venv/lib/python3.12/site-packages/oslo_concurrency/processutils.py:468}}
Jul 22 18:23:13 devstack cinder-volume[89774]: DEBUG cinder.manager [None req-6bc9d092-ae23-4d02-82f2-d0fcf1f69138 tempest-VolumeQuotasNegativeTestJSON-1575091217 None] Notifying Schedulers of capabilities ... {{(pid=89774) _publish_service_capabilities /opt/stack/cinder/cinder/manager.py:219}}
Jul 22 18:23:13 devstack cinder-volume[89774]: INFO cinder.volume.manager [None req-6bc9d092-ae23-4d02-82f2-d0fcf1f69138 tempest-VolumeQuotasNegativeTestJSON-1575091217 None] Deleted volume successfully.
Jul 22 18:23:13 devstack cinder-volume[89774]: DEBUG cinder.coordination [None req-6bc9d092-ae23-4d02-82f2-d0fcf1f69138 tempest-VolumeQuotasNegativeTestJSON-1575091217 None] Lock "cinder-3e453ca1-497c-4641-9f88-22e1bf6270ca-delete_volume" released by "delete_volume" :: held 1.601s {{(pid=89774) __release /opt/stack/cinder/cinder/coordination.py:152}}
Jul 22 18:23:14 devstack sudo[96386]: pam_unix(sudo:session): session closed for user root
Jul 22 18:23:14 devstack cinder-volume[89774]: DEBUG oslo_concurrency.processutils [None req-1ef7cbfb-8a1f-4422-a0a7-ab7ede380bd5 tempest-GroupSnapshotsV319Test-797897730 None] CMD "sudo cinder-rootwrap /etc/cinder/rootwrap.conf qemu-img create -f qcow2 -o backing_file=/opt/stack/data/cinder/mnt/1609415e88e626e884f3671c89319f2f/volume-b1a39916-ae21-44b5-88a8-73dcd394579f,backing_fmt=qcow2 /opt/stack/data/cinder/mnt/1609415e88e626e884f3671c89319f2f/volume-b1a39916-ae21-44b5-88a8-73dcd394579f.c3934875-00e2-4f85-a9d6-4b2cf1a36f66 1G" returned: 0 in 0.505s {{(pid=89774) execute /opt/stack/data/venv/lib/python3.12/site-packages/oslo_concurrency/processutils.py:468}}
Jul 22 18:23:14 devstack cinder-volume[89774]: DEBUG oslo_concurrency.processutils [None req-1ef7cbfb-8a1f-4422-a0a7-ab7ede380bd5 tempest-GroupSnapshotsV319Test-797897730 None] Running cmd (subprocess): sudo cinder-rootwrap /etc/cinder/rootwrap.conf qemu-img rebase -u -b volume-b1a39916-ae21-44b5-88a8-73dcd394579f -F qcow2 /opt/stack/data/cinder/mnt/1609415e88e626e884f3671c89319f2f/volume-b1a39916-ae21-44b5-88a8-73dcd394579f.c3934875-00e2-4f85-a9d6-4b2cf1a36f66 {{(pid=89774) execute /opt/stack/data/venv/lib/python3.12/site-packages/oslo_concurrency/processutils.py:440}}
Jul 22 18:23:14 devstack sudo[96393]: quobyte : PWD=/ ; USER=root ; COMMAND=/opt/stack/data/venv/bin/cinder-rootwrap /etc/cinder/rootwrap.conf qemu-img rebase -u -b volume-b1a39916-ae21-44b5-88a8-73dcd394579f -F qcow2 /opt/stack/data/cinder/mnt/1609415e88e626e884f3671c89319f2f/volume-b1a39916-ae21-44b5-88a8-73dcd394579f.c3934875-00e2-4f85-a9d6-4b2cf1a36f66
Jul 22 18:23:14 devstack sudo[96393]: pam_unix(sudo:session): session opened for user root(uid=0) by (uid=1000)
Jul 22 18:23:14 devstack sudo[96393]: pam_unix(sudo:session): session closed for user root
Jul 22 18:23:14 devstack cinder-volume[89774]: DEBUG oslo_concurrency.processutils [None req-1ef7cbfb-8a1f-4422-a0a7-ab7ede380bd5 tempest-GroupSnapshotsV319Test-797897730 None] CMD "sudo cinder-rootwrap /etc/cinder/rootwrap.conf qemu-img rebase -u -b volume-b1a39916-ae21-44b5-88a8-73dcd394579f -F qcow2 /opt/stack/data/cinder/mnt/1609415e88e626e884f3671c89319f2f/volume-b1a39916-ae21-44b5-88a8-73dcd394579f.c3934875-00e2-4f85-a9d6-4b2cf1a36f66" returned: 0 in 0.332s {{(pid=89774) execute /opt/stack/data/venv/lib/python3.12/site-packages/oslo_concurrency/processutils.py:468}}
Jul 22 18:23:14 devstack cinder-volume[89774]: WARNING cinder.volume.drivers.remotefs [None req-1ef7cbfb-8a1f-4422-a0a7-ab7ede380bd5 tempest-GroupSnapshotsV319Test-797897730 None] /opt/stack/data/cinder/mnt/1609415e88e626e884f3671c89319f2f/volume-b1a39916-ae21-44b5-88a8-73dcd394579f.c3934875-00e2-4f85-a9d6-4b2cf1a36f66 is being set with open permissions: ugo+rw: NotImplementedError
Jul 22 18:23:14 devstack cinder-volume[89774]: DEBUG oslo_concurrency.processutils [None req-1ef7cbfb-8a1f-4422-a0a7-ab7ede380bd5 tempest-GroupSnapshotsV319Test-797897730 None] Running cmd (subprocess): sudo cinder-rootwrap /etc/cinder/rootwrap.conf chmod ugo+rw /opt/stack/data/cinder/mnt/1609415e88e626e884f3671c89319f2f/volume-b1a39916-ae21-44b5-88a8-73dcd394579f.c3934875-00e2-4f85-a9d6-4b2cf1a36f66 {{(pid=89774) execute /opt/stack/data/venv/lib/python3.12/site-packages/oslo_concurrency/processutils.py:440}}
Jul 22 18:23:14 devstack sudo[96399]: quobyte : PWD=/ ; USER=root ; COMMAND=/opt/stack/data/venv/bin/cinder-rootwrap /etc/cinder/rootwrap.conf chmod ugo+rw /opt/stack/data/cinder/mnt/1609415e88e626e884f3671c89319f2f/volume-b1a39916-ae21-44b5-88a8-73dcd394579f.c3934875-00e2-4f85-a9d6-4b2cf1a36f66
Jul 22 18:23:14 devstack sudo[96399]: pam_unix(sudo:session): session opened for user root(uid=0) by (uid=1000)
Jul 22 18:23:14 devstack sudo[96399]: pam_unix(sudo:session): session closed for user root
Jul 22 18:23:14 devstack cinder-volume[89774]: DEBUG oslo_concurrency.processutils [None req-1ef7cbfb-8a1f-4422-a0a7-ab7ede380bd5 tempest-GroupSnapshotsV319Test-797897730 None] CMD "sudo cinder-rootwrap /etc/cinder/rootwrap.conf chmod ugo+rw /opt/stack/data/cinder/mnt/1609415e88e626e884f3671c89319f2f/volume-b1a39916-ae21-44b5-88a8-73dcd394579f.c3934875-00e2-4f85-a9d6-4b2cf1a36f66" returned: 0 in 0.327s {{(pid=89774) execute /opt/stack/data/venv/lib/python3.12/site-packages/oslo_concurrency/processutils.py:468}}
Jul 22 18:23:14 devstack cinder-volume[89774]: DEBUG oslo_concurrency.processutils [None req-1ef7cbfb-8a1f-4422-a0a7-ab7ede380bd5 tempest-GroupSnapshotsV319Test-797897730 None] Running cmd (subprocess): sudo cinder-rootwrap /etc/cinder/rootwrap.conf truncate -s0 /opt/stack/data/cinder/mnt/1609415e88e626e884f3671c89319f2f/volume-b1a39916-ae21-44b5-88a8-73dcd394579f.info {{(pid=89774) execute /opt/stack/data/venv/lib/python3.12/site-packages/oslo_concurrency/processutils.py:440}}
Jul 22 18:23:14 devstack sudo[96402]: quobyte : PWD=/ ; USER=root ; COMMAND=/opt/stack/data/venv/bin/cinder-rootwrap /etc/cinder/rootwrap.conf truncate -s0 /opt/stack/data/cinder/mnt/1609415e88e626e884f3671c89319f2f/volume-b1a39916-ae21-44b5-88a8-73dcd394579f.info
Jul 22 18:23:14 devstack sudo[96402]: pam_unix(sudo:session): session opened for user root(uid=0) by (uid=1000)
Jul 22 18:23:15 devstack sudo[96402]: pam_unix(sudo:session): session closed for user root
Jul 22 18:23:15 devstack cinder-volume[89774]: DEBUG oslo_concurrency.processutils [None req-1ef7cbfb-8a1f-4422-a0a7-ab7ede380bd5 tempest-GroupSnapshotsV319Test-797897730 None] CMD "sudo cinder-rootwrap /etc/cinder/rootwrap.conf truncate -s0 /opt/stack/data/cinder/mnt/1609415e88e626e884f3671c89319f2f/volume-b1a39916-ae21-44b5-88a8-73dcd394579f.info" returned: 0 in 0.299s {{(pid=89774) execute /opt/stack/data/venv/lib/python3.12/site-packages/oslo_concurrency/processutils.py:468}}
Jul 22 18:23:15 devstack cinder-volume[89774]: WARNING cinder.volume.drivers.remotefs [None req-1ef7cbfb-8a1f-4422-a0a7-ab7ede380bd5 tempest-GroupSnapshotsV319Test-797897730 None] /opt/stack/data/cinder/mnt/1609415e88e626e884f3671c89319f2f/volume-b1a39916-ae21-44b5-88a8-73dcd394579f.info is being set with open permissions: ugo+rw: NotImplementedError
Jul 22 18:23:15 devstack cinder-volume[89774]: DEBUG oslo_concurrency.processutils [None req-1ef7cbfb-8a1f-4422-a0a7-ab7ede380bd5 tempest-GroupSnapshotsV319Test-797897730 None] Running cmd (subprocess): sudo cinder-rootwrap /etc/cinder/rootwrap.conf chmod ugo+rw /opt/stack/data/cinder/mnt/1609415e88e626e884f3671c89319f2f/volume-b1a39916-ae21-44b5-88a8-73dcd394579f.info {{(pid=89774) execute /opt/stack/data/venv/lib/python3.12/site-packages/oslo_concurrency/processutils.py:440}}
Jul 22 18:23:15 devstack sudo[96405]: quobyte : PWD=/ ; USER=root ; COMMAND=/opt/stack/data/venv/bin/cinder-rootwrap /etc/cinder/rootwrap.conf chmod ugo+rw /opt/stack/data/cinder/mnt/1609415e88e626e884f3671c89319f2f/volume-b1a39916-ae21-44b5-88a8-73dcd394579f.info
Jul 22 18:23:15 devstack sudo[96405]: pam_unix(sudo:session): session opened for user root(uid=0) by (uid=1000)
Jul 22 18:23:15 devstack sudo[96405]: pam_unix(sudo:session): session closed for user root
Jul 22 18:23:15 devstack cinder-volume[89774]: DEBUG oslo_concurrency.processutils [None req-1ef7cbfb-8a1f-4422-a0a7-ab7ede380bd5 tempest-GroupSnapshotsV319Test-797897730 None] CMD "sudo cinder-rootwrap /etc/cinder/rootwrap.conf chmod ugo+rw /opt/stack/data/cinder/mnt/1609415e88e626e884f3671c89319f2f/volume-b1a39916-ae21-44b5-88a8-73dcd394579f.info" returned: 0 in 0.343s {{(pid=89774) execute /opt/stack/data/venv/lib/python3.12/site-packages/oslo_concurrency/processutils.py:468}}
Jul 22 18:23:15 devstack cinder-volume[89774]: DEBUG oslo_concurrency.lockutils [None req-1ef7cbfb-8a1f-4422-a0a7-ab7ede380bd5 tempest-GroupSnapshotsV319Test-797897730 None] Lock "quobyte" "released" by "cinder.volume.drivers.quobyte.QuobyteDriver.create_snapshot" :: held 2.374s {{(pid=89774) inner /opt/stack/data/venv/lib/python3.12/site-packages/oslo_concurrency/lockutils.py:544}}
Jul 22 18:23:15 devstack cinder-volume[89774]: INFO cinder.volume.manager [None req-1ef7cbfb-8a1f-4422-a0a7-ab7ede380bd5 tempest-GroupSnapshotsV319Test-797897730 None] group_snapshot f7949ac3-60d2-4ba2-b669-ac681e996085: created successfully
Jul 22 18:23:16 devstack cinder-volume[89774]: INFO cinder.volume.manager [None req-ded6ed17-68e6-48fd-9aeb-ab0805002dde tempest-GroupSnapshotsV319Test-797897730 None] group_snapshot f7949ac3-60d2-4ba2-b669-ac681e996085: deleting
Jul 22 18:23:16 devstack cinder-volume[89774]: DEBUG cinder.volume.manager [None req-ded6ed17-68e6-48fd-9aeb-ab0805002dde tempest-GroupSnapshotsV319Test-797897730 None] group_snapshot f7949ac3-60d2-4ba2-b669-ac681e996085: deleting {{(pid=89774) delete_group_snapshot /opt/stack/cinder/cinder/volume/manager.py:4350}}
Jul 22 18:23:16 devstack cinder-volume[89774]: DEBUG cinder.coordination [None req-ded6ed17-68e6-48fd-9aeb-ab0805002dde tempest-GroupSnapshotsV319Test-797897730 None] Acquiring lock "cinder-quobyte-b1a39916-ae21-44b5-88a8-73dcd394579f" by "delete_snapshot" {{(pid=89774) __acquire /opt/stack/cinder/cinder/coordination.py:138}}
Jul 22 18:23:16 devstack cinder-volume[89774]: DEBUG cinder.coordination [None req-ded6ed17-68e6-48fd-9aeb-ab0805002dde tempest-GroupSnapshotsV319Test-797897730 None] Lock "cinder-quobyte-b1a39916-ae21-44b5-88a8-73dcd394579f" acquired by "delete_snapshot" :: waited 0.026s {{(pid=89774) __acquire /opt/stack/cinder/cinder/coordination.py:141}}
Jul 22 18:23:16 devstack cinder-volume[89774]: DEBUG cinder.coordination [None req-ded6ed17-68e6-48fd-9aeb-ab0805002dde tempest-GroupSnapshotsV319Test-797897730 None] Acquiring lock "cinder-quobyte-c3934875-00e2-4f85-a9d6-4b2cf1a36f66" by "_delete_snapshot" {{(pid=89774) __acquire /opt/stack/cinder/cinder/coordination.py:138}}
Jul 22 18:23:16 devstack cinder-volume[89774]: DEBUG cinder.coordination [None req-ded6ed17-68e6-48fd-9aeb-ab0805002dde tempest-GroupSnapshotsV319Test-797897730 None] Lock "cinder-quobyte-c3934875-00e2-4f85-a9d6-4b2cf1a36f66" acquired by "_delete_snapshot" :: waited 0.032s {{(pid=89774) __acquire /opt/stack/cinder/cinder/coordination.py:141}}
Jul 22 18:23:16 devstack cinder-volume[89774]: DEBUG cinder.volume.drivers.remotefs [None req-ded6ed17-68e6-48fd-9aeb-ab0805002dde tempest-GroupSnapshotsV319Test-797897730 None] Deleting offline snapshot c3934875-00e2-4f85-a9d6-4b2cf1a36f66 of volume b1a39916-ae21-44b5-88a8-73dcd394579f {{(pid=89774) _delete_snapshot /opt/stack/cinder/cinder/volume/drivers/remotefs.py:1288}}
Jul 22 18:23:17 devstack cinder-volume[89774]: DEBUG cinder.volume.drivers.remotefs [None req-ded6ed17-68e6-48fd-9aeb-ab0805002dde tempest-GroupSnapshotsV319Test-797897730 None] snapshot_file for this snap is: volume-b1a39916-ae21-44b5-88a8-73dcd394579f.c3934875-00e2-4f85-a9d6-4b2cf1a36f66 {{(pid=89774) _delete_snapshot /opt/stack/cinder/cinder/volume/drivers/remotefs.py:1317}}
Jul 22 18:23:17 devstack cinder-volume[89774]: DEBUG oslo.privsep.daemon [-] privsep: reply[3adb9b1a-425d-497e-a161-3fc22f170f3a]: (4, 'qcow2') {{(pid=91022) _call_back /opt/stack/data/venv/lib/python3.12/site-packages/oslo_privsep/daemon.py:580}}
Jul 22 18:23:17 devstack cinder-volume[89774]: DEBUG oslo_concurrency.processutils [None req-ded6ed17-68e6-48fd-9aeb-ab0805002dde tempest-GroupSnapshotsV319Test-797897730 None] Running cmd (subprocess): /opt/stack/data/venv/bin/python3.12 -m oslo_concurrency.prlimit --as=1073741824 --cpu=60 -- sudo cinder-rootwrap /etc/cinder/rootwrap.conf env LC_ALL=C qemu-img info -f qcow2 --output=json --force-share /opt/stack/data/cinder/mnt/1609415e88e626e884f3671c89319f2f/volume-b1a39916-ae21-44b5-88a8-73dcd394579f.c3934875-00e2-4f85-a9d6-4b2cf1a36f66 {{(pid=89774) execute /opt/stack/data/venv/lib/python3.12/site-packages/oslo_concurrency/processutils.py:440}}
Jul 22 18:23:17 devstack sudo[96408]: quobyte : PWD=/ ; USER=root ; COMMAND=/opt/stack/data/venv/bin/cinder-rootwrap /etc/cinder/rootwrap.conf env LC_ALL=C qemu-img info -f qcow2 --output=json --force-share /opt/stack/data/cinder/mnt/1609415e88e626e884f3671c89319f2f/volume-b1a39916-ae21-44b5-88a8-73dcd394579f.c3934875-00e2-4f85-a9d6-4b2cf1a36f66
Jul 22 18:23:17 devstack sudo[96408]: pam_unix(sudo:session): session opened for user root(uid=0) by (uid=1000)
Jul 22 18:23:17 devstack sudo[96408]: pam_unix(sudo:session): session closed for user root
Jul 22 18:23:17 devstack cinder-volume[89774]: DEBUG oslo_concurrency.processutils [None req-ded6ed17-68e6-48fd-9aeb-ab0805002dde tempest-GroupSnapshotsV319Test-797897730 None] CMD "/opt/stack/data/venv/bin/python3.12 -m oslo_concurrency.prlimit --as=1073741824 --cpu=60 -- sudo cinder-rootwrap /etc/cinder/rootwrap.conf env LC_ALL=C qemu-img info -f qcow2 --output=json --force-share /opt/stack/data/cinder/mnt/1609415e88e626e884f3671c89319f2f/volume-b1a39916-ae21-44b5-88a8-73dcd394579f.c3934875-00e2-4f85-a9d6-4b2cf1a36f66" returned: 0 in 0.440s {{(pid=89774) execute /opt/stack/data/venv/lib/python3.12/site-packages/oslo_concurrency/processutils.py:468}}
Jul 22 18:23:17 devstack cinder-volume[89774]: DEBUG cinder.volume.drivers.remotefs [None req-ded6ed17-68e6-48fd-9aeb-ab0805002dde tempest-GroupSnapshotsV319Test-797897730 None] Fetching qemu-img info with special backing_file_template: (/opt/stack/data/cinder/mnt/[0-9a-f]+/)?(volume-b1a39916-ae21-44b5-88a8-73dcd394579f(.(tmp-snap-)?[0-9a-f-]+)?|volume_from_snapshot_cache/(tmp-snap-)?[0-9a-f-]+(.(child-|parent-)[0-9a-f-]+)?)$ {{(pid=89774) _qemu_img_info_base /opt/stack/cinder/cinder/volume/drivers/remotefs.py:896}}
Jul 22 18:23:17 devstack cinder-volume[89774]: DEBUG oslo.privsep.daemon [-] privsep: reply[bbcf3c87-68d4-4aa7-bb8d-fce473b73517]: (4, 'qcow2') {{(pid=91022) _call_back /opt/stack/data/venv/lib/python3.12/site-packages/oslo_privsep/daemon.py:580}}
Jul 22 18:23:17 devstack cinder-volume[89774]: DEBUG oslo_concurrency.processutils [None req-ded6ed17-68e6-48fd-9aeb-ab0805002dde tempest-GroupSnapshotsV319Test-797897730 None] Running cmd (subprocess): /opt/stack/data/venv/bin/python3.12 -m oslo_concurrency.prlimit --as=1073741824 --cpu=60 -- sudo cinder-rootwrap /etc/cinder/rootwrap.conf env LC_ALL=C qemu-img info -f qcow2 --output=json --force-share /opt/stack/data/cinder/mnt/1609415e88e626e884f3671c89319f2f/volume-b1a39916-ae21-44b5-88a8-73dcd394579f {{(pid=89774) execute /opt/stack/data/venv/lib/python3.12/site-packages/oslo_concurrency/processutils.py:440}}
Jul 22 18:23:17 devstack sudo[96413]: quobyte : PWD=/ ; USER=root ; COMMAND=/opt/stack/data/venv/bin/cinder-rootwrap /etc/cinder/rootwrap.conf env LC_ALL=C qemu-img info -f qcow2 --output=json --force-share /opt/stack/data/cinder/mnt/1609415e88e626e884f3671c89319f2f/volume-b1a39916-ae21-44b5-88a8-73dcd394579f
Jul 22 18:23:17 devstack sudo[96413]: pam_unix(sudo:session): session opened for user root(uid=0) by (uid=1000)
Jul 22 18:23:17 devstack sudo[96413]: pam_unix(sudo:session): session closed for user root
Jul 22 18:23:17 devstack cinder-volume[89774]: DEBUG oslo_concurrency.processutils [None req-ded6ed17-68e6-48fd-9aeb-ab0805002dde tempest-GroupSnapshotsV319Test-797897730 None] CMD "/opt/stack/data/venv/bin/python3.12 -m oslo_concurrency.prlimit --as=1073741824 --cpu=60 -- sudo cinder-rootwrap /etc/cinder/rootwrap.conf env LC_ALL=C qemu-img info -f qcow2 --output=json --force-share /opt/stack/data/cinder/mnt/1609415e88e626e884f3671c89319f2f/volume-b1a39916-ae21-44b5-88a8-73dcd394579f" returned: 0 in 0.453s {{(pid=89774) execute /opt/stack/data/venv/lib/python3.12/site-packages/oslo_concurrency/processutils.py:468}}
Jul 22 18:23:17 devstack cinder-volume[89774]: DEBUG oslo_concurrency.processutils [None req-ded6ed17-68e6-48fd-9aeb-ab0805002dde tempest-GroupSnapshotsV319Test-797897730 None] Running cmd (subprocess): sudo cinder-rootwrap /etc/cinder/rootwrap.conf qemu-img commit -d /opt/stack/data/cinder/mnt/1609415e88e626e884f3671c89319f2f/volume-b1a39916-ae21-44b5-88a8-73dcd394579f.c3934875-00e2-4f85-a9d6-4b2cf1a36f66 {{(pid=89774) execute /opt/stack/data/venv/lib/python3.12/site-packages/oslo_concurrency/processutils.py:440}}
Jul 22 18:23:18 devstack sudo[96419]: quobyte : PWD=/ ; USER=root ; COMMAND=/opt/stack/data/venv/bin/cinder-rootwrap /etc/cinder/rootwrap.conf qemu-img commit -d /opt/stack/data/cinder/mnt/1609415e88e626e884f3671c89319f2f/volume-b1a39916-ae21-44b5-88a8-73dcd394579f.c3934875-00e2-4f85-a9d6-4b2cf1a36f66
Jul 22 18:23:18 devstack sudo[96419]: pam_unix(sudo:session): session opened for user root(uid=0) by (uid=1000)
Jul 22 18:23:18 devstack sudo[96419]: pam_unix(sudo:session): session closed for user root
Jul 22 18:23:18 devstack cinder-volume[89774]: DEBUG oslo_concurrency.processutils [None req-ded6ed17-68e6-48fd-9aeb-ab0805002dde tempest-GroupSnapshotsV319Test-797897730 None] CMD "sudo cinder-rootwrap /etc/cinder/rootwrap.conf qemu-img commit -d /opt/stack/data/cinder/mnt/1609415e88e626e884f3671c89319f2f/volume-b1a39916-ae21-44b5-88a8-73dcd394579f.c3934875-00e2-4f85-a9d6-4b2cf1a36f66" returned: 0 in 0.415s {{(pid=89774) execute /opt/stack/data/venv/lib/python3.12/site-packages/oslo_concurrency/processutils.py:468}}
Jul 22 18:23:18 devstack cinder-volume[89774]: DEBUG oslo_concurrency.processutils [None req-ded6ed17-68e6-48fd-9aeb-ab0805002dde tempest-GroupSnapshotsV319Test-797897730 None] Running cmd (subprocess): sudo cinder-rootwrap /etc/cinder/rootwrap.conf rm -f /opt/stack/data/cinder/mnt/1609415e88e626e884f3671c89319f2f/volume-b1a39916-ae21-44b5-88a8-73dcd394579f.c3934875-00e2-4f85-a9d6-4b2cf1a36f66 {{(pid=89774) execute /opt/stack/data/venv/lib/python3.12/site-packages/oslo_concurrency/processutils.py:440}}
Jul 22 18:23:18 devstack sudo[96427]: quobyte : PWD=/ ; USER=root ; COMMAND=/opt/stack/data/venv/bin/cinder-rootwrap /etc/cinder/rootwrap.conf rm -f /opt/stack/data/cinder/mnt/1609415e88e626e884f3671c89319f2f/volume-b1a39916-ae21-44b5-88a8-73dcd394579f.c3934875-00e2-4f85-a9d6-4b2cf1a36f66
