Aug 19 18:30:12 devstack cinder-volume[94393]: DEBUG oslo_concurrency.processutils [None req-89936af0-7cc5-47a1-bc62-74a683453881 tempest-SnapshotsActionsTest-588786743 None] Running cmd (subprocess): /opt/stack/data/venv/bin/python3.12 -m oslo_concurrency.prlimit --as=1073741824 --cpu=60 -- sudo cinder-rootwrap /etc/cinder/rootwrap.conf env LC_ALL=C qemu-img info -f qcow2 --output=json --force-share /opt/stack/data/cinder/mnt/11f73476e0fe8479d9a15c2eff184c9d/volume-3e7edb67-b8f0-4b09-8426-51c9a98bc887.e0537eb0-19b5-424f-9215-c9a6207bc665 {{(pid=94393) execute /opt/stack/data/venv/lib/python3.12/site-packages/oslo_concurrency/processutils.py:440}}
Aug 19 18:30:12 devstack sudo[97581]: quobyte : PWD=/ ; USER=root ; COMMAND=/opt/stack/data/venv/bin/cinder-rootwrap /etc/cinder/rootwrap.conf df --portability --block-size 1 /opt/stack/data/cinder/mnt/11f73476e0fe8479d9a15c2eff184c9d
Aug 19 18:30:12 devstack sudo[97581]: pam_unix(sudo:session): session opened for user root(uid=0) by (uid=1000)
Aug 19 18:30:12 devstack sudo[97582]: quobyte : PWD=/ ; USER=root ; COMMAND=/opt/stack/data/venv/bin/cinder-rootwrap /etc/cinder/rootwrap.conf env LC_ALL=C qemu-img info -f qcow2 --output=json --force-share /opt/stack/data/cinder/mnt/11f73476e0fe8479d9a15c2eff184c9d/volume-3e7edb67-b8f0-4b09-8426-51c9a98bc887.e0537eb0-19b5-424f-9215-c9a6207bc665
Aug 19 18:30:12 devstack sudo[97582]: pam_unix(sudo:session): session opened for user root(uid=0) by (uid=1000)
Aug 19 18:30:12 devstack sudo[97581]: pam_unix(sudo:session): session closed for user root
Aug 19 18:30:12 devstack cinder-volume[94393]: DEBUG oslo_concurrency.processutils [None req-38478f88-39d7-443e-ba1a-52a14a4e307e tempest-TaggedAttachmentsTest-1020893536 None] CMD "sudo cinder-rootwrap /etc/cinder/rootwrap.conf df --portability --block-size 1 /opt/stack/data/cinder/mnt/11f73476e0fe8479d9a15c2eff184c9d" returned: 0 in 0.549s {{(pid=94393) execute /opt/stack/data/venv/lib/python3.12/site-packages/oslo_concurrency/processutils.py:468}}
Aug 19 18:30:12 devstack cinder-volume[94393]: DEBUG cinder.manager [None req-38478f88-39d7-443e-ba1a-52a14a4e307e tempest-TaggedAttachmentsTest-1020893536 None] Notifying Schedulers of capabilities ... {{(pid=94393) _publish_service_capabilities /opt/stack/cinder/cinder/manager.py:219}}
Aug 19 18:30:12 devstack cinder-volume[94393]: INFO cinder.volume.manager [None req-38478f88-39d7-443e-ba1a-52a14a4e307e tempest-TaggedAttachmentsTest-1020893536 None] Deleted volume successfully.
Aug 19 18:30:12 devstack cinder-volume[94393]: DEBUG cinder.coordination [None req-38478f88-39d7-443e-ba1a-52a14a4e307e tempest-TaggedAttachmentsTest-1020893536 None] Lock "cinder-de7ca42a-3c27-4db0-95cd-b1fa09a60ede-delete_volume" released by "delete_volume" :: held 2.082s {{(pid=94393) __release /opt/stack/cinder/cinder/coordination.py:152}}
Aug 19 18:30:12 devstack sudo[97582]: pam_unix(sudo:session): session closed for user root
Aug 19 18:30:13 devstack cinder-volume[94393]: DEBUG oslo_concurrency.processutils [None req-89936af0-7cc5-47a1-bc62-74a683453881 tempest-SnapshotsActionsTest-588786743 None] CMD "/opt/stack/data/venv/bin/python3.12 -m oslo_concurrency.prlimit --as=1073741824 --cpu=60 -- sudo cinder-rootwrap /etc/cinder/rootwrap.conf env LC_ALL=C qemu-img info -f qcow2 --output=json --force-share /opt/stack/data/cinder/mnt/11f73476e0fe8479d9a15c2eff184c9d/volume-3e7edb67-b8f0-4b09-8426-51c9a98bc887.e0537eb0-19b5-424f-9215-c9a6207bc665" returned: 0 in 0.650s {{(pid=94393) execute /opt/stack/data/venv/lib/python3.12/site-packages/oslo_concurrency/processutils.py:468}}
Aug 19 18:30:13 devstack cinder-volume[94393]: DEBUG cinder.volume.drivers.remotefs [None req-89936af0-7cc5-47a1-bc62-74a683453881 tempest-SnapshotsActionsTest-588786743 None] Fetching qemu-img info with special backing_file_template: (/opt/stack/data/cinder/mnt/[0-9a-f]+/)?(volume-3e7edb67-b8f0-4b09-8426-51c9a98bc887(.(tmp-snap-)?[0-9a-f-]+)?|volume_from_snapshot_cache/(tmp-snap-)?[0-9a-f-]+(.(child-|parent-)[0-9a-f-]+)?)$ {{(pid=94393) _qemu_img_info_base /opt/stack/cinder/cinder/volume/drivers/remotefs.py:896}}
Aug 19 18:30:13 devstack cinder-volume[94393]: DEBUG oslo_concurrency.processutils [None req-89936af0-7cc5-47a1-bc62-74a683453881 tempest-SnapshotsActionsTest-588786743 None] Running cmd (subprocess): sudo cinder-rootwrap /etc/cinder/rootwrap.conf qemu-img commit -d /opt/stack/data/cinder/mnt/11f73476e0fe8479d9a15c2eff184c9d/volume-3e7edb67-b8f0-4b09-8426-51c9a98bc887.685086d4-3379-4e26-9533-6bcc2bc221c1 {{(pid=94393) execute /opt/stack/data/venv/lib/python3.12/site-packages/oslo_concurrency/processutils.py:440}}
Aug 19 18:30:13 devstack sudo[97593]: quobyte : PWD=/ ; USER=root ; COMMAND=/opt/stack/data/venv/bin/cinder-rootwrap /etc/cinder/rootwrap.conf qemu-img commit -d /opt/stack/data/cinder/mnt/11f73476e0fe8479d9a15c2eff184c9d/volume-3e7edb67-b8f0-4b09-8426-51c9a98bc887.685086d4-3379-4e26-9533-6bcc2bc221c1
Aug 19 18:30:13 devstack sudo[97593]: pam_unix(sudo:session): session opened for user root(uid=0) by (uid=1000)
Aug 19 18:30:13 devstack sudo[97593]: pam_unix(sudo:session): session closed for user root
Aug 19 18:30:13 devstack cinder-volume[94393]: DEBUG oslo_concurrency.processutils [None req-89936af0-7cc5-47a1-bc62-74a683453881 tempest-SnapshotsActionsTest-588786743 None] CMD "sudo cinder-rootwrap /etc/cinder/rootwrap.conf qemu-img commit -d /opt/stack/data/cinder/mnt/11f73476e0fe8479d9a15c2eff184c9d/volume-3e7edb67-b8f0-4b09-8426-51c9a98bc887.685086d4-3379-4e26-9533-6bcc2bc221c1" returned: 0 in 0.584s {{(pid=94393) execute /opt/stack/data/venv/lib/python3.12/site-packages/oslo_concurrency/processutils.py:468}}
Aug 19 18:30:13 devstack cinder-volume[94393]: DEBUG oslo_concurrency.processutils [None req-89936af0-7cc5-47a1-bc62-74a683453881 tempest-SnapshotsActionsTest-588786743 None] Running cmd (subprocess): sudo cinder-rootwrap /etc/cinder/rootwrap.conf rm -f /opt/stack/data/cinder/mnt/11f73476e0fe8479d9a15c2eff184c9d/volume-3e7edb67-b8f0-4b09-8426-51c9a98bc887.685086d4-3379-4e26-9533-6bcc2bc221c1 {{(pid=94393) execute /opt/stack/data/venv/lib/python3.12/site-packages/oslo_concurrency/processutils.py:440}}
Aug 19 18:30:13 devstack sudo[97604]: quobyte : PWD=/ ; USER=root ; COMMAND=/opt/stack/data/venv/bin/cinder-rootwrap /etc/cinder/rootwrap.conf rm -f /opt/stack/data/cinder/mnt/11f73476e0fe8479d9a15c2eff184c9d/volume-3e7edb67-b8f0-4b09-8426-51c9a98bc887.685086d4-3379-4e26-9533-6bcc2bc221c1
Aug 19 18:30:13 devstack sudo[97604]: pam_unix(sudo:session): session opened for user root(uid=0) by (uid=1000)
Aug 19 18:30:14 devstack sudo[97604]: pam_unix(sudo:session): session closed for user root
Aug 19 18:30:14 devstack cinder-volume[94393]: DEBUG oslo_concurrency.processutils [None req-89936af0-7cc5-47a1-bc62-74a683453881 tempest-SnapshotsActionsTest-588786743 None] CMD "sudo cinder-rootwrap /etc/cinder/rootwrap.conf rm -f /opt/stack/data/cinder/mnt/11f73476e0fe8479d9a15c2eff184c9d/volume-3e7edb67-b8f0-4b09-8426-51c9a98bc887.685086d4-3379-4e26-9533-6bcc2bc221c1" returned: 0 in 0.526s {{(pid=94393) execute /opt/stack/data/venv/lib/python3.12/site-packages/oslo_concurrency/processutils.py:468}}
Aug 19 18:30:14 devstack cinder-volume[94393]: DEBUG cinder.coordination [None req-89936af0-7cc5-47a1-bc62-74a683453881 tempest-SnapshotsActionsTest-588786743 None] Lock "cinder-quobyte-685086d4-3379-4e26-9533-6bcc2bc221c1" released by "_delete_snapshot" :: held 2.519s {{(pid=94393) __release /opt/stack/cinder/cinder/coordination.py:152}}
Aug 19 18:30:14 devstack cinder-volume[94393]: DEBUG cinder.coordination [None req-89936af0-7cc5-47a1-bc62-74a683453881 tempest-SnapshotsActionsTest-588786743 None] Lock "cinder-quobyte-3e7edb67-b8f0-4b09-8426-51c9a98bc887" released by "delete_snapshot" :: held 2.553s {{(pid=94393) __release /opt/stack/cinder/cinder/coordination.py:152}}
Aug 19 18:30:14 devstack cinder-volume[94393]: DEBUG cinder.quota [None req-89936af0-7cc5-47a1-bc62-74a683453881 tempest-SnapshotsActionsTest-588786743 None] Created reservations ['66948d57-cf23-4f4e-a58c-742bde639e05', 'f5cbeef1-21db-47ab-bf5c-da8d60eaa995', '28251e82-4ee8-417a-b6c4-f95e8f71d010', 'b44a707e-3da0-42eb-8001-59e398a057a5'] {{(pid=94393) reserve /opt/stack/cinder/cinder/quota.py:752}}
Aug 19 18:30:14 devstack cinder-volume[94393]: INFO cinder.volume.manager [None req-89936af0-7cc5-47a1-bc62-74a683453881 tempest-SnapshotsActionsTest-588786743 None] Delete snapshot completed successfully.
Aug 19 18:30:14 devstack cinder-volume[94393]: DEBUG cinder.coordination [None req-89936af0-7cc5-47a1-bc62-74a683453881 tempest-SnapshotsActionsTest-588786743 None] Lock "cinder-685086d4-3379-4e26-9533-6bcc2bc221c1-delete_snapshot" released by "delete_snapshot" :: held 2.781s {{(pid=94393) __release /opt/stack/cinder/cinder/coordination.py:152}}
Aug 19 18:30:15 devstack cinder-volume[94393]: DEBUG oslo_concurrency.lockutils [None req-1bfbaf1a-9cbc-4758-954f-8205ea44325a tempest-SnapshotsActionsTest-789105492 None] Acquiring lock "quobyte" by "cinder.volume.drivers.quobyte.QuobyteDriver.create_snapshot" {{(pid=94393) inner /opt/stack/data/venv/lib/python3.12/site-packages/oslo_concurrency/lockutils.py:512}}
Aug 19 18:30:15 devstack cinder-volume[94393]: DEBUG oslo_concurrency.lockutils [None req-1bfbaf1a-9cbc-4758-954f-8205ea44325a tempest-SnapshotsActionsTest-789105492 None] Lock "quobyte" acquired by "cinder.volume.drivers.quobyte.QuobyteDriver.create_snapshot" :: waited 0.001s {{(pid=94393) inner /opt/stack/data/venv/lib/python3.12/site-packages/oslo_concurrency/lockutils.py:525}}
Aug 19 18:30:15 devstack cinder-volume[94393]: DEBUG cinder.volume.drivers.remotefs [None req-1bfbaf1a-9cbc-4758-954f-8205ea44325a tempest-SnapshotsActionsTest-789105492 None] Creating offline snapshot 861eded6-ac10-48cc-97b6-a7e542a4ea15 of volume 3e7edb67-b8f0-4b09-8426-51c9a98bc887 {{(pid=94393) _create_snapshot /opt/stack/cinder/cinder/volume/drivers/remotefs.py:1816}}
Aug 19 18:30:15 devstack cinder-volume[94393]: DEBUG oslo.privsep.daemon [-] privsep: reply[e149a47f-6d5c-44bb-bd0f-364088646130]: (4, 'qcow2') {{(pid=95900) _call_back /opt/stack/data/venv/lib/python3.12/site-packages/oslo_privsep/daemon.py:580}}
Aug 19 18:30:15 devstack cinder-volume[94393]: DEBUG oslo_concurrency.processutils [None req-1bfbaf1a-9cbc-4758-954f-8205ea44325a tempest-SnapshotsActionsTest-789105492 None] Running cmd (subprocess): /opt/stack/data/venv/bin/python3.12 -m oslo_concurrency.prlimit --as=1073741824 --cpu=60 -- sudo cinder-rootwrap /etc/cinder/rootwrap.conf env LC_ALL=C qemu-img info -f qcow2 --output=json --force-share /opt/stack/data/cinder/mnt/11f73476e0fe8479d9a15c2eff184c9d/volume-3e7edb67-b8f0-4b09-8426-51c9a98bc887.e0537eb0-19b5-424f-9215-c9a6207bc665 {{(pid=94393) execute /opt/stack/data/venv/lib/python3.12/site-packages/oslo_concurrency/processutils.py:440}}
Aug 19 18:30:15 devstack cinder-volume[94393]: DEBUG oslo_service.periodic_task [None req-03050fb4-b63a-4b05-a2ed-e2c2e1d7029e None None] Running periodic task VolumeManager.publish_service_capabilities {{(pid=94393) run_periodic_tasks /opt/stack/data/venv/lib/python3.12/site-packages/oslo_service/periodic_task.py:254}}
Aug 19 18:30:15 devstack cinder-volume[94393]: DEBUG oslo_concurrency.lockutils [None req-03050fb4-b63a-4b05-a2ed-e2c2e1d7029e None None] Acquiring lock "quobyte_ensure" by "cinder.volume.drivers.quobyte.QuobyteDriver._ensure_shares_mounted" {{(pid=94393) inner /opt/stack/data/venv/lib/python3.12/site-packages/oslo_concurrency/lockutils.py:512}}
Aug 19 18:30:15 devstack cinder-volume[94393]: DEBUG oslo_concurrency.lockutils [None req-03050fb4-b63a-4b05-a2ed-e2c2e1d7029e None None] Lock "quobyte_ensure" acquired by "cinder.volume.drivers.quobyte.QuobyteDriver._ensure_shares_mounted" :: waited 0.000s {{(pid=94393) inner /opt/stack/data/venv/lib/python3.12/site-packages/oslo_concurrency/lockutils.py:525}}
Aug 19 18:30:15 devstack cinder-volume[94393]: DEBUG cinder.volume.drivers.quobyte [None req-03050fb4-b63a-4b05-a2ed-e2c2e1d7029e None None] Quobyte Volume URL set to: {'osci02.corp.quobyte.com/cinder-vol-fc7fe962-997d-456f-82af-eae1858cad60': None} {{(pid=94393) _load_shares_config /opt/stack/cinder/cinder/volume/drivers/quobyte.py:665}}
Aug 19 18:30:15 devstack cinder-volume[94393]: DEBUG cinder.volume.drivers.quobyte [None req-03050fb4-b63a-4b05-a2ed-e2c2e1d7029e None None] Available shares ['osci02.corp.quobyte.com/cinder-vol-fc7fe962-997d-456f-82af-eae1858cad60'] {{(pid=94393) _ensure_shares_mounted /opt/stack/cinder/cinder/volume/drivers/quobyte.py:695}}
Aug 19 18:30:15 devstack cinder-volume[94393]: DEBUG oslo_concurrency.lockutils [None req-03050fb4-b63a-4b05-a2ed-e2c2e1d7029e None None] Lock "quobyte_ensure" "released" by "cinder.volume.drivers.quobyte.QuobyteDriver._ensure_shares_mounted" :: held 0.014s {{(pid=94393) inner /opt/stack/data/venv/lib/python3.12/site-packages/oslo_concurrency/lockutils.py:544}}
Aug 19 18:30:15 devstack cinder-volume[94393]: DEBUG oslo_concurrency.processutils [None req-03050fb4-b63a-4b05-a2ed-e2c2e1d7029e None None] Running cmd (subprocess): sudo cinder-rootwrap /etc/cinder/rootwrap.conf df --portability --block-size 1 /opt/stack/data/cinder/mnt/11f73476e0fe8479d9a15c2eff184c9d {{(pid=94393) execute /opt/stack/data/venv/lib/python3.12/site-packages/oslo_concurrency/processutils.py:440}}
Aug 19 18:30:15 devstack sudo[97620]: quobyte : PWD=/ ; USER=root ; COMMAND=/opt/stack/data/venv/bin/cinder-rootwrap /etc/cinder/rootwrap.conf env LC_ALL=C qemu-img info -f qcow2 --output=json --force-share /opt/stack/data/cinder/mnt/11f73476e0fe8479d9a15c2eff184c9d/volume-3e7edb67-b8f0-4b09-8426-51c9a98bc887.e0537eb0-19b5-424f-9215-c9a6207bc665
Aug 19 18:30:15 devstack sudo[97620]: pam_unix(sudo:session): session opened for user root(uid=0) by (uid=1000)
Aug 19 18:30:15 devstack sudo[97621]: quobyte : PWD=/ ; USER=root ; COMMAND=/opt/stack/data/venv/bin/cinder-rootwrap /etc/cinder/rootwrap.conf df --portability --block-size 1 /opt/stack/data/cinder/mnt/11f73476e0fe8479d9a15c2eff184c9d
Aug 19 18:30:15 devstack sudo[97621]: pam_unix(sudo:session): session opened for user root(uid=0) by (uid=1000)
Aug 19 18:30:15 devstack sudo[97620]: pam_unix(sudo:session): session closed for user root
Aug 19 18:30:15 devstack cinder-volume[94393]: DEBUG oslo_concurrency.processutils [None req-1bfbaf1a-9cbc-4758-954f-8205ea44325a tempest-SnapshotsActionsTest-789105492 None] CMD "/opt/stack/data/venv/bin/python3.12 -m oslo_concurrency.prlimit --as=1073741824 --cpu=60 -- sudo cinder-rootwrap /etc/cinder/rootwrap.conf env LC_ALL=C qemu-img info -f qcow2 --output=json --force-share /opt/stack/data/cinder/mnt/11f73476e0fe8479d9a15c2eff184c9d/volume-3e7edb67-b8f0-4b09-8426-51c9a98bc887.e0537eb0-19b5-424f-9215-c9a6207bc665" returned: 0 in 0.418s {{(pid=94393) execute /opt/stack/data/venv/lib/python3.12/site-packages/oslo_concurrency/processutils.py:468}}
Aug 19 18:30:15 devstack cinder-volume[94393]: DEBUG cinder.volume.drivers.remotefs [None req-1bfbaf1a-9cbc-4758-954f-8205ea44325a tempest-SnapshotsActionsTest-789105492 None] Fetching qemu-img info with special backing_file_template: (/opt/stack/data/cinder/mnt/[0-9a-f]+/)?(volume-3e7edb67-b8f0-4b09-8426-51c9a98bc887(.(tmp-snap-)?[0-9a-f-]+)?|volume_from_snapshot_cache/(tmp-snap-)?[0-9a-f-]+(.(child-|parent-)[0-9a-f-]+)?)$ {{(pid=94393) _qemu_img_info_base /opt/stack/cinder/cinder/volume/drivers/remotefs.py:896}}
Aug 19 18:30:15 devstack cinder-volume[94393]: DEBUG oslo_concurrency.processutils [None req-1bfbaf1a-9cbc-4758-954f-8205ea44325a tempest-SnapshotsActionsTest-789105492 None] Running cmd (subprocess): sudo cinder-rootwrap /etc/cinder/rootwrap.conf qemu-img create -f qcow2 -o backing_file=/opt/stack/data/cinder/mnt/11f73476e0fe8479d9a15c2eff184c9d/volume-3e7edb67-b8f0-4b09-8426-51c9a98bc887.e0537eb0-19b5-424f-9215-c9a6207bc665,backing_fmt=qcow2 /opt/stack/data/cinder/mnt/11f73476e0fe8479d9a15c2eff184c9d/volume-3e7edb67-b8f0-4b09-8426-51c9a98bc887.861eded6-ac10-48cc-97b6-a7e542a4ea15 1G {{(pid=94393) execute /opt/stack/data/venv/lib/python3.12/site-packages/oslo_concurrency/processutils.py:440}}
Aug 19 18:30:15 devstack sudo[97629]: quobyte : PWD=/ ; USER=root ; COMMAND=/opt/stack/data/venv/bin/cinder-rootwrap /etc/cinder/rootwrap.conf qemu-img create -f qcow2 -o backing_file=/opt/stack/data/cinder/mnt/11f73476e0fe8479d9a15c2eff184c9d/volume-3e7edb67-b8f0-4b09-8426-51c9a98bc887.e0537eb0-19b5-424f-9215-c9a6207bc665,backing_fmt=qcow2 /opt/stack/data/cinder/mnt/11f73476e0fe8479d9a15c2eff184c9d/volume-3e7edb67-b8f0-4b09-8426-51c9a98bc887.861eded6-ac10-48cc-97b6-a7e542a4ea15 1G
Aug 19 18:30:15 devstack sudo[97621]: pam_unix(sudo:session): session closed for user root
Aug 19 18:30:15 devstack cinder-volume[94393]: DEBUG oslo_concurrency.processutils [None req-03050fb4-b63a-4b05-a2ed-e2c2e1d7029e None None] CMD "sudo cinder-rootwrap /etc/cinder/rootwrap.conf df --portability --block-size 1 /opt/stack/data/cinder/mnt/11f73476e0fe8479d9a15c2eff184c9d" returned: 0 in 0.349s {{(pid=94393) execute /opt/stack/data/venv/lib/python3.12/site-packages/oslo_concurrency/processutils.py:468}}
Aug 19 18:30:15 devstack cinder-volume[94393]: DEBUG cinder.manager [None req-03050fb4-b63a-4b05-a2ed-e2c2e1d7029e None None] Notifying Schedulers of capabilities ... {{(pid=94393) _publish_service_capabilities /opt/stack/cinder/cinder/manager.py:219}}
Aug 19 18:30:15 devstack sudo[97629]: pam_unix(sudo:session): session opened for user root(uid=0) by (uid=1000)
Aug 19 18:30:15 devstack cinder-volume[94393]: DEBUG oslo_service.periodic_task [None req-03050fb4-b63a-4b05-a2ed-e2c2e1d7029e None None] Running periodic task VolumeManager._thread_info {{(pid=94393) run_periodic_tasks /opt/stack/data/venv/lib/python3.12/site-packages/oslo_service/periodic_task.py:254}}
Aug 19 18:30:15 devstack cinder-volume[94393]: DEBUG cinder.volume.manager [None req-03050fb4-b63a-4b05-a2ed-e2c2e1d7029e None None] thread count: 9 {{(pid=94393) _thread_info /opt/stack/cinder/cinder/volume/manager.py:5472}}
Aug 19 18:30:15 devstack cinder-volume[94393]: DEBUG cinder.volume.manager [None req-03050fb4-b63a-4b05-a2ed-e2c2e1d7029e None None] thread info: [<_MainThread(MainThread, started 140628951081088)>, , , , , , , , ] {{(pid=94393) _thread_info /opt/stack/cinder/cinder/volume/manager.py:5473}}
Aug 19 18:30:16 devstack sudo[97629]: pam_unix(sudo:session): session closed for user root
Aug 19 18:30:16 devstack cinder-volume[94393]: DEBUG oslo_concurrency.processutils [None req-1bfbaf1a-9cbc-4758-954f-8205ea44325a tempest-SnapshotsActionsTest-789105492 None] CMD "sudo cinder-rootwrap /etc/cinder/rootwrap.conf qemu-img create -f qcow2 -o backing_file=/opt/stack/data/cinder/mnt/11f73476e0fe8479d9a15c2eff184c9d/volume-3e7edb67-b8f0-4b09-8426-51c9a98bc887.e0537eb0-19b5-424f-9215-c9a6207bc665,backing_fmt=qcow2 /opt/stack/data/cinder/mnt/11f73476e0fe8479d9a15c2eff184c9d/volume-3e7edb67-b8f0-4b09-8426-51c9a98bc887.861eded6-ac10-48cc-97b6-a7e542a4ea15 1G" returned: 0 in 0.539s {{(pid=94393) execute /opt/stack/data/venv/lib/python3.12/site-packages/oslo_concurrency/processutils.py:468}}
Aug 19 18:30:16 devstack cinder-volume[94393]: DEBUG oslo_concurrency.processutils [None req-1bfbaf1a-9cbc-4758-954f-8205ea44325a tempest-SnapshotsActionsTest-789105492 None] Running cmd (subprocess): sudo cinder-rootwrap /etc/cinder/rootwrap.conf qemu-img rebase -u -b volume-3e7edb67-b8f0-4b09-8426-51c9a98bc887.e0537eb0-19b5-424f-9215-c9a6207bc665 -F qcow2 /opt/stack/data/cinder/mnt/11f73476e0fe8479d9a15c2eff184c9d/volume-3e7edb67-b8f0-4b09-8426-51c9a98bc887.861eded6-ac10-48cc-97b6-a7e542a4ea15 {{(pid=94393) execute /opt/stack/data/venv/lib/python3.12/site-packages/oslo_concurrency/processutils.py:440}}
Aug 19 18:30:16 devstack sudo[97638]: quobyte : PWD=/ ; USER=root ; COMMAND=/opt/stack/data/venv/bin/cinder-rootwrap /etc/cinder/rootwrap.conf qemu-img rebase -u -b volume-3e7edb67-b8f0-4b09-8426-51c9a98bc887.e0537eb0-19b5-424f-9215-c9a6207bc665 -F qcow2 /opt/stack/data/cinder/mnt/11f73476e0fe8479d9a15c2eff184c9d/volume-3e7edb67-b8f0-4b09-8426-51c9a98bc887.861eded6-ac10-48cc-97b6-a7e542a4ea15
Aug 19 18:30:16 devstack sudo[97638]: pam_unix(sudo:session): session opened for user root(uid=0) by (uid=1000)
Aug 19 18:30:16 devstack sudo[97638]: pam_unix(sudo:session): session closed for user root
Aug 19 18:30:16 devstack cinder-volume[94393]: DEBUG oslo_concurrency.processutils [None req-1bfbaf1a-9cbc-4758-954f-8205ea44325a tempest-SnapshotsActionsTest-789105492 None] CMD "sudo cinder-rootwrap /etc/cinder/rootwrap.conf qemu-img rebase -u -b volume-3e7edb67-b8f0-4b09-8426-51c9a98bc887.e0537eb0-19b5-424f-9215-c9a6207bc665 -F qcow2 /opt/stack/data/cinder/mnt/11f73476e0fe8479d9a15c2eff184c9d/volume-3e7edb67-b8f0-4b09-8426-51c9a98bc887.861eded6-ac10-48cc-97b6-a7e542a4ea15" returned: 0 in 0.340s {{(pid=94393) execute /opt/stack/data/venv/lib/python3.12/site-packages/oslo_concurrency/processutils.py:468}}
Aug 19 18:30:16 devstack cinder-volume[94393]: WARNING cinder.volume.drivers.remotefs [None req-1bfbaf1a-9cbc-4758-954f-8205ea44325a tempest-SnapshotsActionsTest-789105492 None] /opt/stack/data/cinder/mnt/11f73476e0fe8479d9a15c2eff184c9d/volume-3e7edb67-b8f0-4b09-8426-51c9a98bc887.861eded6-ac10-48cc-97b6-a7e542a4ea15 is being set with open permissions: ugo+rw
Aug 19 18:30:16 devstack cinder-volume[94393]: DEBUG oslo_concurrency.processutils [None req-1bfbaf1a-9cbc-4758-954f-8205ea44325a tempest-SnapshotsActionsTest-789105492 None] Running cmd (subprocess): sudo cinder-rootwrap /etc/cinder/rootwrap.conf chmod ugo+rw /opt/stack/data/cinder/mnt/11f73476e0fe8479d9a15c2eff184c9d/volume-3e7edb67-b8f0-4b09-8426-51c9a98bc887.861eded6-ac10-48cc-97b6-a7e542a4ea15 {{(pid=94393) execute /opt/stack/data/venv/lib/python3.12/site-packages/oslo_concurrency/processutils.py:440}}
Aug 19 18:30:16 devstack sudo[97643]: quobyte : PWD=/ ; USER=root ; COMMAND=/opt/stack/data/venv/bin/cinder-rootwrap /etc/cinder/rootwrap.conf chmod ugo+rw /opt/stack/data/cinder/mnt/11f73476e0fe8479d9a15c2eff184c9d/volume-3e7edb67-b8f0-4b09-8426-51c9a98bc887.861eded6-ac10-48cc-97b6-a7e542a4ea15
Aug 19 18:30:16 devstack sudo[97643]: pam_unix(sudo:session): session opened for user root(uid=0) by (uid=1000)
Aug 19 18:30:16 devstack sudo[97643]: pam_unix(sudo:session): session closed for user root
Aug 19 18:30:16 devstack cinder-volume[94393]: DEBUG oslo_concurrency.processutils [None req-1bfbaf1a-9cbc-4758-954f-8205ea44325a tempest-SnapshotsActionsTest-789105492 None] CMD "sudo cinder-rootwrap /etc/cinder/rootwrap.conf chmod ugo+rw /opt/stack/data/cinder/mnt/11f73476e0fe8479d9a15c2eff184c9d/volume-3e7edb67-b8f0-4b09-8426-51c9a98bc887.861eded6-ac10-48cc-97b6-a7e542a4ea15" returned: 0 in 0.322s {{(pid=94393) execute /opt/stack/data/venv/lib/python3.12/site-packages/oslo_concurrency/processutils.py:468}}
Aug 19 18:30:16 devstack cinder-volume[94393]: DEBUG oslo_concurrency.lockutils [None req-1bfbaf1a-9cbc-4758-954f-8205ea44325a tempest-SnapshotsActionsTest-789105492 None] Lock "quobyte" "released" by "cinder.volume.drivers.quobyte.QuobyteDriver.create_snapshot" :: held 1.744s {{(pid=94393) inner /opt/stack/data/venv/lib/python3.12/site-packages/oslo_concurrency/lockutils.py:544}}
Aug 19 18:30:17 devstack cinder-volume[94393]: INFO cinder.volume.manager [None req-1bfbaf1a-9cbc-4758-954f-8205ea44325a tempest-SnapshotsActionsTest-789105492 None] Create snapshot completed successfully
Aug 19 18:30:17 devstack cinder-volume[94393]: DEBUG cinder.coordination [None req-ca4e9fc2-7fcc-4ecf-8d3c-3dfeef925fff tempest-SnapshotsActionsTest-588786743 None] Acquiring lock "cinder-861eded6-ac10-48cc-97b6-a7e542a4ea15-delete_snapshot" by "delete_snapshot" {{(pid=94393) __acquire /opt/stack/cinder/cinder/coordination.py:138}}
Aug 19 18:30:17 devstack cinder-volume[94393]: DEBUG cinder.coordination [None req-ca4e9fc2-7fcc-4ecf-8d3c-3dfeef925fff tempest-SnapshotsActionsTest-588786743 None] Lock "cinder-861eded6-ac10-48cc-97b6-a7e542a4ea15-delete_snapshot" acquired by "delete_snapshot" :: waited 0.021s {{(pid=94393) __acquire /opt/stack/cinder/cinder/coordination.py:141}}
Aug 19 18:30:17 devstack cinder-volume[94393]: DEBUG cinder.coordination [None req-ca4e9fc2-7fcc-4ecf-8d3c-3dfeef925fff tempest-SnapshotsActionsTest-588786743 None] Acquiring lock "cinder-quobyte-3e7edb67-b8f0-4b09-8426-51c9a98bc887" by "delete_snapshot" {{(pid=94393) __acquire /opt/stack/cinder/cinder/coordination.py:138}}
Aug 19 18:30:17 devstack cinder-volume[94393]: DEBUG cinder.coordination [None req-ca4e9fc2-7fcc-4ecf-8d3c-3dfeef925fff tempest-SnapshotsActionsTest-588786743 None] Lock "cinder-quobyte-3e7edb67-b8f0-4b09-8426-51c9a98bc887" acquired by "delete_snapshot" :: waited 0.020s {{(pid=94393) __acquire /opt/stack/cinder/cinder/coordination.py:141}}
Aug 19 18:30:17 devstack cinder-volume[94393]: DEBUG cinder.coordination [None req-ca4e9fc2-7fcc-4ecf-8d3c-3dfeef925fff tempest-SnapshotsActionsTest-588786743 None] Acquiring lock "cinder-quobyte-861eded6-ac10-48cc-97b6-a7e542a4ea15" by "_delete_snapshot" {{(pid=94393) __acquire /opt/stack/cinder/cinder/coordination.py:138}}
Aug 19 18:30:17 devstack cinder-volume[94393]: DEBUG cinder.coordination [None req-ca4e9fc2-7fcc-4ecf-8d3c-3dfeef925fff tempest-SnapshotsActionsTest-588786743 None] Lock "cinder-quobyte-861eded6-ac10-48cc-97b6-a7e542a4ea15" acquired by "_delete_snapshot" :: waited 0.015s {{(pid=94393) __acquire /opt/stack/cinder/cinder/coordination.py:141}}
Aug 19 18:30:17 devstack cinder-volume[94393]: DEBUG cinder.volume.drivers.remotefs [None req-ca4e9fc2-7fcc-4ecf-8d3c-3dfeef925fff tempest-SnapshotsActionsTest-588786743 None] Deleting offline snapshot 861eded6-ac10-48cc-97b6-a7e542a4ea15 of volume 3e7edb67-b8f0-4b09-8426-51c9a98bc887 {{(pid=94393) _delete_snapshot /opt/stack/cinder/cinder/volume/drivers/remotefs.py:1288}}
Aug 19 18:30:17 devstack cinder-volume[94393]: DEBUG cinder.volume.drivers.remotefs [None req-ca4e9fc2-7fcc-4ecf-8d3c-3dfeef925fff tempest-SnapshotsActionsTest-588786743 None] snapshot_file for this snap is: volume-3e7edb67-b8f0-4b09-8426-51c9a98bc887.861eded6-ac10-48cc-97b6-a7e542a4ea15 {{(pid=94393) _delete_snapshot /opt/stack/cinder/cinder/volume/drivers/remotefs.py:1317}}
Aug 19 18:30:17 devstack cinder-volume[94393]: DEBUG oslo.privsep.daemon [-] privsep: reply[55911731-6be7-42a4-ae8f-c254945fb8c6]: (4, 'qcow2') {{(pid=95900) _call_back /opt/stack/data/venv/lib/python3.12/site-packages/oslo_privsep/daemon.py:580}}
Aug 19 18:30:17 devstack cinder-volume[94393]: DEBUG oslo_concurrency.processutils [None req-ca4e9fc2-7fcc-4ecf-8d3c-3dfeef925fff tempest-SnapshotsActionsTest-588786743 None] Running cmd (subprocess): /opt/stack/data/venv/bin/python3.12 -m oslo_concurrency.prlimit --as=1073741824 --cpu=60 -- sudo cinder-rootwrap /etc/cinder/rootwrap.conf env LC_ALL=C qemu-img info -f qcow2 --output=json --force-share /opt/stack/data/cinder/mnt/11f73476e0fe8479d9a15c2eff184c9d/volume-3e7edb67-b8f0-4b09-8426-51c9a98bc887.861eded6-ac10-48cc-97b6-a7e542a4ea15 {{(pid=94393) execute /opt/stack/data/venv/lib/python3.12/site-packages/oslo_concurrency/processutils.py:440}}
Aug 19 18:30:17 devstack sudo[97647]: quobyte : PWD=/ ; USER=root ; COMMAND=/opt/stack/data/venv/bin/cinder-rootwrap /etc/cinder/rootwrap.conf env LC_ALL=C qemu-img info -f qcow2 --output=json --force-share /opt/stack/data/cinder/mnt/11f73476e0fe8479d9a15c2eff184c9d/volume-3e7edb67-b8f0-4b09-8426-51c9a98bc887.861eded6-ac10-48cc-97b6-a7e542a4ea15
Aug 19 18:30:17 devstack sudo[97647]: pam_unix(sudo:session): session opened for user root(uid=0) by (uid=1000)
Aug 19 18:30:18 devstack sudo[97647]: pam_unix(sudo:session): session closed for user root
Aug 19 18:30:18 devstack cinder-volume[94393]: DEBUG oslo_concurrency.processutils [None req-ca4e9fc2-7fcc-4ecf-8d3c-3dfeef925fff tempest-SnapshotsActionsTest-588786743 None] CMD "/opt/stack/data/venv/bin/python3.12 -m oslo_concurrency.prlimit --as=1073741824 --cpu=60 -- sudo cinder-rootwrap /etc/cinder/rootwrap.conf env LC_ALL=C qemu-img info -f qcow2 --output=json --force-share /opt/stack/data/cinder/mnt/11f73476e0fe8479d9a15c2eff184c9d/volume-3e7edb67-b8f0-4b09-8426-51c9a98bc887.861eded6-ac10-48cc-97b6-a7e542a4ea15" returned: 0 in 0.406s {{(pid=94393) execute /opt/stack/data/venv/lib/python3.12/site-packages/oslo_concurrency/processutils.py:468}}
Aug 19 18:30:18 devstack cinder-volume[94393]: DEBUG cinder.volume.drivers.remotefs [None req-ca4e9fc2-7fcc-4ecf-8d3c-3dfeef925fff tempest-SnapshotsActionsTest-588786743 None] Fetching qemu-img info with special backing_file_template: (/opt/stack/data/cinder/mnt/[0-9a-f]+/)?(volume-3e7edb67-b8f0-4b09-8426-51c9a98bc887(.(tmp-snap-)?[0-9a-f-]+)?|volume_from_snapshot_cache/(tmp-snap-)?[0-9a-f-]+(.(child-|parent-)[0-9a-f-]+)?)$ {{(pid=94393) _qemu_img_info_base /opt/stack/cinder/cinder/volume/drivers/remotefs.py:896}}
Aug 19 18:30:18 devstack cinder-volume[94393]: DEBUG oslo.privsep.daemon [-] privsep: reply[dcc0f0b0-45c5-4da8-97a3-0a96be74a18a]: (4, 'qcow2') {{(pid=95900) _call_back /opt/stack/data/venv/lib/python3.12/site-packages/oslo_privsep/daemon.py:580}}
Aug 19 18:30:18 devstack cinder-volume[94393]: DEBUG oslo_concurrency.processutils [None req-ca4e9fc2-7fcc-4ecf-8d3c-3dfeef925fff tempest-SnapshotsActionsTest-588786743 None] Running cmd (subprocess): /opt/stack/data/venv/bin/python3.12 -m oslo_concurrency.prlimit --as=1073741824 --cpu=60 -- sudo cinder-rootwrap /etc/cinder/rootwrap.conf env LC_ALL=C qemu-img info -f qcow2 --output=json --force-share /opt/stack/data/cinder/mnt/11f73476e0fe8479d9a15c2eff184c9d/volume-3e7edb67-b8f0-4b09-8426-51c9a98bc887.e0537eb0-19b5-424f-9215-c9a6207bc665 {{(pid=94393) execute /opt/stack/data/venv/lib/python3.12/site-packages/oslo_concurrency/processutils.py:440}}
Aug 19 18:30:18 devstack sudo[97652]: quobyte : PWD=/ ; USER=root ; COMMAND=/opt/stack/data/venv/bin/cinder-rootwrap /etc/cinder/rootwrap.conf env LC_ALL=C qemu-img info -f qcow2 --output=json --force-share /opt/stack/data/cinder/mnt/11f73476e0fe8479d9a15c2eff184c9d/volume-3e7edb67-b8f0-4b09-8426-51c9a98bc887.e0537eb0-19b5-424f-9215-c9a6207bc665
Aug 19 18:30:18 devstack sudo[97652]: pam_unix(sudo:session): session opened for user root(uid=0) by (uid=1000)
Aug 19 18:30:18 devstack sudo[97652]: pam_unix(sudo:session): session closed for user root
Aug 19 18:30:18 devstack cinder-volume[94393]: DEBUG oslo_concurrency.processutils [None req-ca4e9fc2-7fcc-4ecf-8d3c-3dfeef925fff tempest-SnapshotsActionsTest-588786743 None] CMD "/opt/stack/data/venv/bin/python3.12 -m oslo_concurrency.prlimit --as=1073741824 --cpu=60 -- sudo cinder-rootwrap /etc/cinder/rootwrap.conf env LC_ALL=C qemu-img info -f qcow2 --output=json --force-share /opt/stack/data/cinder/mnt/11f73476e0fe8479d9a15c2eff184c9d/volume-3e7edb67-b8f0-4b09-8426-51c9a98bc887.e0537eb0-19b5-424f-9215-c9a6207bc665" returned: 0 in 0.742s {{(pid=94393) execute /opt/stack/data/venv/lib/python3.12/site-packages/oslo_concurrency/processutils.py:468}}
Aug 19 18:30:18 devstack cinder-volume[94393]: DEBUG cinder.volume.drivers.remotefs [None req-ca4e9fc2-7fcc-4ecf-8d3c-3dfeef925fff tempest-SnapshotsActionsTest-588786743 None] Fetching qemu-img info with special backing_file_template: (/opt/stack/data/cinder/mnt/[0-9a-f]+/)?(volume-3e7edb67-b8f0-4b09-8426-51c9a98bc887(.(tmp-snap-)?[0-9a-f-]+)?|volume_from_snapshot_cache/(tmp-snap-)?[0-9a-f-]+(.(child-|parent-)[0-9a-f-]+)?)$ {{(pid=94393) _qemu_img_info_base /opt/stack/cinder/cinder/volume/drivers/remotefs.py:896}}
Aug 19 18:30:18 devstack cinder-volume[94393]: DEBUG oslo_concurrency.processutils [None req-ca4e9fc2-7fcc-4ecf-8d3c-3dfeef925fff tempest-SnapshotsActionsTest-588786743 None] Running cmd (subprocess): sudo cinder-rootwrap /etc/cinder/rootwrap.conf qemu-img commit -d /opt/stack/data/cinder/mnt/11f73476e0fe8479d9a15c2eff184c9d/volume-3e7edb67-b8f0-4b09-8426-51c9a98bc887.861eded6-ac10-48cc-97b6-a7e542a4ea15 {{(pid=94393) execute /opt/stack/data/venv/lib/python3.12/site-packages/oslo_concurrency/processutils.py:440}}
Aug 19 18:30:18 devstack sudo[97696]: quobyte : PWD=/ ; USER=root ; COMMAND=/opt/stack/data/venv/bin/cinder-rootwrap /etc/cinder/rootwrap.conf qemu-img commit -d /opt/stack/data/cinder/mnt/11f73476e0fe8479d9a15c2eff184c9d/volume-3e7edb67-b8f0-4b09-8426-51c9a98bc887.861eded6-ac10-48cc-97b6-a7e542a4ea15
Aug 19 18:30:18 devstack sudo[97696]: pam_unix(sudo:session): session opened for user root(uid=0) by (uid=1000)
Aug 19 18:30:19 devstack sudo[97696]: pam_unix(sudo:session): session closed for user root
Aug 19 18:30:19 devstack cinder-volume[94393]: DEBUG oslo_concurrency.processutils [None req-ca4e9fc2-7fcc-4ecf-8d3c-3dfeef925fff tempest-SnapshotsActionsTest-588786743 None] CMD "sudo cinder-rootwrap /etc/cinder/rootwrap.conf qemu-img commit -d /opt/stack/data/cinder/mnt/11f73476e0fe8479d9a15c2eff184c9d/volume-3e7edb67-b8f0-4b09-8426-51c9a98bc887.861eded6-ac10-48cc-97b6-a7e542a4ea15" returned: 0 in 1.007s {{(pid=94393) execute /opt/stack/data/venv/lib/python3.12/site-packages/oslo_concurrency/processutils.py:468}}
Aug 19 18:30:19 devstack cinder-volume[94393]: DEBUG oslo_concurrency.processutils [None req-ca4e9fc2-7fcc-4ecf-8d3c-3dfeef925fff tempest-SnapshotsActionsTest-588786743 None] Running cmd (subprocess): sudo cinder-rootwrap /etc/cinder/rootwrap.conf rm -f /opt/stack/data/cinder/mnt/11f73476e0fe8479d9a15c2eff184c9d/volume-3e7edb67-b8f0-4b09-8426-51c9a98bc887.861eded6-ac10-48cc-97b6-a7e542a4ea15 {{(pid=94393) execute /opt/stack/data/venv/lib/python3.12/site-packages/oslo_concurrency/processutils.py:440}}
Aug 19 18:30:19 devstack sudo[97739]: quobyte : PWD=/ ; USER=root ; COMMAND=/opt/stack/data/venv/bin/cinder-rootwrap /etc/cinder/rootwrap.conf rm -f /opt/stack/data/cinder/mnt/11f73476e0fe8479d9a15c2eff184c9d/volume-3e7edb67-b8f0-4b09-8426-51c9a98bc887.861eded6-ac10-48cc-97b6-a7e542a4ea15
Aug 19 18:30:19 devstack sudo[97739]: pam_unix(sudo:session): session opened for user root(uid=0) by (uid=1000)
Aug 19 18:30:20 devstack sudo[97739]: pam_unix(sudo:session): session closed for user root
Aug 19 18:30:20 devstack cinder-volume[94393]: DEBUG oslo_concurrency.processutils [None req-ca4e9fc2-7fcc-4ecf-8d3c-3dfeef925fff tempest-SnapshotsActionsTest-588786743 None] CMD "sudo cinder-rootwrap /etc/cinder/rootwrap.conf rm -f /opt/stack/data/cinder/mnt/11f73476e0fe8479d9a15c2eff184c9d/volume-3e7edb67-b8f0-4b09-8426-51c9a98bc887.861eded6-ac10-48cc-97b6-a7e542a4ea15" returned: 0 in 0.626s {{(pid=94393) execute /opt/stack/data/venv/lib/python3.12/site-packages/oslo_concurrency/processutils.py:468}}
Aug 19 18:30:20 devstack cinder-volume[94393]: DEBUG cinder.coordination [None req-ca4e9fc2-7fcc-4ecf-8d3c-3dfeef925fff tempest-SnapshotsActionsTest-588786743 None] Lock "cinder-quobyte-861eded6-ac10-48cc-97b6-a7e542a4ea15" released by "_delete_snapshot" :: held 2.954s {{(pid=94393) __release /opt/stack/cinder/cinder/coordination.py:152}}
Aug 19 18:30:20 devstack cinder-volume[94393]: DEBUG cinder.coordination [None req-ca4e9fc2-7fcc-4ecf-8d3c-3dfeef925fff tempest-SnapshotsActionsTest-588786743 None] Lock "cinder-quobyte-3e7edb67-b8f0-4b09-8426-51c9a98bc887" released by "delete_snapshot" :: held 2.988s {{(pid=94393) __release /opt/stack/cinder/cinder/coordination.py:152}}
Aug 19 18:30:20 devstack cinder-volume[94393]: DEBUG cinder.quota [None req-ca4e9fc2-7fcc-4ecf-8d3c-3dfeef925fff tempest-SnapshotsActionsTest-588786743 None] Created reservations ['db661fde-7d15-40f0-ba81-6cbcd02d3311', '094e5bbe-d093-49f7-920d-a43dc9cafa20', '520174c4-c76f-4c56-9be8-275a3ef9c24e', '1aade37b-edae-48f5-8ba5-f8485f3e8547'] {{(pid=94393) reserve /opt/stack/cinder/cinder/quota.py:752}}
Aug 19 18:30:20 devstack cinder-volume[94393]: INFO cinder.volume.manager [None req-ca4e9fc2-7fcc-4ecf-8d3c-3dfeef925fff tempest-SnapshotsActionsTest-588786743 None] Delete snapshot completed successfully.
Aug 19 18:30:20 devstack cinder-volume[94393]: DEBUG cinder.coordination [None req-ca4e9fc2-7fcc-4ecf-8d3c-3dfeef925fff tempest-SnapshotsActionsTest-588786743 None] Lock "cinder-861eded6-ac10-48cc-97b6-a7e542a4ea15-delete_snapshot" released by "delete_snapshot" :: held 3.197s {{(pid=94393) __release /opt/stack/cinder/cinder/coordination.py:152}}
Aug 19 18:30:21 devstack cinder-volume[94393]: DEBUG oslo_concurrency.lockutils [None req-f57a328e-5857-4fd4-857d-de642b140d33 tempest-SnapshotsActionsTest-789105492 None] Acquiring lock "quobyte" by "cinder.volume.drivers.quobyte.QuobyteDriver.create_snapshot" {{(pid=94393) inner /opt/stack/data/venv/lib/python3.12/site-packages/oslo_concurrency/lockutils.py:512}}
Aug 19 18:30:21 devstack cinder-volume[94393]: DEBUG oslo_concurrency.lockutils [None req-f57a328e-5857-4fd4-857d-de642b140d33 tempest-SnapshotsActionsTest-789105492 None] Lock "quobyte" acquired by "cinder.volume.drivers.quobyte.QuobyteDriver.create_snapshot" :: waited 0.001s {{(pid=94393) inner /opt/stack/data/venv/lib/python3.12/site-packages/oslo_concurrency/lockutils.py:525}}
Aug 19 18:30:21 devstack cinder-volume[94393]: DEBUG cinder.volume.drivers.remotefs [None req-f57a328e-5857-4fd4-857d-de642b140d33 tempest-SnapshotsActionsTest-789105492 None] Creating offline snapshot 5d54949f-2827-464d-8790-846308f1ea7c of volume 3e7edb67-b8f0-4b09-8426-51c9a98bc887 {{(pid=94393) _create_snapshot /opt/stack/cinder/cinder/volume/drivers/remotefs.py:1816}}
Aug 19 18:30:21 devstack cinder-volume[94393]: DEBUG oslo.privsep.daemon [-] privsep: reply[940732aa-a339-46b4-94b6-9ab148d1bf6d]: (4, 'qcow2') {{(pid=95900) _call_back /opt/stack/data/venv/lib/python3.12/site-packages/oslo_privsep/daemon.py:580}}
Aug 19 18:30:21 devstack cinder-volume[94393]: DEBUG oslo_concurrency.processutils [None req-f57a328e-5857-4fd4-857d-de642b140d33 tempest-SnapshotsActionsTest-789105492 None] Running cmd (subprocess): /opt/stack/data/venv/bin/python3.12 -m oslo_concurrency.prlimit --as=1073741824 --cpu=60 -- sudo cinder-rootwrap /etc/cinder/rootwrap.conf env LC_ALL=C qemu-img info -f qcow2 --output=json --force-share /opt/stack/data/cinder/mnt/11f73476e0fe8479d9a15c2eff184c9d/volume-3e7edb67-b8f0-4b09-8426-51c9a98bc887.e0537eb0-19b5-424f-9215-c9a6207bc665 {{(pid=94393) execute /opt/stack/data/venv/lib/python3.12/site-packages/oslo_concurrency/processutils.py:440}}
Aug 19 18:30:21 devstack sudo[97783]: quobyte : PWD=/ ; USER=root ; COMMAND=/opt/stack/data/venv/bin/cinder-rootwrap /etc/cinder/rootwrap.conf env LC_ALL=C qemu-img info -f qcow2 --output=json --force-share /opt/stack/data/cinder/mnt/11f73476e0fe8479d9a15c2eff184c9d/volume-3e7edb67-b8f0-4b09-8426-51c9a98bc887.e0537eb0-19b5-424f-9215-c9a6207bc665
Aug 19 18:30:21 devstack sudo[97783]: pam_unix(sudo:session): session opened for user root(uid=0) by (uid=1000)
Aug 19 18:30:22 devstack sudo[97783]: pam_unix(sudo:session): session closed for user root
Aug 19 18:30:22 devstack cinder-volume[94393]: DEBUG oslo_concurrency.processutils [None req-f57a328e-5857-4fd4-857d-de642b140d33 tempest-SnapshotsActionsTest-789105492 None] CMD "/opt/stack/data/venv/bin/python3.12 -m oslo_concurrency.prlimit --as=1073741824 --cpu=60 -- sudo cinder-rootwrap /etc/cinder/rootwrap.conf env LC_ALL=C qemu-img info -f qcow2 --output=json --force-share /opt/stack/data/cinder/mnt/11f73476e0fe8479d9a15c2eff184c9d/volume-3e7edb67-b8f0-4b09-8426-51c9a98bc887.e0537eb0-19b5-424f-9215-c9a6207bc665" returned: 0 in 0.697s {{(pid=94393) execute /opt/stack/data/venv/lib/python3.12/site-packages/oslo_concurrency/processutils.py:468}}
Aug 19 18:30:22 devstack cinder-volume[94393]: DEBUG cinder.volume.drivers.remotefs [None req-f57a328e-5857-4fd4-857d-de642b140d33 tempest-SnapshotsActionsTest-789105492 None] Fetching qemu-img info with special backing_file_template: (/opt/stack/data/cinder/mnt/[0-9a-f]+/)?(volume-3e7edb67-b8f0-4b09-8426-51c9a98bc887(.(tmp-snap-)?[0-9a-f-]+)?|volume_from_snapshot_cache/(tmp-snap-)?[0-9a-f-]+(.(child-|parent-)[0-9a-f-]+)?)$ {{(pid=94393) _qemu_img_info_base /opt/stack/cinder/cinder/volume/drivers/remotefs.py:896}}
Aug 19 18:30:22 devstack cinder-volume[94393]: DEBUG oslo_concurrency.processutils [None req-f57a328e-5857-4fd4-857d-de642b140d33 tempest-SnapshotsActionsTest-789105492 None] Running cmd (subprocess): sudo cinder-rootwrap /etc/cinder/rootwrap.conf qemu-img create -f qcow2 -o backing_file=/opt/stack/data/cinder/mnt/11f73476e0fe8479d9a15c2eff184c9d/volume-3e7edb67-b8f0-4b09-8426-51c9a98bc887.e0537eb0-19b5-424f-9215-c9a6207bc665,backing_fmt=qcow2 /opt/stack/data/cinder/mnt/11f73476e0fe8479d9a15c2eff184c9d/volume-3e7edb67-b8f0-4b09-8426-51c9a98bc887.5d54949f-2827-464d-8790-846308f1ea7c 1G {{(pid=94393) execute /opt/stack/data/venv/lib/python3.12/site-packages/oslo_concurrency/processutils.py:440}}
Aug 19 18:30:22 devstack sudo[97819]: quobyte : PWD=/ ; USER=root ; COMMAND=/opt/stack/data/venv/bin/cinder-rootwrap /etc/cinder/rootwrap.conf qemu-img create -f qcow2 -o backing_file=/opt/stack/data/cinder/mnt/11f73476e0fe8479d9a15c2eff184c9d/volume-3e7edb67-b8f0-4b09-8426-51c9a98bc887.e0537eb0-19b5-424f-9215-c9a6207bc665,backing_fmt=qcow2 /opt/stack/data/cinder/mnt/11f73476e0fe8479d9a15c2eff184c9d/volume-3e7edb67-b8f0-4b09-8426-51c9a98bc887.5d54949f-2827-464d-8790-846308f1ea7c 1G
Aug 19 18:30:22 devstack sudo[97819]: pam_unix(sudo:session): session opened for user root(uid=0) by (uid=1000)
Aug 19 18:30:23 devstack sudo[97819]: pam_unix(sudo:session): session closed for user root
Aug 19 18:30:23 devstack cinder-volume[94393]: DEBUG oslo_concurrency.processutils [None req-f57a328e-5857-4fd4-857d-de642b140d33 tempest-SnapshotsActionsTest-789105492 None] CMD "sudo cinder-rootwrap /etc/cinder/rootwrap.conf qemu-img create -f qcow2 -o backing_file=/opt/stack/data/cinder/mnt/11f73476e0fe8479d9a15c2eff184c9d/volume-3e7edb67-b8f0-4b09-8426-51c9a98bc887.e0537eb0-19b5-424f-9215-c9a6207bc665,backing_fmt=qcow2 /opt/stack/data/cinder/mnt/11f73476e0fe8479d9a15c2eff184c9d/volume-3e7edb67-b8f0-4b09-8426-51c9a98bc887.5d54949f-2827-464d-8790-846308f1ea7c 1G" returned: 0 in 0.836s {{(pid=94393) execute /opt/stack/data/venv/lib/python3.12/site-packages/oslo_concurrency/processutils.py:468}}
Aug 19 18:30:23 devstack cinder-volume[94393]: DEBUG oslo_concurrency.processutils [None req-f57a328e-5857-4fd4-857d-de642b140d33 tempest-SnapshotsActionsTest-789105492 None] Running cmd (subprocess): sudo cinder-rootwrap /etc/cinder/rootwrap.conf qemu-img rebase -u -b volume-3e7edb67-b8f0-4b09-8426-51c9a98bc887.e0537eb0-19b5-424f-9215-c9a6207bc665 -F qcow2 /opt/stack/data/cinder/mnt/11f73476e0fe8479d9a15c2eff184c9d/volume-3e7edb67-b8f0-4b09-8426-51c9a98bc887.5d54949f-2827-464d-8790-846308f1ea7c {{(pid=94393) execute /opt/stack/data/venv/lib/python3.12/site-packages/oslo_concurrency/processutils.py:440}}
Aug 19 18:30:23 devstack sudo[97827]: quobyte : PWD=/ ; USER=root ; COMMAND=/opt/stack/data/venv/bin/cinder-rootwrap /etc/cinder/rootwrap.conf qemu-img rebase -u -b volume-3e7edb67-b8f0-4b09-8426-51c9a98bc887.e0537eb0-19b5-424f-9215-c9a6207bc665 -F qcow2 /opt/stack/data/cinder/mnt/11f73476e0fe8479d9a15c2eff184c9d/volume-3e7edb67-b8f0-4b09-8426-51c9a98bc887.5d54949f-2827-464d-8790-846308f1ea7c
Aug 19 18:30:23 devstack sudo[97827]: pam_unix(sudo:session): session opened for user root(uid=0) by (uid=1000)
Aug 19 18:30:23 devstack sudo[97827]: pam_unix(sudo:session): session closed for user root
Aug 19 18:30:23 devstack cinder-volume[94393]: DEBUG oslo_concurrency.processutils [None req-f57a328e-5857-4fd4-857d-de642b140d33 tempest-SnapshotsActionsTest-789105492 None] CMD "sudo cinder-rootwrap /etc/cinder/rootwrap.conf qemu-img rebase -u -b volume-3e7edb67-b8f0-4b09-8426-51c9a98bc887.e0537eb0-19b5-424f-9215-c9a6207bc665 -F qcow2 /opt/stack/data/cinder/mnt/11f73476e0fe8479d9a15c2eff184c9d/volume-3e7edb67-b8f0-4b09-8426-51c9a98bc887.5d54949f-2827-464d-8790-846308f1ea7c" returned: 0 in 0.703s {{(pid=94393) execute /opt/stack/data/venv/lib/python3.12/site-packages/oslo_concurrency/processutils.py:468}}
Aug 19 18:30:23 devstack cinder-volume[94393]: WARNING cinder.volume.drivers.remotefs [None req-f57a328e-5857-4fd4-857d-de642b140d33 tempest-SnapshotsActionsTest-789105492 None] /opt/stack/data/cinder/mnt/11f73476e0fe8479d9a15c2eff184c9d/volume-3e7edb67-b8f0-4b09-8426-51c9a98bc887.5d54949f-2827-464d-8790-846308f1ea7c is being set with open permissions: ugo+rw
Aug 19 18:30:23 devstack cinder-volume[94393]: DEBUG oslo_concurrency.processutils [None req-f57a328e-5857-4fd4-857d-de642b140d33 tempest-SnapshotsActionsTest-789105492 None] Running cmd (subprocess): sudo cinder-rootwrap /etc/cinder/rootwrap.conf chmod ugo+rw /opt/stack/data/cinder/mnt/11f73476e0fe8479d9a15c2eff184c9d/volume-3e7edb67-b8f0-4b09-8426-51c9a98bc887.5d54949f-2827-464d-8790-846308f1ea7c {{(pid=94393) execute /opt/stack/data/venv/lib/python3.12/site-packages/oslo_concurrency/processutils.py:440}}
Aug 19 18:30:23 devstack sudo[97834]: quobyte : PWD=/ ; USER=root ; COMMAND=/opt/stack/data/venv/bin/cinder-rootwrap /etc/cinder/rootwrap.conf chmod ugo+rw /opt/stack/data/cinder/mnt/11f73476e0fe8479d9a15c2eff184c9d/volume-3e7edb67-b8f0-4b09-8426-51c9a98bc887.5d54949f-2827-464d-8790-846308f1ea7c
Aug 19 18:30:23 devstack sudo[97834]: pam_unix(sudo:session): session opened for user root(uid=0) by (uid=1000)
Aug 19 18:30:24 devstack sudo[97834]: pam_unix(sudo:session): session closed for user root
Aug 19 18:30:24 devstack cinder-volume[94393]: DEBUG oslo_concurrency.processutils [None req-f57a328e-5857-4fd4-857d-de642b140d33 tempest-SnapshotsActionsTest-789105492 None] CMD "sudo cinder-rootwrap /etc/cinder/rootwrap.conf chmod ugo+rw /opt/stack/data/cinder/mnt/11f73476e0fe8479d9a15c2eff184c9d/volume-3e7edb67-b8f0-4b09-8426-51c9a98bc887.5d54949f-2827-464d-8790-846308f1ea7c" returned: 0 in 0.616s {{(pid=94393) execute /opt/stack/data/venv/lib/python3.12/site-packages/oslo_concurrency/processutils.py:468}}
Aug 19 18:30:24 devstack cinder-volume[94393]: DEBUG oslo_concurrency.lockutils [None req-f57a328e-5857-4fd4-857d-de642b140d33 tempest-SnapshotsActionsTest-789105492 None] Lock "quobyte" "released" by "cinder.volume.drivers.quobyte.QuobyteDriver.create_snapshot" :: held 3.096s {{(pid=94393) inner /opt/stack/data/venv/lib/python3.12/site-packages/oslo_concurrency/lockutils.py:544}}
Aug 19 18:30:24 devstack cinder-volume[94393]: INFO cinder.volume.manager [None req-f57a328e-5857-4fd4-857d-de642b140d33 tempest-SnapshotsActionsTest-789105492 None] Create snapshot completed successfully
Aug 19 18:30:25 devstack cinder-volume[94393]: DEBUG cinder.coordination [None req-81f0a345-80d4-484c-b6da-bb3beb3fe907 tempest-SnapshotsActionsTest-588786743 None] Acquiring lock "cinder-5d54949f-2827-464d-8790-846308f1ea7c-delete_snapshot" by "delete_snapshot" {{(pid=94393) __acquire /opt/stack/cinder/cinder/coordination.py:138}}
Aug 19 18:30:25 devstack cinder-volume[94393]: DEBUG cinder.coordination [None req-81f0a345-80d4-484c-b6da-bb3beb3fe907 tempest-SnapshotsActionsTest-588786743 None] Lock "cinder-5d54949f-2827-464d-8790-846308f1ea7c-delete_snapshot" acquired by "delete_snapshot" :: waited 0.061s {{(pid=94393) __acquire /opt/stack/cinder/cinder/coordination.py:141}}
Aug 19 18:30:25 devstack cinder-volume[94393]: DEBUG cinder.coordination [None req-81f0a345-80d4-484c-b6da-bb3beb3fe907 tempest-SnapshotsActionsTest-588786743 None] Acquiring lock "cinder-quobyte-3e7edb67-b8f0-4b09-8426-51c9a98bc887" by "delete_snapshot" {{(pid=94393) __acquire /opt/stack/cinder/cinder/coordination.py:138}}
Aug 19 18:30:25 devstack cinder-volume[94393]: DEBUG cinder.coordination [None req-81f0a345-80d4-484c-b6da-bb3beb3fe907 tempest-SnapshotsActionsTest-588786743 None] Lock "cinder-quobyte-3e7edb67-b8f0-4b09-8426-51c9a98bc887" acquired by "delete_snapshot" :: waited 0.027s {{(pid=94393) __acquire /opt/stack/cinder/cinder/coordination.py:141}}
Aug 19 18:30:25 devstack cinder-volume[94393]: DEBUG cinder.coordination [None req-81f0a345-80d4-484c-b6da-bb3beb3fe907 tempest-SnapshotsActionsTest-588786743 None] Acquiring lock "cinder-quobyte-5d54949f-2827-464d-8790-846308f1ea7c" by "_delete_snapshot" {{(pid=94393) __acquire /opt/stack/cinder/cinder/coordination.py:138}}
Aug 19 18:30:25 devstack cinder-volume[94393]: DEBUG cinder.coordination [None req-81f0a345-80d4-484c-b6da-bb3beb3fe907 tempest-SnapshotsActionsTest-588786743 None] Lock "cinder-quobyte-5d54949f-2827-464d-8790-846308f1ea7c" acquired by "_delete_snapshot" :: waited 0.034s {{(pid=94393) __acquire /opt/stack/cinder/cinder/coordination.py:141}}
Aug 19 18:30:25 devstack cinder-volume[94393]: DEBUG cinder.volume.drivers.remotefs [None req-81f0a345-80d4-484c-b6da-bb3beb3fe907 tempest-SnapshotsActionsTest-588786743 None] Deleting offline snapshot 5d54949f-2827-464d-8790-846308f1ea7c of volume 3e7edb67-b8f0-4b09-8426-51c9a98bc887 {{(pid=94393) _delete_snapshot /opt/stack/cinder/cinder/volume/drivers/remotefs.py:1288}}
Aug 19 18:30:25 devstack cinder-volume[94393]: DEBUG cinder.volume.drivers.remotefs [None req-81f0a345-80d4-484c-b6da-bb3beb3fe907 tempest-SnapshotsActionsTest-588786743 None] snapshot_file for this snap is: volume-3e7edb67-b8f0-4b09-8426-51c9a98bc887.5d54949f-2827-464d-8790-846308f1ea7c {{(pid=94393) _delete_snapshot /opt/stack/cinder/cinder/volume/drivers/remotefs.py:1317}}
Aug 19 18:30:25 devstack cinder-volume[94393]: DEBUG oslo.privsep.daemon [-] privsep: reply[1e66e900-25fb-473b-9514-80232232aa72]: (4, 'qcow2') {{(pid=95900) _call_back /opt/stack/data/venv/lib/python3.12/site-packages/oslo_privsep/daemon.py:580}}
Aug 19 18:30:25 devstack cinder-volume[94393]: DEBUG oslo_concurrency.processutils [None req-81f0a345-80d4-484c-b6da-bb3beb3fe907 tempest-SnapshotsActionsTest-588786743 None] Running cmd (subprocess): /opt/stack/data/venv/bin/python3.12 -m oslo_concurrency.prlimit --as=1073741824 --cpu=60 -- sudo cinder-rootwrap /etc/cinder/rootwrap.conf env LC_ALL=C qemu-img info -f qcow2 --output=json --force-share /opt/stack/data/cinder/mnt/11f73476e0fe8479d9a15c2eff184c9d/volume-3e7edb67-b8f0-4b09-8426-51c9a98bc887.5d54949f-2827-464d-8790-846308f1ea7c {{(pid=94393) execute /opt/stack/data/venv/lib/python3.12/site-packages/oslo_concurrency/processutils.py:440}}
