Aug 19 18:21:55 devstack devstack@g-api.service[83617]: DEBUG glance.common.config [None req-88c80393-7725-4479-8842-d61f407f2500 None None] database.asyncio_connection = **** {{(pid=83617) log_opt_values /opt/stack/data/venv/lib/python3.12/site-packages/oslo_config/cfg.py:3560}}
Aug 19 18:21:55 devstack devstack@g-api.service[83616]: DEBUG glance.common.config [None req-cebf5ba0-7792-4b2a-a241-ee989ab2a7b4 None None] ******************************************************************************** {{(pid=83616) log_opt_values /opt/stack/data/venv/lib/python3.12/site-packages/oslo_config/cfg.py:3567}}
Aug 19 18:21:55 devstack devstack@g-api.service[83617]: DEBUG glance.common.config [None req-88c80393-7725-4479-8842-d61f407f2500 None None] database.asyncio_slave_connection = **** {{(pid=83617) log_opt_values /opt/stack/data/venv/lib/python3.12/site-packages/oslo_config/cfg.py:3560}}
Aug 19 18:21:55 devstack devstack@g-api.service[83616]: WSGI app 0 (mountpoint='') ready in 6 seconds on interpreter 0x745fd34a4668 pid: 83616 (default app)
Aug 19 18:21:55 devstack devstack@g-api.service[83617]: DEBUG glance.common.config [None req-88c80393-7725-4479-8842-d61f407f2500 None None] database.backend = sqlalchemy {{(pid=83617) log_opt_values /opt/stack/data/venv/lib/python3.12/site-packages/oslo_config/cfg.py:3560}}
Aug 19 18:21:55 devstack devstack@g-api.service[83617]: DEBUG glance.common.config [None req-88c80393-7725-4479-8842-d61f407f2500 None None] database.connection = **** {{(pid=83617) log_opt_values /opt/stack/data/venv/lib/python3.12/site-packages/oslo_config/cfg.py:3560}}
Aug 19 18:21:55 devstack devstack@g-api.service[83616]: DEBUG glance.api.middleware.version_negotiation [None req-cebf5ba0-7792-4b2a-a241-ee989ab2a7b4 None None] Determining version of request: GET / Accept: */* {{(pid=83616) process_request /opt/stack/glance/glance/api/middleware/version_negotiation.py:44}}
Aug 19 18:21:55 devstack devstack@g-api.service[83617]: DEBUG glance.common.config [None req-88c80393-7725-4479-8842-d61f407f2500 None None] database.connection_debug = 0 {{(pid=83617) log_opt_values /opt/stack/data/venv/lib/python3.12/site-packages/oslo_config/cfg.py:3560}}
Aug 19 18:21:55 devstack devstack@g-api.service[83616]: DEBUG glance.api.middleware.version_negotiation [None req-cebf5ba0-7792-4b2a-a241-ee989ab2a7b4 None None] Using url versioning {{(pid=83616) process_request /opt/stack/glance/glance/api/middleware/version_negotiation.py:57}}
Aug 19 18:21:55 devstack devstack@g-api.service[83617]: DEBUG glance.common.config [None req-88c80393-7725-4479-8842-d61f407f2500 None None] database.connection_parameters = {{(pid=83617) log_opt_values /opt/stack/data/venv/lib/python3.12/site-packages/oslo_config/cfg.py:3560}}
Aug 19 18:21:55 devstack devstack@g-api.service[83617]: DEBUG glance.common.config [None req-88c80393-7725-4479-8842-d61f407f2500 None None] database.connection_recycle_time = 3600 {{(pid=83617) log_opt_values /opt/stack/data/venv/lib/python3.12/site-packages/oslo_config/cfg.py:3560}}
Aug 19 18:21:55 devstack devstack@g-api.service[83616]: DEBUG glance.api.middleware.version_negotiation [None req-cebf5ba0-7792-4b2a-a241-ee989ab2a7b4 None None] Unknown version. Returning version choices. {{(pid=83616) process_request /opt/stack/glance/glance/api/middleware/version_negotiation.py:64}}
Aug 19 18:21:55 devstack devstack@g-api.service[83617]: DEBUG glance.common.config [None req-88c80393-7725-4479-8842-d61f407f2500 None None] database.connection_trace = False {{(pid=83617) log_opt_values /opt/stack/data/venv/lib/python3.12/site-packages/oslo_config/cfg.py:3560}}
Aug 19 18:21:55 devstack devstack@g-api.service[83617]: DEBUG glance.common.config [None req-88c80393-7725-4479-8842-d61f407f2500 None None] database.db_inc_retry_interval = True {{(pid=83617) log_opt_values /opt/stack/data/venv/lib/python3.12/site-packages/oslo_config/cfg.py:3560}}
Aug 19 18:21:55 devstack devstack@g-api.service[83617]: DEBUG glance.common.config [None req-88c80393-7725-4479-8842-d61f407f2500 None None] database.db_max_retries = 20 {{(pid=83617) log_opt_values /opt/stack/data/venv/lib/python3.12/site-packages/oslo_config/cfg.py:3560}}
Aug 19 18:21:55 devstack devstack@g-api.service[83617]: DEBUG glance.common.config [None req-88c80393-7725-4479-8842-d61f407f2500 None None] database.db_max_retry_interval = 10 {{(pid=83617) log_opt_values /opt/stack/data/venv/lib/python3.12/site-packages/oslo_config/cfg.py:3560}}
Aug 19 18:21:55 devstack devstack@g-api.service[83616]: [pid: 83616|app: 0|req: 1/1] 127.0.0.1 () {32 vars in 401 bytes} [Wed Aug 19 18:21:55 2026] GET / => generated 1571 bytes in 2 msecs (HTTP/1.1 300) 3 headers in 106 bytes (1 switches on core 0)
Aug 19 18:21:55 devstack devstack@g-api.service[83617]: DEBUG glance.common.config [None req-88c80393-7725-4479-8842-d61f407f2500 None None] database.db_retry_interval = 1 {{(pid=83617) log_opt_values /opt/stack/data/venv/lib/python3.12/site-packages/oslo_config/cfg.py:3560}}
Aug 19 18:21:55 devstack devstack@g-api.service[83617]: DEBUG glance.common.config [None req-88c80393-7725-4479-8842-d61f407f2500 None None] database.max_overflow = 50 {{(pid=83617) log_opt_values /opt/stack/data/venv/lib/python3.12/site-packages/oslo_config/cfg.py:3560}}
Aug 19 18:21:55 devstack devstack@g-api.service[83617]: DEBUG glance.common.config [None req-88c80393-7725-4479-8842-d61f407f2500 None None] database.max_pool_size = 5 {{(pid=83617) log_opt_values /opt/stack/data/venv/lib/python3.12/site-packages/oslo_config/cfg.py:3560}}
Aug 19 18:21:55 devstack devstack@g-api.service[83617]: DEBUG glance.common.config [None req-88c80393-7725-4479-8842-d61f407f2500 None None] database.max_retries = 10 {{(pid=83617) log_opt_values /opt/stack/data/venv/lib/python3.12/site-packages/oslo_config/cfg.py:3560}}
Aug 19 18:21:55 devstack devstack@g-api.service[83617]: DEBUG glance.common.config [None req-88c80393-7725-4479-8842-d61f407f2500 None None] database.mysql_sql_mode = TRADITIONAL {{(pid=83617) log_opt_values /opt/stack/data/venv/lib/python3.12/site-packages/oslo_config/cfg.py:3560}}
Aug 19 18:21:55 devstack devstack@g-api.service[83617]: DEBUG glance.common.config [None req-88c80393-7725-4479-8842-d61f407f2500 None None] database.mysql_wsrep_sync_wait = None {{(pid=83617) log_opt_values /opt/stack/data/venv/lib/python3.12/site-packages/oslo_config/cfg.py:3560}}
Aug 19 18:21:55 devstack devstack@g-api.service[83617]: DEBUG glance.common.config [None req-88c80393-7725-4479-8842-d61f407f2500 None None] database.pool_timeout = None {{(pid=83617) log_opt_values /opt/stack/data/venv/lib/python3.12/site-packages/oslo_config/cfg.py:3560}}
Aug 19 18:21:55 devstack devstack@g-api.service[83617]: DEBUG glance.common.config [None req-88c80393-7725-4479-8842-d61f407f2500 None None] database.retry_interval = 10 {{(pid=83617) log_opt_values /opt/stack/data/venv/lib/python3.12/site-packages/oslo_config/cfg.py:3560}}
Aug 19 18:21:55 devstack devstack@g-api.service[83617]: DEBUG glance.common.config [None req-88c80393-7725-4479-8842-d61f407f2500 None None] database.slave_connection = **** {{(pid=83617) log_opt_values /opt/stack/data/venv/lib/python3.12/site-packages/oslo_config/cfg.py:3560}}
Aug 19 18:21:55 devstack devstack@g-api.service[83617]: DEBUG glance.common.config [None req-88c80393-7725-4479-8842-d61f407f2500 None None] database.sqlite_synchronous = True {{(pid=83617) log_opt_values /opt/stack/data/venv/lib/python3.12/site-packages/oslo_config/cfg.py:3560}}
Aug 19 18:21:55 devstack devstack@g-api.service[83617]: DEBUG glance.common.config [None req-88c80393-7725-4479-8842-d61f407f2500 None None] database.synchronous_reader = True {{(pid=83617) log_opt_values /opt/stack/data/venv/lib/python3.12/site-packages/oslo_config/cfg.py:3560}}
Aug 19 18:21:55 devstack devstack@g-api.service[83617]: DEBUG glance.common.config [None req-88c80393-7725-4479-8842-d61f407f2500 None None] database.use_db_reconnect = False {{(pid=83617) log_opt_values /opt/stack/data/venv/lib/python3.12/site-packages/oslo_config/cfg.py:3560}}
Aug 19 18:21:55 devstack devstack@g-api.service[83617]: DEBUG glance.common.config [None req-88c80393-7725-4479-8842-d61f407f2500 None None] healthcheck.allowed_source_ranges = [] {{(pid=83617) log_opt_values /opt/stack/data/venv/lib/python3.12/site-packages/oslo_config/cfg.py:3560}}
Aug 19 18:21:55 devstack devstack@g-api.service[83617]: DEBUG glance.common.config [None req-88c80393-7725-4479-8842-d61f407f2500 None None] healthcheck.backends = ['disable_by_file'] {{(pid=83617) log_opt_values /opt/stack/data/venv/lib/python3.12/site-packages/oslo_config/cfg.py:3560}}
Aug 19 18:21:55 devstack devstack@g-api.service[83617]: DEBUG glance.common.config [None req-88c80393-7725-4479-8842-d61f407f2500 None None] healthcheck.detailed = False {{(pid=83617) log_opt_values /opt/stack/data/venv/lib/python3.12/site-packages/oslo_config/cfg.py:3560}}
Aug 19 18:21:55 devstack devstack@g-api.service[83617]: DEBUG glance.common.config [None req-88c80393-7725-4479-8842-d61f407f2500 None None] healthcheck.disable_by_file_path = None {{(pid=83617) log_opt_values /opt/stack/data/venv/lib/python3.12/site-packages/oslo_config/cfg.py:3560}}
Aug 19 18:21:55 devstack devstack@g-api.service[83617]: DEBUG glance.common.config [None req-88c80393-7725-4479-8842-d61f407f2500 None None] healthcheck.ignore_proxied_requests = False {{(pid=83617) log_opt_values /opt/stack/data/venv/lib/python3.12/site-packages/oslo_config/cfg.py:3560}}
Aug 19 18:21:55 devstack devstack@g-api.service[83617]: DEBUG glance.common.config [None req-88c80393-7725-4479-8842-d61f407f2500 None None] ******************************************************************************** {{(pid=83617) log_opt_values /opt/stack/data/venv/lib/python3.12/site-packages/oslo_config/cfg.py:3567}}
Aug 19 18:21:55 devstack devstack@g-api.service[83617]: WSGI app 0 (mountpoint='') ready in 6 seconds on interpreter 0x745fd34a4668 pid: 83617 (default app)
Aug 19 18:21:59 devstack devstack@g-api.service[83616]: DEBUG glance.api.middleware.version_negotiation [None req-cebf5ba0-7792-4b2a-a241-ee989ab2a7b4 None None] Determining version of request: GET / Accept: application/json {{(pid=83616) process_request /opt/stack/glance/glance/api/middleware/version_negotiation.py:44}}
Aug 19 18:21:59 devstack devstack@g-api.service[83616]: DEBUG glance.api.middleware.version_negotiation [None req-cebf5ba0-7792-4b2a-a241-ee989ab2a7b4 None None] Using url versioning {{(pid=83616) process_request /opt/stack/glance/glance/api/middleware/version_negotiation.py:57}}
Aug 19 18:21:59 devstack devstack@g-api.service[83616]: DEBUG glance.api.middleware.version_negotiation [None req-cebf5ba0-7792-4b2a-a241-ee989ab2a7b4 None None] Unknown version. Returning version choices. {{(pid=83616) process_request /opt/stack/glance/glance/api/middleware/version_negotiation.py:64}}
Aug 19 18:21:59 devstack devstack@g-api.service[83616]: [pid: 83616|app: 0|req: 2/2] 127.0.0.1 () {34 vars in 519 bytes} [Wed Aug 19 18:21:59 2026] GET / => generated 1571 bytes in 2 msecs (HTTP/1.1 300) 3 headers in 106 bytes (1 switches on core 0)
Aug 19 18:21:59 devstack devstack@g-api.service[83617]: DEBUG glance.api.middleware.version_negotiation [None req-88c80393-7725-4479-8842-d61f407f2500 None None] Determining version of request: POST /v2/images Accept: */* {{(pid=83617) process_request /opt/stack/glance/glance/api/middleware/version_negotiation.py:44}}
Aug 19 18:21:59 devstack devstack@g-api.service[83617]: DEBUG glance.api.middleware.version_negotiation [None req-88c80393-7725-4479-8842-d61f407f2500 None None] Using url versioning {{(pid=83617) process_request /opt/stack/glance/glance/api/middleware/version_negotiation.py:57}}
Aug 19 18:21:59 devstack devstack@g-api.service[83617]: DEBUG glance.api.middleware.version_negotiation [None req-88c80393-7725-4479-8842-d61f407f2500 None None] Matched version: v2 {{(pid=83617) process_request /opt/stack/glance/glance/api/middleware/version_negotiation.py:69}}
Aug 19 18:21:59 devstack devstack@g-api.service[83617]: DEBUG glance.api.middleware.version_negotiation [None req-88c80393-7725-4479-8842-d61f407f2500 None None] new path /v2/images {{(pid=83617) process_request /opt/stack/glance/glance/api/middleware/version_negotiation.py:70}}
Aug 19 18:22:00 devstack devstack@g-api.service[83617]: [pid: 83617|app: 0|req: 1/3] 127.0.0.1 () {40 vars in 782 bytes} [Wed Aug 19 18:21:59 2026] POST /v2/images => generated 807 bytes in 1288 msecs (HTTP/1.1 201) 6 headers in 314 bytes (1 switches on core 0)
Aug 19 18:22:00 devstack devstack@g-api.service[83616]: DEBUG glance.api.middleware.version_negotiation [None req-cebf5ba0-7792-4b2a-a241-ee989ab2a7b4 None None] Determining version of request: PUT /v2/images/5f2e029d-7a0e-44c2-9352-8fad8d7c7688/file Accept: {{(pid=83616) process_request /opt/stack/glance/glance/api/middleware/version_negotiation.py:44}}
Aug 19 18:22:00 devstack devstack@g-api.service[83616]: DEBUG glance.api.middleware.version_negotiation [None req-cebf5ba0-7792-4b2a-a241-ee989ab2a7b4 None None] Using url versioning {{(pid=83616) process_request /opt/stack/glance/glance/api/middleware/version_negotiation.py:57}}
Aug 19 18:22:00 devstack devstack@g-api.service[83616]: DEBUG glance.api.middleware.version_negotiation [None req-cebf5ba0-7792-4b2a-a241-ee989ab2a7b4 None None] Matched version: v2 {{(pid=83616) process_request /opt/stack/glance/glance/api/middleware/version_negotiation.py:69}}
Aug 19 18:22:00 devstack devstack@g-api.service[83616]: DEBUG glance.api.middleware.version_negotiation [None req-cebf5ba0-7792-4b2a-a241-ee989ab2a7b4 None None] new path /v2/images/5f2e029d-7a0e-44c2-9352-8fad8d7c7688/file {{(pid=83616) process_request /opt/stack/glance/glance/api/middleware/version_negotiation.py:70}}
Aug 19 18:22:01 devstack devstack@g-api.service[83616]: INFO glance.api.v2.image_data [None req-c4b0b54d-5940-4dfa-b364-b2c81d622613 admin admin] Unable to create trust: no such option collect_timing in group [keystone_authtoken] Use the existing user token.
Aug 19 18:22:01 devstack devstack@g-api.service[83616]: DEBUG glance.location [None req-c4b0b54d-5940-4dfa-b364-b2c81d622613 admin admin] Enabling in-flight format inspection for qcow2 {{(pid=83616) set_data /opt/stack/glance/glance/location.py:596}}
Aug 19 18:22:01 devstack devstack@g-api.service[83616]: DEBUG oslo_utils.imageutils.format_inspector [None req-c4b0b54d-5940-4dfa-b364-b2c81d622613 admin admin] Format inspector for vmdk does not match, excluding from consideration (Signature KDMV not found: b'QFI\xfb') {{(pid=83616) _process_chunk /opt/stack/data/venv/lib/python3.12/site-packages/oslo_utils/imageutils/format_inspector.py:1758}}
Aug 19 18:22:01 devstack devstack@g-api.service[83616]: DEBUG oslo_utils.imageutils.format_inspector [None req-c4b0b54d-5940-4dfa-b364-b2c81d622613 admin admin] Format inspector for vhdx does not match, excluding from consideration (Region signature not found at 30000) {{(pid=83616) _process_chunk /opt/stack/data/venv/lib/python3.12/site-packages/oslo_utils/imageutils/format_inspector.py:1758}}
Aug 19 18:22:02 devstack devstack@g-api.service[83616]: DEBUG glance_store._drivers.filesystem [None req-c4b0b54d-5940-4dfa-b364-b2c81d622613 admin admin] Wrote 21692416 bytes to /opt/stack/data/glance/images/5f2e029d-7a0e-44c2-9352-8fad8d7c7688 with checksum 87617e24a5e30cb3b87fda8c0764838f and multihash 9a9bce0083a00939ec17c11febbfc767aa211aaa54f51e75c5a8b271a9b5637c77205a518b7a2007cb391d23cceb01e0e4e8d64832317151bc85b734b92a7be0 {{(pid=83616) add /opt/stack/data/venv/lib/python3.12/site-packages/glance_store/_drivers/filesystem.py:899}}
Aug 19 18:22:02 devstack devstack@g-api.service[83616]: INFO glance.location [None req-c4b0b54d-5940-4dfa-b364-b2c81d622613 admin admin] Image format matched and virtual size computed: 117440512
Aug 19 18:22:02 devstack devstack@g-api.service[83616]: DEBUG glance_store.backend [None req-c4b0b54d-5940-4dfa-b364-b2c81d622613 admin admin] Skipping store.set_acls... not implemented. {{(pid=83616) set_acls /opt/stack/data/venv/lib/python3.12/site-packages/glance_store/backend.py:507}}
Aug 19 18:22:02 devstack devstack@g-api.service[83616]: [pid: 83616|app: 0|req: 3/4] 127.0.0.1 () {42 vars in 914 bytes} [Wed Aug 19 18:22:00 2026] PUT /v2/images/5f2e029d-7a0e-44c2-9352-8fad8d7c7688/file => generated 0 bytes in 1790 msecs (HTTP/1.1 204) 4 headers in 171 bytes (1 switches on core 0)
Aug 19 18:22:02 devstack devstack@g-api.service[83617]: DEBUG glance.api.middleware.version_negotiation [None req-3cfefbe1-01ac-4df2-92e6-b75e0d4811cf admin admin] Determining version of request: GET /v2/images/5f2e029d-7a0e-44c2-9352-8fad8d7c7688 Accept: */* {{(pid=83617) process_request /opt/stack/glance/glance/api/middleware/version_negotiation.py:44}}
Aug 19 18:22:02 devstack devstack@g-api.service[83617]: DEBUG glance.api.middleware.version_negotiation [None req-3cfefbe1-01ac-4df2-92e6-b75e0d4811cf admin admin] Using url versioning {{(pid=83617) process_request /opt/stack/glance/glance/api/middleware/version_negotiation.py:57}}
Aug 19 18:22:02 devstack devstack@g-api.service[83617]: DEBUG glance.api.middleware.version_negotiation [None req-3cfefbe1-01ac-4df2-92e6-b75e0d4811cf admin admin] Matched version: v2 {{(pid=83617) process_request /opt/stack/glance/glance/api/middleware/version_negotiation.py:69}}
Aug 19 18:22:02 devstack devstack@g-api.service[83617]: DEBUG glance.api.middleware.version_negotiation [None req-3cfefbe1-01ac-4df2-92e6-b75e0d4811cf admin admin] new path /v2/images/5f2e029d-7a0e-44c2-9352-8fad8d7c7688 {{(pid=83617) process_request /opt/stack/glance/glance/api/middleware/version_negotiation.py:70}}
Aug 19 18:22:02 devstack devstack@g-api.service[83617]: [pid: 83617|app: 0|req: 2/5] 127.0.0.1 () {36 vars in 802 bytes} [Wed Aug 19 18:22:02 2026] GET /v2/images/5f2e029d-7a0e-44c2-9352-8fad8d7c7688 => generated 976 bytes in 22 msecs (HTTP/1.1 200) 4 headers in 157 bytes (1 switches on core 0)
Aug 19 18:22:12 devstack devstack@g-api.service[83616]: DEBUG dbcounter [-] [83616] Writing DB stats glance:INSERT=5,glance:SELECT=16,glance:UPDATE=2 {{(pid=83616) stat_writer /opt/stack/data/venv/lib/python3.12/site-packages/dbcounter.py:115}}
Aug 19 18:22:12 devstack devstack@g-api.service[83617]: DEBUG dbcounter [-] [83617] Writing DB stats glance:INSERT=9,glance:SELECT=6 {{(pid=83617) stat_writer /opt/stack/data/venv/lib/python3.12/site-packages/dbcounter.py:115}}
Aug 19 18:22:45 devstack devstack@g-api.service[83616]: DEBUG glance.api.middleware.version_negotiation [None req-c4b0b54d-5940-4dfa-b364-b2c81d622613 admin admin] Determining version of request: GET / Accept: application/json {{(pid=83616) process_request /opt/stack/glance/glance/api/middleware/version_negotiation.py:44}}
Aug 19 18:22:45 devstack devstack@g-api.service[83616]: DEBUG glance.api.middleware.version_negotiation [None req-c4b0b54d-5940-4dfa-b364-b2c81d622613 admin admin] Using url versioning {{(pid=83616) process_request /opt/stack/glance/glance/api/middleware/version_negotiation.py:57}}
Aug 19 18:22:45 devstack devstack@g-api.service[83616]: DEBUG glance.api.middleware.version_negotiation [None req-c4b0b54d-5940-4dfa-b364-b2c81d622613 admin admin] Unknown version. Returning version choices. {{(pid=83616) process_request /opt/stack/glance/glance/api/middleware/version_negotiation.py:64}}
Aug 19 18:22:45 devstack devstack@g-api.service[83616]: [pid: 83616|app: 0|req: 4/6] 127.0.0.1 () {34 vars in 519 bytes} [Wed Aug 19 18:22:45 2026] GET / => generated 1571 bytes in 3 msecs (HTTP/1.1 300) 3 headers in 106 bytes (1 switches on core 0)
Aug 19 18:22:45 devstack devstack@g-api.service[83617]: DEBUG glance.api.middleware.version_negotiation [None req-6db7240b-d548-47ab-bd7e-e915220a5450 admin admin] Determining version of request: GET /v2/images Accept: application/json {{(pid=83617) process_request /opt/stack/glance/glance/api/middleware/version_negotiation.py:44}}
Aug 19 18:22:45 devstack devstack@g-api.service[83617]: DEBUG glance.api.middleware.version_negotiation [None req-6db7240b-d548-47ab-bd7e-e915220a5450 admin admin] Using url versioning {{(pid=83617) process_request /opt/stack/glance/glance/api/middleware/version_negotiation.py:57}}
Aug 19 18:22:45 devstack devstack@g-api.service[83617]: DEBUG glance.api.middleware.version_negotiation [None req-6db7240b-d548-47ab-bd7e-e915220a5450 admin admin] Matched version: v2 {{(pid=83617) process_request /opt/stack/glance/glance/api/middleware/version_negotiation.py:69}}
Aug 19 18:22:45 devstack devstack@g-api.service[83617]: DEBUG glance.api.middleware.version_negotiation [None req-6db7240b-d548-47ab-bd7e-e915220a5450 admin admin] new path /v2/images {{(pid=83617) process_request /opt/stack/glance/glance/api/middleware/version_negotiation.py:70}}
Aug 19 18:22:45 devstack devstack@g-api.service[83617]: [pid: 83617|app: 0|req: 3/7] 127.0.0.1 () {36 vars in 741 bytes} [Wed Aug 19 18:22:45 2026] GET /v2/images => generated 1045 bytes in 95 msecs (HTTP/1.1 200) 4 headers in 158 bytes (1 switches on core 0)
Aug 19 18:22:54 devstack devstack@g-api.service[83616]: DEBUG glance.api.middleware.version_negotiation [None req-c4b0b54d-5940-4dfa-b364-b2c81d622613 admin admin] Determining version of request: GET / Accept: application/json {{(pid=83616) process_request /opt/stack/glance/glance/api/middleware/version_negotiation.py:44}}
Aug 19 18:22:54 devstack devstack@g-api.service[83616]: DEBUG glance.api.middleware.version_negotiation [None req-c4b0b54d-5940-4dfa-b364-b2c81d622613 admin admin] Using url versioning {{(pid=83616) process_request /opt/stack/glance/glance/api/middleware/version_negotiation.py:57}}
Aug 19 18:22:54 devstack devstack@g-api.service[83616]: DEBUG glance.api.middleware.version_negotiation [None req-c4b0b54d-5940-4dfa-b364-b2c81d622613 admin admin] Unknown version. Returning version choices. {{(pid=83616) process_request /opt/stack/glance/glance/api/middleware/version_negotiation.py:64}}
Aug 19 18:22:54 devstack devstack@g-api.service[83616]: [pid: 83616|app: 0|req: 5/8] 127.0.0.1 () {34 vars in 519 bytes} [Wed Aug 19 18:22:54 2026] GET / => generated 1571 bytes in 2 msecs (HTTP/1.1 300) 3 headers in 106 bytes (1 switches on core 0)
Aug 19 18:22:54 devstack devstack@g-api.service[83617]: DEBUG glance.api.middleware.version_negotiation [None req-ed281033-6e33-4d1f-b081-c37e612e2162 admin admin] Determining version of request: GET /v2/images/5f2e029d-7a0e-44c2-9352-8fad8d7c7688 Accept: */* {{(pid=83617) process_request /opt/stack/glance/glance/api/middleware/version_negotiation.py:44}}
Aug 19 18:22:54 devstack devstack@g-api.service[83617]: DEBUG glance.api.middleware.version_negotiation [None req-ed281033-6e33-4d1f-b081-c37e612e2162 admin admin] Using url versioning {{(pid=83617) process_request /opt/stack/glance/glance/api/middleware/version_negotiation.py:57}}
Aug 19 18:22:54 devstack devstack@g-api.service[83617]: DEBUG glance.api.middleware.version_negotiation [None req-ed281033-6e33-4d1f-b081-c37e612e2162 admin admin] Matched version: v2 {{(pid=83617) process_request /opt/stack/glance/glance/api/middleware/version_negotiation.py:69}}
Aug 19 18:22:54 devstack devstack@g-api.service[83617]: DEBUG glance.api.middleware.version_negotiation [None req-ed281033-6e33-4d1f-b081-c37e612e2162 admin admin] new path /v2/images/5f2e029d-7a0e-44c2-9352-8fad8d7c7688 {{(pid=83617) process_request /opt/stack/glance/glance/api/middleware/version_negotiation.py:70}}
Aug 19 18:22:54 devstack devstack@g-api.service[83617]: [pid: 83617|app: 0|req: 4/9] 127.0.0.1 () {36 vars in 802 bytes} [Wed Aug 19 18:22:54 2026] GET /v2/images/5f2e029d-7a0e-44c2-9352-8fad8d7c7688 => generated 976 bytes in 69 msecs (HTTP/1.1 200) 4 headers in 157 bytes (1 switches on core 0)
Aug 19 18:23:01 devstack devstack@g-api.service[83616]: DEBUG glance.api.middleware.version_negotiation [None req-c4b0b54d-5940-4dfa-b364-b2c81d622613 admin admin] Determining version of request: GET / Accept: application/json {{(pid=83616) process_request /opt/stack/glance/glance/api/middleware/version_negotiation.py:44}}
Aug 19 18:23:01 devstack devstack@g-api.service[83616]: DEBUG glance.api.middleware.version_negotiation [None req-c4b0b54d-5940-4dfa-b364-b2c81d622613 admin admin] Using url versioning {{(pid=83616) process_request /opt/stack/glance/glance/api/middleware/version_negotiation.py:57}}
Aug 19 18:23:01 devstack devstack@g-api.service[83616]: DEBUG glance.api.middleware.version_negotiation [None req-c4b0b54d-5940-4dfa-b364-b2c81d622613 admin admin] Unknown version. Returning version choices. {{(pid=83616) process_request /opt/stack/glance/glance/api/middleware/version_negotiation.py:64}}
Aug 19 18:23:01 devstack devstack@g-api.service[83616]: [pid: 83616|app: 0|req: 6/10] 127.0.0.1 () {34 vars in 519 bytes} [Wed Aug 19 18:23:01 2026] GET / => generated 1571 bytes in 3 msecs (HTTP/1.1 300) 3 headers in 106 bytes (1 switches on core 0)
Aug 19 18:23:01 devstack devstack@g-api.service[83617]: DEBUG glance.api.middleware.version_negotiation [None req-e9aee6d4-4280-4ce7-849e-b97baab05d7d admin admin] Determining version of request: GET /v2/images/5f2e029d-7a0e-44c2-9352-8fad8d7c7688 Accept: */* {{(pid=83617) process_request /opt/stack/glance/glance/api/middleware/version_negotiation.py:44}}
Aug 19 18:23:01 devstack devstack@g-api.service[83617]: DEBUG glance.api.middleware.version_negotiation [None req-e9aee6d4-4280-4ce7-849e-b97baab05d7d admin admin] Using url versioning {{(pid=83617) process_request /opt/stack/glance/glance/api/middleware/version_negotiation.py:57}}
Aug 19 18:23:01 devstack devstack@g-api.service[83617]: DEBUG glance.api.middleware.version_negotiation [None req-e9aee6d4-4280-4ce7-849e-b97baab05d7d admin admin] Matched version: v2 {{(pid=83617) process_request /opt/stack/glance/glance/api/middleware/version_negotiation.py:69}}
Aug 19 18:23:01 devstack devstack@g-api.service[83617]: DEBUG glance.api.middleware.version_negotiation [None req-e9aee6d4-4280-4ce7-849e-b97baab05d7d admin admin] new path /v2/images/5f2e029d-7a0e-44c2-9352-8fad8d7c7688 {{(pid=83617) process_request /opt/stack/glance/glance/api/middleware/version_negotiation.py:70}}
Aug 19 18:23:01 devstack devstack@g-api.service[83617]: [pid: 83617|app: 0|req: 5/11] 127.0.0.1 () {36 vars in 802 bytes} [Wed Aug 19 18:23:01 2026] GET /v2/images/5f2e029d-7a0e-44c2-9352-8fad8d7c7688 => generated 976 bytes in 73 msecs (HTTP/1.1 200) 4 headers in 157 bytes (1 switches on core 0)
Aug 19 18:23:11 devstack devstack@g-api.service[83617]: DEBUG dbcounter [-] [83617] Writing DB stats glance:SELECT=5 {{(pid=83617) stat_writer /opt/stack/data/venv/lib/python3.12/site-packages/dbcounter.py:115}}
Aug 19 18:24:16 devstack devstack@g-api.service[83616]: DEBUG glance.api.middleware.version_negotiation [None req-c4b0b54d-5940-4dfa-b364-b2c81d622613 admin admin] Determining version of request: GET / Accept: application/json {{(pid=83616) process_request /opt/stack/glance/glance/api/middleware/version_negotiation.py:44}}
Aug 19 18:24:16 devstack devstack@g-api.service[83616]: DEBUG glance.api.middleware.version_negotiation [None req-c4b0b54d-5940-4dfa-b364-b2c81d622613 admin admin] Using url versioning {{(pid=83616) process_request /opt/stack/glance/glance/api/middleware/version_negotiation.py:57}}
Aug 19 18:24:16 devstack devstack@g-api.service[83616]: DEBUG glance.api.middleware.version_negotiation [None req-c4b0b54d-5940-4dfa-b364-b2c81d622613 admin admin] Unknown version. Returning version choices. {{(pid=83616) process_request /opt/stack/glance/glance/api/middleware/version_negotiation.py:64}}
Aug 19 18:24:16 devstack devstack@g-api.service[83616]: [pid: 83616|app: 0|req: 7/12] 127.0.0.1 () {36 vars in 488 bytes} [Wed Aug 19 18:24:16 2026] GET / => generated 1571 bytes in 2 msecs (HTTP/1.1 300) 3 headers in 106 bytes (1 switches on core 0)
Aug 19 18:27:09 devstack devstack@g-api.service[83617]: DEBUG glance.api.middleware.version_negotiation [None req-d4ce1362-1c40-4e7c-859d-550d72ef0d5b admin admin] Determining version of request: GET / Accept: application/json {{(pid=83617) process_request /opt/stack/glance/glance/api/middleware/version_negotiation.py:44}}
Aug 19 18:27:09 devstack devstack@g-api.service[83617]: DEBUG glance.api.middleware.version_negotiation [None req-d4ce1362-1c40-4e7c-859d-550d72ef0d5b admin admin] Using url versioning {{(pid=83617) process_request /opt/stack/glance/glance/api/middleware/version_negotiation.py:57}}
Aug 19 18:27:09 devstack devstack@g-api.service[83617]: DEBUG glance.api.middleware.version_negotiation [None req-d4ce1362-1c40-4e7c-859d-550d72ef0d5b admin admin] Unknown version. Returning version choices. {{(pid=83617) process_request /opt/stack/glance/glance/api/middleware/version_negotiation.py:64}}
Aug 19 18:27:09 devstack devstack@g-api.service[83617]: [pid: 83617|app: 0|req: 6/13] 127.0.0.1 () {34 vars in 505 bytes} [Wed Aug 19 18:27:09 2026] GET / => generated 1571 bytes in 7 msecs (HTTP/1.1 300) 3 headers in 106 bytes (1 switches on core 0)
Aug 19 18:27:09 devstack devstack@g-api.service[83616]: DEBUG glance.api.middleware.version_negotiation [None req-c4b0b54d-5940-4dfa-b364-b2c81d622613 admin admin] Determining version of request: GET /v2/images/5f2e029d-7a0e-44c2-9352-8fad8d7c7688 Accept: */* {{(pid=83616) process_request /opt/stack/glance/glance/api/middleware/version_negotiation.py:44}}
Aug 19 18:27:09 devstack devstack@g-api.service[83616]: DEBUG glance.api.middleware.version_negotiation [None req-c4b0b54d-5940-4dfa-b364-b2c81d622613 admin admin] Using url versioning {{(pid=83616) process_request /opt/stack/glance/glance/api/middleware/version_negotiation.py:57}}
Aug 19 18:27:09 devstack devstack@g-api.service[83616]: DEBUG glance.api.middleware.version_negotiation [None req-c4b0b54d-5940-4dfa-b364-b2c81d622613 admin admin] Matched version: v2 {{(pid=83616) process_request /opt/stack/glance/glance/api/middleware/version_negotiation.py:69}}
Aug 19 18:27:09 devstack devstack@g-api.service[83616]: DEBUG glance.api.middleware.version_negotiation [None req-c4b0b54d-5940-4dfa-b364-b2c81d622613 admin admin] new path /v2/images/5f2e029d-7a0e-44c2-9352-8fad8d7c7688 {{(pid=83616) process_request /opt/stack/glance/glance/api/middleware/version_negotiation.py:70}}
Aug 19 18:27:09 devstack devstack@g-api.service[83616]: [pid: 83616|app: 0|req: 8/14] 127.0.0.1 () {42 vars in 1061 bytes} [Wed Aug 19 18:27:09 2026] GET /v2/images/5f2e029d-7a0e-44c2-9352-8fad8d7c7688 => generated 976 bytes in 414 msecs (HTTP/1.1 200) 4 headers in 157 bytes (1 switches on core 0)
Aug 19 18:27:09 devstack devstack@g-api.service[83617]: DEBUG glance.api.middleware.version_negotiation [None req-d4ce1362-1c40-4e7c-859d-550d72ef0d5b admin admin] Determining version of request: GET /v2/schemas/image Accept: */* {{(pid=83617) process_request /opt/stack/glance/glance/api/middleware/version_negotiation.py:44}}
Aug 19 18:27:09 devstack devstack@g-api.service[83617]: DEBUG glance.api.middleware.version_negotiation [None req-d4ce1362-1c40-4e7c-859d-550d72ef0d5b admin admin] Using url versioning {{(pid=83617) process_request /opt/stack/glance/glance/api/middleware/version_negotiation.py:57}}
Aug 19 18:27:09 devstack devstack@g-api.service[83617]: DEBUG glance.api.middleware.version_negotiation [None req-d4ce1362-1c40-4e7c-859d-550d72ef0d5b admin admin] Matched version: v2 {{(pid=83617) process_request /opt/stack/glance/glance/api/middleware/version_negotiation.py:69}}
Aug 19 18:27:09 devstack devstack@g-api.service[83617]: DEBUG glance.api.middleware.version_negotiation [None req-d4ce1362-1c40-4e7c-859d-550d72ef0d5b admin admin] new path /v2/schemas/image {{(pid=83617) process_request /opt/stack/glance/glance/api/middleware/version_negotiation.py:70}}
Aug 19 18:27:09 devstack devstack@g-api.service[83617]: [pid: 83617|app: 0|req: 7/15] 127.0.0.1 () {42 vars in 1001 bytes} [Wed Aug 19 18:27:09 2026] GET /v2/schemas/image => generated 6083 bytes in 14 msecs (HTTP/1.1 200) 4 headers in 158 bytes (1 switches on core 0)
Aug 19 18:27:15 devstack devstack@g-api.service[83616]: DEBUG glance.api.middleware.version_negotiation [None req-b21f2a2f-09c0-4370-92f6-fe6e3ceed6a7 tempest-ServersNegativeTestJSON-1478539652 tempest-ServersNegativeTestJSON-1478539652-project-member] Determining version of request: GET /v2/images/5f2e029d-7a0e-44c2-9352-8fad8d7c7688 Accept: */* {{(pid=83616) process_request /opt/stack/glance/glance/api/middleware/version_negotiation.py:44}}
Aug 19 18:27:15 devstack devstack@g-api.service[83616]: DEBUG glance.api.middleware.version_negotiation [None req-b21f2a2f-09c0-4370-92f6-fe6e3ceed6a7 tempest-ServersNegativeTestJSON-1478539652 tempest-ServersNegativeTestJSON-1478539652-project-member] Using url versioning {{(pid=83616) process_request /opt/stack/glance/glance/api/middleware/version_negotiation.py:57}}
Aug 19 18:27:15 devstack devstack@g-api.service[83616]: DEBUG glance.api.middleware.version_negotiation [None req-b21f2a2f-09c0-4370-92f6-fe6e3ceed6a7 tempest-ServersNegativeTestJSON-1478539652 tempest-ServersNegativeTestJSON-1478539652-project-member] Matched version: v2 {{(pid=83616) process_request /opt/stack/glance/glance/api/middleware/version_negotiation.py:69}}
Aug 19 18:27:15 devstack devstack@g-api.service[83616]: DEBUG glance.api.middleware.version_negotiation [None req-b21f2a2f-09c0-4370-92f6-fe6e3ceed6a7 tempest-ServersNegativeTestJSON-1478539652 tempest-ServersNegativeTestJSON-1478539652-project-member] new path /v2/images/5f2e029d-7a0e-44c2-9352-8fad8d7c7688 {{(pid=83616) process_request /opt/stack/glance/glance/api/middleware/version_negotiation.py:70}}
Aug 19 18:27:15 devstack devstack@g-api.service[83616]: [pid: 83616|app: 0|req: 9/16] 127.0.0.1 () {42 vars in 1061 bytes} [Wed Aug 19 18:27:15 2026] GET /v2/images/5f2e029d-7a0e-44c2-9352-8fad8d7c7688 => generated 976 bytes in 27 msecs (HTTP/1.1 200) 4 headers in 157 bytes (1 switches on core 0)
Aug 19 18:27:15 devstack devstack@g-api.service[83617]: DEBUG glance.api.middleware.version_negotiation [None req-b21f2a2f-09c0-4370-92f6-fe6e3ceed6a7 tempest-ServersNegativeTestJSON-1478539652 tempest-ServersNegativeTestJSON-1478539652-project-member] Determining version of request: GET /v2/schemas/image Accept: */* {{(pid=83617) process_request /opt/stack/glance/glance/api/middleware/version_negotiation.py:44}}
Aug 19 18:27:15 devstack devstack@g-api.service[83617]: DEBUG glance.api.middleware.version_negotiation [None req-b21f2a2f-09c0-4370-92f6-fe6e3ceed6a7 tempest-ServersNegativeTestJSON-1478539652 tempest-ServersNegativeTestJSON-1478539652-project-member] Using url versioning {{(pid=83617) process_request /opt/stack/glance/glance/api/middleware/version_negotiation.py:57}}
Aug 19 18:27:15 devstack devstack@g-api.service[83617]: DEBUG glance.api.middleware.version_negotiation [None req-b21f2a2f-09c0-4370-92f6-fe6e3ceed6a7 tempest-ServersNegativeTestJSON-1478539652 tempest-ServersNegativeTestJSON-1478539652-project-member] Matched version: v2 {{(pid=83617) process_request /opt/stack/glance/glance/api/middleware/version_negotiation.py:69}}
Aug 19 18:27:15 devstack devstack@g-api.service[83617]: DEBUG glance.api.middleware.version_negotiation [None req-b21f2a2f-09c0-4370-92f6-fe6e3ceed6a7 tempest-ServersNegativeTestJSON-1478539652 tempest-ServersNegativeTestJSON-1478539652-project-member] new path /v2/schemas/image {{(pid=83617) process_request /opt/stack/glance/glance/api/middleware/version_negotiation.py:70}}
Aug 19 18:27:15 devstack devstack@g-api.service[83617]: [pid: 83617|app: 0|req: 8/17] 127.0.0.1 () {42 vars in 1001 bytes} [Wed Aug 19 18:27:15 2026] GET /v2/schemas/image => generated 6083 bytes in 6 msecs (HTTP/1.1 200) 4 headers in 158 bytes (1 switches on core 0)
Aug 19 18:27:18 devstack devstack@g-api.service[83616]: DEBUG glance.api.middleware.version_negotiation [None req-c7486a59-dca0-4533-a776-09fbb9e8519b tempest-DeleteServersTestJSON-1203353213 tempest-DeleteServersTestJSON-1203353213-project-member] Determining version of request: GET /v2/images/5f2e029d-7a0e-44c2-9352-8fad8d7c7688 Accept: */* {{(pid=83616) process_request /opt/stack/glance/glance/api/middleware/version_negotiation.py:44}}
Aug 19 18:27:18 devstack devstack@g-api.service[83616]: DEBUG glance.api.middleware.version_negotiation [None req-c7486a59-dca0-4533-a776-09fbb9e8519b tempest-DeleteServersTestJSON-1203353213 tempest-DeleteServersTestJSON-1203353213-project-member] Using url versioning {{(pid=83616) process_request /opt/stack/glance/glance/api/middleware/version_negotiation.py:57}}
Aug 19 18:27:18 devstack devstack@g-api.service[83616]: DEBUG glance.api.middleware.version_negotiation [None req-c7486a59-dca0-4533-a776-09fbb9e8519b tempest-DeleteServersTestJSON-1203353213 tempest-DeleteServersTestJSON-1203353213-project-member] Matched version: v2 {{(pid=83616) process_request /opt/stack/glance/glance/api/middleware/version_negotiation.py:69}}
Aug 19 18:27:18 devstack devstack@g-api.service[83616]: DEBUG glance.api.middleware.version_negotiation [None req-c7486a59-dca0-4533-a776-09fbb9e8519b tempest-DeleteServersTestJSON-1203353213 tempest-DeleteServersTestJSON-1203353213-project-member] new path /v2/images/5f2e029d-7a0e-44c2-9352-8fad8d7c7688 {{(pid=83616) process_request /opt/stack/glance/glance/api/middleware/version_negotiation.py:70}}
Aug 19 18:27:18 devstack devstack@g-api.service[83616]: [pid: 83616|app: 0|req: 10/18] 127.0.0.1 () {42 vars in 1061 bytes} [Wed Aug 19 18:27:18 2026] GET /v2/images/5f2e029d-7a0e-44c2-9352-8fad8d7c7688 => generated 976 bytes in 45 msecs (HTTP/1.1 200) 4 headers in 157 bytes (1 switches on core 0)
Aug 19 18:27:18 devstack devstack@g-api.service[83617]: DEBUG glance.api.middleware.version_negotiation [None req-c7486a59-dca0-4533-a776-09fbb9e8519b tempest-DeleteServersTestJSON-1203353213 tempest-DeleteServersTestJSON-1203353213-project-member] Determining version of request: GET /v2/images/5f2e029d-7a0e-44c2-9352-8fad8d7c7688/file Accept: */* {{(pid=83617) process_request /opt/stack/glance/glance/api/middleware/version_negotiation.py:44}}
Aug 19 18:27:18 devstack devstack@g-api.service[83617]: DEBUG glance.api.middleware.version_negotiation [None req-c7486a59-dca0-4533-a776-09fbb9e8519b tempest-DeleteServersTestJSON-1203353213 tempest-DeleteServersTestJSON-1203353213-project-member] Using url versioning {{(pid=83617) process_request /opt/stack/glance/glance/api/middleware/version_negotiation.py:57}}
Aug 19 18:27:18 devstack devstack@g-api.service[83617]: DEBUG glance.api.middleware.version_negotiation [None req-c7486a59-dca0-4533-a776-09fbb9e8519b tempest-DeleteServersTestJSON-1203353213 tempest-DeleteServersTestJSON-1203353213-project-member] Matched version: v2 {{(pid=83617) process_request /opt/stack/glance/glance/api/middleware/version_negotiation.py:69}}
Aug 19 18:27:18 devstack devstack@g-api.service[83617]: DEBUG glance.api.middleware.version_negotiation [None req-c7486a59-dca0-4533-a776-09fbb9e8519b tempest-DeleteServersTestJSON-1203353213 tempest-DeleteServersTestJSON-1203353213-project-member] new path /v2/images/5f2e029d-7a0e-44c2-9352-8fad8d7c7688/file {{(pid=83617) process_request /opt/stack/glance/glance/api/middleware/version_negotiation.py:70}}
Aug 19 18:27:18 devstack devstack@g-api.service[83617]: DEBUG glance_store._drivers.filesystem [None req-b21f2a2f-09c0-4370-92f6-fe6e3ceed6a7 tempest-ServersNegativeTestJSON-1478539652 tempest-ServersNegativeTestJSON-1478539652-project-member] Found image at /opt/stack/data/glance/images/5f2e029d-7a0e-44c2-9352-8fad8d7c7688. Returning in ChunkedFile. {{(pid=83617) get /opt/stack/data/venv/lib/python3.12/site-packages/glance_store/_drivers/filesystem.py:724}}
Aug 19 18:27:18 devstack devstack@g-api.service[83617]: DEBUG glance.image_cache [None req-b21f2a2f-09c0-4370-92f6-fe6e3ceed6a7 tempest-ServersNegativeTestJSON-1478539652 tempest-ServersNegativeTestJSON-1478539652-project-member] Tee'ing image '5f2e029d-7a0e-44c2-9352-8fad8d7c7688' into cache {{(pid=83617) get_caching_iter /opt/stack/glance/glance/image_cache/__init__.py:356}}
Aug 19 18:27:19 devstack devstack@g-api.service[83617]: DEBUG glance.image_cache.drivers.centralized_db [None req-b21f2a2f-09c0-4370-92f6-fe6e3ceed6a7 tempest-ServersNegativeTestJSON-1478539652 tempest-ServersNegativeTestJSON-1478539652-project-member] Fetch finished, moving '/opt/stack/data/glance/cache/incomplete/5f2e029d-7a0e-44c2-9352-8fad8d7c7688' to '/opt/stack/data/glance/cache/5f2e029d-7a0e-44c2-9352-8fad8d7c7688' {{(pid=83617) commit /opt/stack/glance/glance/image_cache/drivers/centralized_db.py:243}}
Aug 19 18:27:19 devstack devstack@g-api.service[83617]: DEBUG glance.image_cache.drivers.centralized_db [None req-b21f2a2f-09c0-4370-92f6-fe6e3ceed6a7 tempest-ServersNegativeTestJSON-1478539652 tempest-ServersNegativeTestJSON-1478539652-project-member] Image cached successfully. {{(pid=83617) commit /opt/stack/glance/glance/image_cache/drivers/centralized_db.py:258}}
Aug 19 18:27:19 devstack devstack@g-api.service[83617]: [pid: 83617|app: 0|req: 9/19] 127.0.0.1 () {42 vars in 1071 bytes} [Wed Aug 19 18:27:18 2026] GET /v2/images/5f2e029d-7a0e-44c2-9352-8fad8d7c7688/file => generated 21692416 bytes in 555 msecs (HTTP/1.1 200) 4 headers in 191 bytes (335 switches on core 0)
Aug 19 18:27:19 devstack devstack@g-api.service[83616]: DEBUG glance.api.middleware.version_negotiation [None req-b21f2a2f-09c0-4370-92f6-fe6e3ceed6a7 tempest-ServersNegativeTestJSON-1478539652 tempest-ServersNegativeTestJSON-1478539652-project-member] Determining version of request: GET /v2/images/5f2e029d-7a0e-44c2-9352-8fad8d7c7688 Accept: */* {{(pid=83616) process_request /opt/stack/glance/glance/api/middleware/version_negotiation.py:44}}
Aug 19 18:27:19 devstack devstack@g-api.service[83616]: DEBUG glance.api.middleware.version_negotiation [None req-b21f2a2f-09c0-4370-92f6-fe6e3ceed6a7 tempest-ServersNegativeTestJSON-1478539652 tempest-ServersNegativeTestJSON-1478539652-project-member] Using url versioning {{(pid=83616) process_request /opt/stack/glance/glance/api/middleware/version_negotiation.py:57}}
Aug 19 18:27:19 devstack devstack@g-api.service[83616]: DEBUG glance.api.middleware.version_negotiation [None req-b21f2a2f-09c0-4370-92f6-fe6e3ceed6a7 tempest-ServersNegativeTestJSON-1478539652 tempest-ServersNegativeTestJSON-1478539652-project-member] Matched version: v2 {{(pid=83616) process_request /opt/stack/glance/glance/api/middleware/version_negotiation.py:69}}
Aug 19 18:27:19 devstack devstack@g-api.service[83616]: DEBUG glance.api.middleware.version_negotiation [None req-b21f2a2f-09c0-4370-92f6-fe6e3ceed6a7 tempest-ServersNegativeTestJSON-1478539652 tempest-ServersNegativeTestJSON-1478539652-project-member] new path /v2/images/5f2e029d-7a0e-44c2-9352-8fad8d7c7688 {{(pid=83616) process_request /opt/stack/glance/glance/api/middleware/version_negotiation.py:70}}
Aug 19 18:27:19 devstack devstack@g-api.service[83616]: [pid: 83616|app: 0|req: 11/20] 127.0.0.1 () {42 vars in 1061 bytes} [Wed Aug 19 18:27:19 2026] GET /v2/images/5f2e029d-7a0e-44c2-9352-8fad8d7c7688 => generated 976 bytes in 37 msecs (HTTP/1.1 200) 4 headers in 157 bytes (1 switches on core 0)
Aug 19 18:27:19 devstack devstack@g-api.service[83617]: DEBUG glance.api.middleware.version_negotiation [None req-b21f2a2f-09c0-4370-92f6-fe6e3ceed6a7 tempest-ServersNegativeTestJSON-1478539652 tempest-ServersNegativeTestJSON-1478539652-project-member] Determining version of request: GET /v2/schemas/image Accept: */* {{(pid=83617) process_request /opt/stack/glance/glance/api/middleware/version_negotiation.py:44}}
Aug 19 18:27:19 devstack devstack@g-api.service[83617]: DEBUG glance.api.middleware.version_negotiation [None req-b21f2a2f-09c0-4370-92f6-fe6e3ceed6a7 tempest-ServersNegativeTestJSON-1478539652 tempest-ServersNegativeTestJSON-1478539652-project-member] Using url versioning {{(pid=83617) process_request /opt/stack/glance/glance/api/middleware/version_negotiation.py:57}}
Aug 19 18:27:19 devstack devstack@g-api.service[83617]: DEBUG glance.api.middleware.version_negotiation [None req-b21f2a2f-09c0-4370-92f6-fe6e3ceed6a7 tempest-ServersNegativeTestJSON-1478539652 tempest-ServersNegativeTestJSON-1478539652-project-member] Matched version: v2 {{(pid=83617) process_request /opt/stack/glance/glance/api/middleware/version_negotiation.py:69}}
Aug 19 18:27:19 devstack devstack@g-api.service[83617]: DEBUG glance.api.middleware.version_negotiation [None req-b21f2a2f-09c0-4370-92f6-fe6e3ceed6a7 tempest-ServersNegativeTestJSON-1478539652 tempest-ServersNegativeTestJSON-1478539652-project-member] new path /v2/schemas/image {{(pid=83617) process_request /opt/stack/glance/glance/api/middleware/version_negotiation.py:70}}
Aug 19 18:27:19 devstack devstack@g-api.service[83617]: [pid: 83617|app: 0|req: 10/21] 127.0.0.1 () {42 vars in 1001 bytes} [Wed Aug 19 18:27:19 2026] GET /v2/schemas/image => generated 6083 bytes in 10 msecs (HTTP/1.1 200) 4 headers in 158 bytes (1 switches on core 0)
Aug 19 18:27:29 devstack devstack@g-api.service[83617]: DEBUG dbcounter [-] [83617] Writing DB stats glance:SELECT=5,glance:INSERT=1 {{(pid=83617) stat_writer /opt/stack/data/venv/lib/python3.12/site-packages/dbcounter.py:115}}
Aug 19 18:27:29 devstack devstack@g-api.service[83616]: DEBUG dbcounter [-] [83616] Writing DB stats glance:SELECT=8 {{(pid=83616) stat_writer /opt/stack/data/venv/lib/python3.12/site-packages/dbcounter.py:115}}
Aug 19 18:27:36 devstack devstack@g-api.service[83616]: DEBUG glance.api.middleware.version_negotiation [None req-b21f2a2f-09c0-4370-92f6-fe6e3ceed6a7 tempest-ServersNegativeTestJSON-1478539652 tempest-ServersNegativeTestJSON-1478539652-project-member] Determining version of request: GET /v2/images/5f2e029d-7a0e-44c2-9352-8fad8d7c7688 Accept: */* {{(pid=83616) process_request /opt/stack/glance/glance/api/middleware/version_negotiation.py:44}}
Aug 19 18:27:36 devstack devstack@g-api.service[83616]: DEBUG glance.api.middleware.version_negotiation [None req-b21f2a2f-09c0-4370-92f6-fe6e3ceed6a7 tempest-ServersNegativeTestJSON-1478539652 tempest-ServersNegativeTestJSON-1478539652-project-member] Using url versioning {{(pid=83616) process_request /opt/stack/glance/glance/api/middleware/version_negotiation.py:57}}
Aug 19 18:27:36 devstack devstack@g-api.service[83616]: DEBUG glance.api.middleware.version_negotiation [None req-b21f2a2f-09c0-4370-92f6-fe6e3ceed6a7 tempest-ServersNegativeTestJSON-1478539652 tempest-ServersNegativeTestJSON-1478539652-project-member] Matched version: v2 {{(pid=83616) process_request /opt/stack/glance/glance/api/middleware/version_negotiation.py:69}}
Aug 19 18:27:36 devstack devstack@g-api.service[83616]: DEBUG glance.api.middleware.version_negotiation [None req-b21f2a2f-09c0-4370-92f6-fe6e3ceed6a7 tempest-ServersNegativeTestJSON-1478539652 tempest-ServersNegativeTestJSON-1478539652-project-member] new path /v2/images/5f2e029d-7a0e-44c2-9352-8fad8d7c7688 {{(pid=83616) process_request /opt/stack/glance/glance/api/middleware/version_negotiation.py:70}}
Aug 19 18:27:36 devstack devstack@g-api.service[83616]: [pid: 83616|app: 0|req: 12/22] 127.0.0.1 () {42 vars in 1061 bytes} [Wed Aug 19 18:27:36 2026] GET /v2/images/5f2e029d-7a0e-44c2-9352-8fad8d7c7688 => generated 976 bytes in 69 msecs (HTTP/1.1 200) 4 headers in 157 bytes (1 switches on core 0)
Aug 19 18:27:36 devstack devstack@g-api.service[83617]: DEBUG glance.api.middleware.version_negotiation [None req-b21f2a2f-09c0-4370-92f6-fe6e3ceed6a7 tempest-ServersNegativeTestJSON-1478539652 tempest-ServersNegativeTestJSON-1478539652-project-member] Determining version of request: GET /v2/schemas/image Accept: */* {{(pid=83617) process_request /opt/stack/glance/glance/api/middleware/version_negotiation.py:44}}
Aug 19 18:27:36 devstack devstack@g-api.service[83617]: DEBUG glance.api.middleware.version_negotiation [None req-b21f2a2f-09c0-4370-92f6-fe6e3ceed6a7 tempest-ServersNegativeTestJSON-1478539652 tempest-ServersNegativeTestJSON-1478539652-project-member] Using url versioning {{(pid=83617) process_request /opt/stack/glance/glance/api/middleware/version_negotiation.py:57}}
Aug 19 18:27:36 devstack devstack@g-api.service[83617]: DEBUG glance.api.middleware.version_negotiation [None req-b21f2a2f-09c0-4370-92f6-fe6e3ceed6a7 tempest-ServersNegativeTestJSON-1478539652 tempest-ServersNegativeTestJSON-1478539652-project-member] Matched version: v2 {{(pid=83617) process_request /opt/stack/glance/glance/api/middleware/version_negotiation.py:69}}
Aug 19 18:27:36 devstack devstack@g-api.service[83617]: DEBUG glance.api.middleware.version_negotiation [None req-b21f2a2f-09c0-4370-92f6-fe6e3ceed6a7 tempest-ServersNegativeTestJSON-1478539652 tempest-ServersNegativeTestJSON-1478539652-project-member] new path /v2/schemas/image {{(pid=83617) process_request /opt/stack/glance/glance/api/middleware/version_negotiation.py:70}}
Aug 19 18:27:36 devstack devstack@g-api.service[83617]: [pid: 83617|app: 0|req: 11/23] 127.0.0.1 () {42 vars in 1001 bytes} [Wed Aug 19 18:27:36 2026] GET /v2/schemas/image => generated 6083 bytes in 51 msecs (HTTP/1.1 200) 4 headers in 158 bytes (1 switches on core 0)
Aug 19 18:27:46 devstack devstack@g-api.service[83616]: DEBUG dbcounter [-] [83616] Writing DB stats glance:SELECT=2 {{(pid=83616) stat_writer /opt/stack/data/venv/lib/python3.12/site-packages/dbcounter.py:115}}
Aug 19 18:28:59 devstack devstack@g-api.service[83616]: DEBUG glance.api.middleware.version_negotiation [None req-57d9b9b4-91bc-42f0-a0be-537b52fb24b5 tempest-ServersNegativeTestJSON-1478539652 tempest-ServersNegativeTestJSON-1478539652-project-member] Determining version of request: GET /v2/images/5f2e029d-7a0e-44c2-9352-8fad8d7c7688 Accept: */* {{(pid=83616) process_request /opt/stack/glance/glance/api/middleware/version_negotiation.py:44}}
