Sep 06 16:59:09 devstack sudo[91077]: pam_unix(sudo:session): session opened for user root(uid=0) by (uid=1000)
Sep 06 16:59:10 devstack sudo[91077]: pam_unix(sudo:session): session closed for user root
Sep 06 16:59:10 devstack cinder-volume[87474]: DEBUG oslo_concurrency.processutils [None req-1b9db08c-188f-49fe-af6f-0195f4a1934b tempest-SnapshotsActionsTest-1947743002 None] CMD "/opt/stack/data/venv/bin/python3.12 -m oslo_concurrency.prlimit --as=1073741824 --cpu=60 -- sudo cinder-rootwrap /etc/cinder/rootwrap.conf env LC_ALL=C qemu-img info -f qcow2 --output=json --force-share /opt/stack/data/cinder/mnt/5b3583237b9a7b29605680d79d05b2e2/volume-2eecfa49-4ebf-4ea1-9d36-ebc5433a62ab.9ed97043-1649-49ae-a45c-c8e30eaa385a" returned: 0 in 0.598s {{(pid=87474) execute /opt/stack/data/venv/lib/python3.12/site-packages/oslo_concurrency/processutils.py:468}}
Sep 06 16:59:10 devstack cinder-volume[87474]: DEBUG cinder.volume.drivers.remotefs [None req-1b9db08c-188f-49fe-af6f-0195f4a1934b tempest-SnapshotsActionsTest-1947743002 None] Fetching qemu-img info with special backing_file_template: (/opt/stack/data/cinder/mnt/[0-9a-f]+/)?(volume-2eecfa49-4ebf-4ea1-9d36-ebc5433a62ab(.(tmp-snap-)?[0-9a-f-]+)?|volume_from_snapshot_cache/(tmp-snap-)?[0-9a-f-]+(.(child-|parent-)[0-9a-f-]+)?)$ {{(pid=87474) _qemu_img_info_base /opt/stack/cinder/cinder/volume/drivers/remotefs.py:896}}
Sep 06 16:59:10 devstack cinder-volume[87474]: DEBUG oslo.privsep.daemon [-] privsep: reply[61daa891-d4f0-491b-bd00-3ab481deb2f4]: (4, 'qcow2') {{(pid=88790) _call_back /opt/stack/data/venv/lib/python3.12/site-packages/oslo_privsep/daemon.py:580}}
Sep 06 16:59:10 devstack cinder-volume[87474]: DEBUG oslo_concurrency.processutils [None req-1b9db08c-188f-49fe-af6f-0195f4a1934b tempest-SnapshotsActionsTest-1947743002 None] Running cmd (subprocess): /opt/stack/data/venv/bin/python3.12 -m oslo_concurrency.prlimit --as=1073741824 --cpu=60 -- sudo cinder-rootwrap /etc/cinder/rootwrap.conf env LC_ALL=C qemu-img info -f qcow2 --output=json --force-share /opt/stack/data/cinder/mnt/5b3583237b9a7b29605680d79d05b2e2/volume-2eecfa49-4ebf-4ea1-9d36-ebc5433a62ab.608318e0-1dae-47f0-a2b0-859179de426b {{(pid=87474) execute /opt/stack/data/venv/lib/python3.12/site-packages/oslo_concurrency/processutils.py:440}}
Sep 06 16:59:10 devstack sudo[91094]: quobyte : PWD=/ ; USER=root ; COMMAND=/opt/stack/data/venv/bin/cinder-rootwrap /etc/cinder/rootwrap.conf env LC_ALL=C qemu-img info -f qcow2 --output=json --force-share /opt/stack/data/cinder/mnt/5b3583237b9a7b29605680d79d05b2e2/volume-2eecfa49-4ebf-4ea1-9d36-ebc5433a62ab.608318e0-1dae-47f0-a2b0-859179de426b
Sep 06 16:59:10 devstack sudo[91094]: pam_unix(sudo:session): session opened for user root(uid=0) by (uid=1000)
Sep 06 16:59:10 devstack sudo[91094]: pam_unix(sudo:session): session closed for user root
Sep 06 16:59:10 devstack cinder-volume[87474]: DEBUG oslo_concurrency.processutils [None req-1b9db08c-188f-49fe-af6f-0195f4a1934b tempest-SnapshotsActionsTest-1947743002 None] CMD "/opt/stack/data/venv/bin/python3.12 -m oslo_concurrency.prlimit --as=1073741824 --cpu=60 -- sudo cinder-rootwrap /etc/cinder/rootwrap.conf env LC_ALL=C qemu-img info -f qcow2 --output=json --force-share /opt/stack/data/cinder/mnt/5b3583237b9a7b29605680d79d05b2e2/volume-2eecfa49-4ebf-4ea1-9d36-ebc5433a62ab.608318e0-1dae-47f0-a2b0-859179de426b" returned: 0 in 0.464s {{(pid=87474) execute /opt/stack/data/venv/lib/python3.12/site-packages/oslo_concurrency/processutils.py:468}}
Sep 06 16:59:10 devstack cinder-volume[87474]: DEBUG cinder.volume.drivers.remotefs [None req-1b9db08c-188f-49fe-af6f-0195f4a1934b tempest-SnapshotsActionsTest-1947743002 None] Fetching qemu-img info with special backing_file_template: (/opt/stack/data/cinder/mnt/[0-9a-f]+/)?(volume-2eecfa49-4ebf-4ea1-9d36-ebc5433a62ab(.(tmp-snap-)?[0-9a-f-]+)?|volume_from_snapshot_cache/(tmp-snap-)?[0-9a-f-]+(.(child-|parent-)[0-9a-f-]+)?)$ {{(pid=87474) _qemu_img_info_base /opt/stack/cinder/cinder/volume/drivers/remotefs.py:896}}
Sep 06 16:59:10 devstack cinder-volume[87474]: DEBUG oslo_concurrency.processutils [None req-1b9db08c-188f-49fe-af6f-0195f4a1934b tempest-SnapshotsActionsTest-1947743002 None] Running cmd (subprocess): sudo cinder-rootwrap /etc/cinder/rootwrap.conf qemu-img commit -d /opt/stack/data/cinder/mnt/5b3583237b9a7b29605680d79d05b2e2/volume-2eecfa49-4ebf-4ea1-9d36-ebc5433a62ab.9ed97043-1649-49ae-a45c-c8e30eaa385a {{(pid=87474) execute /opt/stack/data/venv/lib/python3.12/site-packages/oslo_concurrency/processutils.py:440}}
Sep 06 16:59:10 devstack sudo[91127]: quobyte : PWD=/ ; USER=root ; COMMAND=/opt/stack/data/venv/bin/cinder-rootwrap /etc/cinder/rootwrap.conf qemu-img commit -d /opt/stack/data/cinder/mnt/5b3583237b9a7b29605680d79d05b2e2/volume-2eecfa49-4ebf-4ea1-9d36-ebc5433a62ab.9ed97043-1649-49ae-a45c-c8e30eaa385a
Sep 06 16:59:10 devstack sudo[91127]: pam_unix(sudo:session): session opened for user root(uid=0) by (uid=1000)
Sep 06 16:59:11 devstack sudo[91127]: pam_unix(sudo:session): session closed for user root
Sep 06 16:59:11 devstack cinder-volume[87474]: DEBUG oslo_concurrency.processutils [None req-1b9db08c-188f-49fe-af6f-0195f4a1934b tempest-SnapshotsActionsTest-1947743002 None] CMD "sudo cinder-rootwrap /etc/cinder/rootwrap.conf qemu-img commit -d /opt/stack/data/cinder/mnt/5b3583237b9a7b29605680d79d05b2e2/volume-2eecfa49-4ebf-4ea1-9d36-ebc5433a62ab.9ed97043-1649-49ae-a45c-c8e30eaa385a" returned: 0 in 0.836s {{(pid=87474) execute /opt/stack/data/venv/lib/python3.12/site-packages/oslo_concurrency/processutils.py:468}}
Sep 06 16:59:11 devstack cinder-volume[87474]: DEBUG oslo_concurrency.processutils [None req-1b9db08c-188f-49fe-af6f-0195f4a1934b tempest-SnapshotsActionsTest-1947743002 None] Running cmd (subprocess): sudo cinder-rootwrap /etc/cinder/rootwrap.conf rm -f /opt/stack/data/cinder/mnt/5b3583237b9a7b29605680d79d05b2e2/volume-2eecfa49-4ebf-4ea1-9d36-ebc5433a62ab.9ed97043-1649-49ae-a45c-c8e30eaa385a {{(pid=87474) execute /opt/stack/data/venv/lib/python3.12/site-packages/oslo_concurrency/processutils.py:440}}
Sep 06 16:59:11 devstack sudo[91520]: quobyte : PWD=/ ; USER=root ; COMMAND=/opt/stack/data/venv/bin/cinder-rootwrap /etc/cinder/rootwrap.conf rm -f /opt/stack/data/cinder/mnt/5b3583237b9a7b29605680d79d05b2e2/volume-2eecfa49-4ebf-4ea1-9d36-ebc5433a62ab.9ed97043-1649-49ae-a45c-c8e30eaa385a
Sep 06 16:59:11 devstack sudo[91520]: pam_unix(sudo:session): session opened for user root(uid=0) by (uid=1000)
Sep 06 16:59:12 devstack sudo[91520]: pam_unix(sudo:session): session closed for user root
Sep 06 16:59:12 devstack cinder-volume[87474]: DEBUG oslo_concurrency.processutils [None req-1b9db08c-188f-49fe-af6f-0195f4a1934b tempest-SnapshotsActionsTest-1947743002 None] CMD "sudo cinder-rootwrap /etc/cinder/rootwrap.conf rm -f /opt/stack/data/cinder/mnt/5b3583237b9a7b29605680d79d05b2e2/volume-2eecfa49-4ebf-4ea1-9d36-ebc5433a62ab.9ed97043-1649-49ae-a45c-c8e30eaa385a" returned: 0 in 0.676s {{(pid=87474) execute /opt/stack/data/venv/lib/python3.12/site-packages/oslo_concurrency/processutils.py:468}}
Sep 06 16:59:12 devstack cinder-volume[87474]: DEBUG cinder.coordination [None req-1b9db08c-188f-49fe-af6f-0195f4a1934b tempest-SnapshotsActionsTest-1947743002 None] Lock "cinder-quobyte-9ed97043-1649-49ae-a45c-c8e30eaa385a" released by "_delete_snapshot" :: held 2.786s {{(pid=87474) __release /opt/stack/cinder/cinder/coordination.py:152}}
Sep 06 16:59:12 devstack cinder-volume[87474]: DEBUG cinder.coordination [None req-1b9db08c-188f-49fe-af6f-0195f4a1934b tempest-SnapshotsActionsTest-1947743002 None] Lock "cinder-quobyte-2eecfa49-4ebf-4ea1-9d36-ebc5433a62ab" released by "delete_snapshot" :: held 2.833s {{(pid=87474) __release /opt/stack/cinder/cinder/coordination.py:152}}
Sep 06 16:59:12 devstack cinder-volume[87474]: WARNING cinder.quota [None req-1b9db08c-188f-49fe-af6f-0195f4a1934b tempest-SnapshotsActionsTest-1947743002 None] Deprecated: Default quota for resource: snapshots_QuobyteHD is set by the default quota flag: quota_snapshots_QuobyteHD, it is now deprecated. Please use the default quota class for default quota.
Sep 06 16:59:12 devstack cinder-volume[87474]: DEBUG cinder.quota [None req-1b9db08c-188f-49fe-af6f-0195f4a1934b tempest-SnapshotsActionsTest-1947743002 None] Created reservations ['e5854e18-2aa3-4130-a481-c8ab761295fe', '29e0858a-9470-4f53-9821-4af14ebc9000', '68018b08-1046-41cc-8be5-5528130f42a4', '01174846-96fe-4151-ba26-bb75fac69ffd'] {{(pid=87474) reserve /opt/stack/cinder/cinder/quota.py:752}}
Sep 06 16:59:12 devstack cinder-volume[87474]: INFO cinder.volume.manager [None req-1b9db08c-188f-49fe-af6f-0195f4a1934b tempest-SnapshotsActionsTest-1947743002 None] Delete snapshot completed successfully.
Sep 06 16:59:12 devstack cinder-volume[87474]: DEBUG cinder.coordination [None req-1b9db08c-188f-49fe-af6f-0195f4a1934b tempest-SnapshotsActionsTest-1947743002 None] Lock "cinder-9ed97043-1649-49ae-a45c-c8e30eaa385a-delete_snapshot" released by "delete_snapshot" :: held 3.068s {{(pid=87474) __release /opt/stack/cinder/cinder/coordination.py:152}}
Sep 06 16:59:13 devstack cinder-volume[87474]: DEBUG oslo_concurrency.lockutils [None req-31ac7d1b-cc2d-4119-9133-7a36db1747d5 tempest-SnapshotsActionsTest-1195022466 None] Acquiring lock "quobyte" by "cinder.volume.drivers.quobyte.QuobyteDriver.create_snapshot" {{(pid=87474) inner /opt/stack/data/venv/lib/python3.12/site-packages/oslo_concurrency/lockutils.py:512}}
Sep 06 16:59:13 devstack cinder-volume[87474]: DEBUG oslo_concurrency.lockutils [None req-31ac7d1b-cc2d-4119-9133-7a36db1747d5 tempest-SnapshotsActionsTest-1195022466 None] Lock "quobyte" acquired by "cinder.volume.drivers.quobyte.QuobyteDriver.create_snapshot" :: waited 0.001s {{(pid=87474) inner /opt/stack/data/venv/lib/python3.12/site-packages/oslo_concurrency/lockutils.py:525}}
Sep 06 16:59:13 devstack cinder-volume[87474]: DEBUG cinder.volume.drivers.remotefs [None req-31ac7d1b-cc2d-4119-9133-7a36db1747d5 tempest-SnapshotsActionsTest-1195022466 None] Creating offline snapshot 813609f1-88d7-447b-b263-45d77084a5f1 of volume 2eecfa49-4ebf-4ea1-9d36-ebc5433a62ab {{(pid=87474) _create_snapshot /opt/stack/cinder/cinder/volume/drivers/remotefs.py:1816}}
Sep 06 16:59:13 devstack cinder-volume[87474]: DEBUG oslo.privsep.daemon [-] privsep: reply[2a444c99-05c1-4226-917b-ab0e236c736d]: (4, 'qcow2') {{(pid=88790) _call_back /opt/stack/data/venv/lib/python3.12/site-packages/oslo_privsep/daemon.py:580}}
Sep 06 16:59:13 devstack cinder-volume[87474]: DEBUG oslo_concurrency.processutils [None req-31ac7d1b-cc2d-4119-9133-7a36db1747d5 tempest-SnapshotsActionsTest-1195022466 None] Running cmd (subprocess): /opt/stack/data/venv/bin/python3.12 -m oslo_concurrency.prlimit --as=1073741824 --cpu=60 -- sudo cinder-rootwrap /etc/cinder/rootwrap.conf env LC_ALL=C qemu-img info -f qcow2 --output=json --force-share /opt/stack/data/cinder/mnt/5b3583237b9a7b29605680d79d05b2e2/volume-2eecfa49-4ebf-4ea1-9d36-ebc5433a62ab.608318e0-1dae-47f0-a2b0-859179de426b {{(pid=87474) execute /opt/stack/data/venv/lib/python3.12/site-packages/oslo_concurrency/processutils.py:440}}
Sep 06 16:59:13 devstack sudo[91563]: quobyte : PWD=/ ; USER=root ; COMMAND=/opt/stack/data/venv/bin/cinder-rootwrap /etc/cinder/rootwrap.conf env LC_ALL=C qemu-img info -f qcow2 --output=json --force-share /opt/stack/data/cinder/mnt/5b3583237b9a7b29605680d79d05b2e2/volume-2eecfa49-4ebf-4ea1-9d36-ebc5433a62ab.608318e0-1dae-47f0-a2b0-859179de426b
Sep 06 16:59:13 devstack sudo[91563]: pam_unix(sudo:session): session opened for user root(uid=0) by (uid=1000)
Sep 06 16:59:14 devstack sudo[91563]: pam_unix(sudo:session): session closed for user root
Sep 06 16:59:14 devstack cinder-volume[87474]: DEBUG oslo_concurrency.processutils [None req-31ac7d1b-cc2d-4119-9133-7a36db1747d5 tempest-SnapshotsActionsTest-1195022466 None] CMD "/opt/stack/data/venv/bin/python3.12 -m oslo_concurrency.prlimit --as=1073741824 --cpu=60 -- sudo cinder-rootwrap /etc/cinder/rootwrap.conf env LC_ALL=C qemu-img info -f qcow2 --output=json --force-share /opt/stack/data/cinder/mnt/5b3583237b9a7b29605680d79d05b2e2/volume-2eecfa49-4ebf-4ea1-9d36-ebc5433a62ab.608318e0-1dae-47f0-a2b0-859179de426b" returned: 0 in 0.656s {{(pid=87474) execute /opt/stack/data/venv/lib/python3.12/site-packages/oslo_concurrency/processutils.py:468}}
Sep 06 16:59:14 devstack cinder-volume[87474]: DEBUG cinder.volume.drivers.remotefs [None req-31ac7d1b-cc2d-4119-9133-7a36db1747d5 tempest-SnapshotsActionsTest-1195022466 None] Fetching qemu-img info with special backing_file_template: (/opt/stack/data/cinder/mnt/[0-9a-f]+/)?(volume-2eecfa49-4ebf-4ea1-9d36-ebc5433a62ab(.(tmp-snap-)?[0-9a-f-]+)?|volume_from_snapshot_cache/(tmp-snap-)?[0-9a-f-]+(.(child-|parent-)[0-9a-f-]+)?)$ {{(pid=87474) _qemu_img_info_base /opt/stack/cinder/cinder/volume/drivers/remotefs.py:896}}
Sep 06 16:59:14 devstack cinder-volume[87474]: DEBUG oslo_concurrency.processutils [None req-31ac7d1b-cc2d-4119-9133-7a36db1747d5 tempest-SnapshotsActionsTest-1195022466 None] Running cmd (subprocess): sudo cinder-rootwrap /etc/cinder/rootwrap.conf qemu-img create -f qcow2 -o backing_file=/opt/stack/data/cinder/mnt/5b3583237b9a7b29605680d79d05b2e2/volume-2eecfa49-4ebf-4ea1-9d36-ebc5433a62ab.608318e0-1dae-47f0-a2b0-859179de426b,backing_fmt=qcow2 /opt/stack/data/cinder/mnt/5b3583237b9a7b29605680d79d05b2e2/volume-2eecfa49-4ebf-4ea1-9d36-ebc5433a62ab.813609f1-88d7-447b-b263-45d77084a5f1 1G {{(pid=87474) execute /opt/stack/data/venv/lib/python3.12/site-packages/oslo_concurrency/processutils.py:440}}
Sep 06 16:59:14 devstack sudo[91571]: quobyte : PWD=/ ; USER=root ; COMMAND=/opt/stack/data/venv/bin/cinder-rootwrap /etc/cinder/rootwrap.conf qemu-img create -f qcow2 -o backing_file=/opt/stack/data/cinder/mnt/5b3583237b9a7b29605680d79d05b2e2/volume-2eecfa49-4ebf-4ea1-9d36-ebc5433a62ab.608318e0-1dae-47f0-a2b0-859179de426b,backing_fmt=qcow2 /opt/stack/data/cinder/mnt/5b3583237b9a7b29605680d79d05b2e2/volume-2eecfa49-4ebf-4ea1-9d36-ebc5433a62ab.813609f1-88d7-447b-b263-45d77084a5f1 1G
Sep 06 16:59:14 devstack sudo[91571]: pam_unix(sudo:session): session opened for user root(uid=0) by (uid=1000)
Sep 06 16:59:14 devstack sudo[91571]: pam_unix(sudo:session): session closed for user root
Sep 06 16:59:14 devstack cinder-volume[87474]: DEBUG oslo_concurrency.processutils [None req-31ac7d1b-cc2d-4119-9133-7a36db1747d5 tempest-SnapshotsActionsTest-1195022466 None] CMD "sudo cinder-rootwrap /etc/cinder/rootwrap.conf qemu-img create -f qcow2 -o backing_file=/opt/stack/data/cinder/mnt/5b3583237b9a7b29605680d79d05b2e2/volume-2eecfa49-4ebf-4ea1-9d36-ebc5433a62ab.608318e0-1dae-47f0-a2b0-859179de426b,backing_fmt=qcow2 /opt/stack/data/cinder/mnt/5b3583237b9a7b29605680d79d05b2e2/volume-2eecfa49-4ebf-4ea1-9d36-ebc5433a62ab.813609f1-88d7-447b-b263-45d77084a5f1 1G" returned: 0 in 0.600s {{(pid=87474) execute /opt/stack/data/venv/lib/python3.12/site-packages/oslo_concurrency/processutils.py:468}}
Sep 06 16:59:14 devstack cinder-volume[87474]: DEBUG oslo_concurrency.processutils [None req-31ac7d1b-cc2d-4119-9133-7a36db1747d5 tempest-SnapshotsActionsTest-1195022466 None] Running cmd (subprocess): sudo cinder-rootwrap /etc/cinder/rootwrap.conf qemu-img rebase -u -b volume-2eecfa49-4ebf-4ea1-9d36-ebc5433a62ab.608318e0-1dae-47f0-a2b0-859179de426b -F qcow2 /opt/stack/data/cinder/mnt/5b3583237b9a7b29605680d79d05b2e2/volume-2eecfa49-4ebf-4ea1-9d36-ebc5433a62ab.813609f1-88d7-447b-b263-45d77084a5f1 {{(pid=87474) execute /opt/stack/data/venv/lib/python3.12/site-packages/oslo_concurrency/processutils.py:440}}
Sep 06 16:59:14 devstack sudo[91580]: quobyte : PWD=/ ; USER=root ; COMMAND=/opt/stack/data/venv/bin/cinder-rootwrap /etc/cinder/rootwrap.conf qemu-img rebase -u -b volume-2eecfa49-4ebf-4ea1-9d36-ebc5433a62ab.608318e0-1dae-47f0-a2b0-859179de426b -F qcow2 /opt/stack/data/cinder/mnt/5b3583237b9a7b29605680d79d05b2e2/volume-2eecfa49-4ebf-4ea1-9d36-ebc5433a62ab.813609f1-88d7-447b-b263-45d77084a5f1
Sep 06 16:59:14 devstack sudo[91580]: pam_unix(sudo:session): session opened for user root(uid=0) by (uid=1000)
Sep 06 16:59:15 devstack sudo[91580]: pam_unix(sudo:session): session closed for user root
Sep 06 16:59:15 devstack cinder-volume[87474]: DEBUG oslo_concurrency.processutils [None req-31ac7d1b-cc2d-4119-9133-7a36db1747d5 tempest-SnapshotsActionsTest-1195022466 None] CMD "sudo cinder-rootwrap /etc/cinder/rootwrap.conf qemu-img rebase -u -b volume-2eecfa49-4ebf-4ea1-9d36-ebc5433a62ab.608318e0-1dae-47f0-a2b0-859179de426b -F qcow2 /opt/stack/data/cinder/mnt/5b3583237b9a7b29605680d79d05b2e2/volume-2eecfa49-4ebf-4ea1-9d36-ebc5433a62ab.813609f1-88d7-447b-b263-45d77084a5f1" returned: 0 in 0.345s {{(pid=87474) execute /opt/stack/data/venv/lib/python3.12/site-packages/oslo_concurrency/processutils.py:468}}
Sep 06 16:59:15 devstack cinder-volume[87474]: WARNING cinder.volume.drivers.remotefs [None req-31ac7d1b-cc2d-4119-9133-7a36db1747d5 tempest-SnapshotsActionsTest-1195022466 None] /opt/stack/data/cinder/mnt/5b3583237b9a7b29605680d79d05b2e2/volume-2eecfa49-4ebf-4ea1-9d36-ebc5433a62ab.813609f1-88d7-447b-b263-45d77084a5f1 is being set with open permissions: ugo+rw
Sep 06 16:59:15 devstack cinder-volume[87474]: DEBUG oslo_concurrency.processutils [None req-31ac7d1b-cc2d-4119-9133-7a36db1747d5 tempest-SnapshotsActionsTest-1195022466 None] Running cmd (subprocess): sudo cinder-rootwrap /etc/cinder/rootwrap.conf chmod ugo+rw /opt/stack/data/cinder/mnt/5b3583237b9a7b29605680d79d05b2e2/volume-2eecfa49-4ebf-4ea1-9d36-ebc5433a62ab.813609f1-88d7-447b-b263-45d77084a5f1 {{(pid=87474) execute /opt/stack/data/venv/lib/python3.12/site-packages/oslo_concurrency/processutils.py:440}}
Sep 06 16:59:15 devstack sudo[91585]: quobyte : PWD=/ ; USER=root ; COMMAND=/opt/stack/data/venv/bin/cinder-rootwrap /etc/cinder/rootwrap.conf chmod ugo+rw /opt/stack/data/cinder/mnt/5b3583237b9a7b29605680d79d05b2e2/volume-2eecfa49-4ebf-4ea1-9d36-ebc5433a62ab.813609f1-88d7-447b-b263-45d77084a5f1
Sep 06 16:59:15 devstack sudo[91585]: pam_unix(sudo:session): session opened for user root(uid=0) by (uid=1000)
Sep 06 16:59:15 devstack sudo[91585]: pam_unix(sudo:session): session closed for user root
Sep 06 16:59:15 devstack cinder-volume[87474]: DEBUG oslo_concurrency.processutils [None req-31ac7d1b-cc2d-4119-9133-7a36db1747d5 tempest-SnapshotsActionsTest-1195022466 None] CMD "sudo cinder-rootwrap /etc/cinder/rootwrap.conf chmod ugo+rw /opt/stack/data/cinder/mnt/5b3583237b9a7b29605680d79d05b2e2/volume-2eecfa49-4ebf-4ea1-9d36-ebc5433a62ab.813609f1-88d7-447b-b263-45d77084a5f1" returned: 0 in 0.264s {{(pid=87474) execute /opt/stack/data/venv/lib/python3.12/site-packages/oslo_concurrency/processutils.py:468}}
Sep 06 16:59:15 devstack cinder-volume[87474]: DEBUG oslo_concurrency.lockutils [None req-31ac7d1b-cc2d-4119-9133-7a36db1747d5 tempest-SnapshotsActionsTest-1195022466 None] Lock "quobyte" "released" by "cinder.volume.drivers.quobyte.QuobyteDriver.create_snapshot" :: held 2.031s {{(pid=87474) inner /opt/stack/data/venv/lib/python3.12/site-packages/oslo_concurrency/lockutils.py:544}}
Sep 06 16:59:15 devstack cinder-volume[87474]: INFO cinder.volume.manager [None req-31ac7d1b-cc2d-4119-9133-7a36db1747d5 tempest-SnapshotsActionsTest-1195022466 None] Create snapshot completed successfully
Sep 06 16:59:16 devstack cinder-volume[87474]: DEBUG cinder.coordination [None req-a5af1394-dcaf-4e2d-97b2-de38c4d3951c tempest-SnapshotsActionsTest-1947743002 None] Acquiring lock "cinder-813609f1-88d7-447b-b263-45d77084a5f1-delete_snapshot" by "delete_snapshot" {{(pid=87474) __acquire /opt/stack/cinder/cinder/coordination.py:138}}
Sep 06 16:59:16 devstack cinder-volume[87474]: DEBUG cinder.coordination [None req-a5af1394-dcaf-4e2d-97b2-de38c4d3951c tempest-SnapshotsActionsTest-1947743002 None] Lock "cinder-813609f1-88d7-447b-b263-45d77084a5f1-delete_snapshot" acquired by "delete_snapshot" :: waited 0.022s {{(pid=87474) __acquire /opt/stack/cinder/cinder/coordination.py:141}}
Sep 06 16:59:16 devstack cinder-volume[87474]: DEBUG cinder.coordination [None req-a5af1394-dcaf-4e2d-97b2-de38c4d3951c tempest-SnapshotsActionsTest-1947743002 None] Acquiring lock "cinder-quobyte-2eecfa49-4ebf-4ea1-9d36-ebc5433a62ab" by "delete_snapshot" {{(pid=87474) __acquire /opt/stack/cinder/cinder/coordination.py:138}}
Sep 06 16:59:16 devstack cinder-volume[87474]: DEBUG cinder.coordination [None req-a5af1394-dcaf-4e2d-97b2-de38c4d3951c tempest-SnapshotsActionsTest-1947743002 None] Lock "cinder-quobyte-2eecfa49-4ebf-4ea1-9d36-ebc5433a62ab" acquired by "delete_snapshot" :: waited 0.017s {{(pid=87474) __acquire /opt/stack/cinder/cinder/coordination.py:141}}
Sep 06 16:59:16 devstack cinder-volume[87474]: DEBUG cinder.coordination [None req-a5af1394-dcaf-4e2d-97b2-de38c4d3951c tempest-SnapshotsActionsTest-1947743002 None] Acquiring lock "cinder-quobyte-813609f1-88d7-447b-b263-45d77084a5f1" by "_delete_snapshot" {{(pid=87474) __acquire /opt/stack/cinder/cinder/coordination.py:138}}
Sep 06 16:59:16 devstack cinder-volume[87474]: DEBUG cinder.coordination [None req-a5af1394-dcaf-4e2d-97b2-de38c4d3951c tempest-SnapshotsActionsTest-1947743002 None] Lock "cinder-quobyte-813609f1-88d7-447b-b263-45d77084a5f1" acquired by "_delete_snapshot" :: waited 0.015s {{(pid=87474) __acquire /opt/stack/cinder/cinder/coordination.py:141}}
Sep 06 16:59:16 devstack cinder-volume[87474]: DEBUG cinder.volume.drivers.remotefs [None req-a5af1394-dcaf-4e2d-97b2-de38c4d3951c tempest-SnapshotsActionsTest-1947743002 None] Deleting offline snapshot 813609f1-88d7-447b-b263-45d77084a5f1 of volume 2eecfa49-4ebf-4ea1-9d36-ebc5433a62ab {{(pid=87474) _delete_snapshot /opt/stack/cinder/cinder/volume/drivers/remotefs.py:1288}}
Sep 06 16:59:16 devstack cinder-volume[87474]: DEBUG cinder.volume.drivers.remotefs [None req-a5af1394-dcaf-4e2d-97b2-de38c4d3951c tempest-SnapshotsActionsTest-1947743002 None] snapshot_file for this snap is: volume-2eecfa49-4ebf-4ea1-9d36-ebc5433a62ab.813609f1-88d7-447b-b263-45d77084a5f1 {{(pid=87474) _delete_snapshot /opt/stack/cinder/cinder/volume/drivers/remotefs.py:1317}}
Sep 06 16:59:16 devstack cinder-volume[87474]: DEBUG oslo.privsep.daemon [-] privsep: reply[4714e22a-02ad-4031-a6a4-2661f8a7d7fd]: (4, 'qcow2') {{(pid=88790) _call_back /opt/stack/data/venv/lib/python3.12/site-packages/oslo_privsep/daemon.py:580}}
Sep 06 16:59:16 devstack cinder-volume[87474]: DEBUG oslo_concurrency.processutils [None req-a5af1394-dcaf-4e2d-97b2-de38c4d3951c tempest-SnapshotsActionsTest-1947743002 None] Running cmd (subprocess): /opt/stack/data/venv/bin/python3.12 -m oslo_concurrency.prlimit --as=1073741824 --cpu=60 -- sudo cinder-rootwrap /etc/cinder/rootwrap.conf env LC_ALL=C qemu-img info -f qcow2 --output=json --force-share /opt/stack/data/cinder/mnt/5b3583237b9a7b29605680d79d05b2e2/volume-2eecfa49-4ebf-4ea1-9d36-ebc5433a62ab.813609f1-88d7-447b-b263-45d77084a5f1 {{(pid=87474) execute /opt/stack/data/venv/lib/python3.12/site-packages/oslo_concurrency/processutils.py:440}}
Sep 06 16:59:16 devstack sudo[91591]: quobyte : PWD=/ ; USER=root ; COMMAND=/opt/stack/data/venv/bin/cinder-rootwrap /etc/cinder/rootwrap.conf env LC_ALL=C qemu-img info -f qcow2 --output=json --force-share /opt/stack/data/cinder/mnt/5b3583237b9a7b29605680d79d05b2e2/volume-2eecfa49-4ebf-4ea1-9d36-ebc5433a62ab.813609f1-88d7-447b-b263-45d77084a5f1
Sep 06 16:59:16 devstack sudo[91591]: pam_unix(sudo:session): session opened for user root(uid=0) by (uid=1000)
Sep 06 16:59:17 devstack sudo[91591]: pam_unix(sudo:session): session closed for user root
Sep 06 16:59:17 devstack cinder-volume[87474]: DEBUG oslo_concurrency.processutils [None req-a5af1394-dcaf-4e2d-97b2-de38c4d3951c tempest-SnapshotsActionsTest-1947743002 None] CMD "/opt/stack/data/venv/bin/python3.12 -m oslo_concurrency.prlimit --as=1073741824 --cpu=60 -- sudo cinder-rootwrap /etc/cinder/rootwrap.conf env LC_ALL=C qemu-img info -f qcow2 --output=json --force-share /opt/stack/data/cinder/mnt/5b3583237b9a7b29605680d79d05b2e2/volume-2eecfa49-4ebf-4ea1-9d36-ebc5433a62ab.813609f1-88d7-447b-b263-45d77084a5f1" returned: 0 in 0.381s {{(pid=87474) execute /opt/stack/data/venv/lib/python3.12/site-packages/oslo_concurrency/processutils.py:468}}
Sep 06 16:59:17 devstack cinder-volume[87474]: DEBUG cinder.volume.drivers.remotefs [None req-a5af1394-dcaf-4e2d-97b2-de38c4d3951c tempest-SnapshotsActionsTest-1947743002 None] Fetching qemu-img info with special backing_file_template: (/opt/stack/data/cinder/mnt/[0-9a-f]+/)?(volume-2eecfa49-4ebf-4ea1-9d36-ebc5433a62ab(.(tmp-snap-)?[0-9a-f-]+)?|volume_from_snapshot_cache/(tmp-snap-)?[0-9a-f-]+(.(child-|parent-)[0-9a-f-]+)?)$ {{(pid=87474) _qemu_img_info_base /opt/stack/cinder/cinder/volume/drivers/remotefs.py:896}}
Sep 06 16:59:17 devstack cinder-volume[87474]: DEBUG oslo.privsep.daemon [-] privsep: reply[7a444fab-dc3a-4181-8e95-9a61d49d4d44]: (4, 'qcow2') {{(pid=88790) _call_back /opt/stack/data/venv/lib/python3.12/site-packages/oslo_privsep/daemon.py:580}}
Sep 06 16:59:17 devstack cinder-volume[87474]: DEBUG oslo_concurrency.processutils [None req-a5af1394-dcaf-4e2d-97b2-de38c4d3951c tempest-SnapshotsActionsTest-1947743002 None] Running cmd (subprocess): /opt/stack/data/venv/bin/python3.12 -m oslo_concurrency.prlimit --as=1073741824 --cpu=60 -- sudo cinder-rootwrap /etc/cinder/rootwrap.conf env LC_ALL=C qemu-img info -f qcow2 --output=json --force-share /opt/stack/data/cinder/mnt/5b3583237b9a7b29605680d79d05b2e2/volume-2eecfa49-4ebf-4ea1-9d36-ebc5433a62ab.608318e0-1dae-47f0-a2b0-859179de426b {{(pid=87474) execute /opt/stack/data/venv/lib/python3.12/site-packages/oslo_concurrency/processutils.py:440}}
Sep 06 16:59:17 devstack sudo[91599]: quobyte : PWD=/ ; USER=root ; COMMAND=/opt/stack/data/venv/bin/cinder-rootwrap /etc/cinder/rootwrap.conf env LC_ALL=C qemu-img info -f qcow2 --output=json --force-share /opt/stack/data/cinder/mnt/5b3583237b9a7b29605680d79d05b2e2/volume-2eecfa49-4ebf-4ea1-9d36-ebc5433a62ab.608318e0-1dae-47f0-a2b0-859179de426b
Sep 06 16:59:17 devstack sudo[91599]: pam_unix(sudo:session): session opened for user root(uid=0) by (uid=1000)
Sep 06 16:59:17 devstack sudo[91599]: pam_unix(sudo:session): session closed for user root
Sep 06 16:59:17 devstack cinder-volume[87474]: DEBUG oslo_concurrency.processutils [None req-a5af1394-dcaf-4e2d-97b2-de38c4d3951c tempest-SnapshotsActionsTest-1947743002 None] CMD "/opt/stack/data/venv/bin/python3.12 -m oslo_concurrency.prlimit --as=1073741824 --cpu=60 -- sudo cinder-rootwrap /etc/cinder/rootwrap.conf env LC_ALL=C qemu-img info -f qcow2 --output=json --force-share /opt/stack/data/cinder/mnt/5b3583237b9a7b29605680d79d05b2e2/volume-2eecfa49-4ebf-4ea1-9d36-ebc5433a62ab.608318e0-1dae-47f0-a2b0-859179de426b" returned: 0 in 0.483s {{(pid=87474) execute /opt/stack/data/venv/lib/python3.12/site-packages/oslo_concurrency/processutils.py:468}}
Sep 06 16:59:17 devstack cinder-volume[87474]: DEBUG cinder.volume.drivers.remotefs [None req-a5af1394-dcaf-4e2d-97b2-de38c4d3951c tempest-SnapshotsActionsTest-1947743002 None] Fetching qemu-img info with special backing_file_template: (/opt/stack/data/cinder/mnt/[0-9a-f]+/)?(volume-2eecfa49-4ebf-4ea1-9d36-ebc5433a62ab(.(tmp-snap-)?[0-9a-f-]+)?|volume_from_snapshot_cache/(tmp-snap-)?[0-9a-f-]+(.(child-|parent-)[0-9a-f-]+)?)$ {{(pid=87474) _qemu_img_info_base /opt/stack/cinder/cinder/volume/drivers/remotefs.py:896}}
Sep 06 16:59:17 devstack cinder-volume[87474]: DEBUG oslo_concurrency.processutils [None req-a5af1394-dcaf-4e2d-97b2-de38c4d3951c tempest-SnapshotsActionsTest-1947743002 None] Running cmd (subprocess): sudo cinder-rootwrap /etc/cinder/rootwrap.conf qemu-img commit -d /opt/stack/data/cinder/mnt/5b3583237b9a7b29605680d79d05b2e2/volume-2eecfa49-4ebf-4ea1-9d36-ebc5433a62ab.813609f1-88d7-447b-b263-45d77084a5f1 {{(pid=87474) execute /opt/stack/data/venv/lib/python3.12/site-packages/oslo_concurrency/processutils.py:440}}
Sep 06 16:59:17 devstack sudo[91607]: quobyte : PWD=/ ; USER=root ; COMMAND=/opt/stack/data/venv/bin/cinder-rootwrap /etc/cinder/rootwrap.conf qemu-img commit -d /opt/stack/data/cinder/mnt/5b3583237b9a7b29605680d79d05b2e2/volume-2eecfa49-4ebf-4ea1-9d36-ebc5433a62ab.813609f1-88d7-447b-b263-45d77084a5f1
Sep 06 16:59:17 devstack sudo[91607]: pam_unix(sudo:session): session opened for user root(uid=0) by (uid=1000)
Sep 06 16:59:18 devstack sudo[91607]: pam_unix(sudo:session): session closed for user root
Sep 06 16:59:18 devstack cinder-volume[87474]: DEBUG oslo_concurrency.processutils [None req-a5af1394-dcaf-4e2d-97b2-de38c4d3951c tempest-SnapshotsActionsTest-1947743002 None] CMD "sudo cinder-rootwrap /etc/cinder/rootwrap.conf qemu-img commit -d /opt/stack/data/cinder/mnt/5b3583237b9a7b29605680d79d05b2e2/volume-2eecfa49-4ebf-4ea1-9d36-ebc5433a62ab.813609f1-88d7-447b-b263-45d77084a5f1" returned: 0 in 0.476s {{(pid=87474) execute /opt/stack/data/venv/lib/python3.12/site-packages/oslo_concurrency/processutils.py:468}}
Sep 06 16:59:18 devstack cinder-volume[87474]: DEBUG oslo_concurrency.processutils [None req-a5af1394-dcaf-4e2d-97b2-de38c4d3951c tempest-SnapshotsActionsTest-1947743002 None] Running cmd (subprocess): sudo cinder-rootwrap /etc/cinder/rootwrap.conf rm -f /opt/stack/data/cinder/mnt/5b3583237b9a7b29605680d79d05b2e2/volume-2eecfa49-4ebf-4ea1-9d36-ebc5433a62ab.813609f1-88d7-447b-b263-45d77084a5f1 {{(pid=87474) execute /opt/stack/data/venv/lib/python3.12/site-packages/oslo_concurrency/processutils.py:440}}
Sep 06 16:59:18 devstack sudo[91612]: quobyte : PWD=/ ; USER=root ; COMMAND=/opt/stack/data/venv/bin/cinder-rootwrap /etc/cinder/rootwrap.conf rm -f /opt/stack/data/cinder/mnt/5b3583237b9a7b29605680d79d05b2e2/volume-2eecfa49-4ebf-4ea1-9d36-ebc5433a62ab.813609f1-88d7-447b-b263-45d77084a5f1
Sep 06 16:59:18 devstack sudo[91612]: pam_unix(sudo:session): session opened for user root(uid=0) by (uid=1000)
Sep 06 16:59:18 devstack sudo[91612]: pam_unix(sudo:session): session closed for user root
Sep 06 16:59:18 devstack cinder-volume[87474]: DEBUG oslo_concurrency.processutils [None req-a5af1394-dcaf-4e2d-97b2-de38c4d3951c tempest-SnapshotsActionsTest-1947743002 None] CMD "sudo cinder-rootwrap /etc/cinder/rootwrap.conf rm -f /opt/stack/data/cinder/mnt/5b3583237b9a7b29605680d79d05b2e2/volume-2eecfa49-4ebf-4ea1-9d36-ebc5433a62ab.813609f1-88d7-447b-b263-45d77084a5f1" returned: 0 in 0.322s {{(pid=87474) execute /opt/stack/data/venv/lib/python3.12/site-packages/oslo_concurrency/processutils.py:468}}
Sep 06 16:59:18 devstack cinder-volume[87474]: DEBUG cinder.coordination [None req-a5af1394-dcaf-4e2d-97b2-de38c4d3951c tempest-SnapshotsActionsTest-1947743002 None] Lock "cinder-quobyte-813609f1-88d7-447b-b263-45d77084a5f1" released by "_delete_snapshot" :: held 1.802s {{(pid=87474) __release /opt/stack/cinder/cinder/coordination.py:152}}
Sep 06 16:59:18 devstack cinder-volume[87474]: DEBUG cinder.coordination [None req-a5af1394-dcaf-4e2d-97b2-de38c4d3951c tempest-SnapshotsActionsTest-1947743002 None] Lock "cinder-quobyte-2eecfa49-4ebf-4ea1-9d36-ebc5433a62ab" released by "delete_snapshot" :: held 1.835s {{(pid=87474) __release /opt/stack/cinder/cinder/coordination.py:152}}
Sep 06 16:59:18 devstack cinder-volume[87474]: DEBUG cinder.quota [None req-a5af1394-dcaf-4e2d-97b2-de38c4d3951c tempest-SnapshotsActionsTest-1947743002 None] Created reservations ['d893959b-be65-48da-836b-bf47393b5186', 'd95639c6-2845-4f7d-87f6-ab9383669759', '41ad5d64-a388-4aec-b79e-e7822ee8a41c', 'd031d11a-5f78-4e30-bdb7-62b71e9ad6c0'] {{(pid=87474) reserve /opt/stack/cinder/cinder/quota.py:752}}
Sep 06 16:59:18 devstack cinder-volume[87474]: INFO cinder.volume.manager [None req-a5af1394-dcaf-4e2d-97b2-de38c4d3951c tempest-SnapshotsActionsTest-1947743002 None] Delete snapshot completed successfully.
Sep 06 16:59:18 devstack cinder-volume[87474]: DEBUG cinder.coordination [None req-a5af1394-dcaf-4e2d-97b2-de38c4d3951c tempest-SnapshotsActionsTest-1947743002 None] Lock "cinder-813609f1-88d7-447b-b263-45d77084a5f1-delete_snapshot" released by "delete_snapshot" :: held 2.222s {{(pid=87474) __release /opt/stack/cinder/cinder/coordination.py:152}}
Sep 06 16:59:19 devstack cinder-volume[87474]: DEBUG oslo_concurrency.lockutils [None req-e5192fce-3768-490b-84b9-5237a775f242 tempest-SnapshotsActionsTest-1195022466 None] Acquiring lock "quobyte" by "cinder.volume.drivers.quobyte.QuobyteDriver.create_snapshot" {{(pid=87474) inner /opt/stack/data/venv/lib/python3.12/site-packages/oslo_concurrency/lockutils.py:512}}
Sep 06 16:59:19 devstack cinder-volume[87474]: DEBUG oslo_concurrency.lockutils [None req-e5192fce-3768-490b-84b9-5237a775f242 tempest-SnapshotsActionsTest-1195022466 None] Lock "quobyte" acquired by "cinder.volume.drivers.quobyte.QuobyteDriver.create_snapshot" :: waited 0.001s {{(pid=87474) inner /opt/stack/data/venv/lib/python3.12/site-packages/oslo_concurrency/lockutils.py:525}}
Sep 06 16:59:19 devstack cinder-volume[87474]: DEBUG cinder.volume.drivers.remotefs [None req-e5192fce-3768-490b-84b9-5237a775f242 tempest-SnapshotsActionsTest-1195022466 None] Creating offline snapshot e798e93d-1eee-4195-94f5-1a7eaecf847d of volume 2eecfa49-4ebf-4ea1-9d36-ebc5433a62ab {{(pid=87474) _create_snapshot /opt/stack/cinder/cinder/volume/drivers/remotefs.py:1816}}
Sep 06 16:59:19 devstack cinder-volume[87474]: DEBUG cinder.coordination [None req-637fbc12-df14-43cd-8a2d-30d389af50c0 tempest-TaggedAttachmentsTest-2058494613 None] Acquiring lock "cinder-e48b464e-b988-412f-a228-276a8324a8a1-delete_volume" by "delete_volume" {{(pid=87474) __acquire /opt/stack/cinder/cinder/coordination.py:138}}
Sep 06 16:59:19 devstack cinder-volume[87474]: DEBUG cinder.coordination [None req-637fbc12-df14-43cd-8a2d-30d389af50c0 tempest-TaggedAttachmentsTest-2058494613 None] Lock "cinder-e48b464e-b988-412f-a228-276a8324a8a1-delete_volume" acquired by "delete_volume" :: waited 0.027s {{(pid=87474) __acquire /opt/stack/cinder/cinder/coordination.py:141}}
Sep 06 16:59:19 devstack cinder-volume[87474]: DEBUG oslo.privsep.daemon [-] privsep: reply[6de0325f-b491-4b3c-9ed7-a23616ba51c3]: (4, 'qcow2') {{(pid=88790) _call_back /opt/stack/data/venv/lib/python3.12/site-packages/oslo_privsep/daemon.py:580}}
Sep 06 16:59:19 devstack cinder-volume[87474]: DEBUG oslo_concurrency.processutils [None req-e5192fce-3768-490b-84b9-5237a775f242 tempest-SnapshotsActionsTest-1195022466 None] Running cmd (subprocess): /opt/stack/data/venv/bin/python3.12 -m oslo_concurrency.prlimit --as=1073741824 --cpu=60 -- sudo cinder-rootwrap /etc/cinder/rootwrap.conf env LC_ALL=C qemu-img info -f qcow2 --output=json --force-share /opt/stack/data/cinder/mnt/5b3583237b9a7b29605680d79d05b2e2/volume-2eecfa49-4ebf-4ea1-9d36-ebc5433a62ab.608318e0-1dae-47f0-a2b0-859179de426b {{(pid=87474) execute /opt/stack/data/venv/lib/python3.12/site-packages/oslo_concurrency/processutils.py:440}}
Sep 06 16:59:19 devstack cinder-volume[87474]: DEBUG cinder.coordination [None req-637fbc12-df14-43cd-8a2d-30d389af50c0 tempest-TaggedAttachmentsTest-2058494613 None] Acquiring lock "cinder-quobyte-e48b464e-b988-412f-a228-276a8324a8a1" by "delete_volume" {{(pid=87474) __acquire /opt/stack/cinder/cinder/coordination.py:138}}
Sep 06 16:59:19 devstack cinder-volume[87474]: DEBUG cinder.coordination [None req-637fbc12-df14-43cd-8a2d-30d389af50c0 tempest-TaggedAttachmentsTest-2058494613 None] Lock "cinder-quobyte-e48b464e-b988-412f-a228-276a8324a8a1" acquired by "delete_volume" :: waited 0.015s {{(pid=87474) __acquire /opt/stack/cinder/cinder/coordination.py:141}}
Sep 06 16:59:19 devstack cinder-volume[87474]: DEBUG oslo.privsep.daemon [-] privsep: reply[894e319b-1a03-4827-815c-21cd0b7aa45b]: (4, 'qcow2') {{(pid=88790) _call_back /opt/stack/data/venv/lib/python3.12/site-packages/oslo_privsep/daemon.py:580}}
Sep 06 16:59:19 devstack cinder-volume[87474]: DEBUG oslo_concurrency.processutils [None req-637fbc12-df14-43cd-8a2d-30d389af50c0 tempest-TaggedAttachmentsTest-2058494613 None] Running cmd (subprocess): /opt/stack/data/venv/bin/python3.12 -m oslo_concurrency.prlimit --as=1073741824 --cpu=60 -- sudo cinder-rootwrap /etc/cinder/rootwrap.conf env LC_ALL=C qemu-img info -f qcow2 --output=json --force-share /opt/stack/data/cinder/mnt/5b3583237b9a7b29605680d79d05b2e2/volume-e48b464e-b988-412f-a228-276a8324a8a1 {{(pid=87474) execute /opt/stack/data/venv/lib/python3.12/site-packages/oslo_concurrency/processutils.py:440}}
Sep 06 16:59:19 devstack sudo[91625]: quobyte : PWD=/ ; USER=root ; COMMAND=/opt/stack/data/venv/bin/cinder-rootwrap /etc/cinder/rootwrap.conf env LC_ALL=C qemu-img info -f qcow2 --output=json --force-share /opt/stack/data/cinder/mnt/5b3583237b9a7b29605680d79d05b2e2/volume-2eecfa49-4ebf-4ea1-9d36-ebc5433a62ab.608318e0-1dae-47f0-a2b0-859179de426b
Sep 06 16:59:19 devstack sudo[91625]: pam_unix(sudo:session): session opened for user root(uid=0) by (uid=1000)
Sep 06 16:59:19 devstack sudo[91631]: quobyte : PWD=/ ; USER=root ; COMMAND=/opt/stack/data/venv/bin/cinder-rootwrap /etc/cinder/rootwrap.conf env LC_ALL=C qemu-img info -f qcow2 --output=json --force-share /opt/stack/data/cinder/mnt/5b3583237b9a7b29605680d79d05b2e2/volume-e48b464e-b988-412f-a228-276a8324a8a1
Sep 06 16:59:19 devstack sudo[91631]: pam_unix(sudo:session): session opened for user root(uid=0) by (uid=1000)
Sep 06 16:59:20 devstack sudo[91631]: pam_unix(sudo:session): session closed for user root
Sep 06 16:59:20 devstack cinder-volume[87474]: DEBUG oslo_concurrency.processutils [None req-637fbc12-df14-43cd-8a2d-30d389af50c0 tempest-TaggedAttachmentsTest-2058494613 None] CMD "/opt/stack/data/venv/bin/python3.12 -m oslo_concurrency.prlimit --as=1073741824 --cpu=60 -- sudo cinder-rootwrap /etc/cinder/rootwrap.conf env LC_ALL=C qemu-img info -f qcow2 --output=json --force-share /opt/stack/data/cinder/mnt/5b3583237b9a7b29605680d79d05b2e2/volume-e48b464e-b988-412f-a228-276a8324a8a1" returned: 0 in 0.388s {{(pid=87474) execute /opt/stack/data/venv/lib/python3.12/site-packages/oslo_concurrency/processutils.py:468}}
Sep 06 16:59:20 devstack cinder-volume[87474]: DEBUG oslo_concurrency.processutils [None req-637fbc12-df14-43cd-8a2d-30d389af50c0 tempest-TaggedAttachmentsTest-2058494613 None] Running cmd (subprocess): sudo cinder-rootwrap /etc/cinder/rootwrap.conf rm -f /opt/stack/data/cinder/mnt/5b3583237b9a7b29605680d79d05b2e2/volume-e48b464e-b988-412f-a228-276a8324a8a1 {{(pid=87474) execute /opt/stack/data/venv/lib/python3.12/site-packages/oslo_concurrency/processutils.py:440}}
Sep 06 16:59:20 devstack sudo[91625]: pam_unix(sudo:session): session closed for user root
Sep 06 16:59:20 devstack cinder-volume[87474]: DEBUG oslo_concurrency.processutils [None req-e5192fce-3768-490b-84b9-5237a775f242 tempest-SnapshotsActionsTest-1195022466 None] CMD "/opt/stack/data/venv/bin/python3.12 -m oslo_concurrency.prlimit --as=1073741824 --cpu=60 -- sudo cinder-rootwrap /etc/cinder/rootwrap.conf env LC_ALL=C qemu-img info -f qcow2 --output=json --force-share /opt/stack/data/cinder/mnt/5b3583237b9a7b29605680d79d05b2e2/volume-2eecfa49-4ebf-4ea1-9d36-ebc5433a62ab.608318e0-1dae-47f0-a2b0-859179de426b" returned: 0 in 0.515s {{(pid=87474) execute /opt/stack/data/venv/lib/python3.12/site-packages/oslo_concurrency/processutils.py:468}}
Sep 06 16:59:20 devstack cinder-volume[87474]: DEBUG cinder.volume.drivers.remotefs [None req-e5192fce-3768-490b-84b9-5237a775f242 tempest-SnapshotsActionsTest-1195022466 None] Fetching qemu-img info with special backing_file_template: (/opt/stack/data/cinder/mnt/[0-9a-f]+/)?(volume-2eecfa49-4ebf-4ea1-9d36-ebc5433a62ab(.(tmp-snap-)?[0-9a-f-]+)?|volume_from_snapshot_cache/(tmp-snap-)?[0-9a-f-]+(.(child-|parent-)[0-9a-f-]+)?)$ {{(pid=87474) _qemu_img_info_base /opt/stack/cinder/cinder/volume/drivers/remotefs.py:896}}
Sep 06 16:59:20 devstack cinder-volume[87474]: DEBUG oslo_concurrency.processutils [None req-e5192fce-3768-490b-84b9-5237a775f242 tempest-SnapshotsActionsTest-1195022466 None] Running cmd (subprocess): sudo cinder-rootwrap /etc/cinder/rootwrap.conf qemu-img create -f qcow2 -o backing_file=/opt/stack/data/cinder/mnt/5b3583237b9a7b29605680d79d05b2e2/volume-2eecfa49-4ebf-4ea1-9d36-ebc5433a62ab.608318e0-1dae-47f0-a2b0-859179de426b,backing_fmt=qcow2 /opt/stack/data/cinder/mnt/5b3583237b9a7b29605680d79d05b2e2/volume-2eecfa49-4ebf-4ea1-9d36-ebc5433a62ab.e798e93d-1eee-4195-94f5-1a7eaecf847d 1G {{(pid=87474) execute /opt/stack/data/venv/lib/python3.12/site-packages/oslo_concurrency/processutils.py:440}}
Sep 06 16:59:20 devstack sudo[91646]: quobyte : PWD=/ ; USER=root ; COMMAND=/opt/stack/data/venv/bin/cinder-rootwrap /etc/cinder/rootwrap.conf rm -f /opt/stack/data/cinder/mnt/5b3583237b9a7b29605680d79d05b2e2/volume-e48b464e-b988-412f-a228-276a8324a8a1
Sep 06 16:59:20 devstack sudo[91646]: pam_unix(sudo:session): session opened for user root(uid=0) by (uid=1000)
Sep 06 16:59:20 devstack sudo[91647]: quobyte : PWD=/ ; USER=root ; COMMAND=/opt/stack/data/venv/bin/cinder-rootwrap /etc/cinder/rootwrap.conf qemu-img create -f qcow2 -o backing_file=/opt/stack/data/cinder/mnt/5b3583237b9a7b29605680d79d05b2e2/volume-2eecfa49-4ebf-4ea1-9d36-ebc5433a62ab.608318e0-1dae-47f0-a2b0-859179de426b,backing_fmt=qcow2 /opt/stack/data/cinder/mnt/5b3583237b9a7b29605680d79d05b2e2/volume-2eecfa49-4ebf-4ea1-9d36-ebc5433a62ab.e798e93d-1eee-4195-94f5-1a7eaecf847d 1G
Sep 06 16:59:20 devstack sudo[91647]: pam_unix(sudo:session): session opened for user root(uid=0) by (uid=1000)
Sep 06 16:59:20 devstack sudo[91646]: pam_unix(sudo:session): session closed for user root
Sep 06 16:59:20 devstack cinder-volume[87474]: DEBUG oslo_concurrency.processutils [None req-637fbc12-df14-43cd-8a2d-30d389af50c0 tempest-TaggedAttachmentsTest-2058494613 None] CMD "sudo cinder-rootwrap /etc/cinder/rootwrap.conf rm -f /opt/stack/data/cinder/mnt/5b3583237b9a7b29605680d79d05b2e2/volume-e48b464e-b988-412f-a228-276a8324a8a1" returned: 0 in 0.315s {{(pid=87474) execute /opt/stack/data/venv/lib/python3.12/site-packages/oslo_concurrency/processutils.py:468}}
Sep 06 16:59:20 devstack cinder-volume[87474]: DEBUG cinder.coordination [None req-637fbc12-df14-43cd-8a2d-30d389af50c0 tempest-TaggedAttachmentsTest-2058494613 None] Lock "cinder-quobyte-e48b464e-b988-412f-a228-276a8324a8a1" released by "delete_volume" :: held 0.762s {{(pid=87474) __release /opt/stack/cinder/cinder/coordination.py:152}}
Sep 06 16:59:20 devstack cinder-volume[87474]: DEBUG cinder.quota [None req-637fbc12-df14-43cd-8a2d-30d389af50c0 tempest-TaggedAttachmentsTest-2058494613 None] Created reservations ['2702ef6d-7db0-4e22-8f53-b4e9a53990f0', '80f1ab3c-c1fe-494c-8728-baaad3190a52', 'b9fbb87d-2764-47d2-97d0-2ef07f3c9e79', '2b24b954-1277-41ab-9d04-5aa2e63f972e'] {{(pid=87474) reserve /opt/stack/cinder/cinder/quota.py:752}}
Sep 06 16:59:20 devstack cinder-volume[87474]: DEBUG oslo_concurrency.lockutils [None req-637fbc12-df14-43cd-8a2d-30d389af50c0 tempest-TaggedAttachmentsTest-2058494613 None] Acquiring lock "quobyte_ensure" by "cinder.volume.drivers.quobyte.QuobyteDriver._ensure_shares_mounted" {{(pid=87474) inner /opt/stack/data/venv/lib/python3.12/site-packages/oslo_concurrency/lockutils.py:512}}
Sep 06 16:59:20 devstack cinder-volume[87474]: DEBUG oslo_concurrency.lockutils [None req-637fbc12-df14-43cd-8a2d-30d389af50c0 tempest-TaggedAttachmentsTest-2058494613 None] Lock "quobyte_ensure" acquired by "cinder.volume.drivers.quobyte.QuobyteDriver._ensure_shares_mounted" :: waited 0.003s {{(pid=87474) inner /opt/stack/data/venv/lib/python3.12/site-packages/oslo_concurrency/lockutils.py:525}}
Sep 06 16:59:20 devstack cinder-volume[87474]: DEBUG cinder.volume.drivers.quobyte [None req-637fbc12-df14-43cd-8a2d-30d389af50c0 tempest-TaggedAttachmentsTest-2058494613 None] Quobyte Volume URL set to: {'osci02.corp.quobyte.com/cinder-vol-3ac5f2b1-f40f-4c32-aa55-ec3731084051': None} {{(pid=87474) _load_shares_config /opt/stack/cinder/cinder/volume/drivers/quobyte.py:662}}
Sep 06 16:59:20 devstack cinder-volume[87474]: DEBUG cinder.volume.drivers.quobyte [None req-637fbc12-df14-43cd-8a2d-30d389af50c0 tempest-TaggedAttachmentsTest-2058494613 None] Available shares ['osci02.corp.quobyte.com/cinder-vol-3ac5f2b1-f40f-4c32-aa55-ec3731084051'] {{(pid=87474) _ensure_shares_mounted /opt/stack/cinder/cinder/volume/drivers/quobyte.py:692}}
Sep 06 16:59:20 devstack cinder-volume[87474]: DEBUG oslo_concurrency.lockutils [None req-637fbc12-df14-43cd-8a2d-30d389af50c0 tempest-TaggedAttachmentsTest-2058494613 None] Lock "quobyte_ensure" "released" by "cinder.volume.drivers.quobyte.QuobyteDriver._ensure_shares_mounted" :: held 0.009s {{(pid=87474) inner /opt/stack/data/venv/lib/python3.12/site-packages/oslo_concurrency/lockutils.py:544}}
Sep 06 16:59:20 devstack cinder-volume[87474]: DEBUG oslo_concurrency.processutils [None req-637fbc12-df14-43cd-8a2d-30d389af50c0 tempest-TaggedAttachmentsTest-2058494613 None] Running cmd (subprocess): sudo cinder-rootwrap /etc/cinder/rootwrap.conf df --portability --block-size 1 /opt/stack/data/cinder/mnt/5b3583237b9a7b29605680d79d05b2e2 {{(pid=87474) execute /opt/stack/data/venv/lib/python3.12/site-packages/oslo_concurrency/processutils.py:440}}
Sep 06 16:59:20 devstack sudo[91658]: quobyte : PWD=/ ; USER=root ; COMMAND=/opt/stack/data/venv/bin/cinder-rootwrap /etc/cinder/rootwrap.conf df --portability --block-size 1 /opt/stack/data/cinder/mnt/5b3583237b9a7b29605680d79d05b2e2
Sep 06 16:59:20 devstack sudo[91658]: pam_unix(sudo:session): session opened for user root(uid=0) by (uid=1000)
Sep 06 16:59:20 devstack sudo[91647]: pam_unix(sudo:session): session closed for user root
Sep 06 16:59:20 devstack cinder-volume[87474]: DEBUG oslo_concurrency.processutils [None req-e5192fce-3768-490b-84b9-5237a775f242 tempest-SnapshotsActionsTest-1195022466 None] CMD "sudo cinder-rootwrap /etc/cinder/rootwrap.conf qemu-img create -f qcow2 -o backing_file=/opt/stack/data/cinder/mnt/5b3583237b9a7b29605680d79d05b2e2/volume-2eecfa49-4ebf-4ea1-9d36-ebc5433a62ab.608318e0-1dae-47f0-a2b0-859179de426b,backing_fmt=qcow2 /opt/stack/data/cinder/mnt/5b3583237b9a7b29605680d79d05b2e2/volume-2eecfa49-4ebf-4ea1-9d36-ebc5433a62ab.e798e93d-1eee-4195-94f5-1a7eaecf847d 1G" returned: 0 in 0.567s {{(pid=87474) execute /opt/stack/data/venv/lib/python3.12/site-packages/oslo_concurrency/processutils.py:468}}
Sep 06 16:59:20 devstack cinder-volume[87474]: DEBUG oslo_concurrency.processutils [None req-e5192fce-3768-490b-84b9-5237a775f242 tempest-SnapshotsActionsTest-1195022466 None] Running cmd (subprocess): sudo cinder-rootwrap /etc/cinder/rootwrap.conf qemu-img rebase -u -b volume-2eecfa49-4ebf-4ea1-9d36-ebc5433a62ab.608318e0-1dae-47f0-a2b0-859179de426b -F qcow2 /opt/stack/data/cinder/mnt/5b3583237b9a7b29605680d79d05b2e2/volume-2eecfa49-4ebf-4ea1-9d36-ebc5433a62ab.e798e93d-1eee-4195-94f5-1a7eaecf847d {{(pid=87474) execute /opt/stack/data/venv/lib/python3.12/site-packages/oslo_concurrency/processutils.py:440}}
Sep 06 16:59:20 devstack sudo[91660]: quobyte : PWD=/ ; USER=root ; COMMAND=/opt/stack/data/venv/bin/cinder-rootwrap /etc/cinder/rootwrap.conf qemu-img rebase -u -b volume-2eecfa49-4ebf-4ea1-9d36-ebc5433a62ab.608318e0-1dae-47f0-a2b0-859179de426b -F qcow2 /opt/stack/data/cinder/mnt/5b3583237b9a7b29605680d79d05b2e2/volume-2eecfa49-4ebf-4ea1-9d36-ebc5433a62ab.e798e93d-1eee-4195-94f5-1a7eaecf847d
Sep 06 16:59:20 devstack sudo[91660]: pam_unix(sudo:session): session opened for user root(uid=0) by (uid=1000)
Sep 06 16:59:20 devstack sudo[91658]: pam_unix(sudo:session): session closed for user root
Sep 06 16:59:20 devstack cinder-volume[87474]: DEBUG oslo_concurrency.processutils [None req-637fbc12-df14-43cd-8a2d-30d389af50c0 tempest-TaggedAttachmentsTest-2058494613 None] CMD "sudo cinder-rootwrap /etc/cinder/rootwrap.conf df --portability --block-size 1 /opt/stack/data/cinder/mnt/5b3583237b9a7b29605680d79d05b2e2" returned: 0 in 0.360s {{(pid=87474) execute /opt/stack/data/venv/lib/python3.12/site-packages/oslo_concurrency/processutils.py:468}}
Sep 06 16:59:20 devstack cinder-volume[87474]: DEBUG cinder.manager [None req-637fbc12-df14-43cd-8a2d-30d389af50c0 tempest-TaggedAttachmentsTest-2058494613 None] Notifying Schedulers of capabilities ... {{(pid=87474) _publish_service_capabilities /opt/stack/cinder/cinder/manager.py:219}}
Sep 06 16:59:21 devstack cinder-volume[87474]: INFO cinder.volume.manager [None req-637fbc12-df14-43cd-8a2d-30d389af50c0 tempest-TaggedAttachmentsTest-2058494613 None] Deleted volume successfully.
Sep 06 16:59:21 devstack sudo[91660]: pam_unix(sudo:session): session closed for user root
Sep 06 16:59:21 devstack cinder-volume[87474]: DEBUG cinder.coordination [None req-637fbc12-df14-43cd-8a2d-30d389af50c0 tempest-TaggedAttachmentsTest-2058494613 None] Lock "cinder-e48b464e-b988-412f-a228-276a8324a8a1-delete_volume" released by "delete_volume" :: held 1.422s {{(pid=87474) __release /opt/stack/cinder/cinder/coordination.py:152}}
Sep 06 16:59:21 devstack cinder-volume[87474]: DEBUG oslo_concurrency.processutils [None req-e5192fce-3768-490b-84b9-5237a775f242 tempest-SnapshotsActionsTest-1195022466 None] CMD "sudo cinder-rootwrap /etc/cinder/rootwrap.conf qemu-img rebase -u -b volume-2eecfa49-4ebf-4ea1-9d36-ebc5433a62ab.608318e0-1dae-47f0-a2b0-859179de426b -F qcow2 /opt/stack/data/cinder/mnt/5b3583237b9a7b29605680d79d05b2e2/volume-2eecfa49-4ebf-4ea1-9d36-ebc5433a62ab.e798e93d-1eee-4195-94f5-1a7eaecf847d" returned: 0 in 0.329s {{(pid=87474) execute /opt/stack/data/venv/lib/python3.12/site-packages/oslo_concurrency/processutils.py:468}}
Sep 06 16:59:21 devstack cinder-volume[87474]: WARNING cinder.volume.drivers.remotefs [None req-e5192fce-3768-490b-84b9-5237a775f242 tempest-SnapshotsActionsTest-1195022466 None] /opt/stack/data/cinder/mnt/5b3583237b9a7b29605680d79d05b2e2/volume-2eecfa49-4ebf-4ea1-9d36-ebc5433a62ab.e798e93d-1eee-4195-94f5-1a7eaecf847d is being set with open permissions: ugo+rw
