Jul 17 03:33:28 devstack devstack@g-api.service[77161]: DEBUG glance.common.config [None req-d24cad46-7002-4fd9-9cbd-d1f239f69131 None None] database.asyncio_connection = **** {{(pid=77161) log_opt_values /opt/stack/data/venv/lib/python3.12/site-packages/oslo_config/cfg.py:3253}}
Jul 17 03:33:28 devstack devstack@g-api.service[77161]: DEBUG glance.common.config [None req-d24cad46-7002-4fd9-9cbd-d1f239f69131 None None] database.asyncio_slave_connection = **** {{(pid=77161) log_opt_values /opt/stack/data/venv/lib/python3.12/site-packages/oslo_config/cfg.py:3253}}
Jul 17 03:33:28 devstack devstack@g-api.service[77161]: DEBUG glance.common.config [None req-d24cad46-7002-4fd9-9cbd-d1f239f69131 None None] database.backend = sqlalchemy {{(pid=77161) log_opt_values /opt/stack/data/venv/lib/python3.12/site-packages/oslo_config/cfg.py:3253}}
Jul 17 03:33:28 devstack devstack@g-api.service[77161]: DEBUG glance.common.config [None req-d24cad46-7002-4fd9-9cbd-d1f239f69131 None None] database.connection = **** {{(pid=77161) log_opt_values /opt/stack/data/venv/lib/python3.12/site-packages/oslo_config/cfg.py:3253}}
Jul 17 03:33:28 devstack devstack@g-api.service[77161]: DEBUG glance.common.config [None req-d24cad46-7002-4fd9-9cbd-d1f239f69131 None None] database.connection_debug = 0 {{(pid=77161) log_opt_values /opt/stack/data/venv/lib/python3.12/site-packages/oslo_config/cfg.py:3253}}
Jul 17 03:33:28 devstack devstack@g-api.service[77161]: DEBUG glance.common.config [None req-d24cad46-7002-4fd9-9cbd-d1f239f69131 None None] database.connection_parameters = {{(pid=77161) log_opt_values /opt/stack/data/venv/lib/python3.12/site-packages/oslo_config/cfg.py:3253}}
Jul 17 03:33:28 devstack devstack@g-api.service[77161]: DEBUG glance.common.config [None req-d24cad46-7002-4fd9-9cbd-d1f239f69131 None None] database.connection_recycle_time = 3600 {{(pid=77161) log_opt_values /opt/stack/data/venv/lib/python3.12/site-packages/oslo_config/cfg.py:3253}}
Jul 17 03:33:28 devstack devstack@g-api.service[77161]: DEBUG glance.common.config [None req-d24cad46-7002-4fd9-9cbd-d1f239f69131 None None] database.connection_trace = False {{(pid=77161) log_opt_values /opt/stack/data/venv/lib/python3.12/site-packages/oslo_config/cfg.py:3253}}
Jul 17 03:33:28 devstack devstack@g-api.service[77161]: DEBUG glance.common.config [None req-d24cad46-7002-4fd9-9cbd-d1f239f69131 None None] database.db_inc_retry_interval = True {{(pid=77161) log_opt_values /opt/stack/data/venv/lib/python3.12/site-packages/oslo_config/cfg.py:3253}}
Jul 17 03:33:28 devstack devstack@g-api.service[77161]: DEBUG glance.common.config [None req-d24cad46-7002-4fd9-9cbd-d1f239f69131 None None] database.db_max_retries = 20 {{(pid=77161) log_opt_values /opt/stack/data/venv/lib/python3.12/site-packages/oslo_config/cfg.py:3253}}
Jul 17 03:33:28 devstack devstack@g-api.service[77161]: DEBUG glance.common.config [None req-d24cad46-7002-4fd9-9cbd-d1f239f69131 None None] database.db_max_retry_interval = 10 {{(pid=77161) log_opt_values /opt/stack/data/venv/lib/python3.12/site-packages/oslo_config/cfg.py:3253}}
Jul 17 03:33:28 devstack devstack@g-api.service[77161]: DEBUG glance.common.config [None req-d24cad46-7002-4fd9-9cbd-d1f239f69131 None None] database.db_retry_interval = 1 {{(pid=77161) log_opt_values /opt/stack/data/venv/lib/python3.12/site-packages/oslo_config/cfg.py:3253}}
Jul 17 03:33:28 devstack devstack@g-api.service[77161]: DEBUG glance.common.config [None req-d24cad46-7002-4fd9-9cbd-d1f239f69131 None None] database.max_overflow = 50 {{(pid=77161) log_opt_values /opt/stack/data/venv/lib/python3.12/site-packages/oslo_config/cfg.py:3253}}
Jul 17 03:33:28 devstack devstack@g-api.service[77161]: DEBUG glance.common.config [None req-d24cad46-7002-4fd9-9cbd-d1f239f69131 None None] database.max_pool_size = 5 {{(pid=77161) log_opt_values /opt/stack/data/venv/lib/python3.12/site-packages/oslo_config/cfg.py:3253}}
Jul 17 03:33:28 devstack devstack@g-api.service[77161]: DEBUG glance.common.config [None req-d24cad46-7002-4fd9-9cbd-d1f239f69131 None None] database.max_retries = 10 {{(pid=77161) log_opt_values /opt/stack/data/venv/lib/python3.12/site-packages/oslo_config/cfg.py:3253}}
Jul 17 03:33:28 devstack devstack@g-api.service[77161]: DEBUG glance.common.config [None req-d24cad46-7002-4fd9-9cbd-d1f239f69131 None None] database.mysql_sql_mode = TRADITIONAL {{(pid=77161) log_opt_values /opt/stack/data/venv/lib/python3.12/site-packages/oslo_config/cfg.py:3253}}
Jul 17 03:33:28 devstack devstack@g-api.service[77161]: DEBUG glance.common.config [None req-d24cad46-7002-4fd9-9cbd-d1f239f69131 None None] database.mysql_wsrep_sync_wait = None {{(pid=77161) log_opt_values /opt/stack/data/venv/lib/python3.12/site-packages/oslo_config/cfg.py:3253}}
Jul 17 03:33:28 devstack devstack@g-api.service[77161]: DEBUG glance.common.config [None req-d24cad46-7002-4fd9-9cbd-d1f239f69131 None None] database.pool_timeout = None {{(pid=77161) log_opt_values /opt/stack/data/venv/lib/python3.12/site-packages/oslo_config/cfg.py:3253}}
Jul 17 03:33:28 devstack devstack@g-api.service[77161]: DEBUG glance.common.config [None req-d24cad46-7002-4fd9-9cbd-d1f239f69131 None None] database.retry_interval = 10 {{(pid=77161) log_opt_values /opt/stack/data/venv/lib/python3.12/site-packages/oslo_config/cfg.py:3253}}
Jul 17 03:33:28 devstack devstack@g-api.service[77161]: DEBUG glance.common.config [None req-d24cad46-7002-4fd9-9cbd-d1f239f69131 None None] database.slave_connection = **** {{(pid=77161) log_opt_values /opt/stack/data/venv/lib/python3.12/site-packages/oslo_config/cfg.py:3253}}
Jul 17 03:33:28 devstack devstack@g-api.service[77161]: DEBUG glance.common.config [None req-d24cad46-7002-4fd9-9cbd-d1f239f69131 None None] database.sqlite_synchronous = True {{(pid=77161) log_opt_values /opt/stack/data/venv/lib/python3.12/site-packages/oslo_config/cfg.py:3253}}
Jul 17 03:33:28 devstack devstack@g-api.service[77161]: DEBUG glance.common.config [None req-d24cad46-7002-4fd9-9cbd-d1f239f69131 None None] database.synchronous_reader = True {{(pid=77161) log_opt_values /opt/stack/data/venv/lib/python3.12/site-packages/oslo_config/cfg.py:3253}}
Jul 17 03:33:28 devstack devstack@g-api.service[77161]: DEBUG glance.common.config [None req-d24cad46-7002-4fd9-9cbd-d1f239f69131 None None] database.use_db_reconnect = False {{(pid=77161) log_opt_values /opt/stack/data/venv/lib/python3.12/site-packages/oslo_config/cfg.py:3253}}
Jul 17 03:33:28 devstack devstack@g-api.service[77161]: DEBUG glance.common.config [None req-d24cad46-7002-4fd9-9cbd-d1f239f69131 None None] healthcheck.allowed_source_ranges = [] {{(pid=77161) log_opt_values /opt/stack/data/venv/lib/python3.12/site-packages/oslo_config/cfg.py:3253}}
Jul 17 03:33:28 devstack devstack@g-api.service[77161]: DEBUG glance.common.config [None req-d24cad46-7002-4fd9-9cbd-d1f239f69131 None None] healthcheck.backends = ['disable_by_file'] {{(pid=77161) log_opt_values /opt/stack/data/venv/lib/python3.12/site-packages/oslo_config/cfg.py:3253}}
Jul 17 03:33:28 devstack devstack@g-api.service[77161]: DEBUG glance.common.config [None req-d24cad46-7002-4fd9-9cbd-d1f239f69131 None None] healthcheck.detailed = False {{(pid=77161) log_opt_values /opt/stack/data/venv/lib/python3.12/site-packages/oslo_config/cfg.py:3253}}
Jul 17 03:33:28 devstack devstack@g-api.service[77161]: DEBUG glance.common.config [None req-d24cad46-7002-4fd9-9cbd-d1f239f69131 None None] healthcheck.disable_by_file_path = None {{(pid=77161) log_opt_values /opt/stack/data/venv/lib/python3.12/site-packages/oslo_config/cfg.py:3253}}
Jul 17 03:33:28 devstack devstack@g-api.service[77161]: DEBUG glance.common.config [None req-d24cad46-7002-4fd9-9cbd-d1f239f69131 None None] healthcheck.ignore_proxied_requests = False {{(pid=77161) log_opt_values /opt/stack/data/venv/lib/python3.12/site-packages/oslo_config/cfg.py:3253}}
Jul 17 03:33:28 devstack devstack@g-api.service[77161]: DEBUG glance.common.config [None req-d24cad46-7002-4fd9-9cbd-d1f239f69131 None None] ******************************************************************************** {{(pid=77161) log_opt_values /opt/stack/data/venv/lib/python3.12/site-packages/oslo_config/cfg.py:3260}}
Jul 17 03:33:28 devstack devstack@g-api.service[77161]: WSGI app 0 (mountpoint='') ready in 6 seconds on interpreter 0x7ff9596a4668 pid: 77161 (default app)
Jul 17 03:33:31 devstack devstack@g-api.service[77163]: DEBUG glance.api.middleware.version_negotiation [None req-d07348fc-3354-44a1-86a7-2ad2dec648bc None None] Determining version of request: GET / Accept: application/json {{(pid=77163) process_request /opt/stack/glance/glance/api/middleware/version_negotiation.py:44}}
Jul 17 03:33:31 devstack devstack@g-api.service[77163]: DEBUG glance.api.middleware.version_negotiation [None req-d07348fc-3354-44a1-86a7-2ad2dec648bc None None] Using url versioning {{(pid=77163) process_request /opt/stack/glance/glance/api/middleware/version_negotiation.py:57}}
Jul 17 03:33:31 devstack devstack@g-api.service[77163]: DEBUG glance.api.middleware.version_negotiation [None req-d07348fc-3354-44a1-86a7-2ad2dec648bc None None] Unknown version. Returning version choices. {{(pid=77163) process_request /opt/stack/glance/glance/api/middleware/version_negotiation.py:64}}
Jul 17 03:33:31 devstack devstack@g-api.service[77163]: [pid: 77163|app: 0|req: 2/2] 127.0.0.1 () {34 vars in 516 bytes} [Fri Jul 17 03:33:31 2026] GET / => generated 1557 bytes in 3 msecs (HTTP/1.1 300) 3 headers in 106 bytes (1 switches on core 0)
Jul 17 03:33:31 devstack devstack@g-api.service[77161]: DEBUG glance.api.middleware.version_negotiation [None req-d24cad46-7002-4fd9-9cbd-d1f239f69131 None None] Determining version of request: POST /v2/images Accept: */* {{(pid=77161) process_request /opt/stack/glance/glance/api/middleware/version_negotiation.py:44}}
Jul 17 03:33:31 devstack devstack@g-api.service[77161]: DEBUG glance.api.middleware.version_negotiation [None req-d24cad46-7002-4fd9-9cbd-d1f239f69131 None None] Using url versioning {{(pid=77161) process_request /opt/stack/glance/glance/api/middleware/version_negotiation.py:57}}
Jul 17 03:33:31 devstack devstack@g-api.service[77161]: DEBUG glance.api.middleware.version_negotiation [None req-d24cad46-7002-4fd9-9cbd-d1f239f69131 None None] Matched version: v2 {{(pid=77161) process_request /opt/stack/glance/glance/api/middleware/version_negotiation.py:69}}
Jul 17 03:33:31 devstack devstack@g-api.service[77161]: DEBUG glance.api.middleware.version_negotiation [None req-d24cad46-7002-4fd9-9cbd-d1f239f69131 None None] new path /v2/images {{(pid=77161) process_request /opt/stack/glance/glance/api/middleware/version_negotiation.py:70}}
Jul 17 03:33:32 devstack devstack@g-api.service[77161]: [pid: 77161|app: 0|req: 1/3] 127.0.0.1 () {40 vars in 779 bytes} [Fri Jul 17 03:33:31 2026] POST /v2/images => generated 807 bytes in 1135 msecs (HTTP/1.1 201) 6 headers in 314 bytes (1 switches on core 0)
Jul 17 03:33:33 devstack devstack@g-api.service[77163]: DEBUG glance.api.middleware.version_negotiation [None req-d07348fc-3354-44a1-86a7-2ad2dec648bc None None] Determining version of request: PUT /v2/images/594fe0bf-aa5d-4b12-bb87-5e3d6afaa320/file Accept: {{(pid=77163) process_request /opt/stack/glance/glance/api/middleware/version_negotiation.py:44}}
Jul 17 03:33:33 devstack devstack@g-api.service[77163]: DEBUG glance.api.middleware.version_negotiation [None req-d07348fc-3354-44a1-86a7-2ad2dec648bc None None] Using url versioning {{(pid=77163) process_request /opt/stack/glance/glance/api/middleware/version_negotiation.py:57}}
Jul 17 03:33:33 devstack devstack@g-api.service[77163]: DEBUG glance.api.middleware.version_negotiation [None req-d07348fc-3354-44a1-86a7-2ad2dec648bc None None] Matched version: v2 {{(pid=77163) process_request /opt/stack/glance/glance/api/middleware/version_negotiation.py:69}}
Jul 17 03:33:33 devstack devstack@g-api.service[77163]: DEBUG glance.api.middleware.version_negotiation [None req-d07348fc-3354-44a1-86a7-2ad2dec648bc None None] new path /v2/images/594fe0bf-aa5d-4b12-bb87-5e3d6afaa320/file {{(pid=77163) process_request /opt/stack/glance/glance/api/middleware/version_negotiation.py:70}}
Jul 17 03:33:33 devstack devstack@g-api.service[77163]: INFO glance.api.v2.image_data [None req-0abd5462-a8d4-4c4f-a938-7f34d69f65de admin admin] Unable to create trust: no such option collect_timing in group [keystone_authtoken] Use the existing user token.
Jul 17 03:33:34 devstack devstack@g-api.service[77163]: DEBUG glance.location [None req-0abd5462-a8d4-4c4f-a938-7f34d69f65de admin admin] Enabling in-flight format inspection for qcow2 {{(pid=77163) set_data /opt/stack/glance/glance/location.py:596}}
Jul 17 03:33:34 devstack devstack@g-api.service[77163]: DEBUG oslo_utils.imageutils.format_inspector [None req-0abd5462-a8d4-4c4f-a938-7f34d69f65de admin admin] Format inspector for vmdk does not match, excluding from consideration (Signature KDMV not found: b'QFI\xfb') {{(pid=77163) _process_chunk /opt/stack/data/venv/lib/python3.12/site-packages/oslo_utils/imageutils/format_inspector.py:1758}}
Jul 17 03:33:34 devstack devstack@g-api.service[77163]: DEBUG oslo_utils.imageutils.format_inspector [None req-0abd5462-a8d4-4c4f-a938-7f34d69f65de admin admin] Format inspector for vhdx does not match, excluding from consideration (Region signature not found at 30000) {{(pid=77163) _process_chunk /opt/stack/data/venv/lib/python3.12/site-packages/oslo_utils/imageutils/format_inspector.py:1758}}
Jul 17 03:33:34 devstack devstack@g-api.service[77163]: DEBUG glance_store._drivers.filesystem [None req-0abd5462-a8d4-4c4f-a938-7f34d69f65de admin admin] Wrote 21692416 bytes to /opt/stack/data/glance/images/594fe0bf-aa5d-4b12-bb87-5e3d6afaa320 with checksum 87617e24a5e30cb3b87fda8c0764838f and multihash 9a9bce0083a00939ec17c11febbfc767aa211aaa54f51e75c5a8b271a9b5637c77205a518b7a2007cb391d23cceb01e0e4e8d64832317151bc85b734b92a7be0 {{(pid=77163) add /opt/stack/data/venv/lib/python3.12/site-packages/glance_store/_drivers/filesystem.py:899}}
Jul 17 03:33:34 devstack devstack@g-api.service[77163]: INFO glance.location [None req-0abd5462-a8d4-4c4f-a938-7f34d69f65de admin admin] Image format matched and virtual size computed: 117440512
Jul 17 03:33:34 devstack devstack@g-api.service[77163]: DEBUG glance_store.backend [None req-0abd5462-a8d4-4c4f-a938-7f34d69f65de admin admin] Skipping store.set_acls... not implemented. {{(pid=77163) set_acls /opt/stack/data/venv/lib/python3.12/site-packages/glance_store/backend.py:507}}
Jul 17 03:33:34 devstack devstack@g-api.service[77163]: [pid: 77163|app: 0|req: 3/4] 127.0.0.1 () {40 vars in 872 bytes} [Fri Jul 17 03:33:33 2026] PUT /v2/images/594fe0bf-aa5d-4b12-bb87-5e3d6afaa320/file => generated 0 bytes in 1622 msecs (HTTP/1.1 204) 4 headers in 171 bytes (1 switches on core 0)
Jul 17 03:33:34 devstack devstack@g-api.service[77161]: DEBUG glance.api.middleware.version_negotiation [None req-fae585be-af0e-41a9-b1c3-8a1e02719fad admin admin] Determining version of request: GET /v2/images/594fe0bf-aa5d-4b12-bb87-5e3d6afaa320 Accept: */* {{(pid=77161) process_request /opt/stack/glance/glance/api/middleware/version_negotiation.py:44}}
Jul 17 03:33:34 devstack devstack@g-api.service[77161]: DEBUG glance.api.middleware.version_negotiation [None req-fae585be-af0e-41a9-b1c3-8a1e02719fad admin admin] Using url versioning {{(pid=77161) process_request /opt/stack/glance/glance/api/middleware/version_negotiation.py:57}}
Jul 17 03:33:34 devstack devstack@g-api.service[77161]: DEBUG glance.api.middleware.version_negotiation [None req-fae585be-af0e-41a9-b1c3-8a1e02719fad admin admin] Matched version: v2 {{(pid=77161) process_request /opt/stack/glance/glance/api/middleware/version_negotiation.py:69}}
Jul 17 03:33:34 devstack devstack@g-api.service[77161]: DEBUG glance.api.middleware.version_negotiation [None req-fae585be-af0e-41a9-b1c3-8a1e02719fad admin admin] new path /v2/images/594fe0bf-aa5d-4b12-bb87-5e3d6afaa320 {{(pid=77161) process_request /opt/stack/glance/glance/api/middleware/version_negotiation.py:70}}
Jul 17 03:33:34 devstack devstack@g-api.service[77161]: [pid: 77161|app: 0|req: 2/5] 127.0.0.1 () {36 vars in 799 bytes} [Fri Jul 17 03:33:34 2026] GET /v2/images/594fe0bf-aa5d-4b12-bb87-5e3d6afaa320 => generated 976 bytes in 21 msecs (HTTP/1.1 200) 4 headers in 157 bytes (1 switches on core 0)
Jul 17 03:33:44 devstack devstack@g-api.service[77163]: DEBUG dbcounter [-] [77163] Writing DB stats glance:INSERT=5,glance:SELECT=16,glance:UPDATE=2 {{(pid=77163) stat_writer /opt/stack/data/venv/lib/python3.12/site-packages/dbcounter.py:115}}
Jul 17 03:33:44 devstack devstack@g-api.service[77161]: DEBUG dbcounter [-] [77161] Writing DB stats glance:INSERT=9,glance:SELECT=6 {{(pid=77161) stat_writer /opt/stack/data/venv/lib/python3.12/site-packages/dbcounter.py:115}}
Jul 17 03:34:19 devstack devstack@g-api.service[77163]: DEBUG glance.api.middleware.version_negotiation [None req-0abd5462-a8d4-4c4f-a938-7f34d69f65de admin admin] Determining version of request: GET / Accept: application/json {{(pid=77163) process_request /opt/stack/glance/glance/api/middleware/version_negotiation.py:44}}
Jul 17 03:34:19 devstack devstack@g-api.service[77163]: DEBUG glance.api.middleware.version_negotiation [None req-0abd5462-a8d4-4c4f-a938-7f34d69f65de admin admin] Using url versioning {{(pid=77163) process_request /opt/stack/glance/glance/api/middleware/version_negotiation.py:57}}
Jul 17 03:34:19 devstack devstack@g-api.service[77163]: DEBUG glance.api.middleware.version_negotiation [None req-0abd5462-a8d4-4c4f-a938-7f34d69f65de admin admin] Unknown version. Returning version choices. {{(pid=77163) process_request /opt/stack/glance/glance/api/middleware/version_negotiation.py:64}}
Jul 17 03:34:19 devstack devstack@g-api.service[77163]: [pid: 77163|app: 0|req: 4/6] 127.0.0.1 () {34 vars in 516 bytes} [Fri Jul 17 03:34:19 2026] GET / => generated 1557 bytes in 2 msecs (HTTP/1.1 300) 3 headers in 106 bytes (1 switches on core 0)
Jul 17 03:34:19 devstack devstack@g-api.service[77161]: DEBUG glance.api.middleware.version_negotiation [None req-d1eb9f06-51b2-41ca-9eb0-b054192c1d8c admin admin] Determining version of request: GET /v2/images Accept: application/json {{(pid=77161) process_request /opt/stack/glance/glance/api/middleware/version_negotiation.py:44}}
Jul 17 03:34:19 devstack devstack@g-api.service[77161]: DEBUG glance.api.middleware.version_negotiation [None req-d1eb9f06-51b2-41ca-9eb0-b054192c1d8c admin admin] Using url versioning {{(pid=77161) process_request /opt/stack/glance/glance/api/middleware/version_negotiation.py:57}}
Jul 17 03:34:19 devstack devstack@g-api.service[77161]: DEBUG glance.api.middleware.version_negotiation [None req-d1eb9f06-51b2-41ca-9eb0-b054192c1d8c admin admin] Matched version: v2 {{(pid=77161) process_request /opt/stack/glance/glance/api/middleware/version_negotiation.py:69}}
Jul 17 03:34:19 devstack devstack@g-api.service[77161]: DEBUG glance.api.middleware.version_negotiation [None req-d1eb9f06-51b2-41ca-9eb0-b054192c1d8c admin admin] new path /v2/images {{(pid=77161) process_request /opt/stack/glance/glance/api/middleware/version_negotiation.py:70}}
Jul 17 03:34:19 devstack devstack@g-api.service[77161]: [pid: 77161|app: 0|req: 3/7] 127.0.0.1 () {36 vars in 738 bytes} [Fri Jul 17 03:34:19 2026] GET /v2/images => generated 1045 bytes in 85 msecs (HTTP/1.1 200) 4 headers in 158 bytes (1 switches on core 0)
Jul 17 03:34:28 devstack devstack@g-api.service[77163]: DEBUG glance.api.middleware.version_negotiation [None req-0abd5462-a8d4-4c4f-a938-7f34d69f65de admin admin] Determining version of request: GET / Accept: application/json {{(pid=77163) process_request /opt/stack/glance/glance/api/middleware/version_negotiation.py:44}}
Jul 17 03:34:28 devstack devstack@g-api.service[77163]: DEBUG glance.api.middleware.version_negotiation [None req-0abd5462-a8d4-4c4f-a938-7f34d69f65de admin admin] Using url versioning {{(pid=77163) process_request /opt/stack/glance/glance/api/middleware/version_negotiation.py:57}}
Jul 17 03:34:28 devstack devstack@g-api.service[77163]: DEBUG glance.api.middleware.version_negotiation [None req-0abd5462-a8d4-4c4f-a938-7f34d69f65de admin admin] Unknown version. Returning version choices. {{(pid=77163) process_request /opt/stack/glance/glance/api/middleware/version_negotiation.py:64}}
Jul 17 03:34:28 devstack devstack@g-api.service[77163]: [pid: 77163|app: 0|req: 5/8] 127.0.0.1 () {34 vars in 516 bytes} [Fri Jul 17 03:34:28 2026] GET / => generated 1557 bytes in 4 msecs (HTTP/1.1 300) 3 headers in 106 bytes (1 switches on core 0)
Jul 17 03:34:28 devstack devstack@g-api.service[77161]: DEBUG glance.api.middleware.version_negotiation [None req-b9cb70d1-9541-4b98-8665-f473d63a6155 admin admin] Determining version of request: GET /v2/images/594fe0bf-aa5d-4b12-bb87-5e3d6afaa320 Accept: */* {{(pid=77161) process_request /opt/stack/glance/glance/api/middleware/version_negotiation.py:44}}
Jul 17 03:34:28 devstack devstack@g-api.service[77161]: DEBUG glance.api.middleware.version_negotiation [None req-b9cb70d1-9541-4b98-8665-f473d63a6155 admin admin] Using url versioning {{(pid=77161) process_request /opt/stack/glance/glance/api/middleware/version_negotiation.py:57}}
Jul 17 03:34:28 devstack devstack@g-api.service[77161]: DEBUG glance.api.middleware.version_negotiation [None req-b9cb70d1-9541-4b98-8665-f473d63a6155 admin admin] Matched version: v2 {{(pid=77161) process_request /opt/stack/glance/glance/api/middleware/version_negotiation.py:69}}
Jul 17 03:34:28 devstack devstack@g-api.service[77161]: DEBUG glance.api.middleware.version_negotiation [None req-b9cb70d1-9541-4b98-8665-f473d63a6155 admin admin] new path /v2/images/594fe0bf-aa5d-4b12-bb87-5e3d6afaa320 {{(pid=77161) process_request /opt/stack/glance/glance/api/middleware/version_negotiation.py:70}}
Jul 17 03:34:28 devstack devstack@g-api.service[77161]: [pid: 77161|app: 0|req: 4/9] 127.0.0.1 () {36 vars in 799 bytes} [Fri Jul 17 03:34:28 2026] GET /v2/images/594fe0bf-aa5d-4b12-bb87-5e3d6afaa320 => generated 976 bytes in 72 msecs (HTTP/1.1 200) 4 headers in 157 bytes (1 switches on core 0)
Jul 17 03:34:34 devstack devstack@g-api.service[77163]: DEBUG glance.api.middleware.version_negotiation [None req-0abd5462-a8d4-4c4f-a938-7f34d69f65de admin admin] Determining version of request: GET / Accept: application/json {{(pid=77163) process_request /opt/stack/glance/glance/api/middleware/version_negotiation.py:44}}
Jul 17 03:34:34 devstack devstack@g-api.service[77163]: DEBUG glance.api.middleware.version_negotiation [None req-0abd5462-a8d4-4c4f-a938-7f34d69f65de admin admin] Using url versioning {{(pid=77163) process_request /opt/stack/glance/glance/api/middleware/version_negotiation.py:57}}
Jul 17 03:34:34 devstack devstack@g-api.service[77163]: DEBUG glance.api.middleware.version_negotiation [None req-0abd5462-a8d4-4c4f-a938-7f34d69f65de admin admin] Unknown version. Returning version choices. {{(pid=77163) process_request /opt/stack/glance/glance/api/middleware/version_negotiation.py:64}}
Jul 17 03:34:34 devstack devstack@g-api.service[77163]: [pid: 77163|app: 0|req: 6/10] 127.0.0.1 () {34 vars in 516 bytes} [Fri Jul 17 03:34:34 2026] GET / => generated 1557 bytes in 2 msecs (HTTP/1.1 300) 3 headers in 106 bytes (1 switches on core 0)
Jul 17 03:34:34 devstack devstack@g-api.service[77161]: DEBUG glance.api.middleware.version_negotiation [None req-52fb072a-c059-47f0-8e00-1b9234621def admin admin] Determining version of request: GET /v2/images/594fe0bf-aa5d-4b12-bb87-5e3d6afaa320 Accept: */* {{(pid=77161) process_request /opt/stack/glance/glance/api/middleware/version_negotiation.py:44}}
Jul 17 03:34:34 devstack devstack@g-api.service[77161]: DEBUG glance.api.middleware.version_negotiation [None req-52fb072a-c059-47f0-8e00-1b9234621def admin admin] Using url versioning {{(pid=77161) process_request /opt/stack/glance/glance/api/middleware/version_negotiation.py:57}}
Jul 17 03:34:34 devstack devstack@g-api.service[77161]: DEBUG glance.api.middleware.version_negotiation [None req-52fb072a-c059-47f0-8e00-1b9234621def admin admin] Matched version: v2 {{(pid=77161) process_request /opt/stack/glance/glance/api/middleware/version_negotiation.py:69}}
Jul 17 03:34:34 devstack devstack@g-api.service[77161]: DEBUG glance.api.middleware.version_negotiation [None req-52fb072a-c059-47f0-8e00-1b9234621def admin admin] new path /v2/images/594fe0bf-aa5d-4b12-bb87-5e3d6afaa320 {{(pid=77161) process_request /opt/stack/glance/glance/api/middleware/version_negotiation.py:70}}
Jul 17 03:34:35 devstack devstack@g-api.service[77161]: [pid: 77161|app: 0|req: 5/11] 127.0.0.1 () {36 vars in 799 bytes} [Fri Jul 17 03:34:34 2026] GET /v2/images/594fe0bf-aa5d-4b12-bb87-5e3d6afaa320 => generated 976 bytes in 72 msecs (HTTP/1.1 200) 4 headers in 157 bytes (1 switches on core 0)
Jul 17 03:34:45 devstack devstack@g-api.service[77161]: DEBUG dbcounter [-] [77161] Writing DB stats glance:SELECT=5 {{(pid=77161) stat_writer /opt/stack/data/venv/lib/python3.12/site-packages/dbcounter.py:115}}
Jul 17 03:35:49 devstack devstack@g-api.service[77163]: DEBUG glance.api.middleware.version_negotiation [None req-0abd5462-a8d4-4c4f-a938-7f34d69f65de admin admin] Determining version of request: GET / Accept: application/json {{(pid=77163) process_request /opt/stack/glance/glance/api/middleware/version_negotiation.py:44}}
Jul 17 03:35:49 devstack devstack@g-api.service[77163]: DEBUG glance.api.middleware.version_negotiation [None req-0abd5462-a8d4-4c4f-a938-7f34d69f65de admin admin] Using url versioning {{(pid=77163) process_request /opt/stack/glance/glance/api/middleware/version_negotiation.py:57}}
Jul 17 03:35:49 devstack devstack@g-api.service[77163]: DEBUG glance.api.middleware.version_negotiation [None req-0abd5462-a8d4-4c4f-a938-7f34d69f65de admin admin] Unknown version. Returning version choices. {{(pid=77163) process_request /opt/stack/glance/glance/api/middleware/version_negotiation.py:64}}
Jul 17 03:35:49 devstack devstack@g-api.service[77163]: [pid: 77163|app: 0|req: 7/12] 127.0.0.1 () {36 vars in 485 bytes} [Fri Jul 17 03:35:49 2026] GET / => generated 1557 bytes in 2 msecs (HTTP/1.1 300) 3 headers in 106 bytes (1 switches on core 0)
Jul 17 03:38:48 devstack devstack@g-api.service[77161]: DEBUG glance.api.middleware.version_negotiation [None req-5cf90a45-d16e-4552-b524-11ae49f3711d admin admin] Determining version of request: GET / Accept: application/json {{(pid=77161) process_request /opt/stack/glance/glance/api/middleware/version_negotiation.py:44}}
Jul 17 03:38:48 devstack devstack@g-api.service[77161]: DEBUG glance.api.middleware.version_negotiation [None req-5cf90a45-d16e-4552-b524-11ae49f3711d admin admin] Using url versioning {{(pid=77161) process_request /opt/stack/glance/glance/api/middleware/version_negotiation.py:57}}
Jul 17 03:38:48 devstack devstack@g-api.service[77161]: DEBUG glance.api.middleware.version_negotiation [None req-5cf90a45-d16e-4552-b524-11ae49f3711d admin admin] Unknown version. Returning version choices. {{(pid=77161) process_request /opt/stack/glance/glance/api/middleware/version_negotiation.py:64}}
Jul 17 03:38:48 devstack devstack@g-api.service[77161]: [pid: 77161|app: 0|req: 6/13] 127.0.0.1 () {34 vars in 502 bytes} [Fri Jul 17 03:38:48 2026] GET / => generated 1557 bytes in 5 msecs (HTTP/1.1 300) 3 headers in 106 bytes (1 switches on core 0)
Jul 17 03:38:48 devstack devstack@g-api.service[77163]: DEBUG glance.api.middleware.version_negotiation [None req-0abd5462-a8d4-4c4f-a938-7f34d69f65de admin admin] Determining version of request: GET /v2/images/594fe0bf-aa5d-4b12-bb87-5e3d6afaa320 Accept: */* {{(pid=77163) process_request /opt/stack/glance/glance/api/middleware/version_negotiation.py:44}}
Jul 17 03:38:48 devstack devstack@g-api.service[77163]: DEBUG glance.api.middleware.version_negotiation [None req-0abd5462-a8d4-4c4f-a938-7f34d69f65de admin admin] Using url versioning {{(pid=77163) process_request /opt/stack/glance/glance/api/middleware/version_negotiation.py:57}}
Jul 17 03:38:48 devstack devstack@g-api.service[77163]: DEBUG glance.api.middleware.version_negotiation [None req-0abd5462-a8d4-4c4f-a938-7f34d69f65de admin admin] Matched version: v2 {{(pid=77163) process_request /opt/stack/glance/glance/api/middleware/version_negotiation.py:69}}
Jul 17 03:38:48 devstack devstack@g-api.service[77163]: DEBUG glance.api.middleware.version_negotiation [None req-0abd5462-a8d4-4c4f-a938-7f34d69f65de admin admin] new path /v2/images/594fe0bf-aa5d-4b12-bb87-5e3d6afaa320 {{(pid=77163) process_request /opt/stack/glance/glance/api/middleware/version_negotiation.py:70}}
Jul 17 03:38:49 devstack devstack@g-api.service[77163]: [pid: 77163|app: 0|req: 8/14] 127.0.0.1 () {42 vars in 1058 bytes} [Fri Jul 17 03:38:48 2026] GET /v2/images/594fe0bf-aa5d-4b12-bb87-5e3d6afaa320 => generated 976 bytes in 385 msecs (HTTP/1.1 200) 4 headers in 157 bytes (1 switches on core 0)
Jul 17 03:38:49 devstack devstack@g-api.service[77161]: DEBUG glance.api.middleware.version_negotiation [None req-5cf90a45-d16e-4552-b524-11ae49f3711d admin admin] Determining version of request: GET /v2/schemas/image Accept: */* {{(pid=77161) process_request /opt/stack/glance/glance/api/middleware/version_negotiation.py:44}}
Jul 17 03:38:49 devstack devstack@g-api.service[77161]: DEBUG glance.api.middleware.version_negotiation [None req-5cf90a45-d16e-4552-b524-11ae49f3711d admin admin] Using url versioning {{(pid=77161) process_request /opt/stack/glance/glance/api/middleware/version_negotiation.py:57}}
Jul 17 03:38:49 devstack devstack@g-api.service[77161]: DEBUG glance.api.middleware.version_negotiation [None req-5cf90a45-d16e-4552-b524-11ae49f3711d admin admin] Matched version: v2 {{(pid=77161) process_request /opt/stack/glance/glance/api/middleware/version_negotiation.py:69}}
Jul 17 03:38:49 devstack devstack@g-api.service[77161]: DEBUG glance.api.middleware.version_negotiation [None req-5cf90a45-d16e-4552-b524-11ae49f3711d admin admin] new path /v2/schemas/image {{(pid=77161) process_request /opt/stack/glance/glance/api/middleware/version_negotiation.py:70}}
Jul 17 03:38:49 devstack devstack@g-api.service[77161]: [pid: 77161|app: 0|req: 7/15] 127.0.0.1 () {42 vars in 998 bytes} [Fri Jul 17 03:38:49 2026] GET /v2/schemas/image => generated 6083 bytes in 14 msecs (HTTP/1.1 200) 4 headers in 158 bytes (1 switches on core 0)
Jul 17 03:38:59 devstack devstack@g-api.service[77163]: DEBUG dbcounter [-] [77163] Writing DB stats glance:SELECT=2 {{(pid=77163) stat_writer /opt/stack/data/venv/lib/python3.12/site-packages/dbcounter.py:115}}
Jul 17 03:39:07 devstack devstack@g-api.service[77163]: DEBUG glance.api.middleware.version_negotiation [None req-c0e5ef7f-ce22-4064-9f0d-06fba790c2d7 tempest-DeleteServersTestJSON-1462638403 tempest-DeleteServersTestJSON-1462638403-project-member] Determining version of request: GET /v2/images/594fe0bf-aa5d-4b12-bb87-5e3d6afaa320 Accept: */* {{(pid=77163) process_request /opt/stack/glance/glance/api/middleware/version_negotiation.py:44}}
Jul 17 03:39:07 devstack devstack@g-api.service[77163]: DEBUG glance.api.middleware.version_negotiation [None req-c0e5ef7f-ce22-4064-9f0d-06fba790c2d7 tempest-DeleteServersTestJSON-1462638403 tempest-DeleteServersTestJSON-1462638403-project-member] Using url versioning {{(pid=77163) process_request /opt/stack/glance/glance/api/middleware/version_negotiation.py:57}}
Jul 17 03:39:07 devstack devstack@g-api.service[77163]: DEBUG glance.api.middleware.version_negotiation [None req-c0e5ef7f-ce22-4064-9f0d-06fba790c2d7 tempest-DeleteServersTestJSON-1462638403 tempest-DeleteServersTestJSON-1462638403-project-member] Matched version: v2 {{(pid=77163) process_request /opt/stack/glance/glance/api/middleware/version_negotiation.py:69}}
Jul 17 03:39:07 devstack devstack@g-api.service[77163]: DEBUG glance.api.middleware.version_negotiation [None req-c0e5ef7f-ce22-4064-9f0d-06fba790c2d7 tempest-DeleteServersTestJSON-1462638403 tempest-DeleteServersTestJSON-1462638403-project-member] new path /v2/images/594fe0bf-aa5d-4b12-bb87-5e3d6afaa320 {{(pid=77163) process_request /opt/stack/glance/glance/api/middleware/version_negotiation.py:70}}
Jul 17 03:39:07 devstack devstack@g-api.service[77163]: [pid: 77163|app: 0|req: 9/16] 127.0.0.1 () {42 vars in 1058 bytes} [Fri Jul 17 03:39:07 2026] GET /v2/images/594fe0bf-aa5d-4b12-bb87-5e3d6afaa320 => generated 976 bytes in 223 msecs (HTTP/1.1 200) 4 headers in 157 bytes (1 switches on core 0)
Jul 17 03:39:07 devstack devstack@g-api.service[77161]: DEBUG glance.api.middleware.version_negotiation [None req-c0e5ef7f-ce22-4064-9f0d-06fba790c2d7 tempest-DeleteServersTestJSON-1462638403 tempest-DeleteServersTestJSON-1462638403-project-member] Determining version of request: GET /v2/images/594fe0bf-aa5d-4b12-bb87-5e3d6afaa320/file Accept: */* {{(pid=77161) process_request /opt/stack/glance/glance/api/middleware/version_negotiation.py:44}}
Jul 17 03:39:07 devstack devstack@g-api.service[77161]: DEBUG glance.api.middleware.version_negotiation [None req-c0e5ef7f-ce22-4064-9f0d-06fba790c2d7 tempest-DeleteServersTestJSON-1462638403 tempest-DeleteServersTestJSON-1462638403-project-member] Using url versioning {{(pid=77161) process_request /opt/stack/glance/glance/api/middleware/version_negotiation.py:57}}
Jul 17 03:39:07 devstack devstack@g-api.service[77161]: DEBUG glance.api.middleware.version_negotiation [None req-c0e5ef7f-ce22-4064-9f0d-06fba790c2d7 tempest-DeleteServersTestJSON-1462638403 tempest-DeleteServersTestJSON-1462638403-project-member] Matched version: v2 {{(pid=77161) process_request /opt/stack/glance/glance/api/middleware/version_negotiation.py:69}}
Jul 17 03:39:07 devstack devstack@g-api.service[77161]: DEBUG glance.api.middleware.version_negotiation [None req-c0e5ef7f-ce22-4064-9f0d-06fba790c2d7 tempest-DeleteServersTestJSON-1462638403 tempest-DeleteServersTestJSON-1462638403-project-member] new path /v2/images/594fe0bf-aa5d-4b12-bb87-5e3d6afaa320/file {{(pid=77161) process_request /opt/stack/glance/glance/api/middleware/version_negotiation.py:70}}
Jul 17 03:39:07 devstack devstack@g-api.service[77161]: DEBUG glance_store._drivers.filesystem [None req-c0e5ef7f-ce22-4064-9f0d-06fba790c2d7 tempest-DeleteServersTestJSON-1462638403 tempest-DeleteServersTestJSON-1462638403-project-member] Found image at /opt/stack/data/glance/images/594fe0bf-aa5d-4b12-bb87-5e3d6afaa320. Returning in ChunkedFile. {{(pid=77161) get /opt/stack/data/venv/lib/python3.12/site-packages/glance_store/_drivers/filesystem.py:724}}
Jul 17 03:39:08 devstack devstack@g-api.service[77161]: DEBUG glance.image_cache [None req-c0e5ef7f-ce22-4064-9f0d-06fba790c2d7 tempest-DeleteServersTestJSON-1462638403 tempest-DeleteServersTestJSON-1462638403-project-member] Tee'ing image '594fe0bf-aa5d-4b12-bb87-5e3d6afaa320' into cache {{(pid=77161) get_caching_iter /opt/stack/glance/glance/image_cache/__init__.py:356}}
Jul 17 03:39:08 devstack devstack@g-api.service[77161]: DEBUG glance.image_cache.drivers.centralized_db [None req-c0e5ef7f-ce22-4064-9f0d-06fba790c2d7 tempest-DeleteServersTestJSON-1462638403 tempest-DeleteServersTestJSON-1462638403-project-member] Fetch finished, moving '/opt/stack/data/glance/cache/incomplete/594fe0bf-aa5d-4b12-bb87-5e3d6afaa320' to '/opt/stack/data/glance/cache/594fe0bf-aa5d-4b12-bb87-5e3d6afaa320' {{(pid=77161) commit /opt/stack/glance/glance/image_cache/drivers/centralized_db.py:243}}
Jul 17 03:39:08 devstack devstack@g-api.service[77161]: DEBUG glance.image_cache.drivers.centralized_db [None req-c0e5ef7f-ce22-4064-9f0d-06fba790c2d7 tempest-DeleteServersTestJSON-1462638403 tempest-DeleteServersTestJSON-1462638403-project-member] Image cached successfully. {{(pid=77161) commit /opt/stack/glance/glance/image_cache/drivers/centralized_db.py:258}}
Jul 17 03:39:08 devstack devstack@g-api.service[77161]: [pid: 77161|app: 0|req: 8/17] 127.0.0.1 () {42 vars in 1068 bytes} [Fri Jul 17 03:39:07 2026] GET /v2/images/594fe0bf-aa5d-4b12-bb87-5e3d6afaa320/file => generated 21692416 bytes in 497 msecs (HTTP/1.1 200) 4 headers in 191 bytes (337 switches on core 0)
Jul 17 03:39:08 devstack devstack@g-api.service[77163]: DEBUG glance.api.middleware.version_negotiation [None req-c0e5ef7f-ce22-4064-9f0d-06fba790c2d7 tempest-DeleteServersTestJSON-1462638403 tempest-DeleteServersTestJSON-1462638403-project-member] Determining version of request: GET /v2/images/594fe0bf-aa5d-4b12-bb87-5e3d6afaa320 Accept: */* {{(pid=77163) process_request /opt/stack/glance/glance/api/middleware/version_negotiation.py:44}}
Jul 17 03:39:08 devstack devstack@g-api.service[77163]: DEBUG glance.api.middleware.version_negotiation [None req-c0e5ef7f-ce22-4064-9f0d-06fba790c2d7 tempest-DeleteServersTestJSON-1462638403 tempest-DeleteServersTestJSON-1462638403-project-member] Using url versioning {{(pid=77163) process_request /opt/stack/glance/glance/api/middleware/version_negotiation.py:57}}
Jul 17 03:39:08 devstack devstack@g-api.service[77163]: DEBUG glance.api.middleware.version_negotiation [None req-c0e5ef7f-ce22-4064-9f0d-06fba790c2d7 tempest-DeleteServersTestJSON-1462638403 tempest-DeleteServersTestJSON-1462638403-project-member] Matched version: v2 {{(pid=77163) process_request /opt/stack/glance/glance/api/middleware/version_negotiation.py:69}}
Jul 17 03:39:08 devstack devstack@g-api.service[77163]: DEBUG glance.api.middleware.version_negotiation [None req-c0e5ef7f-ce22-4064-9f0d-06fba790c2d7 tempest-DeleteServersTestJSON-1462638403 tempest-DeleteServersTestJSON-1462638403-project-member] new path /v2/images/594fe0bf-aa5d-4b12-bb87-5e3d6afaa320 {{(pid=77163) process_request /opt/stack/glance/glance/api/middleware/version_negotiation.py:70}}
Jul 17 03:39:08 devstack devstack@g-api.service[77163]: [pid: 77163|app: 0|req: 10/18] 127.0.0.1 () {42 vars in 1058 bytes} [Fri Jul 17 03:39:08 2026] GET /v2/images/594fe0bf-aa5d-4b12-bb87-5e3d6afaa320 => generated 976 bytes in 36 msecs (HTTP/1.1 200) 4 headers in 157 bytes (1 switches on core 0)
Jul 17 03:39:08 devstack devstack@g-api.service[77161]: DEBUG glance.api.middleware.version_negotiation [None req-c0e5ef7f-ce22-4064-9f0d-06fba790c2d7 tempest-DeleteServersTestJSON-1462638403 tempest-DeleteServersTestJSON-1462638403-project-member] Determining version of request: GET /v2/schemas/image Accept: */* {{(pid=77161) process_request /opt/stack/glance/glance/api/middleware/version_negotiation.py:44}}
Jul 17 03:39:08 devstack devstack@g-api.service[77161]: DEBUG glance.api.middleware.version_negotiation [None req-c0e5ef7f-ce22-4064-9f0d-06fba790c2d7 tempest-DeleteServersTestJSON-1462638403 tempest-DeleteServersTestJSON-1462638403-project-member] Using url versioning {{(pid=77161) process_request /opt/stack/glance/glance/api/middleware/version_negotiation.py:57}}
Jul 17 03:39:08 devstack devstack@g-api.service[77161]: DEBUG glance.api.middleware.version_negotiation [None req-c0e5ef7f-ce22-4064-9f0d-06fba790c2d7 tempest-DeleteServersTestJSON-1462638403 tempest-DeleteServersTestJSON-1462638403-project-member] Matched version: v2 {{(pid=77161) process_request /opt/stack/glance/glance/api/middleware/version_negotiation.py:69}}
Jul 17 03:39:08 devstack devstack@g-api.service[77161]: DEBUG glance.api.middleware.version_negotiation [None req-c0e5ef7f-ce22-4064-9f0d-06fba790c2d7 tempest-DeleteServersTestJSON-1462638403 tempest-DeleteServersTestJSON-1462638403-project-member] new path /v2/schemas/image {{(pid=77161) process_request /opt/stack/glance/glance/api/middleware/version_negotiation.py:70}}
Jul 17 03:39:08 devstack devstack@g-api.service[77161]: [pid: 77161|app: 0|req: 9/19] 127.0.0.1 () {42 vars in 998 bytes} [Fri Jul 17 03:39:08 2026] GET /v2/schemas/image => generated 6083 bytes in 9 msecs (HTTP/1.1 200) 4 headers in 158 bytes (1 switches on core 0)
Jul 17 03:39:14 devstack devstack@g-api.service[77163]: DEBUG glance.api.middleware.version_negotiation [None req-c0e5ef7f-ce22-4064-9f0d-06fba790c2d7 tempest-DeleteServersTestJSON-1462638403 tempest-DeleteServersTestJSON-1462638403-project-member] Determining version of request: GET / Accept: application/json {{(pid=77163) process_request /opt/stack/glance/glance/api/middleware/version_negotiation.py:44}}
Jul 17 03:39:14 devstack devstack@g-api.service[77163]: DEBUG glance.api.middleware.version_negotiation [None req-c0e5ef7f-ce22-4064-9f0d-06fba790c2d7 tempest-DeleteServersTestJSON-1462638403 tempest-DeleteServersTestJSON-1462638403-project-member] Using url versioning {{(pid=77163) process_request /opt/stack/glance/glance/api/middleware/version_negotiation.py:57}}
Jul 17 03:39:14 devstack devstack@g-api.service[77163]: DEBUG glance.api.middleware.version_negotiation [None req-c0e5ef7f-ce22-4064-9f0d-06fba790c2d7 tempest-DeleteServersTestJSON-1462638403 tempest-DeleteServersTestJSON-1462638403-project-member] Unknown version. Returning version choices. {{(pid=77163) process_request /opt/stack/glance/glance/api/middleware/version_negotiation.py:64}}
Jul 17 03:39:14 devstack devstack@g-api.service[77163]: [pid: 77163|app: 0|req: 11/20] 127.0.0.1 () {34 vars in 502 bytes} [Fri Jul 17 03:39:14 2026] GET / => generated 1557 bytes in 4 msecs (HTTP/1.1 300) 3 headers in 106 bytes (1 switches on core 0)
Jul 17 03:39:14 devstack devstack@g-api.service[77161]: DEBUG glance.api.middleware.version_negotiation [None req-c0e5ef7f-ce22-4064-9f0d-06fba790c2d7 tempest-DeleteServersTestJSON-1462638403 tempest-DeleteServersTestJSON-1462638403-project-member] Determining version of request: GET /v2/images/594fe0bf-aa5d-4b12-bb87-5e3d6afaa320 Accept: */* {{(pid=77161) process_request /opt/stack/glance/glance/api/middleware/version_negotiation.py:44}}
Jul 17 03:39:14 devstack devstack@g-api.service[77161]: DEBUG glance.api.middleware.version_negotiation [None req-c0e5ef7f-ce22-4064-9f0d-06fba790c2d7 tempest-DeleteServersTestJSON-1462638403 tempest-DeleteServersTestJSON-1462638403-project-member] Using url versioning {{(pid=77161) process_request /opt/stack/glance/glance/api/middleware/version_negotiation.py:57}}
Jul 17 03:39:14 devstack devstack@g-api.service[77161]: DEBUG glance.api.middleware.version_negotiation [None req-c0e5ef7f-ce22-4064-9f0d-06fba790c2d7 tempest-DeleteServersTestJSON-1462638403 tempest-DeleteServersTestJSON-1462638403-project-member] Matched version: v2 {{(pid=77161) process_request /opt/stack/glance/glance/api/middleware/version_negotiation.py:69}}
Jul 17 03:39:14 devstack devstack@g-api.service[77161]: DEBUG glance.api.middleware.version_negotiation [None req-c0e5ef7f-ce22-4064-9f0d-06fba790c2d7 tempest-DeleteServersTestJSON-1462638403 tempest-DeleteServersTestJSON-1462638403-project-member] new path /v2/images/594fe0bf-aa5d-4b12-bb87-5e3d6afaa320 {{(pid=77161) process_request /opt/stack/glance/glance/api/middleware/version_negotiation.py:70}}
Jul 17 03:39:14 devstack devstack@g-api.service[77161]: [pid: 77161|app: 0|req: 10/21] 127.0.0.1 () {42 vars in 1058 bytes} [Fri Jul 17 03:39:14 2026] GET /v2/images/594fe0bf-aa5d-4b12-bb87-5e3d6afaa320 => generated 976 bytes in 48 msecs (HTTP/1.1 200) 4 headers in 157 bytes (1 switches on core 0)
Jul 17 03:39:14 devstack devstack@g-api.service[77163]: DEBUG glance.api.middleware.version_negotiation [None req-c0e5ef7f-ce22-4064-9f0d-06fba790c2d7 tempest-DeleteServersTestJSON-1462638403 tempest-DeleteServersTestJSON-1462638403-project-member] Determining version of request: GET /v2/schemas/image Accept: */* {{(pid=77163) process_request /opt/stack/glance/glance/api/middleware/version_negotiation.py:44}}
Jul 17 03:39:14 devstack devstack@g-api.service[77163]: DEBUG glance.api.middleware.version_negotiation [None req-c0e5ef7f-ce22-4064-9f0d-06fba790c2d7 tempest-DeleteServersTestJSON-1462638403 tempest-DeleteServersTestJSON-1462638403-project-member] Using url versioning {{(pid=77163) process_request /opt/stack/glance/glance/api/middleware/version_negotiation.py:57}}
Jul 17 03:39:14 devstack devstack@g-api.service[77163]: DEBUG glance.api.middleware.version_negotiation [None req-c0e5ef7f-ce22-4064-9f0d-06fba790c2d7 tempest-DeleteServersTestJSON-1462638403 tempest-DeleteServersTestJSON-1462638403-project-member] Matched version: v2 {{(pid=77163) process_request /opt/stack/glance/glance/api/middleware/version_negotiation.py:69}}
Jul 17 03:39:14 devstack devstack@g-api.service[77163]: DEBUG glance.api.middleware.version_negotiation [None req-c0e5ef7f-ce22-4064-9f0d-06fba790c2d7 tempest-DeleteServersTestJSON-1462638403 tempest-DeleteServersTestJSON-1462638403-project-member] new path /v2/schemas/image {{(pid=77163) process_request /opt/stack/glance/glance/api/middleware/version_negotiation.py:70}}
Jul 17 03:39:14 devstack devstack@g-api.service[77163]: [pid: 77163|app: 0|req: 12/22] 127.0.0.1 () {42 vars in 998 bytes} [Fri Jul 17 03:39:14 2026] GET /v2/schemas/image => generated 6083 bytes in 7 msecs (HTTP/1.1 200) 4 headers in 158 bytes (1 switches on core 0)
Jul 17 03:39:18 devstack devstack@g-api.service[77163]: DEBUG dbcounter [-] [77163] Writing DB stats glance:SELECT=4 {{(pid=77163) stat_writer /opt/stack/data/venv/lib/python3.12/site-packages/dbcounter.py:115}}
Jul 17 03:39:24 devstack devstack@g-api.service[77161]: DEBUG dbcounter [-] [77161] Writing DB stats glance:SELECT=7,glance:INSERT=1 {{(pid=77161) stat_writer /opt/stack/data/venv/lib/python3.12/site-packages/dbcounter.py:115}}
Jul 17 03:39:30 devstack devstack@g-api.service[77161]: DEBUG glance.api.middleware.version_negotiation [None req-18353d06-6417-4882-ae75-2317a643d5ca tempest-VolumesAdminNegativeTest-1592060668 tempest-VolumesAdminNegativeTest-1592060668-project-member] Determining version of request: GET /v2/images/594fe0bf-aa5d-4b12-bb87-5e3d6afaa320 Accept: */* {{(pid=77161) process_request /opt/stack/glance/glance/api/middleware/version_negotiation.py:44}}
Jul 17 03:39:30 devstack devstack@g-api.service[77161]: DEBUG glance.api.middleware.version_negotiation [None req-18353d06-6417-4882-ae75-2317a643d5ca tempest-VolumesAdminNegativeTest-1592060668 tempest-VolumesAdminNegativeTest-1592060668-project-member] Using url versioning {{(pid=77161) process_request /opt/stack/glance/glance/api/middleware/version_negotiation.py:57}}
Jul 17 03:39:30 devstack devstack@g-api.service[77161]: DEBUG glance.api.middleware.version_negotiation [None req-18353d06-6417-4882-ae75-2317a643d5ca tempest-VolumesAdminNegativeTest-1592060668 tempest-VolumesAdminNegativeTest-1592060668-project-member] Matched version: v2 {{(pid=77161) process_request /opt/stack/glance/glance/api/middleware/version_negotiation.py:69}}
Jul 17 03:39:30 devstack devstack@g-api.service[77161]: DEBUG glance.api.middleware.version_negotiation [None req-18353d06-6417-4882-ae75-2317a643d5ca tempest-VolumesAdminNegativeTest-1592060668 tempest-VolumesAdminNegativeTest-1592060668-project-member] new path /v2/images/594fe0bf-aa5d-4b12-bb87-5e3d6afaa320 {{(pid=77161) process_request /opt/stack/glance/glance/api/middleware/version_negotiation.py:70}}
Jul 17 03:39:30 devstack devstack@g-api.service[77161]: [pid: 77161|app: 0|req: 11/23] 127.0.0.1 () {42 vars in 1058 bytes} [Fri Jul 17 03:39:30 2026] GET /v2/images/594fe0bf-aa5d-4b12-bb87-5e3d6afaa320 => generated 976 bytes in 47 msecs (HTTP/1.1 200) 4 headers in 157 bytes (1 switches on core 0)
Jul 17 03:39:30 devstack devstack@g-api.service[77163]: DEBUG glance.api.middleware.version_negotiation [None req-18353d06-6417-4882-ae75-2317a643d5ca tempest-VolumesAdminNegativeTest-1592060668 tempest-VolumesAdminNegativeTest-1592060668-project-member] Determining version of request: GET /v2/schemas/image Accept: */* {{(pid=77163) process_request /opt/stack/glance/glance/api/middleware/version_negotiation.py:44}}
Jul 17 03:39:30 devstack devstack@g-api.service[77163]: DEBUG glance.api.middleware.version_negotiation [None req-18353d06-6417-4882-ae75-2317a643d5ca tempest-VolumesAdminNegativeTest-1592060668 tempest-VolumesAdminNegativeTest-1592060668-project-member] Using url versioning {{(pid=77163) process_request /opt/stack/glance/glance/api/middleware/version_negotiation.py:57}}
Jul 17 03:39:30 devstack devstack@g-api.service[77163]: DEBUG glance.api.middleware.version_negotiation [None req-18353d06-6417-4882-ae75-2317a643d5ca tempest-VolumesAdminNegativeTest-1592060668 tempest-VolumesAdminNegativeTest-1592060668-project-member] Matched version: v2 {{(pid=77163) process_request /opt/stack/glance/glance/api/middleware/version_negotiation.py:69}}
Jul 17 03:39:30 devstack devstack@g-api.service[77163]: DEBUG glance.api.middleware.version_negotiation [None req-18353d06-6417-4882-ae75-2317a643d5ca tempest-VolumesAdminNegativeTest-1592060668 tempest-VolumesAdminNegativeTest-1592060668-project-member] new path /v2/schemas/image {{(pid=77163) process_request /opt/stack/glance/glance/api/middleware/version_negotiation.py:70}}
Jul 17 03:39:30 devstack devstack@g-api.service[77163]: [pid: 77163|app: 0|req: 13/24] 127.0.0.1 () {42 vars in 998 bytes} [Fri Jul 17 03:39:30 2026] GET /v2/schemas/image => generated 6083 bytes in 19 msecs (HTTP/1.1 200) 4 headers in 158 bytes (1 switches on core 0)
Jul 17 03:39:40 devstack devstack@g-api.service[77161]: DEBUG dbcounter [-] [77161] Writing DB stats glance:SELECT=2 {{(pid=77161) stat_writer /opt/stack/data/venv/lib/python3.12/site-packages/dbcounter.py:115}}
Jul 17 03:40:20 devstack devstack@g-api.service[77161]: DEBUG glance.api.middleware.version_negotiation [None req-a7e7e504-6ba7-41df-abd3-6931a575b67c tempest-TaggedAttachmentsTest-1681234893 tempest-TaggedAttachmentsTest-1681234893-project-member] Determining version of request: GET /v2/images/594fe0bf-aa5d-4b12-bb87-5e3d6afaa320 Accept: */* {{(pid=77161) process_request /opt/stack/glance/glance/api/middleware/version_negotiation.py:44}}
Jul 17 03:40:20 devstack devstack@g-api.service[77161]: DEBUG glance.api.middleware.version_negotiation [None req-a7e7e504-6ba7-41df-abd3-6931a575b67c tempest-TaggedAttachmentsTest-1681234893 tempest-TaggedAttachmentsTest-1681234893-project-member] Using url versioning {{(pid=77161) process_request /opt/stack/glance/glance/api/middleware/version_negotiation.py:57}}
