Aug 24 09:15:23 devstack devstack@g-api.service[83948]: DEBUG glance.common.config [None req-71bf85fe-69c7-4d35-8842-f444fc824527 None None] barbican_service_user.certfile = None {{(pid=83948) log_opt_values /opt/stack/data/venv/lib/python3.12/site-packages/oslo_config/cfg.py:3560}}
Aug 24 09:15:23 devstack devstack@g-api.service[83948]: DEBUG glance.common.config [None req-71bf85fe-69c7-4d35-8842-f444fc824527 None None] barbican_service_user.collect_timing = False {{(pid=83948) log_opt_values /opt/stack/data/venv/lib/python3.12/site-packages/oslo_config/cfg.py:3560}}
Aug 24 09:15:23 devstack devstack@g-api.service[83948]: DEBUG glance.common.config [None req-71bf85fe-69c7-4d35-8842-f444fc824527 None None] barbican_service_user.insecure = False {{(pid=83948) log_opt_values /opt/stack/data/venv/lib/python3.12/site-packages/oslo_config/cfg.py:3560}}
Aug 24 09:15:23 devstack devstack@g-api.service[83948]: DEBUG glance.common.config [None req-71bf85fe-69c7-4d35-8842-f444fc824527 None None] barbican_service_user.keyfile = None {{(pid=83948) log_opt_values /opt/stack/data/venv/lib/python3.12/site-packages/oslo_config/cfg.py:3560}}
Aug 24 09:15:23 devstack devstack@g-api.service[83948]: DEBUG glance.common.config [None req-71bf85fe-69c7-4d35-8842-f444fc824527 None None] barbican_service_user.split_loggers = False {{(pid=83948) log_opt_values /opt/stack/data/venv/lib/python3.12/site-packages/oslo_config/cfg.py:3560}}
Aug 24 09:15:23 devstack devstack@g-api.service[83948]: DEBUG glance.common.config [None req-71bf85fe-69c7-4d35-8842-f444fc824527 None None] barbican_service_user.timeout = None {{(pid=83948) log_opt_values /opt/stack/data/venv/lib/python3.12/site-packages/oslo_config/cfg.py:3560}}
Aug 24 09:15:23 devstack devstack@g-api.service[83948]: DEBUG glance.common.config [None req-71bf85fe-69c7-4d35-8842-f444fc824527 None None] database.asyncio_connection = **** {{(pid=83948) log_opt_values /opt/stack/data/venv/lib/python3.12/site-packages/oslo_config/cfg.py:3560}}
Aug 24 09:15:23 devstack devstack@g-api.service[83948]: DEBUG glance.common.config [None req-71bf85fe-69c7-4d35-8842-f444fc824527 None None] database.asyncio_slave_connection = **** {{(pid=83948) log_opt_values /opt/stack/data/venv/lib/python3.12/site-packages/oslo_config/cfg.py:3560}}
Aug 24 09:15:23 devstack devstack@g-api.service[83948]: DEBUG glance.common.config [None req-71bf85fe-69c7-4d35-8842-f444fc824527 None None] database.backend = sqlalchemy {{(pid=83948) log_opt_values /opt/stack/data/venv/lib/python3.12/site-packages/oslo_config/cfg.py:3560}}
Aug 24 09:15:23 devstack devstack@g-api.service[83948]: DEBUG glance.common.config [None req-71bf85fe-69c7-4d35-8842-f444fc824527 None None] database.connection = **** {{(pid=83948) log_opt_values /opt/stack/data/venv/lib/python3.12/site-packages/oslo_config/cfg.py:3560}}
Aug 24 09:15:23 devstack devstack@g-api.service[83948]: DEBUG glance.common.config [None req-71bf85fe-69c7-4d35-8842-f444fc824527 None None] database.connection_debug = 0 {{(pid=83948) log_opt_values /opt/stack/data/venv/lib/python3.12/site-packages/oslo_config/cfg.py:3560}}
Aug 24 09:15:23 devstack devstack@g-api.service[83948]: DEBUG glance.common.config [None req-71bf85fe-69c7-4d35-8842-f444fc824527 None None] database.connection_parameters = {{(pid=83948) log_opt_values /opt/stack/data/venv/lib/python3.12/site-packages/oslo_config/cfg.py:3560}}
Aug 24 09:15:23 devstack devstack@g-api.service[83948]: DEBUG glance.common.config [None req-71bf85fe-69c7-4d35-8842-f444fc824527 None None] database.connection_recycle_time = 3600 {{(pid=83948) log_opt_values /opt/stack/data/venv/lib/python3.12/site-packages/oslo_config/cfg.py:3560}}
Aug 24 09:15:23 devstack devstack@g-api.service[83948]: DEBUG glance.common.config [None req-71bf85fe-69c7-4d35-8842-f444fc824527 None None] database.connection_trace = False {{(pid=83948) log_opt_values /opt/stack/data/venv/lib/python3.12/site-packages/oslo_config/cfg.py:3560}}
Aug 24 09:15:23 devstack devstack@g-api.service[83948]: DEBUG glance.common.config [None req-71bf85fe-69c7-4d35-8842-f444fc824527 None None] database.db_inc_retry_interval = True {{(pid=83948) log_opt_values /opt/stack/data/venv/lib/python3.12/site-packages/oslo_config/cfg.py:3560}}
Aug 24 09:15:23 devstack devstack@g-api.service[83948]: DEBUG glance.common.config [None req-71bf85fe-69c7-4d35-8842-f444fc824527 None None] database.db_max_retries = 20 {{(pid=83948) log_opt_values /opt/stack/data/venv/lib/python3.12/site-packages/oslo_config/cfg.py:3560}}
Aug 24 09:15:23 devstack devstack@g-api.service[83948]: DEBUG glance.common.config [None req-71bf85fe-69c7-4d35-8842-f444fc824527 None None] database.db_max_retry_interval = 10 {{(pid=83948) log_opt_values /opt/stack/data/venv/lib/python3.12/site-packages/oslo_config/cfg.py:3560}}
Aug 24 09:15:23 devstack devstack@g-api.service[83948]: DEBUG glance.common.config [None req-71bf85fe-69c7-4d35-8842-f444fc824527 None None] database.db_retry_interval = 1 {{(pid=83948) log_opt_values /opt/stack/data/venv/lib/python3.12/site-packages/oslo_config/cfg.py:3560}}
Aug 24 09:15:23 devstack devstack@g-api.service[83948]: DEBUG glance.common.config [None req-71bf85fe-69c7-4d35-8842-f444fc824527 None None] database.max_overflow = 50 {{(pid=83948) log_opt_values /opt/stack/data/venv/lib/python3.12/site-packages/oslo_config/cfg.py:3560}}
Aug 24 09:15:23 devstack devstack@g-api.service[83948]: DEBUG glance.common.config [None req-71bf85fe-69c7-4d35-8842-f444fc824527 None None] database.max_pool_size = 5 {{(pid=83948) log_opt_values /opt/stack/data/venv/lib/python3.12/site-packages/oslo_config/cfg.py:3560}}
Aug 24 09:15:23 devstack devstack@g-api.service[83948]: DEBUG glance.common.config [None req-71bf85fe-69c7-4d35-8842-f444fc824527 None None] database.max_retries = 10 {{(pid=83948) log_opt_values /opt/stack/data/venv/lib/python3.12/site-packages/oslo_config/cfg.py:3560}}
Aug 24 09:15:23 devstack devstack@g-api.service[83948]: DEBUG glance.common.config [None req-71bf85fe-69c7-4d35-8842-f444fc824527 None None] database.mysql_sql_mode = TRADITIONAL {{(pid=83948) log_opt_values /opt/stack/data/venv/lib/python3.12/site-packages/oslo_config/cfg.py:3560}}
Aug 24 09:15:23 devstack devstack@g-api.service[83948]: DEBUG glance.common.config [None req-71bf85fe-69c7-4d35-8842-f444fc824527 None None] database.mysql_wsrep_sync_wait = None {{(pid=83948) log_opt_values /opt/stack/data/venv/lib/python3.12/site-packages/oslo_config/cfg.py:3560}}
Aug 24 09:15:23 devstack devstack@g-api.service[83948]: DEBUG glance.common.config [None req-71bf85fe-69c7-4d35-8842-f444fc824527 None None] database.pool_timeout = None {{(pid=83948) log_opt_values /opt/stack/data/venv/lib/python3.12/site-packages/oslo_config/cfg.py:3560}}
Aug 24 09:15:23 devstack devstack@g-api.service[83948]: DEBUG glance.common.config [None req-71bf85fe-69c7-4d35-8842-f444fc824527 None None] database.retry_interval = 10 {{(pid=83948) log_opt_values /opt/stack/data/venv/lib/python3.12/site-packages/oslo_config/cfg.py:3560}}
Aug 24 09:15:23 devstack devstack@g-api.service[83948]: DEBUG glance.common.config [None req-71bf85fe-69c7-4d35-8842-f444fc824527 None None] database.slave_connection = **** {{(pid=83948) log_opt_values /opt/stack/data/venv/lib/python3.12/site-packages/oslo_config/cfg.py:3560}}
Aug 24 09:15:23 devstack devstack@g-api.service[83948]: DEBUG glance.common.config [None req-71bf85fe-69c7-4d35-8842-f444fc824527 None None] database.sqlite_synchronous = True {{(pid=83948) log_opt_values /opt/stack/data/venv/lib/python3.12/site-packages/oslo_config/cfg.py:3560}}
Aug 24 09:15:23 devstack devstack@g-api.service[83948]: DEBUG glance.common.config [None req-71bf85fe-69c7-4d35-8842-f444fc824527 None None] database.synchronous_reader = True {{(pid=83948) log_opt_values /opt/stack/data/venv/lib/python3.12/site-packages/oslo_config/cfg.py:3560}}
Aug 24 09:15:23 devstack devstack@g-api.service[83948]: DEBUG glance.common.config [None req-71bf85fe-69c7-4d35-8842-f444fc824527 None None] database.use_db_reconnect = False {{(pid=83948) log_opt_values /opt/stack/data/venv/lib/python3.12/site-packages/oslo_config/cfg.py:3560}}
Aug 24 09:15:23 devstack devstack@g-api.service[83948]: DEBUG glance.common.config [None req-71bf85fe-69c7-4d35-8842-f444fc824527 None None] healthcheck.allowed_source_ranges = [] {{(pid=83948) log_opt_values /opt/stack/data/venv/lib/python3.12/site-packages/oslo_config/cfg.py:3560}}
Aug 24 09:15:23 devstack devstack@g-api.service[83948]: DEBUG glance.common.config [None req-71bf85fe-69c7-4d35-8842-f444fc824527 None None] healthcheck.backends = ['disable_by_file'] {{(pid=83948) log_opt_values /opt/stack/data/venv/lib/python3.12/site-packages/oslo_config/cfg.py:3560}}
Aug 24 09:15:23 devstack devstack@g-api.service[83948]: DEBUG glance.common.config [None req-71bf85fe-69c7-4d35-8842-f444fc824527 None None] healthcheck.detailed = False {{(pid=83948) log_opt_values /opt/stack/data/venv/lib/python3.12/site-packages/oslo_config/cfg.py:3560}}
Aug 24 09:15:23 devstack devstack@g-api.service[83948]: DEBUG glance.common.config [None req-71bf85fe-69c7-4d35-8842-f444fc824527 None None] healthcheck.disable_by_file_path = None {{(pid=83948) log_opt_values /opt/stack/data/venv/lib/python3.12/site-packages/oslo_config/cfg.py:3560}}
Aug 24 09:15:23 devstack devstack@g-api.service[83948]: DEBUG glance.common.config [None req-71bf85fe-69c7-4d35-8842-f444fc824527 None None] healthcheck.ignore_proxied_requests = False {{(pid=83948) log_opt_values /opt/stack/data/venv/lib/python3.12/site-packages/oslo_config/cfg.py:3560}}
Aug 24 09:15:23 devstack devstack@g-api.service[83948]: DEBUG glance.common.config [None req-71bf85fe-69c7-4d35-8842-f444fc824527 None None] ******************************************************************************** {{(pid=83948) log_opt_values /opt/stack/data/venv/lib/python3.12/site-packages/oslo_config/cfg.py:3567}}
Aug 24 09:15:23 devstack devstack@g-api.service[83948]: WSGI app 0 (mountpoint='') ready in 5 seconds on interpreter 0x7b72794a4668 pid: 83948 (default app)
Aug 24 09:15:27 devstack devstack@g-api.service[83947]: DEBUG glance.api.middleware.version_negotiation [None req-f039d141-d25c-4348-9ba2-88f504cdcf81 None None] Determining version of request: GET / Accept: application/json {{(pid=83947) process_request /opt/stack/glance/glance/api/middleware/version_negotiation.py:44}}
Aug 24 09:15:27 devstack devstack@g-api.service[83947]: DEBUG glance.api.middleware.version_negotiation [None req-f039d141-d25c-4348-9ba2-88f504cdcf81 None None] Using url versioning {{(pid=83947) process_request /opt/stack/glance/glance/api/middleware/version_negotiation.py:57}}
Aug 24 09:15:27 devstack devstack@g-api.service[83947]: DEBUG glance.api.middleware.version_negotiation [None req-f039d141-d25c-4348-9ba2-88f504cdcf81 None None] Unknown version. Returning version choices. {{(pid=83947) process_request /opt/stack/glance/glance/api/middleware/version_negotiation.py:64}}
Aug 24 09:15:27 devstack devstack@g-api.service[83947]: [pid: 83947|app: 0|req: 2/2] 127.0.0.1 () {34 vars in 516 bytes} [Mon Aug 24 09:15:27 2026] GET / => generated 1557 bytes in 3 msecs (HTTP/1.1 300) 3 headers in 106 bytes (1 switches on core 0)
Aug 24 09:15:27 devstack devstack@g-api.service[83948]: DEBUG glance.api.middleware.version_negotiation [None req-71bf85fe-69c7-4d35-8842-f444fc824527 None None] Determining version of request: POST /v2/images Accept: */* {{(pid=83948) process_request /opt/stack/glance/glance/api/middleware/version_negotiation.py:44}}
Aug 24 09:15:27 devstack devstack@g-api.service[83948]: DEBUG glance.api.middleware.version_negotiation [None req-71bf85fe-69c7-4d35-8842-f444fc824527 None None] Using url versioning {{(pid=83948) process_request /opt/stack/glance/glance/api/middleware/version_negotiation.py:57}}
Aug 24 09:15:27 devstack devstack@g-api.service[83948]: DEBUG glance.api.middleware.version_negotiation [None req-71bf85fe-69c7-4d35-8842-f444fc824527 None None] Matched version: v2 {{(pid=83948) process_request /opt/stack/glance/glance/api/middleware/version_negotiation.py:69}}
Aug 24 09:15:27 devstack devstack@g-api.service[83948]: DEBUG glance.api.middleware.version_negotiation [None req-71bf85fe-69c7-4d35-8842-f444fc824527 None None] new path /v2/images {{(pid=83948) process_request /opt/stack/glance/glance/api/middleware/version_negotiation.py:70}}
Aug 24 09:15:28 devstack devstack@g-api.service[83948]: [pid: 83948|app: 0|req: 1/3] 127.0.0.1 () {40 vars in 779 bytes} [Mon Aug 24 09:15:27 2026] POST /v2/images => generated 807 bytes in 1178 msecs (HTTP/1.1 201) 6 headers in 314 bytes (1 switches on core 0)
Aug 24 09:15:28 devstack devstack@g-api.service[83947]: DEBUG glance.api.middleware.version_negotiation [None req-f039d141-d25c-4348-9ba2-88f504cdcf81 None None] Determining version of request: PUT /v2/images/cd964422-29d9-4c16-9e25-abcceac02164/file Accept: {{(pid=83947) process_request /opt/stack/glance/glance/api/middleware/version_negotiation.py:44}}
Aug 24 09:15:28 devstack devstack@g-api.service[83947]: DEBUG glance.api.middleware.version_negotiation [None req-f039d141-d25c-4348-9ba2-88f504cdcf81 None None] Using url versioning {{(pid=83947) process_request /opt/stack/glance/glance/api/middleware/version_negotiation.py:57}}
Aug 24 09:15:28 devstack devstack@g-api.service[83947]: DEBUG glance.api.middleware.version_negotiation [None req-f039d141-d25c-4348-9ba2-88f504cdcf81 None None] Matched version: v2 {{(pid=83947) process_request /opt/stack/glance/glance/api/middleware/version_negotiation.py:69}}
Aug 24 09:15:28 devstack devstack@g-api.service[83947]: DEBUG glance.api.middleware.version_negotiation [None req-f039d141-d25c-4348-9ba2-88f504cdcf81 None None] new path /v2/images/cd964422-29d9-4c16-9e25-abcceac02164/file {{(pid=83947) process_request /opt/stack/glance/glance/api/middleware/version_negotiation.py:70}}
Aug 24 09:15:29 devstack devstack@g-api.service[83947]: INFO glance.api.v2.image_data [None req-0d5ceb77-19e8-4482-9a62-09e946965901 admin admin] Unable to create trust: no such option collect_timing in group [keystone_authtoken] Use the existing user token.
Aug 24 09:15:29 devstack devstack@g-api.service[83947]: DEBUG glance.location [None req-0d5ceb77-19e8-4482-9a62-09e946965901 admin admin] Enabling in-flight format inspection for qcow2 {{(pid=83947) set_data /opt/stack/glance/glance/location.py:596}}
Aug 24 09:15:29 devstack devstack@g-api.service[83947]: DEBUG oslo_utils.imageutils.format_inspector [None req-0d5ceb77-19e8-4482-9a62-09e946965901 admin admin] Format inspector for vmdk does not match, excluding from consideration (Signature KDMV not found: b'QFI\xfb') {{(pid=83947) _process_chunk /opt/stack/data/venv/lib/python3.12/site-packages/oslo_utils/imageutils/format_inspector.py:1758}}
Aug 24 09:15:29 devstack devstack@g-api.service[83947]: DEBUG oslo_utils.imageutils.format_inspector [None req-0d5ceb77-19e8-4482-9a62-09e946965901 admin admin] Format inspector for vhdx does not match, excluding from consideration (Region signature not found at 30000) {{(pid=83947) _process_chunk /opt/stack/data/venv/lib/python3.12/site-packages/oslo_utils/imageutils/format_inspector.py:1758}}
Aug 24 09:15:29 devstack devstack@g-api.service[83947]: DEBUG glance_store._drivers.filesystem [None req-0d5ceb77-19e8-4482-9a62-09e946965901 admin admin] Wrote 21692416 bytes to /opt/stack/data/glance/images/cd964422-29d9-4c16-9e25-abcceac02164 with checksum 87617e24a5e30cb3b87fda8c0764838f and multihash 9a9bce0083a00939ec17c11febbfc767aa211aaa54f51e75c5a8b271a9b5637c77205a518b7a2007cb391d23cceb01e0e4e8d64832317151bc85b734b92a7be0 {{(pid=83947) add /opt/stack/data/venv/lib/python3.12/site-packages/glance_store/_drivers/filesystem.py:899}}
Aug 24 09:15:29 devstack devstack@g-api.service[83947]: INFO glance.location [None req-0d5ceb77-19e8-4482-9a62-09e946965901 admin admin] Image format matched and virtual size computed: 117440512
Aug 24 09:15:29 devstack devstack@g-api.service[83947]: DEBUG glance_store.backend [None req-0d5ceb77-19e8-4482-9a62-09e946965901 admin admin] Skipping store.set_acls... not implemented. {{(pid=83947) set_acls /opt/stack/data/venv/lib/python3.12/site-packages/glance_store/backend.py:507}}
Aug 24 09:15:29 devstack devstack@g-api.service[83947]: [pid: 83947|app: 0|req: 3/4] 127.0.0.1 () {42 vars in 911 bytes} [Mon Aug 24 09:15:28 2026] PUT /v2/images/cd964422-29d9-4c16-9e25-abcceac02164/file => generated 0 bytes in 1706 msecs (HTTP/1.1 204) 4 headers in 171 bytes (1 switches on core 0)
Aug 24 09:15:30 devstack devstack@g-api.service[83948]: DEBUG glance.api.middleware.version_negotiation [None req-68ae68d0-b39c-417c-921f-3256258ce0b7 admin admin] Determining version of request: GET /v2/images/cd964422-29d9-4c16-9e25-abcceac02164 Accept: */* {{(pid=83948) process_request /opt/stack/glance/glance/api/middleware/version_negotiation.py:44}}
Aug 24 09:15:30 devstack devstack@g-api.service[83948]: DEBUG glance.api.middleware.version_negotiation [None req-68ae68d0-b39c-417c-921f-3256258ce0b7 admin admin] Using url versioning {{(pid=83948) process_request /opt/stack/glance/glance/api/middleware/version_negotiation.py:57}}
Aug 24 09:15:30 devstack devstack@g-api.service[83948]: DEBUG glance.api.middleware.version_negotiation [None req-68ae68d0-b39c-417c-921f-3256258ce0b7 admin admin] Matched version: v2 {{(pid=83948) process_request /opt/stack/glance/glance/api/middleware/version_negotiation.py:69}}
Aug 24 09:15:30 devstack devstack@g-api.service[83948]: DEBUG glance.api.middleware.version_negotiation [None req-68ae68d0-b39c-417c-921f-3256258ce0b7 admin admin] new path /v2/images/cd964422-29d9-4c16-9e25-abcceac02164 {{(pid=83948) process_request /opt/stack/glance/glance/api/middleware/version_negotiation.py:70}}
Aug 24 09:15:30 devstack devstack@g-api.service[83948]: [pid: 83948|app: 0|req: 2/5] 127.0.0.1 () {36 vars in 799 bytes} [Mon Aug 24 09:15:30 2026] GET /v2/images/cd964422-29d9-4c16-9e25-abcceac02164 => generated 976 bytes in 24 msecs (HTTP/1.1 200) 4 headers in 157 bytes (1 switches on core 0)
Aug 24 09:15:39 devstack devstack@g-api.service[83947]: DEBUG dbcounter [-] [83947] Writing DB stats glance:INSERT=5,glance:SELECT=16,glance:UPDATE=2 {{(pid=83947) stat_writer /opt/stack/data/venv/lib/python3.12/site-packages/dbcounter.py:115}}
Aug 24 09:15:40 devstack devstack@g-api.service[83948]: DEBUG dbcounter [-] [83948] Writing DB stats glance:INSERT=9,glance:SELECT=6 {{(pid=83948) stat_writer /opt/stack/data/venv/lib/python3.12/site-packages/dbcounter.py:115}}
Aug 24 09:16:12 devstack devstack@g-api.service[83947]: DEBUG glance.api.middleware.version_negotiation [None req-0d5ceb77-19e8-4482-9a62-09e946965901 admin admin] Determining version of request: GET / Accept: application/json {{(pid=83947) process_request /opt/stack/glance/glance/api/middleware/version_negotiation.py:44}}
Aug 24 09:16:12 devstack devstack@g-api.service[83947]: DEBUG glance.api.middleware.version_negotiation [None req-0d5ceb77-19e8-4482-9a62-09e946965901 admin admin] Using url versioning {{(pid=83947) process_request /opt/stack/glance/glance/api/middleware/version_negotiation.py:57}}
Aug 24 09:16:12 devstack devstack@g-api.service[83947]: DEBUG glance.api.middleware.version_negotiation [None req-0d5ceb77-19e8-4482-9a62-09e946965901 admin admin] Unknown version. Returning version choices. {{(pid=83947) process_request /opt/stack/glance/glance/api/middleware/version_negotiation.py:64}}
Aug 24 09:16:12 devstack devstack@g-api.service[83947]: [pid: 83947|app: 0|req: 4/6] 127.0.0.1 () {34 vars in 516 bytes} [Mon Aug 24 09:16:12 2026] GET / => generated 1557 bytes in 2 msecs (HTTP/1.1 300) 3 headers in 106 bytes (1 switches on core 0)
Aug 24 09:16:12 devstack devstack@g-api.service[83948]: DEBUG glance.api.middleware.version_negotiation [None req-872d3c13-a1f6-4631-a114-2519cda45740 admin admin] Determining version of request: GET /v2/images Accept: application/json {{(pid=83948) process_request /opt/stack/glance/glance/api/middleware/version_negotiation.py:44}}
Aug 24 09:16:12 devstack devstack@g-api.service[83948]: DEBUG glance.api.middleware.version_negotiation [None req-872d3c13-a1f6-4631-a114-2519cda45740 admin admin] Using url versioning {{(pid=83948) process_request /opt/stack/glance/glance/api/middleware/version_negotiation.py:57}}
Aug 24 09:16:12 devstack devstack@g-api.service[83948]: DEBUG glance.api.middleware.version_negotiation [None req-872d3c13-a1f6-4631-a114-2519cda45740 admin admin] Matched version: v2 {{(pid=83948) process_request /opt/stack/glance/glance/api/middleware/version_negotiation.py:69}}
Aug 24 09:16:12 devstack devstack@g-api.service[83948]: DEBUG glance.api.middleware.version_negotiation [None req-872d3c13-a1f6-4631-a114-2519cda45740 admin admin] new path /v2/images {{(pid=83948) process_request /opt/stack/glance/glance/api/middleware/version_negotiation.py:70}}
Aug 24 09:16:13 devstack devstack@g-api.service[83948]: [pid: 83948|app: 0|req: 3/7] 127.0.0.1 () {36 vars in 738 bytes} [Mon Aug 24 09:16:12 2026] GET /v2/images => generated 1045 bytes in 92 msecs (HTTP/1.1 200) 4 headers in 158 bytes (1 switches on core 0)
Aug 24 09:16:22 devstack devstack@g-api.service[83947]: DEBUG glance.api.middleware.version_negotiation [None req-0d5ceb77-19e8-4482-9a62-09e946965901 admin admin] Determining version of request: GET / Accept: application/json {{(pid=83947) process_request /opt/stack/glance/glance/api/middleware/version_negotiation.py:44}}
Aug 24 09:16:22 devstack devstack@g-api.service[83947]: DEBUG glance.api.middleware.version_negotiation [None req-0d5ceb77-19e8-4482-9a62-09e946965901 admin admin] Using url versioning {{(pid=83947) process_request /opt/stack/glance/glance/api/middleware/version_negotiation.py:57}}
Aug 24 09:16:22 devstack devstack@g-api.service[83947]: DEBUG glance.api.middleware.version_negotiation [None req-0d5ceb77-19e8-4482-9a62-09e946965901 admin admin] Unknown version. Returning version choices. {{(pid=83947) process_request /opt/stack/glance/glance/api/middleware/version_negotiation.py:64}}
Aug 24 09:16:22 devstack devstack@g-api.service[83947]: [pid: 83947|app: 0|req: 5/8] 127.0.0.1 () {34 vars in 516 bytes} [Mon Aug 24 09:16:22 2026] GET / => generated 1557 bytes in 2 msecs (HTTP/1.1 300) 3 headers in 106 bytes (1 switches on core 0)
Aug 24 09:16:22 devstack devstack@g-api.service[83948]: DEBUG glance.api.middleware.version_negotiation [None req-2e2c85ca-ff83-47c7-9dfe-1e58f246ea50 admin admin] Determining version of request: GET /v2/images/cd964422-29d9-4c16-9e25-abcceac02164 Accept: */* {{(pid=83948) process_request /opt/stack/glance/glance/api/middleware/version_negotiation.py:44}}
Aug 24 09:16:22 devstack devstack@g-api.service[83948]: DEBUG glance.api.middleware.version_negotiation [None req-2e2c85ca-ff83-47c7-9dfe-1e58f246ea50 admin admin] Using url versioning {{(pid=83948) process_request /opt/stack/glance/glance/api/middleware/version_negotiation.py:57}}
Aug 24 09:16:22 devstack devstack@g-api.service[83948]: DEBUG glance.api.middleware.version_negotiation [None req-2e2c85ca-ff83-47c7-9dfe-1e58f246ea50 admin admin] Matched version: v2 {{(pid=83948) process_request /opt/stack/glance/glance/api/middleware/version_negotiation.py:69}}
Aug 24 09:16:22 devstack devstack@g-api.service[83948]: DEBUG glance.api.middleware.version_negotiation [None req-2e2c85ca-ff83-47c7-9dfe-1e58f246ea50 admin admin] new path /v2/images/cd964422-29d9-4c16-9e25-abcceac02164 {{(pid=83948) process_request /opt/stack/glance/glance/api/middleware/version_negotiation.py:70}}
Aug 24 09:16:22 devstack devstack@g-api.service[83948]: [pid: 83948|app: 0|req: 4/9] 127.0.0.1 () {36 vars in 799 bytes} [Mon Aug 24 09:16:22 2026] GET /v2/images/cd964422-29d9-4c16-9e25-abcceac02164 => generated 976 bytes in 69 msecs (HTTP/1.1 200) 4 headers in 157 bytes (1 switches on core 0)
Aug 24 09:16:28 devstack devstack@g-api.service[83947]: DEBUG glance.api.middleware.version_negotiation [None req-0d5ceb77-19e8-4482-9a62-09e946965901 admin admin] Determining version of request: GET / Accept: application/json {{(pid=83947) process_request /opt/stack/glance/glance/api/middleware/version_negotiation.py:44}}
Aug 24 09:16:28 devstack devstack@g-api.service[83947]: DEBUG glance.api.middleware.version_negotiation [None req-0d5ceb77-19e8-4482-9a62-09e946965901 admin admin] Using url versioning {{(pid=83947) process_request /opt/stack/glance/glance/api/middleware/version_negotiation.py:57}}
Aug 24 09:16:28 devstack devstack@g-api.service[83947]: DEBUG glance.api.middleware.version_negotiation [None req-0d5ceb77-19e8-4482-9a62-09e946965901 admin admin] Unknown version. Returning version choices. {{(pid=83947) process_request /opt/stack/glance/glance/api/middleware/version_negotiation.py:64}}
Aug 24 09:16:28 devstack devstack@g-api.service[83947]: [pid: 83947|app: 0|req: 6/10] 127.0.0.1 () {34 vars in 516 bytes} [Mon Aug 24 09:16:28 2026] GET / => generated 1557 bytes in 2 msecs (HTTP/1.1 300) 3 headers in 106 bytes (1 switches on core 0)
Aug 24 09:16:28 devstack devstack@g-api.service[83948]: DEBUG glance.api.middleware.version_negotiation [None req-eddab71d-61f8-496c-8bc8-f1c7e31b5d46 admin admin] Determining version of request: GET /v2/images/cd964422-29d9-4c16-9e25-abcceac02164 Accept: */* {{(pid=83948) process_request /opt/stack/glance/glance/api/middleware/version_negotiation.py:44}}
Aug 24 09:16:28 devstack devstack@g-api.service[83948]: DEBUG glance.api.middleware.version_negotiation [None req-eddab71d-61f8-496c-8bc8-f1c7e31b5d46 admin admin] Using url versioning {{(pid=83948) process_request /opt/stack/glance/glance/api/middleware/version_negotiation.py:57}}
Aug 24 09:16:28 devstack devstack@g-api.service[83948]: DEBUG glance.api.middleware.version_negotiation [None req-eddab71d-61f8-496c-8bc8-f1c7e31b5d46 admin admin] Matched version: v2 {{(pid=83948) process_request /opt/stack/glance/glance/api/middleware/version_negotiation.py:69}}
Aug 24 09:16:28 devstack devstack@g-api.service[83948]: DEBUG glance.api.middleware.version_negotiation [None req-eddab71d-61f8-496c-8bc8-f1c7e31b5d46 admin admin] new path /v2/images/cd964422-29d9-4c16-9e25-abcceac02164 {{(pid=83948) process_request /opt/stack/glance/glance/api/middleware/version_negotiation.py:70}}
Aug 24 09:16:28 devstack devstack@g-api.service[83948]: [pid: 83948|app: 0|req: 5/11] 127.0.0.1 () {36 vars in 799 bytes} [Mon Aug 24 09:16:28 2026] GET /v2/images/cd964422-29d9-4c16-9e25-abcceac02164 => generated 976 bytes in 67 msecs (HTTP/1.1 200) 4 headers in 157 bytes (1 switches on core 0)
Aug 24 09:16:38 devstack devstack@g-api.service[83948]: DEBUG dbcounter [-] [83948] Writing DB stats glance:SELECT=5 {{(pid=83948) stat_writer /opt/stack/data/venv/lib/python3.12/site-packages/dbcounter.py:115}}
Aug 24 09:17:42 devstack devstack@g-api.service[83947]: DEBUG glance.api.middleware.version_negotiation [None req-0d5ceb77-19e8-4482-9a62-09e946965901 admin admin] Determining version of request: GET / Accept: application/json {{(pid=83947) process_request /opt/stack/glance/glance/api/middleware/version_negotiation.py:44}}
Aug 24 09:17:42 devstack devstack@g-api.service[83947]: DEBUG glance.api.middleware.version_negotiation [None req-0d5ceb77-19e8-4482-9a62-09e946965901 admin admin] Using url versioning {{(pid=83947) process_request /opt/stack/glance/glance/api/middleware/version_negotiation.py:57}}
Aug 24 09:17:42 devstack devstack@g-api.service[83947]: DEBUG glance.api.middleware.version_negotiation [None req-0d5ceb77-19e8-4482-9a62-09e946965901 admin admin] Unknown version. Returning version choices. {{(pid=83947) process_request /opt/stack/glance/glance/api/middleware/version_negotiation.py:64}}
Aug 24 09:17:42 devstack devstack@g-api.service[83947]: [pid: 83947|app: 0|req: 7/12] 127.0.0.1 () {36 vars in 485 bytes} [Mon Aug 24 09:17:42 2026] GET / => generated 1557 bytes in 3 msecs (HTTP/1.1 300) 3 headers in 106 bytes (1 switches on core 0)
Aug 24 09:20:29 devstack devstack@g-api.service[83948]: DEBUG glance.api.middleware.version_negotiation [None req-6dfa8a79-bce9-441d-ad5d-af3fc5049297 admin admin] Determining version of request: GET / Accept: application/json {{(pid=83948) process_request /opt/stack/glance/glance/api/middleware/version_negotiation.py:44}}
Aug 24 09:20:29 devstack devstack@g-api.service[83948]: DEBUG glance.api.middleware.version_negotiation [None req-6dfa8a79-bce9-441d-ad5d-af3fc5049297 admin admin] Using url versioning {{(pid=83948) process_request /opt/stack/glance/glance/api/middleware/version_negotiation.py:57}}
Aug 24 09:20:29 devstack devstack@g-api.service[83948]: DEBUG glance.api.middleware.version_negotiation [None req-6dfa8a79-bce9-441d-ad5d-af3fc5049297 admin admin] Unknown version. Returning version choices. {{(pid=83948) process_request /opt/stack/glance/glance/api/middleware/version_negotiation.py:64}}
Aug 24 09:20:29 devstack devstack@g-api.service[83948]: [pid: 83948|app: 0|req: 6/13] 127.0.0.1 () {34 vars in 502 bytes} [Mon Aug 24 09:20:29 2026] GET / => generated 1557 bytes in 5 msecs (HTTP/1.1 300) 3 headers in 106 bytes (1 switches on core 0)
Aug 24 09:20:29 devstack devstack@g-api.service[83947]: DEBUG glance.api.middleware.version_negotiation [None req-0d5ceb77-19e8-4482-9a62-09e946965901 admin admin] Determining version of request: GET /v2/images/cd964422-29d9-4c16-9e25-abcceac02164 Accept: */* {{(pid=83947) process_request /opt/stack/glance/glance/api/middleware/version_negotiation.py:44}}
Aug 24 09:20:29 devstack devstack@g-api.service[83947]: DEBUG glance.api.middleware.version_negotiation [None req-0d5ceb77-19e8-4482-9a62-09e946965901 admin admin] Using url versioning {{(pid=83947) process_request /opt/stack/glance/glance/api/middleware/version_negotiation.py:57}}
Aug 24 09:20:29 devstack devstack@g-api.service[83947]: DEBUG glance.api.middleware.version_negotiation [None req-0d5ceb77-19e8-4482-9a62-09e946965901 admin admin] Matched version: v2 {{(pid=83947) process_request /opt/stack/glance/glance/api/middleware/version_negotiation.py:69}}
Aug 24 09:20:29 devstack devstack@g-api.service[83947]: DEBUG glance.api.middleware.version_negotiation [None req-0d5ceb77-19e8-4482-9a62-09e946965901 admin admin] new path /v2/images/cd964422-29d9-4c16-9e25-abcceac02164 {{(pid=83947) process_request /opt/stack/glance/glance/api/middleware/version_negotiation.py:70}}
Aug 24 09:20:29 devstack devstack@g-api.service[83947]: [pid: 83947|app: 0|req: 8/14] 127.0.0.1 () {42 vars in 1058 bytes} [Mon Aug 24 09:20:29 2026] GET /v2/images/cd964422-29d9-4c16-9e25-abcceac02164 => generated 976 bytes in 43 msecs (HTTP/1.1 200) 4 headers in 157 bytes (1 switches on core 0)
Aug 24 09:20:29 devstack devstack@g-api.service[83948]: DEBUG glance.api.middleware.version_negotiation [None req-6dfa8a79-bce9-441d-ad5d-af3fc5049297 admin admin] Determining version of request: GET /v2/schemas/image Accept: */* {{(pid=83948) process_request /opt/stack/glance/glance/api/middleware/version_negotiation.py:44}}
Aug 24 09:20:29 devstack devstack@g-api.service[83948]: DEBUG glance.api.middleware.version_negotiation [None req-6dfa8a79-bce9-441d-ad5d-af3fc5049297 admin admin] Using url versioning {{(pid=83948) process_request /opt/stack/glance/glance/api/middleware/version_negotiation.py:57}}
Aug 24 09:20:29 devstack devstack@g-api.service[83948]: DEBUG glance.api.middleware.version_negotiation [None req-6dfa8a79-bce9-441d-ad5d-af3fc5049297 admin admin] Matched version: v2 {{(pid=83948) process_request /opt/stack/glance/glance/api/middleware/version_negotiation.py:69}}
Aug 24 09:20:29 devstack devstack@g-api.service[83948]: DEBUG glance.api.middleware.version_negotiation [None req-6dfa8a79-bce9-441d-ad5d-af3fc5049297 admin admin] new path /v2/schemas/image {{(pid=83948) process_request /opt/stack/glance/glance/api/middleware/version_negotiation.py:70}}
Aug 24 09:20:29 devstack devstack@g-api.service[83948]: [pid: 83948|app: 0|req: 7/15] 127.0.0.1 () {42 vars in 998 bytes} [Mon Aug 24 09:20:29 2026] GET /v2/schemas/image => generated 6083 bytes in 10 msecs (HTTP/1.1 200) 4 headers in 158 bytes (1 switches on core 0)
Aug 24 09:20:36 devstack devstack@g-api.service[83947]: DEBUG glance.api.middleware.version_negotiation [None req-2502ba82-7b75-4a6d-bde2-b7f30e038056 tempest-DeleteServersTestJSON-272315541 tempest-DeleteServersTestJSON-272315541-project-member] Determining version of request: GET /v2/images/cd964422-29d9-4c16-9e25-abcceac02164 Accept: */* {{(pid=83947) process_request /opt/stack/glance/glance/api/middleware/version_negotiation.py:44}}
Aug 24 09:20:36 devstack devstack@g-api.service[83947]: DEBUG glance.api.middleware.version_negotiation [None req-2502ba82-7b75-4a6d-bde2-b7f30e038056 tempest-DeleteServersTestJSON-272315541 tempest-DeleteServersTestJSON-272315541-project-member] Using url versioning {{(pid=83947) process_request /opt/stack/glance/glance/api/middleware/version_negotiation.py:57}}
Aug 24 09:20:36 devstack devstack@g-api.service[83947]: DEBUG glance.api.middleware.version_negotiation [None req-2502ba82-7b75-4a6d-bde2-b7f30e038056 tempest-DeleteServersTestJSON-272315541 tempest-DeleteServersTestJSON-272315541-project-member] Matched version: v2 {{(pid=83947) process_request /opt/stack/glance/glance/api/middleware/version_negotiation.py:69}}
Aug 24 09:20:36 devstack devstack@g-api.service[83947]: DEBUG glance.api.middleware.version_negotiation [None req-2502ba82-7b75-4a6d-bde2-b7f30e038056 tempest-DeleteServersTestJSON-272315541 tempest-DeleteServersTestJSON-272315541-project-member] new path /v2/images/cd964422-29d9-4c16-9e25-abcceac02164 {{(pid=83947) process_request /opt/stack/glance/glance/api/middleware/version_negotiation.py:70}}
Aug 24 09:20:37 devstack devstack@g-api.service[83947]: [pid: 83947|app: 0|req: 9/16] 127.0.0.1 () {42 vars in 1058 bytes} [Mon Aug 24 09:20:36 2026] GET /v2/images/cd964422-29d9-4c16-9e25-abcceac02164 => generated 976 bytes in 356 msecs (HTTP/1.1 200) 4 headers in 157 bytes (1 switches on core 0)
Aug 24 09:20:37 devstack devstack@g-api.service[83948]: DEBUG glance.api.middleware.version_negotiation [None req-2502ba82-7b75-4a6d-bde2-b7f30e038056 tempest-DeleteServersTestJSON-272315541 tempest-DeleteServersTestJSON-272315541-project-member] Determining version of request: GET /v2/images/cd964422-29d9-4c16-9e25-abcceac02164/file Accept: */* {{(pid=83948) process_request /opt/stack/glance/glance/api/middleware/version_negotiation.py:44}}
Aug 24 09:20:37 devstack devstack@g-api.service[83948]: DEBUG glance.api.middleware.version_negotiation [None req-2502ba82-7b75-4a6d-bde2-b7f30e038056 tempest-DeleteServersTestJSON-272315541 tempest-DeleteServersTestJSON-272315541-project-member] Using url versioning {{(pid=83948) process_request /opt/stack/glance/glance/api/middleware/version_negotiation.py:57}}
Aug 24 09:20:37 devstack devstack@g-api.service[83948]: DEBUG glance.api.middleware.version_negotiation [None req-2502ba82-7b75-4a6d-bde2-b7f30e038056 tempest-DeleteServersTestJSON-272315541 tempest-DeleteServersTestJSON-272315541-project-member] Matched version: v2 {{(pid=83948) process_request /opt/stack/glance/glance/api/middleware/version_negotiation.py:69}}
Aug 24 09:20:37 devstack devstack@g-api.service[83948]: DEBUG glance.api.middleware.version_negotiation [None req-2502ba82-7b75-4a6d-bde2-b7f30e038056 tempest-DeleteServersTestJSON-272315541 tempest-DeleteServersTestJSON-272315541-project-member] new path /v2/images/cd964422-29d9-4c16-9e25-abcceac02164/file {{(pid=83948) process_request /opt/stack/glance/glance/api/middleware/version_negotiation.py:70}}
Aug 24 09:20:37 devstack devstack@g-api.service[83948]: DEBUG glance_store._drivers.filesystem [None req-2502ba82-7b75-4a6d-bde2-b7f30e038056 tempest-DeleteServersTestJSON-272315541 tempest-DeleteServersTestJSON-272315541-project-member] Found image at /opt/stack/data/glance/images/cd964422-29d9-4c16-9e25-abcceac02164. Returning in ChunkedFile. {{(pid=83948) get /opt/stack/data/venv/lib/python3.12/site-packages/glance_store/_drivers/filesystem.py:724}}
Aug 24 09:20:37 devstack devstack@g-api.service[83948]: DEBUG glance.image_cache [None req-2502ba82-7b75-4a6d-bde2-b7f30e038056 tempest-DeleteServersTestJSON-272315541 tempest-DeleteServersTestJSON-272315541-project-member] Tee'ing image 'cd964422-29d9-4c16-9e25-abcceac02164' into cache {{(pid=83948) get_caching_iter /opt/stack/glance/glance/image_cache/__init__.py:356}}
Aug 24 09:20:37 devstack devstack@g-api.service[83948]: DEBUG glance.image_cache.drivers.centralized_db [None req-2502ba82-7b75-4a6d-bde2-b7f30e038056 tempest-DeleteServersTestJSON-272315541 tempest-DeleteServersTestJSON-272315541-project-member] Fetch finished, moving '/opt/stack/data/glance/cache/incomplete/cd964422-29d9-4c16-9e25-abcceac02164' to '/opt/stack/data/glance/cache/cd964422-29d9-4c16-9e25-abcceac02164' {{(pid=83948) commit /opt/stack/glance/glance/image_cache/drivers/centralized_db.py:243}}
Aug 24 09:20:37 devstack devstack@g-api.service[83948]: DEBUG glance.image_cache.drivers.centralized_db [None req-2502ba82-7b75-4a6d-bde2-b7f30e038056 tempest-DeleteServersTestJSON-272315541 tempest-DeleteServersTestJSON-272315541-project-member] Image cached successfully. {{(pid=83948) commit /opt/stack/glance/glance/image_cache/drivers/centralized_db.py:258}}
Aug 24 09:20:37 devstack devstack@g-api.service[83948]: [pid: 83948|app: 0|req: 8/17] 127.0.0.1 () {42 vars in 1068 bytes} [Mon Aug 24 09:20:37 2026] GET /v2/images/cd964422-29d9-4c16-9e25-abcceac02164/file => generated 21692416 bytes in 524 msecs (HTTP/1.1 200) 4 headers in 191 bytes (336 switches on core 0)
Aug 24 09:20:37 devstack devstack@g-api.service[83947]: DEBUG glance.api.middleware.version_negotiation [None req-2502ba82-7b75-4a6d-bde2-b7f30e038056 tempest-DeleteServersTestJSON-272315541 tempest-DeleteServersTestJSON-272315541-project-member] Determining version of request: GET /v2/images/cd964422-29d9-4c16-9e25-abcceac02164 Accept: */* {{(pid=83947) process_request /opt/stack/glance/glance/api/middleware/version_negotiation.py:44}}
Aug 24 09:20:37 devstack devstack@g-api.service[83947]: DEBUG glance.api.middleware.version_negotiation [None req-2502ba82-7b75-4a6d-bde2-b7f30e038056 tempest-DeleteServersTestJSON-272315541 tempest-DeleteServersTestJSON-272315541-project-member] Using url versioning {{(pid=83947) process_request /opt/stack/glance/glance/api/middleware/version_negotiation.py:57}}
Aug 24 09:20:37 devstack devstack@g-api.service[83947]: DEBUG glance.api.middleware.version_negotiation [None req-2502ba82-7b75-4a6d-bde2-b7f30e038056 tempest-DeleteServersTestJSON-272315541 tempest-DeleteServersTestJSON-272315541-project-member] Matched version: v2 {{(pid=83947) process_request /opt/stack/glance/glance/api/middleware/version_negotiation.py:69}}
Aug 24 09:20:37 devstack devstack@g-api.service[83947]: DEBUG glance.api.middleware.version_negotiation [None req-2502ba82-7b75-4a6d-bde2-b7f30e038056 tempest-DeleteServersTestJSON-272315541 tempest-DeleteServersTestJSON-272315541-project-member] new path /v2/images/cd964422-29d9-4c16-9e25-abcceac02164 {{(pid=83947) process_request /opt/stack/glance/glance/api/middleware/version_negotiation.py:70}}
Aug 24 09:20:37 devstack devstack@g-api.service[83947]: [pid: 83947|app: 0|req: 10/18] 127.0.0.1 () {42 vars in 1058 bytes} [Mon Aug 24 09:20:37 2026] GET /v2/images/cd964422-29d9-4c16-9e25-abcceac02164 => generated 976 bytes in 25 msecs (HTTP/1.1 200) 4 headers in 157 bytes (1 switches on core 0)
Aug 24 09:20:37 devstack devstack@g-api.service[83948]: DEBUG glance.api.middleware.version_negotiation [None req-2502ba82-7b75-4a6d-bde2-b7f30e038056 tempest-DeleteServersTestJSON-272315541 tempest-DeleteServersTestJSON-272315541-project-member] Determining version of request: GET /v2/schemas/image Accept: */* {{(pid=83948) process_request /opt/stack/glance/glance/api/middleware/version_negotiation.py:44}}
Aug 24 09:20:37 devstack devstack@g-api.service[83948]: DEBUG glance.api.middleware.version_negotiation [None req-2502ba82-7b75-4a6d-bde2-b7f30e038056 tempest-DeleteServersTestJSON-272315541 tempest-DeleteServersTestJSON-272315541-project-member] Using url versioning {{(pid=83948) process_request /opt/stack/glance/glance/api/middleware/version_negotiation.py:57}}
Aug 24 09:20:37 devstack devstack@g-api.service[83948]: DEBUG glance.api.middleware.version_negotiation [None req-2502ba82-7b75-4a6d-bde2-b7f30e038056 tempest-DeleteServersTestJSON-272315541 tempest-DeleteServersTestJSON-272315541-project-member] Matched version: v2 {{(pid=83948) process_request /opt/stack/glance/glance/api/middleware/version_negotiation.py:69}}
Aug 24 09:20:37 devstack devstack@g-api.service[83948]: DEBUG glance.api.middleware.version_negotiation [None req-2502ba82-7b75-4a6d-bde2-b7f30e038056 tempest-DeleteServersTestJSON-272315541 tempest-DeleteServersTestJSON-272315541-project-member] new path /v2/schemas/image {{(pid=83948) process_request /opt/stack/glance/glance/api/middleware/version_negotiation.py:70}}
Aug 24 09:20:37 devstack devstack@g-api.service[83948]: [pid: 83948|app: 0|req: 9/19] 127.0.0.1 () {42 vars in 998 bytes} [Mon Aug 24 09:20:37 2026] GET /v2/schemas/image => generated 6083 bytes in 6 msecs (HTTP/1.1 200) 4 headers in 158 bytes (1 switches on core 0)
Aug 24 09:20:47 devstack devstack@g-api.service[83948]: DEBUG dbcounter [-] [83948] Writing DB stats glance:SELECT=5,glance:INSERT=1 {{(pid=83948) stat_writer /opt/stack/data/venv/lib/python3.12/site-packages/dbcounter.py:115}}
Aug 24 09:20:47 devstack devstack@g-api.service[83947]: DEBUG dbcounter [-] [83947] Writing DB stats glance:SELECT=6 {{(pid=83947) stat_writer /opt/stack/data/venv/lib/python3.12/site-packages/dbcounter.py:115}}
Aug 24 09:21:03 devstack devstack@g-api.service[83947]: DEBUG glance.api.middleware.version_negotiation [None req-2502ba82-7b75-4a6d-bde2-b7f30e038056 tempest-DeleteServersTestJSON-272315541 tempest-DeleteServersTestJSON-272315541-project-member] Determining version of request: GET /v2/images/cd964422-29d9-4c16-9e25-abcceac02164 Accept: */* {{(pid=83947) process_request /opt/stack/glance/glance/api/middleware/version_negotiation.py:44}}
Aug 24 09:21:03 devstack devstack@g-api.service[83947]: DEBUG glance.api.middleware.version_negotiation [None req-2502ba82-7b75-4a6d-bde2-b7f30e038056 tempest-DeleteServersTestJSON-272315541 tempest-DeleteServersTestJSON-272315541-project-member] Using url versioning {{(pid=83947) process_request /opt/stack/glance/glance/api/middleware/version_negotiation.py:57}}
Aug 24 09:21:03 devstack devstack@g-api.service[83947]: DEBUG glance.api.middleware.version_negotiation [None req-2502ba82-7b75-4a6d-bde2-b7f30e038056 tempest-DeleteServersTestJSON-272315541 tempest-DeleteServersTestJSON-272315541-project-member] Matched version: v2 {{(pid=83947) process_request /opt/stack/glance/glance/api/middleware/version_negotiation.py:69}}
Aug 24 09:21:03 devstack devstack@g-api.service[83947]: DEBUG glance.api.middleware.version_negotiation [None req-2502ba82-7b75-4a6d-bde2-b7f30e038056 tempest-DeleteServersTestJSON-272315541 tempest-DeleteServersTestJSON-272315541-project-member] new path /v2/images/cd964422-29d9-4c16-9e25-abcceac02164 {{(pid=83947) process_request /opt/stack/glance/glance/api/middleware/version_negotiation.py:70}}
Aug 24 09:21:03 devstack devstack@g-api.service[83947]: [pid: 83947|app: 0|req: 11/20] 127.0.0.1 () {42 vars in 1058 bytes} [Mon Aug 24 09:21:03 2026] GET /v2/images/cd964422-29d9-4c16-9e25-abcceac02164 => generated 976 bytes in 27 msecs (HTTP/1.1 200) 4 headers in 157 bytes (1 switches on core 0)
Aug 24 09:21:03 devstack devstack@g-api.service[83948]: DEBUG glance.api.middleware.version_negotiation [None req-2502ba82-7b75-4a6d-bde2-b7f30e038056 tempest-DeleteServersTestJSON-272315541 tempest-DeleteServersTestJSON-272315541-project-member] Determining version of request: GET /v2/schemas/image Accept: */* {{(pid=83948) process_request /opt/stack/glance/glance/api/middleware/version_negotiation.py:44}}
Aug 24 09:21:03 devstack devstack@g-api.service[83948]: DEBUG glance.api.middleware.version_negotiation [None req-2502ba82-7b75-4a6d-bde2-b7f30e038056 tempest-DeleteServersTestJSON-272315541 tempest-DeleteServersTestJSON-272315541-project-member] Using url versioning {{(pid=83948) process_request /opt/stack/glance/glance/api/middleware/version_negotiation.py:57}}
Aug 24 09:21:03 devstack devstack@g-api.service[83948]: DEBUG glance.api.middleware.version_negotiation [None req-2502ba82-7b75-4a6d-bde2-b7f30e038056 tempest-DeleteServersTestJSON-272315541 tempest-DeleteServersTestJSON-272315541-project-member] Matched version: v2 {{(pid=83948) process_request /opt/stack/glance/glance/api/middleware/version_negotiation.py:69}}
Aug 24 09:21:03 devstack devstack@g-api.service[83948]: DEBUG glance.api.middleware.version_negotiation [None req-2502ba82-7b75-4a6d-bde2-b7f30e038056 tempest-DeleteServersTestJSON-272315541 tempest-DeleteServersTestJSON-272315541-project-member] new path /v2/schemas/image {{(pid=83948) process_request /opt/stack/glance/glance/api/middleware/version_negotiation.py:70}}
Aug 24 09:21:03 devstack devstack@g-api.service[83948]: [pid: 83948|app: 0|req: 10/21] 127.0.0.1 () {42 vars in 998 bytes} [Mon Aug 24 09:21:03 2026] GET /v2/schemas/image => generated 6083 bytes in 13 msecs (HTTP/1.1 200) 4 headers in 158 bytes (1 switches on core 0)
Aug 24 09:21:13 devstack devstack@g-api.service[83947]: DEBUG dbcounter [-] [83947] Writing DB stats glance:SELECT=2 {{(pid=83947) stat_writer /opt/stack/data/venv/lib/python3.12/site-packages/dbcounter.py:115}}
Aug 24 09:21:49 devstack devstack@g-api.service[83947]: DEBUG glance.api.middleware.version_negotiation [None req-bc3e1863-aefc-4951-a533-4a1176640e47 tempest-VolumesAdminNegativeTest-1458122783 tempest-VolumesAdminNegativeTest-1458122783-project-member] Determining version of request: GET /v2/images/cd964422-29d9-4c16-9e25-abcceac02164 Accept: */* {{(pid=83947) process_request /opt/stack/glance/glance/api/middleware/version_negotiation.py:44}}
Aug 24 09:21:49 devstack devstack@g-api.service[83947]: DEBUG glance.api.middleware.version_negotiation [None req-bc3e1863-aefc-4951-a533-4a1176640e47 tempest-VolumesAdminNegativeTest-1458122783 tempest-VolumesAdminNegativeTest-1458122783-project-member] Using url versioning {{(pid=83947) process_request /opt/stack/glance/glance/api/middleware/version_negotiation.py:57}}
Aug 24 09:21:49 devstack devstack@g-api.service[83947]: DEBUG glance.api.middleware.version_negotiation [None req-bc3e1863-aefc-4951-a533-4a1176640e47 tempest-VolumesAdminNegativeTest-1458122783 tempest-VolumesAdminNegativeTest-1458122783-project-member] Matched version: v2 {{(pid=83947) process_request /opt/stack/glance/glance/api/middleware/version_negotiation.py:69}}
Aug 24 09:21:49 devstack devstack@g-api.service[83947]: DEBUG glance.api.middleware.version_negotiation [None req-bc3e1863-aefc-4951-a533-4a1176640e47 tempest-VolumesAdminNegativeTest-1458122783 tempest-VolumesAdminNegativeTest-1458122783-project-member] new path /v2/images/cd964422-29d9-4c16-9e25-abcceac02164 {{(pid=83947) process_request /opt/stack/glance/glance/api/middleware/version_negotiation.py:70}}
Aug 24 09:21:49 devstack devstack@g-api.service[83947]: [pid: 83947|app: 0|req: 12/22] 127.0.0.1 () {42 vars in 1058 bytes} [Mon Aug 24 09:21:49 2026] GET /v2/images/cd964422-29d9-4c16-9e25-abcceac02164 => generated 976 bytes in 47 msecs (HTTP/1.1 200) 4 headers in 157 bytes (1 switches on core 0)
Aug 24 09:21:49 devstack devstack@g-api.service[83948]: DEBUG glance.api.middleware.version_negotiation [None req-bc3e1863-aefc-4951-a533-4a1176640e47 tempest-VolumesAdminNegativeTest-1458122783 tempest-VolumesAdminNegativeTest-1458122783-project-member] Determining version of request: GET /v2/schemas/image Accept: */* {{(pid=83948) process_request /opt/stack/glance/glance/api/middleware/version_negotiation.py:44}}
Aug 24 09:21:49 devstack devstack@g-api.service[83948]: DEBUG glance.api.middleware.version_negotiation [None req-bc3e1863-aefc-4951-a533-4a1176640e47 tempest-VolumesAdminNegativeTest-1458122783 tempest-VolumesAdminNegativeTest-1458122783-project-member] Using url versioning {{(pid=83948) process_request /opt/stack/glance/glance/api/middleware/version_negotiation.py:57}}
Aug 24 09:21:49 devstack devstack@g-api.service[83948]: DEBUG glance.api.middleware.version_negotiation [None req-bc3e1863-aefc-4951-a533-4a1176640e47 tempest-VolumesAdminNegativeTest-1458122783 tempest-VolumesAdminNegativeTest-1458122783-project-member] Matched version: v2 {{(pid=83948) process_request /opt/stack/glance/glance/api/middleware/version_negotiation.py:69}}
Aug 24 09:21:49 devstack devstack@g-api.service[83948]: DEBUG glance.api.middleware.version_negotiation [None req-bc3e1863-aefc-4951-a533-4a1176640e47 tempest-VolumesAdminNegativeTest-1458122783 tempest-VolumesAdminNegativeTest-1458122783-project-member] new path /v2/schemas/image {{(pid=83948) process_request /opt/stack/glance/glance/api/middleware/version_negotiation.py:70}}
Aug 24 09:21:49 devstack devstack@g-api.service[83948]: [pid: 83948|app: 0|req: 11/23] 127.0.0.1 () {42 vars in 998 bytes} [Mon Aug 24 09:21:49 2026] GET /v2/schemas/image => generated 6083 bytes in 12 msecs (HTTP/1.1 200) 4 headers in 158 bytes (1 switches on core 0)
Aug 24 09:21:59 devstack devstack@g-api.service[83947]: DEBUG dbcounter [-] [83947] Writing DB stats glance:SELECT=2 {{(pid=83947) stat_writer /opt/stack/data/venv/lib/python3.12/site-packages/dbcounter.py:115}}
Aug 24 09:22:18 devstack devstack@g-api.service[83947]: DEBUG glance.api.middleware.version_negotiation [None req-3e20a628-e8ee-4561-a2a1-127bac3f8f24 tempest-ServerActionsTestOtherA-1607020904 tempest-ServerActionsTestOtherA-1607020904-project-member] Determining version of request: GET /v2/images/cd964422-29d9-4c16-9e25-abcceac02164 Accept: */* {{(pid=83947) process_request /opt/stack/glance/glance/api/middleware/version_negotiation.py:44}}
