Jun 11 18:11:37 devstack sudo[95535]: pam_unix(sudo:session): session closed for user root
Jun 11 18:11:37 devstack cinder-volume[92214]: DEBUG oslo_concurrency.processutils [None req-3d7ede9e-9792-4075-88b8-c89f703837a2 tempest-VolumesSnapshotListTestJSON-1108055000 None] CMD "sudo cinder-rootwrap /etc/cinder/rootwrap.conf qemu-img create -f qcow2 -o preallocation=metadata /opt/stack/data/cinder/mnt/0f5dfe2ab8cd3447be17f64eee097dbf/volume-58e2d7bf-56c6-4e68-a787-3a90edf48626 1073741824" returned: 0 in 1.045s {{(pid=92214) execute /opt/stack/data/venv/lib/python3.12/site-packages/oslo_concurrency/processutils.py:468}}
Jun 11 18:11:37 devstack cinder-volume[92214]: DEBUG oslo_concurrency.processutils [None req-3d7ede9e-9792-4075-88b8-c89f703837a2 tempest-VolumesSnapshotListTestJSON-1108055000 None] Running cmd (subprocess): sudo cinder-rootwrap /etc/cinder/rootwrap.conf chmod ugo+rw /opt/stack/data/cinder/mnt/0f5dfe2ab8cd3447be17f64eee097dbf/volume-58e2d7bf-56c6-4e68-a787-3a90edf48626 {{(pid=92214) execute /opt/stack/data/venv/lib/python3.12/site-packages/oslo_concurrency/processutils.py:440}}
Jun 11 18:11:37 devstack sudo[95543]: quobyte : PWD=/ ; USER=root ; COMMAND=/opt/stack/data/venv/bin/cinder-rootwrap /etc/cinder/rootwrap.conf chmod ugo+rw /opt/stack/data/cinder/mnt/0f5dfe2ab8cd3447be17f64eee097dbf/volume-58e2d7bf-56c6-4e68-a787-3a90edf48626
Jun 11 18:11:37 devstack sudo[95543]: pam_unix(sudo:session): session opened for user root(uid=0) by (uid=1000)
Jun 11 18:11:38 devstack sudo[95543]: pam_unix(sudo:session): session closed for user root
Jun 11 18:11:38 devstack cinder-volume[92214]: DEBUG oslo_concurrency.processutils [None req-3d7ede9e-9792-4075-88b8-c89f703837a2 tempest-VolumesSnapshotListTestJSON-1108055000 None] CMD "sudo cinder-rootwrap /etc/cinder/rootwrap.conf chmod ugo+rw /opt/stack/data/cinder/mnt/0f5dfe2ab8cd3447be17f64eee097dbf/volume-58e2d7bf-56c6-4e68-a787-3a90edf48626" returned: 0 in 0.871s {{(pid=92214) execute /opt/stack/data/venv/lib/python3.12/site-packages/oslo_concurrency/processutils.py:468}}
Jun 11 18:11:38 devstack cinder-volume[92214]: DEBUG cinder.volume.drivers.quobyte [None req-3d7ede9e-9792-4075-88b8-c89f703837a2 tempest-VolumesSnapshotListTestJSON-1108055000 None] <== create_volume: return (1979ms) {'provider_location': 'osci02.corp.quobyte.com/cinder-vol-61604887-c8f2-42d2-921f-c3a3abf2d77e'} {{(pid=92214) trace_logging_wrapper /opt/stack/cinder/cinder/volume/volume_utils.py:1523}}
Jun 11 18:11:38 devstack cinder-volume[92214]: DEBUG oslo_concurrency.lockutils [None req-3d7ede9e-9792-4075-88b8-c89f703837a2 tempest-VolumesSnapshotListTestJSON-1108055000 None] Lock "quobyte" "released" by "cinder.volume.drivers.quobyte.QuobyteDriver.create_volume" :: held 1.984s {{(pid=92214) inner /opt/stack/data/venv/lib/python3.12/site-packages/oslo_concurrency/lockutils.py:538}}
Jun 11 18:11:38 devstack cinder-volume[92214]: DEBUG cinder.volume.manager [None req-3d7ede9e-9792-4075-88b8-c89f703837a2 tempest-VolumesSnapshotListTestJSON-1108055000 None] Task 'cinder.volume.flows.manager.create_volume.CreateVolumeFromSpecTask;volume:create' (a36a0a69-2e16-4be5-8989-06618e970fca) transitioned into state 'SUCCESS' from state 'RUNNING' with result '{'status': 'creating', 'volume_name': 'volume-58e2d7bf-56c6-4e68-a787-3a90edf48626', 'volume_size': 1}' {{(pid=92214) _task_receiver /opt/stack/data/venv/lib/python3.12/site-packages/taskflow/listeners/logging.py:182}}
Jun 11 18:11:38 devstack cinder-volume[92214]: DEBUG cinder.volume.manager [None req-3d7ede9e-9792-4075-88b8-c89f703837a2 tempest-VolumesSnapshotListTestJSON-1108055000 None] Task 'cinder.volume.flows.manager.create_volume.CreateVolumeOnFinishTask;volume:create, create.end' (12e08982-448d-480b-82cd-4a5be448c331) transitioned into state 'RUNNING' from state 'PENDING' {{(pid=92214) _task_receiver /opt/stack/data/venv/lib/python3.12/site-packages/taskflow/listeners/logging.py:194}}
Jun 11 18:11:38 devstack cinder-volume[92214]: INFO cinder.volume.flows.manager.create_volume [None req-3d7ede9e-9792-4075-88b8-c89f703837a2 tempest-VolumesSnapshotListTestJSON-1108055000 None] Volume volume-58e2d7bf-56c6-4e68-a787-3a90edf48626 (58e2d7bf-56c6-4e68-a787-3a90edf48626): created successfully
Jun 11 18:11:38 devstack cinder-volume[92214]: DEBUG cinder.volume.manager [None req-3d7ede9e-9792-4075-88b8-c89f703837a2 tempest-VolumesSnapshotListTestJSON-1108055000 None] Task 'cinder.volume.flows.manager.create_volume.CreateVolumeOnFinishTask;volume:create, create.end' (12e08982-448d-480b-82cd-4a5be448c331) transitioned into state 'SUCCESS' from state 'RUNNING' with result 'None' {{(pid=92214) _task_receiver /opt/stack/data/venv/lib/python3.12/site-packages/taskflow/listeners/logging.py:182}}
Jun 11 18:11:38 devstack cinder-volume[92214]: DEBUG cinder.volume.manager [None req-3d7ede9e-9792-4075-88b8-c89f703837a2 tempest-VolumesSnapshotListTestJSON-1108055000 None] Flow 'volume_create_manager' (9e89e93b-1ef7-4a6b-ad98-f7bffc623f1f) transitioned into state 'SUCCESS' from state 'RUNNING' {{(pid=92214) _flow_receiver /opt/stack/data/venv/lib/python3.12/site-packages/taskflow/listeners/logging.py:145}}
Jun 11 18:11:38 devstack cinder-volume[92214]: INFO cinder.volume.manager [None req-3d7ede9e-9792-4075-88b8-c89f703837a2 tempest-VolumesSnapshotListTestJSON-1108055000 None] Created volume successfully.
Jun 11 18:11:38 devstack cinder-volume[92214]: DEBUG oslo_concurrency.lockutils [req-723d7462-87b7-4d56-84e3-6051869b6ff8 req-d9bca2c4-2c42-46f1-91d7-5f3cff7f3398 tempest-ServerActionsTestOtherA-1075107106 None] Acquiring lock "quobyte" by "cinder.volume.drivers.quobyte.QuobyteDriver.initialize_connection" {{(pid=92214) inner /opt/stack/data/venv/lib/python3.12/site-packages/oslo_concurrency/lockutils.py:506}}
Jun 11 18:11:38 devstack cinder-volume[92214]: DEBUG oslo_concurrency.lockutils [req-723d7462-87b7-4d56-84e3-6051869b6ff8 req-d9bca2c4-2c42-46f1-91d7-5f3cff7f3398 tempest-ServerActionsTestOtherA-1075107106 None] Lock "quobyte" acquired by "cinder.volume.drivers.quobyte.QuobyteDriver.initialize_connection" :: waited 0.001s {{(pid=92214) inner /opt/stack/data/venv/lib/python3.12/site-packages/oslo_concurrency/lockutils.py:519}}
Jun 11 18:11:38 devstack cinder-volume[92214]: DEBUG oslo.privsep.daemon [-] privsep: reply[00e24788-a9f4-4a92-87a9-b717c439fed2]: (4, 'qcow2') {{(pid=93048) _call_back /opt/stack/data/venv/lib/python3.12/site-packages/oslo_privsep/daemon.py:573}}
Jun 11 18:11:38 devstack cinder-volume[92214]: DEBUG oslo_concurrency.processutils [req-723d7462-87b7-4d56-84e3-6051869b6ff8 req-d9bca2c4-2c42-46f1-91d7-5f3cff7f3398 tempest-ServerActionsTestOtherA-1075107106 None] Running cmd (subprocess): /opt/stack/data/venv/bin/python3.12 -m oslo_concurrency.prlimit --as=1073741824 --cpu=60 -- sudo cinder-rootwrap /etc/cinder/rootwrap.conf env LC_ALL=C qemu-img info -f qcow2 --output=json --force-share /opt/stack/data/cinder/mnt/0f5dfe2ab8cd3447be17f64eee097dbf/volume-1aa0db8c-31b0-4fe6-a45d-fff9f2ca817d {{(pid=92214) execute /opt/stack/data/venv/lib/python3.12/site-packages/oslo_concurrency/processutils.py:440}}
Jun 11 18:11:38 devstack sudo[95554]: quobyte : PWD=/ ; USER=root ; COMMAND=/opt/stack/data/venv/bin/cinder-rootwrap /etc/cinder/rootwrap.conf env LC_ALL=C qemu-img info -f qcow2 --output=json --force-share /opt/stack/data/cinder/mnt/0f5dfe2ab8cd3447be17f64eee097dbf/volume-1aa0db8c-31b0-4fe6-a45d-fff9f2ca817d
Jun 11 18:11:38 devstack sudo[95554]: pam_unix(sudo:session): session opened for user root(uid=0) by (uid=1000)
Jun 11 18:11:39 devstack sudo[95554]: pam_unix(sudo:session): session closed for user root
Jun 11 18:11:39 devstack cinder-volume[92214]: DEBUG oslo_concurrency.processutils [req-723d7462-87b7-4d56-84e3-6051869b6ff8 req-d9bca2c4-2c42-46f1-91d7-5f3cff7f3398 tempest-ServerActionsTestOtherA-1075107106 None] CMD "/opt/stack/data/venv/bin/python3.12 -m oslo_concurrency.prlimit --as=1073741824 --cpu=60 -- sudo cinder-rootwrap /etc/cinder/rootwrap.conf env LC_ALL=C qemu-img info -f qcow2 --output=json --force-share /opt/stack/data/cinder/mnt/0f5dfe2ab8cd3447be17f64eee097dbf/volume-1aa0db8c-31b0-4fe6-a45d-fff9f2ca817d" returned: 0 in 0.947s {{(pid=92214) execute /opt/stack/data/venv/lib/python3.12/site-packages/oslo_concurrency/processutils.py:468}}
Jun 11 18:11:39 devstack cinder-volume[92214]: DEBUG oslo_concurrency.lockutils [req-723d7462-87b7-4d56-84e3-6051869b6ff8 req-d9bca2c4-2c42-46f1-91d7-5f3cff7f3398 tempest-ServerActionsTestOtherA-1075107106 None] Lock "quobyte" "released" by "cinder.volume.drivers.quobyte.QuobyteDriver.initialize_connection" :: held 0.976s {{(pid=92214) inner /opt/stack/data/venv/lib/python3.12/site-packages/oslo_concurrency/lockutils.py:538}}
Jun 11 18:11:39 devstack cinder-volume[92214]: DEBUG cinder.volume.manager [req-723d7462-87b7-4d56-84e3-6051869b6ff8 req-d9bca2c4-2c42-46f1-91d7-5f3cff7f3398 tempest-ServerActionsTestOtherA-1075107106 None] Connection info returned from driver {'export': 'osci02.corp.quobyte.com/cinder-vol-61604887-c8f2-42d2-921f-c3a3abf2d77e', 'name': 'volume-1aa0db8c-31b0-4fe6-a45d-fff9f2ca817d', 'options': None, 'format': 'qcow2', 'qos_specs': None, 'access_mode': 'rw', 'encrypted': False, 'cacheable': False, 'driver_volume_type': 'quobyte', 'mount_point_base': '/opt/stack/data/cinder/mnt', 'attachment_id': '52727654-2afb-47ff-9916-6fefc02d7db7', 'enforce_multipath': True} {{(pid=92214) _connection_create /opt/stack/cinder/cinder/volume/manager.py:4924}}
Jun 11 18:11:39 devstack cinder-volume[92214]: INFO cinder.volume.manager [req-723d7462-87b7-4d56-84e3-6051869b6ff8 req-d9bca2c4-2c42-46f1-91d7-5f3cff7f3398 tempest-ServerActionsTestOtherA-1075107106 None] attachment_update completed successfully.
Jun 11 18:11:40 devstack cinder-volume[92214]: DEBUG oslo_concurrency.lockutils [None req-79b50653-cad8-4280-8c7f-09ef1f6ab5e8 tempest-VolumesSnapshotListTestJSON-1108055000 None] Acquiring lock "quobyte" by "cinder.volume.drivers.quobyte.QuobyteDriver.create_snapshot" {{(pid=92214) inner /opt/stack/data/venv/lib/python3.12/site-packages/oslo_concurrency/lockutils.py:506}}
Jun 11 18:11:40 devstack cinder-volume[92214]: DEBUG oslo_concurrency.lockutils [None req-79b50653-cad8-4280-8c7f-09ef1f6ab5e8 tempest-VolumesSnapshotListTestJSON-1108055000 None] Lock "quobyte" acquired by "cinder.volume.drivers.quobyte.QuobyteDriver.create_snapshot" :: waited 0.002s {{(pid=92214) inner /opt/stack/data/venv/lib/python3.12/site-packages/oslo_concurrency/lockutils.py:519}}
Jun 11 18:11:40 devstack cinder-volume[92214]: DEBUG cinder.volume.drivers.remotefs [None req-79b50653-cad8-4280-8c7f-09ef1f6ab5e8 tempest-VolumesSnapshotListTestJSON-1108055000 None] Creating offline snapshot 45178b42-66b9-4880-9c07-ad486316ecfd of volume 58e2d7bf-56c6-4e68-a787-3a90edf48626 {{(pid=92214) _create_snapshot /opt/stack/cinder/cinder/volume/drivers/remotefs.py:1815}}
Jun 11 18:11:40 devstack cinder-volume[92214]: DEBUG oslo.privsep.daemon [-] privsep: reply[50bd2792-2492-469b-a979-81b713a6a23a]: (4, 'qcow2') {{(pid=93048) _call_back /opt/stack/data/venv/lib/python3.12/site-packages/oslo_privsep/daemon.py:573}}
Jun 11 18:11:40 devstack cinder-volume[92214]: DEBUG oslo_concurrency.processutils [None req-79b50653-cad8-4280-8c7f-09ef1f6ab5e8 tempest-VolumesSnapshotListTestJSON-1108055000 None] Running cmd (subprocess): /opt/stack/data/venv/bin/python3.12 -m oslo_concurrency.prlimit --as=1073741824 --cpu=60 -- sudo cinder-rootwrap /etc/cinder/rootwrap.conf env LC_ALL=C qemu-img info -f qcow2 --output=json --force-share /opt/stack/data/cinder/mnt/0f5dfe2ab8cd3447be17f64eee097dbf/volume-58e2d7bf-56c6-4e68-a787-3a90edf48626 {{(pid=92214) execute /opt/stack/data/venv/lib/python3.12/site-packages/oslo_concurrency/processutils.py:440}}
Jun 11 18:11:40 devstack sudo[95561]: quobyte : PWD=/ ; USER=root ; COMMAND=/opt/stack/data/venv/bin/cinder-rootwrap /etc/cinder/rootwrap.conf env LC_ALL=C qemu-img info -f qcow2 --output=json --force-share /opt/stack/data/cinder/mnt/0f5dfe2ab8cd3447be17f64eee097dbf/volume-58e2d7bf-56c6-4e68-a787-3a90edf48626
Jun 11 18:11:40 devstack sudo[95561]: pam_unix(sudo:session): session opened for user root(uid=0) by (uid=1000)
Jun 11 18:11:40 devstack sudo[95561]: pam_unix(sudo:session): session closed for user root
Jun 11 18:11:40 devstack cinder-volume[92214]: DEBUG oslo_concurrency.processutils [None req-79b50653-cad8-4280-8c7f-09ef1f6ab5e8 tempest-VolumesSnapshotListTestJSON-1108055000 None] CMD "/opt/stack/data/venv/bin/python3.12 -m oslo_concurrency.prlimit --as=1073741824 --cpu=60 -- sudo cinder-rootwrap /etc/cinder/rootwrap.conf env LC_ALL=C qemu-img info -f qcow2 --output=json --force-share /opt/stack/data/cinder/mnt/0f5dfe2ab8cd3447be17f64eee097dbf/volume-58e2d7bf-56c6-4e68-a787-3a90edf48626" returned: 0 in 0.873s {{(pid=92214) execute /opt/stack/data/venv/lib/python3.12/site-packages/oslo_concurrency/processutils.py:468}}
Jun 11 18:11:40 devstack cinder-volume[92214]: DEBUG oslo_concurrency.processutils [None req-79b50653-cad8-4280-8c7f-09ef1f6ab5e8 tempest-VolumesSnapshotListTestJSON-1108055000 None] Running cmd (subprocess): sudo cinder-rootwrap /etc/cinder/rootwrap.conf qemu-img create -f qcow2 -o backing_file=/opt/stack/data/cinder/mnt/0f5dfe2ab8cd3447be17f64eee097dbf/volume-58e2d7bf-56c6-4e68-a787-3a90edf48626,backing_fmt=qcow2 /opt/stack/data/cinder/mnt/0f5dfe2ab8cd3447be17f64eee097dbf/volume-58e2d7bf-56c6-4e68-a787-3a90edf48626.45178b42-66b9-4880-9c07-ad486316ecfd 1G {{(pid=92214) execute /opt/stack/data/venv/lib/python3.12/site-packages/oslo_concurrency/processutils.py:440}}
Jun 11 18:11:41 devstack sudo[95633]: quobyte : PWD=/ ; USER=root ; COMMAND=/opt/stack/data/venv/bin/cinder-rootwrap /etc/cinder/rootwrap.conf qemu-img create -f qcow2 -o backing_file=/opt/stack/data/cinder/mnt/0f5dfe2ab8cd3447be17f64eee097dbf/volume-58e2d7bf-56c6-4e68-a787-3a90edf48626,backing_fmt=qcow2 /opt/stack/data/cinder/mnt/0f5dfe2ab8cd3447be17f64eee097dbf/volume-58e2d7bf-56c6-4e68-a787-3a90edf48626.45178b42-66b9-4880-9c07-ad486316ecfd 1G
Jun 11 18:11:41 devstack sudo[95633]: pam_unix(sudo:session): session opened for user root(uid=0) by (uid=1000)
Jun 11 18:11:42 devstack sudo[95633]: pam_unix(sudo:session): session closed for user root
Jun 11 18:11:42 devstack cinder-volume[92214]: DEBUG oslo_concurrency.processutils [None req-79b50653-cad8-4280-8c7f-09ef1f6ab5e8 tempest-VolumesSnapshotListTestJSON-1108055000 None] CMD "sudo cinder-rootwrap /etc/cinder/rootwrap.conf qemu-img create -f qcow2 -o backing_file=/opt/stack/data/cinder/mnt/0f5dfe2ab8cd3447be17f64eee097dbf/volume-58e2d7bf-56c6-4e68-a787-3a90edf48626,backing_fmt=qcow2 /opt/stack/data/cinder/mnt/0f5dfe2ab8cd3447be17f64eee097dbf/volume-58e2d7bf-56c6-4e68-a787-3a90edf48626.45178b42-66b9-4880-9c07-ad486316ecfd 1G" returned: 0 in 1.128s {{(pid=92214) execute /opt/stack/data/venv/lib/python3.12/site-packages/oslo_concurrency/processutils.py:468}}
Jun 11 18:11:42 devstack cinder-volume[92214]: DEBUG oslo_concurrency.processutils [None req-79b50653-cad8-4280-8c7f-09ef1f6ab5e8 tempest-VolumesSnapshotListTestJSON-1108055000 None] Running cmd (subprocess): sudo cinder-rootwrap /etc/cinder/rootwrap.conf qemu-img rebase -u -b volume-58e2d7bf-56c6-4e68-a787-3a90edf48626 -F qcow2 /opt/stack/data/cinder/mnt/0f5dfe2ab8cd3447be17f64eee097dbf/volume-58e2d7bf-56c6-4e68-a787-3a90edf48626.45178b42-66b9-4880-9c07-ad486316ecfd {{(pid=92214) execute /opt/stack/data/venv/lib/python3.12/site-packages/oslo_concurrency/processutils.py:440}}
Jun 11 18:11:42 devstack sudo[95955]: quobyte : PWD=/ ; USER=root ; COMMAND=/opt/stack/data/venv/bin/cinder-rootwrap /etc/cinder/rootwrap.conf qemu-img rebase -u -b volume-58e2d7bf-56c6-4e68-a787-3a90edf48626 -F qcow2 /opt/stack/data/cinder/mnt/0f5dfe2ab8cd3447be17f64eee097dbf/volume-58e2d7bf-56c6-4e68-a787-3a90edf48626.45178b42-66b9-4880-9c07-ad486316ecfd
Jun 11 18:11:42 devstack sudo[95955]: pam_unix(sudo:session): session opened for user root(uid=0) by (uid=1000)
Jun 11 18:11:42 devstack sudo[95955]: pam_unix(sudo:session): session closed for user root
Jun 11 18:11:42 devstack cinder-volume[92214]: DEBUG oslo_concurrency.processutils [None req-79b50653-cad8-4280-8c7f-09ef1f6ab5e8 tempest-VolumesSnapshotListTestJSON-1108055000 None] CMD "sudo cinder-rootwrap /etc/cinder/rootwrap.conf qemu-img rebase -u -b volume-58e2d7bf-56c6-4e68-a787-3a90edf48626 -F qcow2 /opt/stack/data/cinder/mnt/0f5dfe2ab8cd3447be17f64eee097dbf/volume-58e2d7bf-56c6-4e68-a787-3a90edf48626.45178b42-66b9-4880-9c07-ad486316ecfd" returned: 0 in 0.805s {{(pid=92214) execute /opt/stack/data/venv/lib/python3.12/site-packages/oslo_concurrency/processutils.py:468}}
Jun 11 18:11:42 devstack cinder-volume[92214]: WARNING cinder.volume.drivers.remotefs [None req-79b50653-cad8-4280-8c7f-09ef1f6ab5e8 tempest-VolumesSnapshotListTestJSON-1108055000 None] /opt/stack/data/cinder/mnt/0f5dfe2ab8cd3447be17f64eee097dbf/volume-58e2d7bf-56c6-4e68-a787-3a90edf48626.45178b42-66b9-4880-9c07-ad486316ecfd is being set with open permissions: ugo+rw
Jun 11 18:11:42 devstack cinder-volume[92214]: DEBUG oslo_concurrency.processutils [None req-79b50653-cad8-4280-8c7f-09ef1f6ab5e8 tempest-VolumesSnapshotListTestJSON-1108055000 None] Running cmd (subprocess): sudo cinder-rootwrap /etc/cinder/rootwrap.conf chmod ugo+rw /opt/stack/data/cinder/mnt/0f5dfe2ab8cd3447be17f64eee097dbf/volume-58e2d7bf-56c6-4e68-a787-3a90edf48626.45178b42-66b9-4880-9c07-ad486316ecfd {{(pid=92214) execute /opt/stack/data/venv/lib/python3.12/site-packages/oslo_concurrency/processutils.py:440}}
Jun 11 18:11:42 devstack sudo[95963]: quobyte : PWD=/ ; USER=root ; COMMAND=/opt/stack/data/venv/bin/cinder-rootwrap /etc/cinder/rootwrap.conf chmod ugo+rw /opt/stack/data/cinder/mnt/0f5dfe2ab8cd3447be17f64eee097dbf/volume-58e2d7bf-56c6-4e68-a787-3a90edf48626.45178b42-66b9-4880-9c07-ad486316ecfd
Jun 11 18:11:42 devstack sudo[95963]: pam_unix(sudo:session): session opened for user root(uid=0) by (uid=1000)
Jun 11 18:11:43 devstack sudo[95963]: pam_unix(sudo:session): session closed for user root
Jun 11 18:11:43 devstack cinder-volume[92214]: DEBUG oslo_concurrency.processutils [None req-79b50653-cad8-4280-8c7f-09ef1f6ab5e8 tempest-VolumesSnapshotListTestJSON-1108055000 None] CMD "sudo cinder-rootwrap /etc/cinder/rootwrap.conf chmod ugo+rw /opt/stack/data/cinder/mnt/0f5dfe2ab8cd3447be17f64eee097dbf/volume-58e2d7bf-56c6-4e68-a787-3a90edf48626.45178b42-66b9-4880-9c07-ad486316ecfd" returned: 0 in 0.851s {{(pid=92214) execute /opt/stack/data/venv/lib/python3.12/site-packages/oslo_concurrency/processutils.py:468}}
Jun 11 18:11:43 devstack cinder-volume[92214]: DEBUG oslo_concurrency.processutils [None req-79b50653-cad8-4280-8c7f-09ef1f6ab5e8 tempest-VolumesSnapshotListTestJSON-1108055000 None] Running cmd (subprocess): sudo cinder-rootwrap /etc/cinder/rootwrap.conf truncate -s0 /opt/stack/data/cinder/mnt/0f5dfe2ab8cd3447be17f64eee097dbf/volume-58e2d7bf-56c6-4e68-a787-3a90edf48626.info {{(pid=92214) execute /opt/stack/data/venv/lib/python3.12/site-packages/oslo_concurrency/processutils.py:440}}
Jun 11 18:11:43 devstack sudo[95966]: quobyte : PWD=/ ; USER=root ; COMMAND=/opt/stack/data/venv/bin/cinder-rootwrap /etc/cinder/rootwrap.conf truncate -s0 /opt/stack/data/cinder/mnt/0f5dfe2ab8cd3447be17f64eee097dbf/volume-58e2d7bf-56c6-4e68-a787-3a90edf48626.info
Jun 11 18:11:43 devstack sudo[95966]: pam_unix(sudo:session): session opened for user root(uid=0) by (uid=1000)
Jun 11 18:11:44 devstack sudo[95966]: pam_unix(sudo:session): session closed for user root
Jun 11 18:11:44 devstack cinder-volume[92214]: DEBUG oslo_concurrency.processutils [None req-79b50653-cad8-4280-8c7f-09ef1f6ab5e8 tempest-VolumesSnapshotListTestJSON-1108055000 None] CMD "sudo cinder-rootwrap /etc/cinder/rootwrap.conf truncate -s0 /opt/stack/data/cinder/mnt/0f5dfe2ab8cd3447be17f64eee097dbf/volume-58e2d7bf-56c6-4e68-a787-3a90edf48626.info" returned: 0 in 0.761s {{(pid=92214) execute /opt/stack/data/venv/lib/python3.12/site-packages/oslo_concurrency/processutils.py:468}}
Jun 11 18:11:44 devstack cinder-volume[92214]: WARNING cinder.volume.drivers.remotefs [None req-79b50653-cad8-4280-8c7f-09ef1f6ab5e8 tempest-VolumesSnapshotListTestJSON-1108055000 None] /opt/stack/data/cinder/mnt/0f5dfe2ab8cd3447be17f64eee097dbf/volume-58e2d7bf-56c6-4e68-a787-3a90edf48626.info is being set with open permissions: ugo+rw
Jun 11 18:11:44 devstack cinder-volume[92214]: DEBUG oslo_concurrency.processutils [None req-79b50653-cad8-4280-8c7f-09ef1f6ab5e8 tempest-VolumesSnapshotListTestJSON-1108055000 None] Running cmd (subprocess): sudo cinder-rootwrap /etc/cinder/rootwrap.conf chmod ugo+rw /opt/stack/data/cinder/mnt/0f5dfe2ab8cd3447be17f64eee097dbf/volume-58e2d7bf-56c6-4e68-a787-3a90edf48626.info {{(pid=92214) execute /opt/stack/data/venv/lib/python3.12/site-packages/oslo_concurrency/processutils.py:440}}
Jun 11 18:11:44 devstack sudo[95969]: quobyte : PWD=/ ; USER=root ; COMMAND=/opt/stack/data/venv/bin/cinder-rootwrap /etc/cinder/rootwrap.conf chmod ugo+rw /opt/stack/data/cinder/mnt/0f5dfe2ab8cd3447be17f64eee097dbf/volume-58e2d7bf-56c6-4e68-a787-3a90edf48626.info
Jun 11 18:11:44 devstack sudo[95969]: pam_unix(sudo:session): session opened for user root(uid=0) by (uid=1000)
Jun 11 18:11:45 devstack sudo[95969]: pam_unix(sudo:session): session closed for user root
Jun 11 18:11:45 devstack cinder-volume[92214]: DEBUG oslo_concurrency.processutils [None req-79b50653-cad8-4280-8c7f-09ef1f6ab5e8 tempest-VolumesSnapshotListTestJSON-1108055000 None] CMD "sudo cinder-rootwrap /etc/cinder/rootwrap.conf chmod ugo+rw /opt/stack/data/cinder/mnt/0f5dfe2ab8cd3447be17f64eee097dbf/volume-58e2d7bf-56c6-4e68-a787-3a90edf48626.info" returned: 0 in 0.750s {{(pid=92214) execute /opt/stack/data/venv/lib/python3.12/site-packages/oslo_concurrency/processutils.py:468}}
Jun 11 18:11:45 devstack cinder-volume[92214]: DEBUG oslo_concurrency.lockutils [None req-79b50653-cad8-4280-8c7f-09ef1f6ab5e8 tempest-VolumesSnapshotListTestJSON-1108055000 None] Lock "quobyte" "released" by "cinder.volume.drivers.quobyte.QuobyteDriver.create_snapshot" :: held 5.323s {{(pid=92214) inner /opt/stack/data/venv/lib/python3.12/site-packages/oslo_concurrency/lockutils.py:538}}
Jun 11 18:11:45 devstack cinder-volume[92214]: INFO cinder.volume.manager [None req-79b50653-cad8-4280-8c7f-09ef1f6ab5e8 tempest-VolumesSnapshotListTestJSON-1108055000 None] Create snapshot completed successfully
Jun 11 18:11:46 devstack cinder-volume[92214]: DEBUG oslo_concurrency.lockutils [None req-48dbd401-a7af-4a37-94b4-04d682458e12 tempest-VolumesSnapshotListTestJSON-1108055000 None] Acquiring lock "quobyte" by "cinder.volume.drivers.quobyte.QuobyteDriver.create_snapshot" {{(pid=92214) inner /opt/stack/data/venv/lib/python3.12/site-packages/oslo_concurrency/lockutils.py:506}}
Jun 11 18:11:46 devstack cinder-volume[92214]: DEBUG oslo_concurrency.lockutils [None req-48dbd401-a7af-4a37-94b4-04d682458e12 tempest-VolumesSnapshotListTestJSON-1108055000 None] Lock "quobyte" acquired by "cinder.volume.drivers.quobyte.QuobyteDriver.create_snapshot" :: waited 0.001s {{(pid=92214) inner /opt/stack/data/venv/lib/python3.12/site-packages/oslo_concurrency/lockutils.py:519}}
Jun 11 18:11:46 devstack cinder-volume[92214]: DEBUG cinder.volume.drivers.remotefs [None req-48dbd401-a7af-4a37-94b4-04d682458e12 tempest-VolumesSnapshotListTestJSON-1108055000 None] Creating offline snapshot 8ba5a8ff-11b4-40d7-8939-190638de3354 of volume 58e2d7bf-56c6-4e68-a787-3a90edf48626 {{(pid=92214) _create_snapshot /opt/stack/cinder/cinder/volume/drivers/remotefs.py:1815}}
Jun 11 18:11:46 devstack cinder-volume[92214]: DEBUG oslo.privsep.daemon [-] privsep: reply[09a5d196-93c2-4058-99d1-1563cc1d0cb2]: (4, 'qcow2') {{(pid=93048) _call_back /opt/stack/data/venv/lib/python3.12/site-packages/oslo_privsep/daemon.py:573}}
Jun 11 18:11:46 devstack cinder-volume[92214]: DEBUG oslo_concurrency.processutils [None req-48dbd401-a7af-4a37-94b4-04d682458e12 tempest-VolumesSnapshotListTestJSON-1108055000 None] Running cmd (subprocess): /opt/stack/data/venv/bin/python3.12 -m oslo_concurrency.prlimit --as=1073741824 --cpu=60 -- sudo cinder-rootwrap /etc/cinder/rootwrap.conf env LC_ALL=C qemu-img info -f qcow2 --output=json --force-share /opt/stack/data/cinder/mnt/0f5dfe2ab8cd3447be17f64eee097dbf/volume-58e2d7bf-56c6-4e68-a787-3a90edf48626.45178b42-66b9-4880-9c07-ad486316ecfd {{(pid=92214) execute /opt/stack/data/venv/lib/python3.12/site-packages/oslo_concurrency/processutils.py:440}}
Jun 11 18:11:47 devstack sudo[96009]: quobyte : PWD=/ ; USER=root ; COMMAND=/opt/stack/data/venv/bin/cinder-rootwrap /etc/cinder/rootwrap.conf env LC_ALL=C qemu-img info -f qcow2 --output=json --force-share /opt/stack/data/cinder/mnt/0f5dfe2ab8cd3447be17f64eee097dbf/volume-58e2d7bf-56c6-4e68-a787-3a90edf48626.45178b42-66b9-4880-9c07-ad486316ecfd
Jun 11 18:11:47 devstack sudo[96009]: pam_unix(sudo:session): session opened for user root(uid=0) by (uid=1000)
Jun 11 18:11:47 devstack sudo[96009]: pam_unix(sudo:session): session closed for user root
Jun 11 18:11:47 devstack cinder-volume[92214]: DEBUG oslo_concurrency.processutils [None req-48dbd401-a7af-4a37-94b4-04d682458e12 tempest-VolumesSnapshotListTestJSON-1108055000 None] CMD "/opt/stack/data/venv/bin/python3.12 -m oslo_concurrency.prlimit --as=1073741824 --cpu=60 -- sudo cinder-rootwrap /etc/cinder/rootwrap.conf env LC_ALL=C qemu-img info -f qcow2 --output=json --force-share /opt/stack/data/cinder/mnt/0f5dfe2ab8cd3447be17f64eee097dbf/volume-58e2d7bf-56c6-4e68-a787-3a90edf48626.45178b42-66b9-4880-9c07-ad486316ecfd" returned: 0 in 1.059s {{(pid=92214) execute /opt/stack/data/venv/lib/python3.12/site-packages/oslo_concurrency/processutils.py:468}}
Jun 11 18:11:47 devstack cinder-volume[92214]: DEBUG cinder.volume.drivers.remotefs [None req-48dbd401-a7af-4a37-94b4-04d682458e12 tempest-VolumesSnapshotListTestJSON-1108055000 None] Fetching qemu-img info with special backing_file_template: (/opt/stack/data/cinder/mnt/[0-9a-f]+/)?(volume-58e2d7bf-56c6-4e68-a787-3a90edf48626(.(tmp-snap-)?[0-9a-f-]+)?|volume_from_snapshot_cache/(tmp-snap-)?[0-9a-f-]+(.(child-|parent-)[0-9a-f-]+)?)$ {{(pid=92214) _qemu_img_info_base /opt/stack/cinder/cinder/volume/drivers/remotefs.py:896}}
Jun 11 18:11:47 devstack cinder-volume[92214]: DEBUG oslo_concurrency.processutils [None req-48dbd401-a7af-4a37-94b4-04d682458e12 tempest-VolumesSnapshotListTestJSON-1108055000 None] Running cmd (subprocess): sudo cinder-rootwrap /etc/cinder/rootwrap.conf qemu-img create -f qcow2 -o backing_file=/opt/stack/data/cinder/mnt/0f5dfe2ab8cd3447be17f64eee097dbf/volume-58e2d7bf-56c6-4e68-a787-3a90edf48626.45178b42-66b9-4880-9c07-ad486316ecfd,backing_fmt=qcow2 /opt/stack/data/cinder/mnt/0f5dfe2ab8cd3447be17f64eee097dbf/volume-58e2d7bf-56c6-4e68-a787-3a90edf48626.8ba5a8ff-11b4-40d7-8939-190638de3354 1G {{(pid=92214) execute /opt/stack/data/venv/lib/python3.12/site-packages/oslo_concurrency/processutils.py:440}}
Jun 11 18:11:47 devstack sudo[96017]: quobyte : PWD=/ ; USER=root ; COMMAND=/opt/stack/data/venv/bin/cinder-rootwrap /etc/cinder/rootwrap.conf qemu-img create -f qcow2 -o backing_file=/opt/stack/data/cinder/mnt/0f5dfe2ab8cd3447be17f64eee097dbf/volume-58e2d7bf-56c6-4e68-a787-3a90edf48626.45178b42-66b9-4880-9c07-ad486316ecfd,backing_fmt=qcow2 /opt/stack/data/cinder/mnt/0f5dfe2ab8cd3447be17f64eee097dbf/volume-58e2d7bf-56c6-4e68-a787-3a90edf48626.8ba5a8ff-11b4-40d7-8939-190638de3354 1G
Jun 11 18:11:47 devstack sudo[96017]: pam_unix(sudo:session): session opened for user root(uid=0) by (uid=1000)
Jun 11 18:11:48 devstack cinder-volume[92214]: DEBUG cinder.volume.flows.manager.create_volume [None req-f1faf554-24be-489f-9c4f-34724733d294 tempest-VolumesTestJSON-1861731097 None] Volume reschedule parameters: True retry: {'num_attempts': 1, 'backends': ['devstack@QuobyteHD#QuobyteHD'], 'hosts': ['devstack@QuobyteHD#QuobyteHD']} {{(pid=92214) get_flow /opt/stack/cinder/cinder/volume/flows/manager/create_volume.py:1388}}
Jun 11 18:11:48 devstack cinder-volume[92214]: DEBUG cinder.volume.manager [None req-f1faf554-24be-489f-9c4f-34724733d294 tempest-VolumesTestJSON-1861731097 None] Flow 'volume_create_manager' (78d227b9-5f26-448c-abef-38e6bbb7bffb) transitioned into state 'RUNNING' from state 'PENDING' {{(pid=92214) _flow_receiver /opt/stack/data/venv/lib/python3.12/site-packages/taskflow/listeners/logging.py:145}}
Jun 11 18:11:48 devstack cinder-volume[92214]: DEBUG cinder.volume.manager [None req-f1faf554-24be-489f-9c4f-34724733d294 tempest-VolumesTestJSON-1861731097 None] Task 'cinder.volume.flows.manager.create_volume.ExtractVolumeRefTask;volume:create' (03879e1a-31b6-42f9-8e96-d34762ce08ab) transitioned into state 'RUNNING' from state 'PENDING' {{(pid=92214) _task_receiver /opt/stack/data/venv/lib/python3.12/site-packages/taskflow/listeners/logging.py:194}}
Jun 11 18:11:48 devstack cinder-volume[92214]: DEBUG cinder.volume.manager [None req-f1faf554-24be-489f-9c4f-34724733d294 tempest-VolumesTestJSON-1861731097 None] Task 'cinder.volume.flows.manager.create_volume.ExtractVolumeRefTask;volume:create' (03879e1a-31b6-42f9-8e96-d34762ce08ab) transitioned into state 'SUCCESS' from state 'RUNNING' with result 'Volume(_name_id=None,admin_metadata=,attach_status='detached',availability_zone='nova',bootable=False,cluster=,cluster_name=None,consistencygroup=,consistencygroup_id=None,created_at=2026-06-11T16:11:48Z,deleted=False,deleted_at=None,display_description=None,display_name='tempest-VolumesTestJSON-volume-1076219771',ec2_id=None,encryption_key_id=None,glance_metadata=,group=,group_id=None,host='devstack@QuobyteHD#QuobyteHD',id=af40db59-48b4-46de-b873-5e36fbc5fdfe,launched_at=None,metadata={Type='work'},migration_status=None,multiattach=False,previous_status=None,project_id='2a5da7e7e3eb4ab5858d8ae598a5290f',provider_auth=None,provider_geometry=None,provider_id=None,provider_location=None,replication_driver_data=None,replication_extended_status=None,replication_status=None,scheduled_at=2026-06-11T16:11:48Z,service_uuid=None,shared_targets=True,size=1,snapshot_id=None,snapshots=,source_volid=None,status='creating',terminated_at=None,updated_at=2026-06-11T16:11:48Z,use_quota=True,user_id='4c1eab46927949b49a4a39241c4afd22',volume_attachment=VolumeAttachmentList,volume_type=VolumeType(2ed98a5d-3971-47ac-9191-9c8b8dd95349),volume_type_id=2ed98a5d-3971-47ac-9191-9c8b8dd95349)' {{(pid=92214) _task_receiver /opt/stack/data/venv/lib/python3.12/site-packages/taskflow/listeners/logging.py:182}}
Jun 11 18:11:48 devstack cinder-volume[92214]: DEBUG cinder.volume.manager [None req-f1faf554-24be-489f-9c4f-34724733d294 tempest-VolumesTestJSON-1861731097 None] Task 'cinder.volume.flows.manager.create_volume.OnFailureRescheduleTask;volume:create' (4132f77d-564c-496f-88d0-3c27bb4d8e74) transitioned into state 'RUNNING' from state 'PENDING' {{(pid=92214) _task_receiver /opt/stack/data/venv/lib/python3.12/site-packages/taskflow/listeners/logging.py:194}}
Jun 11 18:11:48 devstack cinder-volume[92214]: DEBUG cinder.volume.manager [None req-f1faf554-24be-489f-9c4f-34724733d294 tempest-VolumesTestJSON-1861731097 None] Task 'cinder.volume.flows.manager.create_volume.OnFailureRescheduleTask;volume:create' (4132f77d-564c-496f-88d0-3c27bb4d8e74) transitioned into state 'SUCCESS' from state 'RUNNING' with result 'None' {{(pid=92214) _task_receiver /opt/stack/data/venv/lib/python3.12/site-packages/taskflow/listeners/logging.py:182}}
Jun 11 18:11:48 devstack cinder-volume[92214]: DEBUG cinder.volume.manager [None req-f1faf554-24be-489f-9c4f-34724733d294 tempest-VolumesTestJSON-1861731097 None] Task 'cinder.volume.flows.manager.create_volume.ExtractVolumeSpecTask;volume:create' (3d558a3c-c5cb-49ce-b492-7e5ac1d5ad30) transitioned into state 'RUNNING' from state 'PENDING' {{(pid=92214) _task_receiver /opt/stack/data/venv/lib/python3.12/site-packages/taskflow/listeners/logging.py:194}}
Jun 11 18:11:48 devstack cinder-volume[92214]: DEBUG cinder.volume.manager [None req-f1faf554-24be-489f-9c4f-34724733d294 tempest-VolumesTestJSON-1861731097 None] Task 'cinder.volume.flows.manager.create_volume.ExtractVolumeSpecTask;volume:create' (3d558a3c-c5cb-49ce-b492-7e5ac1d5ad30) transitioned into state 'SUCCESS' from state 'RUNNING' with result '{'status': 'creating', 'type': 'raw', 'volume_id': 'af40db59-48b4-46de-b873-5e36fbc5fdfe', 'volume_name': 'volume-af40db59-48b4-46de-b873-5e36fbc5fdfe', 'volume_size': 1}' {{(pid=92214) _task_receiver /opt/stack/data/venv/lib/python3.12/site-packages/taskflow/listeners/logging.py:182}}
Jun 11 18:11:48 devstack cinder-volume[92214]: DEBUG cinder.volume.manager [None req-f1faf554-24be-489f-9c4f-34724733d294 tempest-VolumesTestJSON-1861731097 None] Task 'cinder.volume.flows.manager.create_volume.NotifyVolumeActionTask;volume:create, create.start' (4c916538-d039-4e5f-9081-f769ca906d99) transitioned into state 'RUNNING' from state 'PENDING' {{(pid=92214) _task_receiver /opt/stack/data/venv/lib/python3.12/site-packages/taskflow/listeners/logging.py:194}}
Jun 11 18:11:48 devstack cinder-volume[92214]: DEBUG cinder.volume.manager [None req-f1faf554-24be-489f-9c4f-34724733d294 tempest-VolumesTestJSON-1861731097 None] Task 'cinder.volume.flows.manager.create_volume.NotifyVolumeActionTask;volume:create, create.start' (4c916538-d039-4e5f-9081-f769ca906d99) transitioned into state 'SUCCESS' from state 'RUNNING' with result 'None' {{(pid=92214) _task_receiver /opt/stack/data/venv/lib/python3.12/site-packages/taskflow/listeners/logging.py:182}}
Jun 11 18:11:48 devstack cinder-volume[92214]: DEBUG cinder.volume.manager [None req-f1faf554-24be-489f-9c4f-34724733d294 tempest-VolumesTestJSON-1861731097 None] Task 'cinder.volume.flows.manager.create_volume.CreateVolumeFromSpecTask;volume:create' (4e873baa-e5e9-4dd8-a023-1cc3839bd620) transitioned into state 'RUNNING' from state 'PENDING' {{(pid=92214) _task_receiver /opt/stack/data/venv/lib/python3.12/site-packages/taskflow/listeners/logging.py:194}}
Jun 11 18:11:48 devstack cinder-volume[92214]: INFO cinder.volume.flows.manager.create_volume [None req-f1faf554-24be-489f-9c4f-34724733d294 tempest-VolumesTestJSON-1861731097 None] Volume af40db59-48b4-46de-b873-5e36fbc5fdfe: being created as raw with specification: {'status': 'creating', 'volume_name': 'volume-af40db59-48b4-46de-b873-5e36fbc5fdfe', 'volume_size': 1}
Jun 11 18:11:48 devstack cinder-volume[92214]: DEBUG oslo_concurrency.lockutils [None req-f1faf554-24be-489f-9c4f-34724733d294 tempest-VolumesTestJSON-1861731097 None] Acquiring lock "quobyte" by "cinder.volume.drivers.quobyte.QuobyteDriver.create_volume" {{(pid=92214) inner /opt/stack/data/venv/lib/python3.12/site-packages/oslo_concurrency/lockutils.py:506}}
Jun 11 18:11:49 devstack sudo[96017]: pam_unix(sudo:session): session closed for user root
Jun 11 18:11:49 devstack cinder-volume[92214]: DEBUG oslo_concurrency.processutils [None req-48dbd401-a7af-4a37-94b4-04d682458e12 tempest-VolumesSnapshotListTestJSON-1108055000 None] CMD "sudo cinder-rootwrap /etc/cinder/rootwrap.conf qemu-img create -f qcow2 -o backing_file=/opt/stack/data/cinder/mnt/0f5dfe2ab8cd3447be17f64eee097dbf/volume-58e2d7bf-56c6-4e68-a787-3a90edf48626.45178b42-66b9-4880-9c07-ad486316ecfd,backing_fmt=qcow2 /opt/stack/data/cinder/mnt/0f5dfe2ab8cd3447be17f64eee097dbf/volume-58e2d7bf-56c6-4e68-a787-3a90edf48626.8ba5a8ff-11b4-40d7-8939-190638de3354 1G" returned: 0 in 1.214s {{(pid=92214) execute /opt/stack/data/venv/lib/python3.12/site-packages/oslo_concurrency/processutils.py:468}}
Jun 11 18:11:49 devstack cinder-volume[92214]: DEBUG oslo_concurrency.processutils [None req-48dbd401-a7af-4a37-94b4-04d682458e12 tempest-VolumesSnapshotListTestJSON-1108055000 None] Running cmd (subprocess): sudo cinder-rootwrap /etc/cinder/rootwrap.conf qemu-img rebase -u -b volume-58e2d7bf-56c6-4e68-a787-3a90edf48626.45178b42-66b9-4880-9c07-ad486316ecfd -F qcow2 /opt/stack/data/cinder/mnt/0f5dfe2ab8cd3447be17f64eee097dbf/volume-58e2d7bf-56c6-4e68-a787-3a90edf48626.8ba5a8ff-11b4-40d7-8939-190638de3354 {{(pid=92214) execute /opt/stack/data/venv/lib/python3.12/site-packages/oslo_concurrency/processutils.py:440}}
Jun 11 18:11:49 devstack sudo[96054]: quobyte : PWD=/ ; USER=root ; COMMAND=/opt/stack/data/venv/bin/cinder-rootwrap /etc/cinder/rootwrap.conf qemu-img rebase -u -b volume-58e2d7bf-56c6-4e68-a787-3a90edf48626.45178b42-66b9-4880-9c07-ad486316ecfd -F qcow2 /opt/stack/data/cinder/mnt/0f5dfe2ab8cd3447be17f64eee097dbf/volume-58e2d7bf-56c6-4e68-a787-3a90edf48626.8ba5a8ff-11b4-40d7-8939-190638de3354
Jun 11 18:11:49 devstack sudo[96054]: pam_unix(sudo:session): session opened for user root(uid=0) by (uid=1000)
Jun 11 18:11:49 devstack cinder-volume[92214]: INFO cinder.volume.manager [req-b65c6898-0257-4943-9427-79633ead1c8e req-82097522-5489-421c-a5a2-c9cf94cdf5b3 tempest-ServerActionsTestOtherA-1075107106 None] Terminate volume connection completed successfully.
Jun 11 18:11:49 devstack cinder-volume[92214]: DEBUG cinder.volume.manager [req-b65c6898-0257-4943-9427-79633ead1c8e req-82097522-5489-421c-a5a2-c9cf94cdf5b3 tempest-ServerActionsTestOtherA-1075107106 None] Deleting attachment 52727654-2afb-47ff-9916-6fefc02d7db7. {{(pid=92214) attachment_delete /opt/stack/cinder/cinder/volume/manager.py:5055}}
Jun 11 18:11:50 devstack sudo[96054]: pam_unix(sudo:session): session closed for user root
Jun 11 18:11:50 devstack cinder-volume[92214]: DEBUG oslo_concurrency.processutils [None req-48dbd401-a7af-4a37-94b4-04d682458e12 tempest-VolumesSnapshotListTestJSON-1108055000 None] CMD "sudo cinder-rootwrap /etc/cinder/rootwrap.conf qemu-img rebase -u -b volume-58e2d7bf-56c6-4e68-a787-3a90edf48626.45178b42-66b9-4880-9c07-ad486316ecfd -F qcow2 /opt/stack/data/cinder/mnt/0f5dfe2ab8cd3447be17f64eee097dbf/volume-58e2d7bf-56c6-4e68-a787-3a90edf48626.8ba5a8ff-11b4-40d7-8939-190638de3354" returned: 0 in 0.835s {{(pid=92214) execute /opt/stack/data/venv/lib/python3.12/site-packages/oslo_concurrency/processutils.py:468}}
Jun 11 18:11:50 devstack cinder-volume[92214]: WARNING cinder.volume.drivers.remotefs [None req-48dbd401-a7af-4a37-94b4-04d682458e12 tempest-VolumesSnapshotListTestJSON-1108055000 None] /opt/stack/data/cinder/mnt/0f5dfe2ab8cd3447be17f64eee097dbf/volume-58e2d7bf-56c6-4e68-a787-3a90edf48626.8ba5a8ff-11b4-40d7-8939-190638de3354 is being set with open permissions: ugo+rw
Jun 11 18:11:50 devstack cinder-volume[92214]: DEBUG oslo_concurrency.processutils [None req-48dbd401-a7af-4a37-94b4-04d682458e12 tempest-VolumesSnapshotListTestJSON-1108055000 None] Running cmd (subprocess): sudo cinder-rootwrap /etc/cinder/rootwrap.conf chmod ugo+rw /opt/stack/data/cinder/mnt/0f5dfe2ab8cd3447be17f64eee097dbf/volume-58e2d7bf-56c6-4e68-a787-3a90edf48626.8ba5a8ff-11b4-40d7-8939-190638de3354 {{(pid=92214) execute /opt/stack/data/venv/lib/python3.12/site-packages/oslo_concurrency/processutils.py:440}}
Jun 11 18:11:50 devstack sudo[96087]: quobyte : PWD=/ ; USER=root ; COMMAND=/opt/stack/data/venv/bin/cinder-rootwrap /etc/cinder/rootwrap.conf chmod ugo+rw /opt/stack/data/cinder/mnt/0f5dfe2ab8cd3447be17f64eee097dbf/volume-58e2d7bf-56c6-4e68-a787-3a90edf48626.8ba5a8ff-11b4-40d7-8939-190638de3354
Jun 11 18:11:50 devstack sudo[96087]: pam_unix(sudo:session): session opened for user root(uid=0) by (uid=1000)
Jun 11 18:11:50 devstack sudo[96087]: pam_unix(sudo:session): session closed for user root
Jun 11 18:11:50 devstack cinder-volume[92214]: DEBUG oslo_concurrency.processutils [None req-48dbd401-a7af-4a37-94b4-04d682458e12 tempest-VolumesSnapshotListTestJSON-1108055000 None] CMD "sudo cinder-rootwrap /etc/cinder/rootwrap.conf chmod ugo+rw /opt/stack/data/cinder/mnt/0f5dfe2ab8cd3447be17f64eee097dbf/volume-58e2d7bf-56c6-4e68-a787-3a90edf48626.8ba5a8ff-11b4-40d7-8939-190638de3354" returned: 0 in 0.658s {{(pid=92214) execute /opt/stack/data/venv/lib/python3.12/site-packages/oslo_concurrency/processutils.py:468}}
Jun 11 18:11:50 devstack cinder-volume[92214]: DEBUG oslo_concurrency.lockutils [None req-48dbd401-a7af-4a37-94b4-04d682458e12 tempest-VolumesSnapshotListTestJSON-1108055000 None] Lock "quobyte" "released" by "cinder.volume.drivers.quobyte.QuobyteDriver.create_snapshot" :: held 4.002s {{(pid=92214) inner /opt/stack/data/venv/lib/python3.12/site-packages/oslo_concurrency/lockutils.py:538}}
Jun 11 18:11:50 devstack cinder-volume[92214]: DEBUG oslo_concurrency.lockutils [None req-f1faf554-24be-489f-9c4f-34724733d294 tempest-VolumesTestJSON-1861731097 None] Lock "quobyte" acquired by "cinder.volume.drivers.quobyte.QuobyteDriver.create_volume" :: waited 2.570s {{(pid=92214) inner /opt/stack/data/venv/lib/python3.12/site-packages/oslo_concurrency/lockutils.py:519}}
Jun 11 18:11:50 devstack cinder-volume[92214]: DEBUG cinder.volume.drivers.quobyte [None req-f1faf554-24be-489f-9c4f-34724733d294 tempest-VolumesTestJSON-1861731097 None] ==> create_volume: call "{'self': , 'volume': Volume(_name_id=None,admin_metadata=,attach_status='detached',availability_zone='nova',bootable=False,cluster=,cluster_name=None,consistencygroup=,consistencygroup_id=None,created_at=2026-06-11T16:11:48Z,deleted=False,deleted_at=None,display_description=None,display_name='tempest-VolumesTestJSON-volume-1076219771',ec2_id=None,encryption_key_id=None,glance_metadata=,group=,group_id=None,host='devstack@QuobyteHD#QuobyteHD',id=af40db59-48b4-46de-b873-5e36fbc5fdfe,launched_at=None,metadata={Type='work'},migration_status=None,multiattach=False,previous_status=None,project_id='2a5da7e7e3eb4ab5858d8ae598a5290f',provider_auth=None,provider_geometry=None,provider_id=None,provider_location=None,replication_driver_data=None,replication_extended_status=None,replication_status=None,scheduled_at=2026-06-11T16:11:48Z,service_uuid=None,shared_targets=True,size=1,snapshot_id=None,snapshots=,source_volid=None,status='creating',terminated_at=None,updated_at=2026-06-11T16:11:48Z,use_quota=True,user_id='4c1eab46927949b49a4a39241c4afd22',volume_attachment=VolumeAttachmentList,volume_type=VolumeType(2ed98a5d-3971-47ac-9191-9c8b8dd95349),volume_type_id=2ed98a5d-3971-47ac-9191-9c8b8dd95349)}" {{(pid=92214) trace_logging_wrapper /opt/stack/cinder/cinder/volume/volume_utils.py:1498}}
Jun 11 18:11:50 devstack cinder-volume[92214]: DEBUG cinder.volume.drivers.remotefs [None req-f1faf554-24be-489f-9c4f-34724733d294 tempest-VolumesTestJSON-1861731097 None] Creating volume af40db59-48b4-46de-b873-5e36fbc5fdfe {{(pid=92214) create_volume /opt/stack/cinder/cinder/volume/drivers/remotefs.py:292}}
Jun 11 18:11:50 devstack cinder-volume[92214]: DEBUG oslo_concurrency.lockutils [None req-f1faf554-24be-489f-9c4f-34724733d294 tempest-VolumesTestJSON-1861731097 None] Acquiring lock "quobyte_ensure" by "cinder.volume.drivers.quobyte.QuobyteDriver._ensure_shares_mounted" {{(pid=92214) inner /opt/stack/data/venv/lib/python3.12/site-packages/oslo_concurrency/lockutils.py:506}}
Jun 11 18:11:50 devstack cinder-volume[92214]: DEBUG oslo_concurrency.lockutils [None req-f1faf554-24be-489f-9c4f-34724733d294 tempest-VolumesTestJSON-1861731097 None] Lock "quobyte_ensure" acquired by "cinder.volume.drivers.quobyte.QuobyteDriver._ensure_shares_mounted" :: waited 0.000s {{(pid=92214) inner /opt/stack/data/venv/lib/python3.12/site-packages/oslo_concurrency/lockutils.py:519}}
Jun 11 18:11:50 devstack cinder-volume[92214]: DEBUG cinder.volume.drivers.quobyte [None req-f1faf554-24be-489f-9c4f-34724733d294 tempest-VolumesTestJSON-1861731097 None] Quobyte Volume URL set to: {'osci02.corp.quobyte.com/cinder-vol-61604887-c8f2-42d2-921f-c3a3abf2d77e': None} {{(pid=92214) _load_shares_config /opt/stack/cinder/cinder/volume/drivers/quobyte.py:617}}
Jun 11 18:11:50 devstack cinder-volume[92214]: DEBUG cinder.volume.drivers.quobyte [None req-f1faf554-24be-489f-9c4f-34724733d294 tempest-VolumesTestJSON-1861731097 None] Available shares ['osci02.corp.quobyte.com/cinder-vol-61604887-c8f2-42d2-921f-c3a3abf2d77e'] {{(pid=92214) _ensure_shares_mounted /opt/stack/cinder/cinder/volume/drivers/quobyte.py:647}}
Jun 11 18:11:50 devstack cinder-volume[92214]: DEBUG oslo_concurrency.lockutils [None req-f1faf554-24be-489f-9c4f-34724733d294 tempest-VolumesTestJSON-1861731097 None] Lock "quobyte_ensure" "released" by "cinder.volume.drivers.quobyte.QuobyteDriver._ensure_shares_mounted" :: held 0.012s {{(pid=92214) inner /opt/stack/data/venv/lib/python3.12/site-packages/oslo_concurrency/lockutils.py:538}}
Jun 11 18:11:50 devstack cinder-volume[92214]: DEBUG cinder.volume.drivers.quobyte [None req-f1faf554-24be-489f-9c4f-34724733d294 tempest-VolumesTestJSON-1861731097 None] Selected osci02.corp.quobyte.com/cinder-vol-61604887-c8f2-42d2-921f-c3a3abf2d77e as target Quobyte volume. {{(pid=92214) _find_share /opt/stack/cinder/cinder/volume/drivers/quobyte.py:668}}
Jun 11 18:11:50 devstack cinder-volume[92214]: INFO cinder.volume.drivers.remotefs [None req-f1faf554-24be-489f-9c4f-34724733d294 tempest-VolumesTestJSON-1861731097 None] casted to osci02.corp.quobyte.com/cinder-vol-61604887-c8f2-42d2-921f-c3a3abf2d77e
Jun 11 18:11:50 devstack cinder-volume[92214]: DEBUG oslo_concurrency.processutils [None req-f1faf554-24be-489f-9c4f-34724733d294 tempest-VolumesTestJSON-1861731097 None] Running cmd (subprocess): sudo cinder-rootwrap /etc/cinder/rootwrap.conf qemu-img create -f qcow2 -o preallocation=metadata /opt/stack/data/cinder/mnt/0f5dfe2ab8cd3447be17f64eee097dbf/volume-af40db59-48b4-46de-b873-5e36fbc5fdfe 1073741824 {{(pid=92214) execute /opt/stack/data/venv/lib/python3.12/site-packages/oslo_concurrency/processutils.py:440}}
Jun 11 18:11:50 devstack sudo[96091]: quobyte : PWD=/ ; USER=root ; COMMAND=/opt/stack/data/venv/bin/cinder-rootwrap /etc/cinder/rootwrap.conf qemu-img create -f qcow2 -o preallocation=metadata /opt/stack/data/cinder/mnt/0f5dfe2ab8cd3447be17f64eee097dbf/volume-af40db59-48b4-46de-b873-5e36fbc5fdfe 1073741824
Jun 11 18:11:50 devstack sudo[96091]: pam_unix(sudo:session): session opened for user root(uid=0) by (uid=1000)
Jun 11 18:11:50 devstack cinder-volume[92214]: INFO cinder.volume.manager [None req-48dbd401-a7af-4a37-94b4-04d682458e12 tempest-VolumesSnapshotListTestJSON-1108055000 None] Create snapshot completed successfully
Jun 11 18:11:51 devstack cinder-volume[92214]: DEBUG oslo_concurrency.lockutils [None req-165574d7-d4fa-4c6a-93cf-66545b97fcc0 tempest-VolumesSnapshotListTestJSON-1108055000 None] Acquiring lock "quobyte" by "cinder.volume.drivers.quobyte.QuobyteDriver.create_snapshot" {{(pid=92214) inner /opt/stack/data/venv/lib/python3.12/site-packages/oslo_concurrency/lockutils.py:506}}
Jun 11 18:11:52 devstack sudo[96091]: pam_unix(sudo:session): session closed for user root
Jun 11 18:11:52 devstack cinder-volume[92214]: DEBUG oslo_concurrency.processutils [None req-f1faf554-24be-489f-9c4f-34724733d294 tempest-VolumesTestJSON-1861731097 None] CMD "sudo cinder-rootwrap /etc/cinder/rootwrap.conf qemu-img create -f qcow2 -o preallocation=metadata /opt/stack/data/cinder/mnt/0f5dfe2ab8cd3447be17f64eee097dbf/volume-af40db59-48b4-46de-b873-5e36fbc5fdfe 1073741824" returned: 0 in 1.343s {{(pid=92214) execute /opt/stack/data/venv/lib/python3.12/site-packages/oslo_concurrency/processutils.py:468}}
Jun 11 18:11:52 devstack cinder-volume[92214]: DEBUG oslo_concurrency.lockutils [req-b65c6898-0257-4943-9427-79633ead1c8e req-190a1ca6-d123-4f90-9965-30374f46450a tempest-ServerActionsTestOtherA-1075107106 None] Acquiring lock "quobyte" by "cinder.volume.drivers.quobyte.QuobyteDriver.initialize_connection" {{(pid=92214) inner /opt/stack/data/venv/lib/python3.12/site-packages/oslo_concurrency/lockutils.py:506}}
Jun 11 18:11:52 devstack cinder-volume[92214]: DEBUG oslo_concurrency.processutils [None req-f1faf554-24be-489f-9c4f-34724733d294 tempest-VolumesTestJSON-1861731097 None] Running cmd (subprocess): sudo cinder-rootwrap /etc/cinder/rootwrap.conf chmod ugo+rw /opt/stack/data/cinder/mnt/0f5dfe2ab8cd3447be17f64eee097dbf/volume-af40db59-48b4-46de-b873-5e36fbc5fdfe {{(pid=92214) execute /opt/stack/data/venv/lib/python3.12/site-packages/oslo_concurrency/processutils.py:440}}
Jun 11 18:11:52 devstack sudo[96110]: quobyte : PWD=/ ; USER=root ; COMMAND=/opt/stack/data/venv/bin/cinder-rootwrap /etc/cinder/rootwrap.conf chmod ugo+rw /opt/stack/data/cinder/mnt/0f5dfe2ab8cd3447be17f64eee097dbf/volume-af40db59-48b4-46de-b873-5e36fbc5fdfe
Jun 11 18:11:52 devstack sudo[96110]: pam_unix(sudo:session): session opened for user root(uid=0) by (uid=1000)
Jun 11 18:11:52 devstack sudo[96110]: pam_unix(sudo:session): session closed for user root
Jun 11 18:11:52 devstack cinder-volume[92214]: DEBUG oslo_concurrency.processutils [None req-f1faf554-24be-489f-9c4f-34724733d294 tempest-VolumesTestJSON-1861731097 None] CMD "sudo cinder-rootwrap /etc/cinder/rootwrap.conf chmod ugo+rw /opt/stack/data/cinder/mnt/0f5dfe2ab8cd3447be17f64eee097dbf/volume-af40db59-48b4-46de-b873-5e36fbc5fdfe" returned: 0 in 0.709s {{(pid=92214) execute /opt/stack/data/venv/lib/python3.12/site-packages/oslo_concurrency/processutils.py:468}}
Jun 11 18:11:52 devstack cinder-volume[92214]: DEBUG cinder.volume.drivers.quobyte [None req-f1faf554-24be-489f-9c4f-34724733d294 tempest-VolumesTestJSON-1861731097 None] <== create_volume: return (2141ms) {'provider_location': 'osci02.corp.quobyte.com/cinder-vol-61604887-c8f2-42d2-921f-c3a3abf2d77e'} {{(pid=92214) trace_logging_wrapper /opt/stack/cinder/cinder/volume/volume_utils.py:1523}}
Jun 11 18:11:52 devstack cinder-volume[92214]: DEBUG oslo_concurrency.lockutils [None req-f1faf554-24be-489f-9c4f-34724733d294 tempest-VolumesTestJSON-1861731097 None] Lock "quobyte" "released" by "cinder.volume.drivers.quobyte.QuobyteDriver.create_volume" :: held 2.149s {{(pid=92214) inner /opt/stack/data/venv/lib/python3.12/site-packages/oslo_concurrency/lockutils.py:538}}
Jun 11 18:11:52 devstack cinder-volume[92214]: DEBUG oslo_concurrency.lockutils [None req-165574d7-d4fa-4c6a-93cf-66545b97fcc0 tempest-VolumesSnapshotListTestJSON-1108055000 None] Lock "quobyte" acquired by "cinder.volume.drivers.quobyte.QuobyteDriver.create_snapshot" :: waited 1.519s {{(pid=92214) inner /opt/stack/data/venv/lib/python3.12/site-packages/oslo_concurrency/lockutils.py:519}}
