Jun 11 18:08:30 devstack cinder-volume[92214]: INFO oslo.privsep.daemon [None req-d4b255ba-5887-439f-8a8f-7669d4c54e28 tempest-GroupsV314Test-1037300300 None] Running privsep helper: ['sudo', 'cinder-rootwrap', '/etc/cinder/rootwrap.conf', 'privsep-helper', '--config-file', '/etc/cinder/cinder.conf', '--privsep_context', 'cinder.privsep.sys_admin_pctxt', '--privsep_sock_path', '/tmp/tmpyn6wxfdp/privsep.sock']
Jun 11 18:08:30 devstack sudo[93035]: quobyte : PWD=/ ; USER=root ; COMMAND=/opt/stack/data/venv/bin/cinder-rootwrap /etc/cinder/rootwrap.conf privsep-helper --config-file /etc/cinder/cinder.conf --privsep_context cinder.privsep.sys_admin_pctxt --privsep_sock_path /tmp/tmpyn6wxfdp/privsep.sock
Jun 11 18:08:30 devstack sudo[93035]: pam_unix(sudo:session): session opened for user root(uid=0) by (uid=1000)
Jun 11 18:08:32 devstack sudo[93035]: pam_unix(sudo:session): session closed for user root
Jun 11 18:08:32 devstack cinder-volume[92214]: INFO oslo.privsep.daemon [None req-d4b255ba-5887-439f-8a8f-7669d4c54e28 tempest-GroupsV314Test-1037300300 None] Spawned new privsep daemon via rootwrap
Jun 11 18:08:32 devstack cinder-volume[92214]: DEBUG oslo.privsep.daemon [None req-d4b255ba-5887-439f-8a8f-7669d4c54e28 tempest-GroupsV314Test-1037300300 None] Accepted privsep connection to /tmp/tmpyn6wxfdp/privsep.sock {{(pid=92214) __init__ /opt/stack/data/venv/lib/python3.12/site-packages/oslo_privsep/daemon.py:418}}
Jun 11 18:08:32 devstack cinder-volume[92214]: INFO oslo.privsep.daemon [-] privsep daemon starting
Jun 11 18:08:32 devstack cinder-volume[92214]: INFO oslo.privsep.daemon [-] privsep process running with uid/gid: 0/0
Jun 11 18:08:32 devstack cinder-volume[92214]: INFO oslo.privsep.daemon [-] privsep process running with capabilities (eff/prm/inh): CAP_CHOWN|CAP_DAC_OVERRIDE|CAP_DAC_READ_SEARCH|CAP_FOWNER|CAP_NET_ADMIN|CAP_SYS_ADMIN/CAP_CHOWN|CAP_DAC_OVERRIDE|CAP_DAC_READ_SEARCH|CAP_FOWNER|CAP_NET_ADMIN|CAP_SYS_ADMIN/none
Jun 11 18:08:32 devstack cinder-volume[92214]: INFO oslo.privsep.daemon [-] privsep daemon running as pid 93048
Jun 11 18:08:32 devstack cinder-volume[92214]: DEBUG oslo.privsep.daemon [-] privsep: reply[36c668bd-2100-40b2-ba96-1e43b8f377f7]: (2,) {{(pid=93048) _call_back /opt/stack/data/venv/lib/python3.12/site-packages/oslo_privsep/daemon.py:573}}
Jun 11 18:08:32 devstack cinder-volume[92214]: DEBUG oslo.privsep.daemon [-] privsep: reply[8f738e84-86b7-4a4c-beba-f029e10f2350]: (4, 'qcow2') {{(pid=93048) _call_back /opt/stack/data/venv/lib/python3.12/site-packages/oslo_privsep/daemon.py:573}}
Jun 11 18:08:32 devstack cinder-volume[92214]: DEBUG oslo_concurrency.processutils [None req-d4b255ba-5887-439f-8a8f-7669d4c54e28 tempest-GroupsV314Test-1037300300 None] Running cmd (subprocess): /opt/stack/data/venv/bin/python3.12 -m oslo_concurrency.prlimit --as=1073741824 --cpu=60 -- sudo cinder-rootwrap /etc/cinder/rootwrap.conf env LC_ALL=C qemu-img info -f qcow2 --output=json --force-share /opt/stack/data/cinder/mnt/0f5dfe2ab8cd3447be17f64eee097dbf/volume-2d17f406-3d09-4967-a67a-4610295cef3f {{(pid=92214) execute /opt/stack/data/venv/lib/python3.12/site-packages/oslo_concurrency/processutils.py:440}}
Jun 11 18:08:32 devstack sudo[93051]: quobyte : PWD=/ ; USER=root ; COMMAND=/opt/stack/data/venv/bin/cinder-rootwrap /etc/cinder/rootwrap.conf env LC_ALL=C qemu-img info -f qcow2 --output=json --force-share /opt/stack/data/cinder/mnt/0f5dfe2ab8cd3447be17f64eee097dbf/volume-2d17f406-3d09-4967-a67a-4610295cef3f
Jun 11 18:08:32 devstack sudo[93051]: pam_unix(sudo:session): session opened for user root(uid=0) by (uid=1000)
Jun 11 18:08:34 devstack sudo[93051]: pam_unix(sudo:session): session closed for user root
Jun 11 18:08:34 devstack cinder-volume[92214]: DEBUG oslo_concurrency.processutils [None req-d4b255ba-5887-439f-8a8f-7669d4c54e28 tempest-GroupsV314Test-1037300300 None] CMD "/opt/stack/data/venv/bin/python3.12 -m oslo_concurrency.prlimit --as=1073741824 --cpu=60 -- sudo cinder-rootwrap /etc/cinder/rootwrap.conf env LC_ALL=C qemu-img info -f qcow2 --output=json --force-share /opt/stack/data/cinder/mnt/0f5dfe2ab8cd3447be17f64eee097dbf/volume-2d17f406-3d09-4967-a67a-4610295cef3f" returned: 0 in 1.834s {{(pid=92214) execute /opt/stack/data/venv/lib/python3.12/site-packages/oslo_concurrency/processutils.py:468}}
Jun 11 18:08:34 devstack cinder-volume[92214]: DEBUG oslo_concurrency.processutils [None req-d4b255ba-5887-439f-8a8f-7669d4c54e28 tempest-GroupsV314Test-1037300300 None] Running cmd (subprocess): sudo cinder-rootwrap /etc/cinder/rootwrap.conf qemu-img create -f qcow2 -o backing_file=/opt/stack/data/cinder/mnt/0f5dfe2ab8cd3447be17f64eee097dbf/volume-2d17f406-3d09-4967-a67a-4610295cef3f,backing_fmt=qcow2 /opt/stack/data/cinder/mnt/0f5dfe2ab8cd3447be17f64eee097dbf/volume-2d17f406-3d09-4967-a67a-4610295cef3f.7c6c4045-8228-4f29-83be-b7bb0a89bda3 1G {{(pid=92214) execute /opt/stack/data/venv/lib/python3.12/site-packages/oslo_concurrency/processutils.py:440}}
Jun 11 18:08:34 devstack sudo[93122]: quobyte : PWD=/ ; USER=root ; COMMAND=/opt/stack/data/venv/bin/cinder-rootwrap /etc/cinder/rootwrap.conf qemu-img create -f qcow2 -o backing_file=/opt/stack/data/cinder/mnt/0f5dfe2ab8cd3447be17f64eee097dbf/volume-2d17f406-3d09-4967-a67a-4610295cef3f,backing_fmt=qcow2 /opt/stack/data/cinder/mnt/0f5dfe2ab8cd3447be17f64eee097dbf/volume-2d17f406-3d09-4967-a67a-4610295cef3f.7c6c4045-8228-4f29-83be-b7bb0a89bda3 1G
Jun 11 18:08:34 devstack sudo[93122]: pam_unix(sudo:session): session opened for user root(uid=0) by (uid=1000)
Jun 11 18:08:35 devstack cinder-volume[92214]: DEBUG cinder.volume.flows.manager.create_volume [None req-9e871639-5769-4aeb-9f1c-fad0799e5bd9 tempest-DeleteServersTestJSON-692412086 None] Volume reschedule parameters: True retry: {'num_attempts': 1, 'backends': ['devstack@QuobyteHD#QuobyteHD'], 'hosts': ['devstack@QuobyteHD#QuobyteHD']} {{(pid=92214) get_flow /opt/stack/cinder/cinder/volume/flows/manager/create_volume.py:1388}}
Jun 11 18:08:35 devstack cinder-volume[92214]: DEBUG cinder.volume.manager [None req-9e871639-5769-4aeb-9f1c-fad0799e5bd9 tempest-DeleteServersTestJSON-692412086 None] Flow 'volume_create_manager' (22acdef7-16e7-42da-b6df-e1a5408b082a) transitioned into state 'RUNNING' from state 'PENDING' {{(pid=92214) _flow_receiver /opt/stack/data/venv/lib/python3.12/site-packages/taskflow/listeners/logging.py:145}}
Jun 11 18:08:35 devstack cinder-volume[92214]: DEBUG cinder.volume.manager [None req-9e871639-5769-4aeb-9f1c-fad0799e5bd9 tempest-DeleteServersTestJSON-692412086 None] Task 'cinder.volume.flows.manager.create_volume.ExtractVolumeRefTask;volume:create' (1400bdd6-2735-462c-b36e-1c77341eea87) transitioned into state 'RUNNING' from state 'PENDING' {{(pid=92214) _task_receiver /opt/stack/data/venv/lib/python3.12/site-packages/taskflow/listeners/logging.py:194}}
Jun 11 18:08:35 devstack cinder-volume[92214]: DEBUG cinder.volume.manager [None req-9e871639-5769-4aeb-9f1c-fad0799e5bd9 tempest-DeleteServersTestJSON-692412086 None] Task 'cinder.volume.flows.manager.create_volume.ExtractVolumeRefTask;volume:create' (1400bdd6-2735-462c-b36e-1c77341eea87) transitioned into state 'SUCCESS' from state 'RUNNING' with result 'Volume(_name_id=None,admin_metadata=,attach_status='detached',availability_zone='nova',bootable=False,cluster=,cluster_name=None,consistencygroup=,consistencygroup_id=None,created_at=2026-06-11T16:08:35Z,deleted=False,deleted_at=None,display_description=None,display_name='tempest-DeleteServersTestJSON-volume-1998078921',ec2_id=None,encryption_key_id=None,glance_metadata=,group=,group_id=None,host='devstack@QuobyteHD#QuobyteHD',id=4e54b1aa-d090-4f72-8e70-235097b2f2aa,launched_at=None,metadata={},migration_status=None,multiattach=False,previous_status=None,project_id='0414e1ae31554c3d9fd7292b259f7cfc',provider_auth=None,provider_geometry=None,provider_id=None,provider_location=None,replication_driver_data=None,replication_extended_status=None,replication_status=None,scheduled_at=2026-06-11T16:08:36Z,service_uuid=None,shared_targets=True,size=1,snapshot_id=None,snapshots=,source_volid=None,status='creating',terminated_at=None,updated_at=2026-06-11T16:08:36Z,use_quota=True,user_id='209176643a3c481e883b72e9b99adc24',volume_attachment=VolumeAttachmentList,volume_type=VolumeType(2ed98a5d-3971-47ac-9191-9c8b8dd95349),volume_type_id=2ed98a5d-3971-47ac-9191-9c8b8dd95349)' {{(pid=92214) _task_receiver /opt/stack/data/venv/lib/python3.12/site-packages/taskflow/listeners/logging.py:182}}
Jun 11 18:08:35 devstack cinder-volume[92214]: DEBUG cinder.volume.manager [None req-9e871639-5769-4aeb-9f1c-fad0799e5bd9 tempest-DeleteServersTestJSON-692412086 None] Task 'cinder.volume.flows.manager.create_volume.OnFailureRescheduleTask;volume:create' (9c7a617b-f331-4410-802e-33bae9feddcd) transitioned into state 'RUNNING' from state 'PENDING' {{(pid=92214) _task_receiver /opt/stack/data/venv/lib/python3.12/site-packages/taskflow/listeners/logging.py:194}}
Jun 11 18:08:36 devstack cinder-volume[92214]: DEBUG cinder.volume.manager [None req-9e871639-5769-4aeb-9f1c-fad0799e5bd9 tempest-DeleteServersTestJSON-692412086 None] Task 'cinder.volume.flows.manager.create_volume.OnFailureRescheduleTask;volume:create' (9c7a617b-f331-4410-802e-33bae9feddcd) transitioned into state 'SUCCESS' from state 'RUNNING' with result 'None' {{(pid=92214) _task_receiver /opt/stack/data/venv/lib/python3.12/site-packages/taskflow/listeners/logging.py:182}}
Jun 11 18:08:36 devstack cinder-volume[92214]: DEBUG cinder.volume.manager [None req-9e871639-5769-4aeb-9f1c-fad0799e5bd9 tempest-DeleteServersTestJSON-692412086 None] Task 'cinder.volume.flows.manager.create_volume.ExtractVolumeSpecTask;volume:create' (c691a655-0455-460d-ae4d-da86b03b8a27) transitioned into state 'RUNNING' from state 'PENDING' {{(pid=92214) _task_receiver /opt/stack/data/venv/lib/python3.12/site-packages/taskflow/listeners/logging.py:194}}
Jun 11 18:08:36 devstack cinder-volume[92214]: DEBUG cinder.volume.manager [None req-9e871639-5769-4aeb-9f1c-fad0799e5bd9 tempest-DeleteServersTestJSON-692412086 None] Task 'cinder.volume.flows.manager.create_volume.ExtractVolumeSpecTask;volume:create' (c691a655-0455-460d-ae4d-da86b03b8a27) transitioned into state 'SUCCESS' from state 'RUNNING' with result '{'status': 'creating', 'type': 'raw', 'volume_id': '4e54b1aa-d090-4f72-8e70-235097b2f2aa', 'volume_name': 'volume-4e54b1aa-d090-4f72-8e70-235097b2f2aa', 'volume_size': 1}' {{(pid=92214) _task_receiver /opt/stack/data/venv/lib/python3.12/site-packages/taskflow/listeners/logging.py:182}}
Jun 11 18:08:36 devstack cinder-volume[92214]: DEBUG cinder.volume.manager [None req-9e871639-5769-4aeb-9f1c-fad0799e5bd9 tempest-DeleteServersTestJSON-692412086 None] Task 'cinder.volume.flows.manager.create_volume.NotifyVolumeActionTask;volume:create, create.start' (813e2764-25bd-442a-9e45-d5e93f2b165d) transitioned into state 'RUNNING' from state 'PENDING' {{(pid=92214) _task_receiver /opt/stack/data/venv/lib/python3.12/site-packages/taskflow/listeners/logging.py:194}}
Jun 11 18:08:36 devstack sudo[93122]: pam_unix(sudo:session): session closed for user root
Jun 11 18:08:36 devstack cinder-volume[92214]: DEBUG cinder.volume.manager [None req-9e871639-5769-4aeb-9f1c-fad0799e5bd9 tempest-DeleteServersTestJSON-692412086 None] Task 'cinder.volume.flows.manager.create_volume.NotifyVolumeActionTask;volume:create, create.start' (813e2764-25bd-442a-9e45-d5e93f2b165d) transitioned into state 'SUCCESS' from state 'RUNNING' with result 'None' {{(pid=92214) _task_receiver /opt/stack/data/venv/lib/python3.12/site-packages/taskflow/listeners/logging.py:182}}
Jun 11 18:08:36 devstack cinder-volume[92214]: DEBUG cinder.volume.manager [None req-9e871639-5769-4aeb-9f1c-fad0799e5bd9 tempest-DeleteServersTestJSON-692412086 None] Task 'cinder.volume.flows.manager.create_volume.CreateVolumeFromSpecTask;volume:create' (fdd0b564-65d0-4e1c-bb23-04462cbb32ad) transitioned into state 'RUNNING' from state 'PENDING' {{(pid=92214) _task_receiver /opt/stack/data/venv/lib/python3.12/site-packages/taskflow/listeners/logging.py:194}}
Jun 11 18:08:36 devstack cinder-volume[92214]: INFO cinder.volume.flows.manager.create_volume [None req-9e871639-5769-4aeb-9f1c-fad0799e5bd9 tempest-DeleteServersTestJSON-692412086 None] Volume 4e54b1aa-d090-4f72-8e70-235097b2f2aa: being created as raw with specification: {'status': 'creating', 'volume_name': 'volume-4e54b1aa-d090-4f72-8e70-235097b2f2aa', 'volume_size': 1}
Jun 11 18:08:36 devstack cinder-volume[92214]: DEBUG oslo_concurrency.lockutils [None req-9e871639-5769-4aeb-9f1c-fad0799e5bd9 tempest-DeleteServersTestJSON-692412086 None] Acquiring lock "quobyte" by "cinder.volume.drivers.quobyte.QuobyteDriver.create_volume" {{(pid=92214) inner /opt/stack/data/venv/lib/python3.12/site-packages/oslo_concurrency/lockutils.py:506}}
Jun 11 18:08:36 devstack cinder-volume[92214]: DEBUG oslo_concurrency.processutils [None req-d4b255ba-5887-439f-8a8f-7669d4c54e28 tempest-GroupsV314Test-1037300300 None] CMD "sudo cinder-rootwrap /etc/cinder/rootwrap.conf qemu-img create -f qcow2 -o backing_file=/opt/stack/data/cinder/mnt/0f5dfe2ab8cd3447be17f64eee097dbf/volume-2d17f406-3d09-4967-a67a-4610295cef3f,backing_fmt=qcow2 /opt/stack/data/cinder/mnt/0f5dfe2ab8cd3447be17f64eee097dbf/volume-2d17f406-3d09-4967-a67a-4610295cef3f.7c6c4045-8228-4f29-83be-b7bb0a89bda3 1G" returned: 0 in 1.867s {{(pid=92214) execute /opt/stack/data/venv/lib/python3.12/site-packages/oslo_concurrency/processutils.py:468}}
Jun 11 18:08:36 devstack cinder-volume[92214]: DEBUG oslo_concurrency.processutils [None req-d4b255ba-5887-439f-8a8f-7669d4c54e28 tempest-GroupsV314Test-1037300300 None] Running cmd (subprocess): sudo cinder-rootwrap /etc/cinder/rootwrap.conf qemu-img rebase -u -b volume-2d17f406-3d09-4967-a67a-4610295cef3f -F qcow2 /opt/stack/data/cinder/mnt/0f5dfe2ab8cd3447be17f64eee097dbf/volume-2d17f406-3d09-4967-a67a-4610295cef3f.7c6c4045-8228-4f29-83be-b7bb0a89bda3 {{(pid=92214) execute /opt/stack/data/venv/lib/python3.12/site-packages/oslo_concurrency/processutils.py:440}}
Jun 11 18:08:36 devstack sudo[93131]: quobyte : PWD=/ ; USER=root ; COMMAND=/opt/stack/data/venv/bin/cinder-rootwrap /etc/cinder/rootwrap.conf qemu-img rebase -u -b volume-2d17f406-3d09-4967-a67a-4610295cef3f -F qcow2 /opt/stack/data/cinder/mnt/0f5dfe2ab8cd3447be17f64eee097dbf/volume-2d17f406-3d09-4967-a67a-4610295cef3f.7c6c4045-8228-4f29-83be-b7bb0a89bda3
Jun 11 18:08:36 devstack sudo[93131]: pam_unix(sudo:session): session opened for user root(uid=0) by (uid=1000)
Jun 11 18:08:37 devstack sudo[93131]: pam_unix(sudo:session): session closed for user root
Jun 11 18:08:37 devstack cinder-volume[92214]: DEBUG oslo_concurrency.processutils [None req-d4b255ba-5887-439f-8a8f-7669d4c54e28 tempest-GroupsV314Test-1037300300 None] CMD "sudo cinder-rootwrap /etc/cinder/rootwrap.conf qemu-img rebase -u -b volume-2d17f406-3d09-4967-a67a-4610295cef3f -F qcow2 /opt/stack/data/cinder/mnt/0f5dfe2ab8cd3447be17f64eee097dbf/volume-2d17f406-3d09-4967-a67a-4610295cef3f.7c6c4045-8228-4f29-83be-b7bb0a89bda3" returned: 0 in 1.324s {{(pid=92214) execute /opt/stack/data/venv/lib/python3.12/site-packages/oslo_concurrency/processutils.py:468}}
Jun 11 18:08:37 devstack cinder-volume[92214]: WARNING cinder.volume.drivers.remotefs [None req-d4b255ba-5887-439f-8a8f-7669d4c54e28 tempest-GroupsV314Test-1037300300 None] /opt/stack/data/cinder/mnt/0f5dfe2ab8cd3447be17f64eee097dbf/volume-2d17f406-3d09-4967-a67a-4610295cef3f.7c6c4045-8228-4f29-83be-b7bb0a89bda3 is being set with open permissions: ugo+rw: NotImplementedError
Jun 11 18:08:37 devstack cinder-volume[92214]: DEBUG oslo_concurrency.processutils [None req-d4b255ba-5887-439f-8a8f-7669d4c54e28 tempest-GroupsV314Test-1037300300 None] Running cmd (subprocess): sudo cinder-rootwrap /etc/cinder/rootwrap.conf chmod ugo+rw /opt/stack/data/cinder/mnt/0f5dfe2ab8cd3447be17f64eee097dbf/volume-2d17f406-3d09-4967-a67a-4610295cef3f.7c6c4045-8228-4f29-83be-b7bb0a89bda3 {{(pid=92214) execute /opt/stack/data/venv/lib/python3.12/site-packages/oslo_concurrency/processutils.py:440}}
Jun 11 18:08:37 devstack sudo[93139]: quobyte : PWD=/ ; USER=root ; COMMAND=/opt/stack/data/venv/bin/cinder-rootwrap /etc/cinder/rootwrap.conf chmod ugo+rw /opt/stack/data/cinder/mnt/0f5dfe2ab8cd3447be17f64eee097dbf/volume-2d17f406-3d09-4967-a67a-4610295cef3f.7c6c4045-8228-4f29-83be-b7bb0a89bda3
Jun 11 18:08:37 devstack sudo[93139]: pam_unix(sudo:session): session opened for user root(uid=0) by (uid=1000)
Jun 11 18:08:38 devstack sudo[93139]: pam_unix(sudo:session): session closed for user root
Jun 11 18:08:38 devstack cinder-volume[92214]: DEBUG oslo_concurrency.processutils [None req-d4b255ba-5887-439f-8a8f-7669d4c54e28 tempest-GroupsV314Test-1037300300 None] CMD "sudo cinder-rootwrap /etc/cinder/rootwrap.conf chmod ugo+rw /opt/stack/data/cinder/mnt/0f5dfe2ab8cd3447be17f64eee097dbf/volume-2d17f406-3d09-4967-a67a-4610295cef3f.7c6c4045-8228-4f29-83be-b7bb0a89bda3" returned: 0 in 1.153s {{(pid=92214) execute /opt/stack/data/venv/lib/python3.12/site-packages/oslo_concurrency/processutils.py:468}}
Jun 11 18:08:38 devstack cinder-volume[92214]: DEBUG oslo_concurrency.processutils [None req-d4b255ba-5887-439f-8a8f-7669d4c54e28 tempest-GroupsV314Test-1037300300 None] Running cmd (subprocess): sudo cinder-rootwrap /etc/cinder/rootwrap.conf truncate -s0 /opt/stack/data/cinder/mnt/0f5dfe2ab8cd3447be17f64eee097dbf/volume-2d17f406-3d09-4967-a67a-4610295cef3f.info {{(pid=92214) execute /opt/stack/data/venv/lib/python3.12/site-packages/oslo_concurrency/processutils.py:440}}
Jun 11 18:08:38 devstack sudo[93142]: quobyte : PWD=/ ; USER=root ; COMMAND=/opt/stack/data/venv/bin/cinder-rootwrap /etc/cinder/rootwrap.conf truncate -s0 /opt/stack/data/cinder/mnt/0f5dfe2ab8cd3447be17f64eee097dbf/volume-2d17f406-3d09-4967-a67a-4610295cef3f.info
Jun 11 18:08:38 devstack sudo[93142]: pam_unix(sudo:session): session opened for user root(uid=0) by (uid=1000)
Jun 11 18:08:39 devstack cinder-volume[92214]: DEBUG cinder.volume.flows.manager.create_volume [None req-bd09aaef-8487-45b4-a969-9e722e79de14 tempest-VolumesAdminNegativeTest-1001130819 None] Volume reschedule parameters: True retry: {'num_attempts': 1, 'backends': ['devstack@QuobyteHD#QuobyteHD'], 'hosts': ['devstack@QuobyteHD#QuobyteHD']} {{(pid=92214) get_flow /opt/stack/cinder/cinder/volume/flows/manager/create_volume.py:1388}}
Jun 11 18:08:39 devstack sudo[93142]: pam_unix(sudo:session): session closed for user root
Jun 11 18:08:39 devstack cinder-volume[92214]: DEBUG cinder.volume.manager [None req-bd09aaef-8487-45b4-a969-9e722e79de14 tempest-VolumesAdminNegativeTest-1001130819 None] Flow 'volume_create_manager' (5b90933c-a6b4-42ce-b18b-fcd45595cd22) transitioned into state 'RUNNING' from state 'PENDING' {{(pid=92214) _flow_receiver /opt/stack/data/venv/lib/python3.12/site-packages/taskflow/listeners/logging.py:145}}
Jun 11 18:08:39 devstack cinder-volume[92214]: DEBUG cinder.volume.manager [None req-bd09aaef-8487-45b4-a969-9e722e79de14 tempest-VolumesAdminNegativeTest-1001130819 None] Task 'cinder.volume.flows.manager.create_volume.ExtractVolumeRefTask;volume:create' (6ea75ef0-647a-4749-87f0-78dc6dd4bd5a) transitioned into state 'RUNNING' from state 'PENDING' {{(pid=92214) _task_receiver /opt/stack/data/venv/lib/python3.12/site-packages/taskflow/listeners/logging.py:194}}
Jun 11 18:08:39 devstack cinder-volume[92214]: DEBUG oslo_concurrency.processutils [None req-d4b255ba-5887-439f-8a8f-7669d4c54e28 tempest-GroupsV314Test-1037300300 None] CMD "sudo cinder-rootwrap /etc/cinder/rootwrap.conf truncate -s0 /opt/stack/data/cinder/mnt/0f5dfe2ab8cd3447be17f64eee097dbf/volume-2d17f406-3d09-4967-a67a-4610295cef3f.info" returned: 0 in 0.854s {{(pid=92214) execute /opt/stack/data/venv/lib/python3.12/site-packages/oslo_concurrency/processutils.py:468}}
Jun 11 18:08:39 devstack cinder-volume[92214]: WARNING cinder.volume.drivers.remotefs [None req-d4b255ba-5887-439f-8a8f-7669d4c54e28 tempest-GroupsV314Test-1037300300 None] /opt/stack/data/cinder/mnt/0f5dfe2ab8cd3447be17f64eee097dbf/volume-2d17f406-3d09-4967-a67a-4610295cef3f.info is being set with open permissions: ugo+rw: NotImplementedError
Jun 11 18:08:39 devstack cinder-volume[92214]: DEBUG oslo_concurrency.processutils [None req-d4b255ba-5887-439f-8a8f-7669d4c54e28 tempest-GroupsV314Test-1037300300 None] Running cmd (subprocess): sudo cinder-rootwrap /etc/cinder/rootwrap.conf chmod ugo+rw /opt/stack/data/cinder/mnt/0f5dfe2ab8cd3447be17f64eee097dbf/volume-2d17f406-3d09-4967-a67a-4610295cef3f.info {{(pid=92214) execute /opt/stack/data/venv/lib/python3.12/site-packages/oslo_concurrency/processutils.py:440}}
Jun 11 18:08:39 devstack cinder-volume[92214]: DEBUG cinder.volume.manager [None req-bd09aaef-8487-45b4-a969-9e722e79de14 tempest-VolumesAdminNegativeTest-1001130819 None] Task 'cinder.volume.flows.manager.create_volume.ExtractVolumeRefTask;volume:create' (6ea75ef0-647a-4749-87f0-78dc6dd4bd5a) transitioned into state 'SUCCESS' from state 'RUNNING' with result 'Volume(_name_id=None,admin_metadata=,attach_status='detached',availability_zone='nova',bootable=False,cluster=,cluster_name=None,consistencygroup=,consistencygroup_id=None,created_at=2026-06-11T16:08:39Z,deleted=False,deleted_at=None,display_description=None,display_name='tempest-VolumesAdminNegativeTest-volume-337623513',ec2_id=None,encryption_key_id=None,glance_metadata=,group=,group_id=None,host='devstack@QuobyteHD#QuobyteHD',id=cf0c38d5-d53b-458c-bd74-54bd3a1243fc,launched_at=None,metadata={},migration_status=None,multiattach=False,previous_status=None,project_id='aa753dfbdfd04a4caa750b35f473ee05',provider_auth=None,provider_geometry=None,provider_id=None,provider_location=None,replication_driver_data=None,replication_extended_status=None,replication_status=None,scheduled_at=2026-06-11T16:08:39Z,service_uuid=None,shared_targets=True,size=1,snapshot_id=None,snapshots=,source_volid=None,status='creating',terminated_at=None,updated_at=2026-06-11T16:08:39Z,use_quota=True,user_id='0cce2d47d56d4af5aaf9550c3a542953',volume_attachment=VolumeAttachmentList,volume_type=VolumeType(2ed98a5d-3971-47ac-9191-9c8b8dd95349),volume_type_id=2ed98a5d-3971-47ac-9191-9c8b8dd95349)' {{(pid=92214) _task_receiver /opt/stack/data/venv/lib/python3.12/site-packages/taskflow/listeners/logging.py:182}}
Jun 11 18:08:39 devstack cinder-volume[92214]: DEBUG cinder.volume.manager [None req-bd09aaef-8487-45b4-a969-9e722e79de14 tempest-VolumesAdminNegativeTest-1001130819 None] Task 'cinder.volume.flows.manager.create_volume.OnFailureRescheduleTask;volume:create' (80007cb4-4044-467d-8878-b58deab44f69) transitioned into state 'RUNNING' from state 'PENDING' {{(pid=92214) _task_receiver /opt/stack/data/venv/lib/python3.12/site-packages/taskflow/listeners/logging.py:194}}
Jun 11 18:08:39 devstack cinder-volume[92214]: DEBUG cinder.volume.manager [None req-bd09aaef-8487-45b4-a969-9e722e79de14 tempest-VolumesAdminNegativeTest-1001130819 None] Task 'cinder.volume.flows.manager.create_volume.OnFailureRescheduleTask;volume:create' (80007cb4-4044-467d-8878-b58deab44f69) transitioned into state 'SUCCESS' from state 'RUNNING' with result 'None' {{(pid=92214) _task_receiver /opt/stack/data/venv/lib/python3.12/site-packages/taskflow/listeners/logging.py:182}}
Jun 11 18:08:39 devstack cinder-volume[92214]: DEBUG cinder.volume.manager [None req-bd09aaef-8487-45b4-a969-9e722e79de14 tempest-VolumesAdminNegativeTest-1001130819 None] Task 'cinder.volume.flows.manager.create_volume.ExtractVolumeSpecTask;volume:create' (da748703-99ba-4112-be25-e064ce9a11bb) transitioned into state 'RUNNING' from state 'PENDING' {{(pid=92214) _task_receiver /opt/stack/data/venv/lib/python3.12/site-packages/taskflow/listeners/logging.py:194}}
Jun 11 18:08:39 devstack cinder-volume[92214]: DEBUG cinder.volume.manager [None req-bd09aaef-8487-45b4-a969-9e722e79de14 tempest-VolumesAdminNegativeTest-1001130819 None] Task 'cinder.volume.flows.manager.create_volume.ExtractVolumeSpecTask;volume:create' (da748703-99ba-4112-be25-e064ce9a11bb) transitioned into state 'SUCCESS' from state 'RUNNING' with result '{'status': 'creating', 'type': 'raw', 'volume_id': 'cf0c38d5-d53b-458c-bd74-54bd3a1243fc', 'volume_name': 'volume-cf0c38d5-d53b-458c-bd74-54bd3a1243fc', 'volume_size': 1}' {{(pid=92214) _task_receiver /opt/stack/data/venv/lib/python3.12/site-packages/taskflow/listeners/logging.py:182}}
Jun 11 18:08:39 devstack cinder-volume[92214]: DEBUG cinder.volume.manager [None req-bd09aaef-8487-45b4-a969-9e722e79de14 tempest-VolumesAdminNegativeTest-1001130819 None] Task 'cinder.volume.flows.manager.create_volume.NotifyVolumeActionTask;volume:create, create.start' (56a25f6a-f261-42da-a658-6f4dcd3a206a) transitioned into state 'RUNNING' from state 'PENDING' {{(pid=92214) _task_receiver /opt/stack/data/venv/lib/python3.12/site-packages/taskflow/listeners/logging.py:194}}
Jun 11 18:08:39 devstack sudo[93145]: quobyte : PWD=/ ; USER=root ; COMMAND=/opt/stack/data/venv/bin/cinder-rootwrap /etc/cinder/rootwrap.conf chmod ugo+rw /opt/stack/data/cinder/mnt/0f5dfe2ab8cd3447be17f64eee097dbf/volume-2d17f406-3d09-4967-a67a-4610295cef3f.info
Jun 11 18:08:39 devstack cinder-volume[92214]: DEBUG cinder.volume.manager [None req-bd09aaef-8487-45b4-a969-9e722e79de14 tempest-VolumesAdminNegativeTest-1001130819 None] Task 'cinder.volume.flows.manager.create_volume.NotifyVolumeActionTask;volume:create, create.start' (56a25f6a-f261-42da-a658-6f4dcd3a206a) transitioned into state 'SUCCESS' from state 'RUNNING' with result 'None' {{(pid=92214) _task_receiver /opt/stack/data/venv/lib/python3.12/site-packages/taskflow/listeners/logging.py:182}}
Jun 11 18:08:39 devstack sudo[93145]: pam_unix(sudo:session): session opened for user root(uid=0) by (uid=1000)
Jun 11 18:08:39 devstack cinder-volume[92214]: DEBUG cinder.volume.manager [None req-bd09aaef-8487-45b4-a969-9e722e79de14 tempest-VolumesAdminNegativeTest-1001130819 None] Task 'cinder.volume.flows.manager.create_volume.CreateVolumeFromSpecTask;volume:create' (4402454b-becf-4cb6-9db7-fdea19734d9e) transitioned into state 'RUNNING' from state 'PENDING' {{(pid=92214) _task_receiver /opt/stack/data/venv/lib/python3.12/site-packages/taskflow/listeners/logging.py:194}}
Jun 11 18:08:39 devstack cinder-volume[92214]: INFO cinder.volume.flows.manager.create_volume [None req-bd09aaef-8487-45b4-a969-9e722e79de14 tempest-VolumesAdminNegativeTest-1001130819 None] Volume cf0c38d5-d53b-458c-bd74-54bd3a1243fc: being created as raw with specification: {'status': 'creating', 'volume_name': 'volume-cf0c38d5-d53b-458c-bd74-54bd3a1243fc', 'volume_size': 1}
Jun 11 18:08:39 devstack cinder-volume[92214]: DEBUG oslo_concurrency.lockutils [None req-bd09aaef-8487-45b4-a969-9e722e79de14 tempest-VolumesAdminNegativeTest-1001130819 None] Acquiring lock "quobyte" by "cinder.volume.drivers.quobyte.QuobyteDriver.create_volume" {{(pid=92214) inner /opt/stack/data/venv/lib/python3.12/site-packages/oslo_concurrency/lockutils.py:506}}
Jun 11 18:08:40 devstack sudo[93145]: pam_unix(sudo:session): session closed for user root
Jun 11 18:08:40 devstack cinder-volume[92214]: DEBUG oslo_concurrency.processutils [None req-d4b255ba-5887-439f-8a8f-7669d4c54e28 tempest-GroupsV314Test-1037300300 None] CMD "sudo cinder-rootwrap /etc/cinder/rootwrap.conf chmod ugo+rw /opt/stack/data/cinder/mnt/0f5dfe2ab8cd3447be17f64eee097dbf/volume-2d17f406-3d09-4967-a67a-4610295cef3f.info" returned: 0 in 1.012s {{(pid=92214) execute /opt/stack/data/venv/lib/python3.12/site-packages/oslo_concurrency/processutils.py:468}}
Jun 11 18:08:40 devstack cinder-volume[92214]: DEBUG cinder.coordination [None req-d4b255ba-5887-439f-8a8f-7669d4c54e28 tempest-GroupsV314Test-1037300300 None] Acquiring lock "cinder-quobyte-5d9f4b19-2c47-4bb8-9bfa-88a0d92af696" by "_copy_volume_from_snapshot" {{(pid=92214) __acquire /opt/stack/cinder/cinder/coordination.py:138}}
Jun 11 18:08:40 devstack cinder-volume[92214]: DEBUG cinder.coordination [None req-d4b255ba-5887-439f-8a8f-7669d4c54e28 tempest-GroupsV314Test-1037300300 None] Lock "cinder-quobyte-5d9f4b19-2c47-4bb8-9bfa-88a0d92af696" acquired by "_copy_volume_from_snapshot" :: waited 0.032s {{(pid=92214) __acquire /opt/stack/cinder/cinder/coordination.py:141}}
Jun 11 18:08:40 devstack cinder-volume[92214]: DEBUG cinder.volume.drivers.quobyte [None req-d4b255ba-5887-439f-8a8f-7669d4c54e28 tempest-GroupsV314Test-1037300300 None] snapshot: 7c6c4045-8228-4f29-83be-b7bb0a89bda3, volume: 5d9f4b19-2c47-4bb8-9bfa-88a0d92af696, {{(pid=92214) _copy_volume_from_snapshot /opt/stack/cinder/cinder/volume/drivers/quobyte.py:401}}
Jun 11 18:08:40 devstack cinder-volume[92214]: DEBUG oslo_concurrency.lockutils [None req-d4b255ba-5887-439f-8a8f-7669d4c54e28 tempest-GroupsV314Test-1037300300 None] Acquiring lock "quobyte_ensure" by "cinder.volume.drivers.quobyte.QuobyteDriver._ensure_shares_mounted" {{(pid=92214) inner /opt/stack/data/venv/lib/python3.12/site-packages/oslo_concurrency/lockutils.py:506}}
Jun 11 18:08:40 devstack cinder-volume[92214]: DEBUG oslo_concurrency.lockutils [None req-d4b255ba-5887-439f-8a8f-7669d4c54e28 tempest-GroupsV314Test-1037300300 None] Lock "quobyte_ensure" acquired by "cinder.volume.drivers.quobyte.QuobyteDriver._ensure_shares_mounted" :: waited 0.001s {{(pid=92214) inner /opt/stack/data/venv/lib/python3.12/site-packages/oslo_concurrency/lockutils.py:519}}
Jun 11 18:08:40 devstack cinder-volume[92214]: DEBUG cinder.volume.drivers.quobyte [None req-d4b255ba-5887-439f-8a8f-7669d4c54e28 tempest-GroupsV314Test-1037300300 None] Quobyte Volume URL set to: {'osci02.corp.quobyte.com/cinder-vol-61604887-c8f2-42d2-921f-c3a3abf2d77e': None} {{(pid=92214) _load_shares_config /opt/stack/cinder/cinder/volume/drivers/quobyte.py:617}}
Jun 11 18:08:40 devstack cinder-volume[92214]: DEBUG cinder.volume.drivers.quobyte [None req-d4b255ba-5887-439f-8a8f-7669d4c54e28 tempest-GroupsV314Test-1037300300 None] Available shares ['osci02.corp.quobyte.com/cinder-vol-61604887-c8f2-42d2-921f-c3a3abf2d77e'] {{(pid=92214) _ensure_shares_mounted /opt/stack/cinder/cinder/volume/drivers/quobyte.py:647}}
Jun 11 18:08:40 devstack cinder-volume[92214]: DEBUG oslo_concurrency.lockutils [None req-d4b255ba-5887-439f-8a8f-7669d4c54e28 tempest-GroupsV314Test-1037300300 None] Lock "quobyte_ensure" "released" by "cinder.volume.drivers.quobyte.QuobyteDriver._ensure_shares_mounted" :: held 0.010s {{(pid=92214) inner /opt/stack/data/venv/lib/python3.12/site-packages/oslo_concurrency/lockutils.py:538}}
Jun 11 18:08:40 devstack cinder-volume[92214]: DEBUG oslo.privsep.daemon [-] privsep: reply[e8c00d9f-34eb-4ec8-b541-43009467e49b]: (4, 'qcow2') {{(pid=93048) _call_back /opt/stack/data/venv/lib/python3.12/site-packages/oslo_privsep/daemon.py:573}}
Jun 11 18:08:40 devstack cinder-volume[92214]: DEBUG oslo_concurrency.processutils [None req-d4b255ba-5887-439f-8a8f-7669d4c54e28 tempest-GroupsV314Test-1037300300 None] Running cmd (subprocess): /opt/stack/data/venv/bin/python3.12 -m oslo_concurrency.prlimit --as=1073741824 --cpu=60 -- sudo cinder-rootwrap /etc/cinder/rootwrap.conf env LC_ALL=C qemu-img info -f qcow2 --output=json --force-share /opt/stack/data/cinder/mnt/0f5dfe2ab8cd3447be17f64eee097dbf/volume-2d17f406-3d09-4967-a67a-4610295cef3f.7c6c4045-8228-4f29-83be-b7bb0a89bda3 {{(pid=92214) execute /opt/stack/data/venv/lib/python3.12/site-packages/oslo_concurrency/processutils.py:440}}
Jun 11 18:08:40 devstack sudo[93149]: quobyte : PWD=/ ; USER=root ; COMMAND=/opt/stack/data/venv/bin/cinder-rootwrap /etc/cinder/rootwrap.conf env LC_ALL=C qemu-img info -f qcow2 --output=json --force-share /opt/stack/data/cinder/mnt/0f5dfe2ab8cd3447be17f64eee097dbf/volume-2d17f406-3d09-4967-a67a-4610295cef3f.7c6c4045-8228-4f29-83be-b7bb0a89bda3
Jun 11 18:08:40 devstack sudo[93149]: pam_unix(sudo:session): session opened for user root(uid=0) by (uid=1000)
Jun 11 18:08:41 devstack sudo[93149]: pam_unix(sudo:session): session closed for user root
Jun 11 18:08:41 devstack cinder-volume[92214]: DEBUG oslo_concurrency.processutils [None req-d4b255ba-5887-439f-8a8f-7669d4c54e28 tempest-GroupsV314Test-1037300300 None] CMD "/opt/stack/data/venv/bin/python3.12 -m oslo_concurrency.prlimit --as=1073741824 --cpu=60 -- sudo cinder-rootwrap /etc/cinder/rootwrap.conf env LC_ALL=C qemu-img info -f qcow2 --output=json --force-share /opt/stack/data/cinder/mnt/0f5dfe2ab8cd3447be17f64eee097dbf/volume-2d17f406-3d09-4967-a67a-4610295cef3f.7c6c4045-8228-4f29-83be-b7bb0a89bda3" returned: 0 in 0.851s {{(pid=92214) execute /opt/stack/data/venv/lib/python3.12/site-packages/oslo_concurrency/processutils.py:468}}
Jun 11 18:08:41 devstack cinder-volume[92214]: DEBUG cinder.volume.drivers.remotefs [None req-d4b255ba-5887-439f-8a8f-7669d4c54e28 tempest-GroupsV314Test-1037300300 None] Fetching qemu-img info with special backing_file_template: (/opt/stack/data/cinder/mnt/[0-9a-f]+/)?(volume-2d17f406-3d09-4967-a67a-4610295cef3f(.(tmp-snap-)?[0-9a-f-]+)?|volume_from_snapshot_cache/(tmp-snap-)?[0-9a-f-]+(.(child-|parent-)[0-9a-f-]+)?)$ {{(pid=92214) _qemu_img_info_base /opt/stack/cinder/cinder/volume/drivers/remotefs.py:896}}
Jun 11 18:08:41 devstack cinder-volume[92214]: DEBUG cinder.volume.drivers.quobyte [None req-d4b255ba-5887-439f-8a8f-7669d4c54e28 tempest-GroupsV314Test-1037300300 None] will copy from snapshot at /opt/stack/data/cinder/mnt/0f5dfe2ab8cd3447be17f64eee097dbf/volume-2d17f406-3d09-4967-a67a-4610295cef3f {{(pid=92214) _copy_volume_from_snapshot /opt/stack/cinder/cinder/volume/drivers/quobyte.py:420}}
Jun 11 18:08:41 devstack cinder-volume[92214]: DEBUG cinder.volume.drivers.quobyte [None req-d4b255ba-5887-439f-8a8f-7669d4c54e28 tempest-GroupsV314Test-1037300300 None] Creating direct copy from snapshot {{(pid=92214) _copy_volume_from_snapshot /opt/stack/cinder/cinder/volume/drivers/quobyte.py:428}}
Jun 11 18:08:41 devstack cinder-volume[92214]: DEBUG oslo.privsep.daemon [-] privsep: reply[f4522e29-4d32-45b6-9b6b-31876ba2426a]: (4, 'qcow2') {{(pid=93048) _call_back /opt/stack/data/venv/lib/python3.12/site-packages/oslo_privsep/daemon.py:573}}
Jun 11 18:08:41 devstack cinder-volume[92214]: DEBUG oslo_concurrency.processutils [None req-d4b255ba-5887-439f-8a8f-7669d4c54e28 tempest-GroupsV314Test-1037300300 None] Running cmd (subprocess): /opt/stack/data/venv/bin/python3.12 -m oslo_concurrency.prlimit --as=1073741824 --cpu=60 -- sudo cinder-rootwrap /etc/cinder/rootwrap.conf env LC_ALL=C qemu-img info -f qcow2 --output=json /opt/stack/data/cinder/mnt/0f5dfe2ab8cd3447be17f64eee097dbf/volume-2d17f406-3d09-4967-a67a-4610295cef3f {{(pid=92214) execute /opt/stack/data/venv/lib/python3.12/site-packages/oslo_concurrency/processutils.py:440}}
Jun 11 18:08:41 devstack sudo[93156]: quobyte : PWD=/ ; USER=root ; COMMAND=/opt/stack/data/venv/bin/cinder-rootwrap /etc/cinder/rootwrap.conf env LC_ALL=C qemu-img info -f qcow2 --output=json /opt/stack/data/cinder/mnt/0f5dfe2ab8cd3447be17f64eee097dbf/volume-2d17f406-3d09-4967-a67a-4610295cef3f
Jun 11 18:08:41 devstack sudo[93156]: pam_unix(sudo:session): session opened for user root(uid=0) by (uid=1000)
Jun 11 18:08:42 devstack sudo[93156]: pam_unix(sudo:session): session closed for user root
Jun 11 18:08:42 devstack cinder-volume[92214]: DEBUG oslo_concurrency.processutils [None req-d4b255ba-5887-439f-8a8f-7669d4c54e28 tempest-GroupsV314Test-1037300300 None] CMD "/opt/stack/data/venv/bin/python3.12 -m oslo_concurrency.prlimit --as=1073741824 --cpu=60 -- sudo cinder-rootwrap /etc/cinder/rootwrap.conf env LC_ALL=C qemu-img info -f qcow2 --output=json /opt/stack/data/cinder/mnt/0f5dfe2ab8cd3447be17f64eee097dbf/volume-2d17f406-3d09-4967-a67a-4610295cef3f" returned: 0 in 0.964s {{(pid=92214) execute /opt/stack/data/venv/lib/python3.12/site-packages/oslo_concurrency/processutils.py:468}}
Jun 11 18:08:42 devstack cinder-volume[92214]: DEBUG cinder.utils [None req-d4b255ba-5887-439f-8a8f-7669d4c54e28 tempest-GroupsV314Test-1037300300 None] Path /opt/stack/data/cinder/mnt/0f5dfe2ab8cd3447be17f64eee097dbf/volume-5d9f4b19-2c47-4bb8-9bfa-88a0d92af696 not found in is_blk_device check {{(pid=92214) is_blk_device /opt/stack/cinder/cinder/utils.py:602}}
Jun 11 18:08:42 devstack cinder-volume[92214]: DEBUG oslo_concurrency.processutils [None req-d4b255ba-5887-439f-8a8f-7669d4c54e28 tempest-GroupsV314Test-1037300300 None] Running cmd (subprocess): sudo cinder-rootwrap /etc/cinder/rootwrap.conf qemu-img convert -O qcow2 /opt/stack/data/cinder/mnt/0f5dfe2ab8cd3447be17f64eee097dbf/volume-2d17f406-3d09-4967-a67a-4610295cef3f /opt/stack/data/cinder/mnt/0f5dfe2ab8cd3447be17f64eee097dbf/volume-5d9f4b19-2c47-4bb8-9bfa-88a0d92af696 {{(pid=92214) execute /opt/stack/data/venv/lib/python3.12/site-packages/oslo_concurrency/processutils.py:440}}
Jun 11 18:08:42 devstack sudo[93197]: quobyte : PWD=/ ; USER=root ; COMMAND=/opt/stack/data/venv/bin/cinder-rootwrap /etc/cinder/rootwrap.conf qemu-img convert -O qcow2 /opt/stack/data/cinder/mnt/0f5dfe2ab8cd3447be17f64eee097dbf/volume-2d17f406-3d09-4967-a67a-4610295cef3f /opt/stack/data/cinder/mnt/0f5dfe2ab8cd3447be17f64eee097dbf/volume-5d9f4b19-2c47-4bb8-9bfa-88a0d92af696
Jun 11 18:08:42 devstack sudo[93197]: pam_unix(sudo:session): session opened for user root(uid=0) by (uid=1000)
Jun 11 18:08:48 devstack cinder-volume[92214]: DEBUG dbcounter [-] [92214] Writing DB stats cinder:UPDATE=4,cinder:SELECT=9,cinder:INSERT=2 {{(pid=92214) stat_writer /opt/stack/data/venv/lib/python3.12/site-packages/dbcounter.py:115}}
Jun 11 18:08:49 devstack cinder-volume[92214]: DEBUG dbcounter [-] [92214] Writing DB stats cinder:SELECT=13,cinder:UPDATE=7,cinder:DELETE=1,cinder:INSERT=1 {{(pid=92214) stat_writer /opt/stack/data/venv/lib/python3.12/site-packages/dbcounter.py:115}}
Jun 11 18:08:51 devstack sudo[93197]: pam_unix(sudo:session): session closed for user root
Jun 11 18:08:51 devstack cinder-volume[92214]: DEBUG oslo_concurrency.processutils [None req-d4b255ba-5887-439f-8a8f-7669d4c54e28 tempest-GroupsV314Test-1037300300 None] CMD "sudo cinder-rootwrap /etc/cinder/rootwrap.conf qemu-img convert -O qcow2 /opt/stack/data/cinder/mnt/0f5dfe2ab8cd3447be17f64eee097dbf/volume-2d17f406-3d09-4967-a67a-4610295cef3f /opt/stack/data/cinder/mnt/0f5dfe2ab8cd3447be17f64eee097dbf/volume-5d9f4b19-2c47-4bb8-9bfa-88a0d92af696" returned: 0 in 8.633s {{(pid=92214) execute /opt/stack/data/venv/lib/python3.12/site-packages/oslo_concurrency/processutils.py:468}}
Jun 11 18:08:51 devstack cinder-volume[92214]: DEBUG oslo.privsep.daemon [-] privsep: reply[cc1e6ba9-3894-4bb9-8584-cfd5d7a71245]: (4, 'qcow2') {{(pid=93048) _call_back /opt/stack/data/venv/lib/python3.12/site-packages/oslo_privsep/daemon.py:573}}
Jun 11 18:08:51 devstack cinder-volume[92214]: DEBUG oslo_concurrency.processutils [None req-d4b255ba-5887-439f-8a8f-7669d4c54e28 tempest-GroupsV314Test-1037300300 None] Running cmd (subprocess): /opt/stack/data/venv/bin/python3.12 -m oslo_concurrency.prlimit --as=1073741824 --cpu=60 -- sudo cinder-rootwrap /etc/cinder/rootwrap.conf env LC_ALL=C qemu-img info -f qcow2 --output=json /opt/stack/data/cinder/mnt/0f5dfe2ab8cd3447be17f64eee097dbf/volume-2d17f406-3d09-4967-a67a-4610295cef3f {{(pid=92214) execute /opt/stack/data/venv/lib/python3.12/site-packages/oslo_concurrency/processutils.py:440}}
Jun 11 18:08:51 devstack sudo[93297]: quobyte : PWD=/ ; USER=root ; COMMAND=/opt/stack/data/venv/bin/cinder-rootwrap /etc/cinder/rootwrap.conf env LC_ALL=C qemu-img info -f qcow2 --output=json /opt/stack/data/cinder/mnt/0f5dfe2ab8cd3447be17f64eee097dbf/volume-2d17f406-3d09-4967-a67a-4610295cef3f
Jun 11 18:08:51 devstack sudo[93297]: pam_unix(sudo:session): session opened for user root(uid=0) by (uid=1000)
Jun 11 18:08:51 devstack sudo[93297]: pam_unix(sudo:session): session closed for user root
Jun 11 18:08:51 devstack cinder-volume[92214]: DEBUG oslo_concurrency.processutils [None req-d4b255ba-5887-439f-8a8f-7669d4c54e28 tempest-GroupsV314Test-1037300300 None] CMD "/opt/stack/data/venv/bin/python3.12 -m oslo_concurrency.prlimit --as=1073741824 --cpu=60 -- sudo cinder-rootwrap /etc/cinder/rootwrap.conf env LC_ALL=C qemu-img info -f qcow2 --output=json /opt/stack/data/cinder/mnt/0f5dfe2ab8cd3447be17f64eee097dbf/volume-2d17f406-3d09-4967-a67a-4610295cef3f" returned: 0 in 0.832s {{(pid=92214) execute /opt/stack/data/venv/lib/python3.12/site-packages/oslo_concurrency/processutils.py:468}}
Jun 11 18:08:51 devstack cinder-volume[92214]: DEBUG cinder.image.image_utils [None req-d4b255ba-5887-439f-8a8f-7669d4c54e28 tempest-GroupsV314Test-1037300300 None] Image conversion details: src /opt/stack/data/cinder/mnt/0f5dfe2ab8cd3447be17f64eee097dbf/volume-2d17f406-3d09-4967-a67a-4610295cef3f, size 1024.00 MB, duration 8.63 sec, destination /opt/stack/data/cinder/mnt/0f5dfe2ab8cd3447be17f64eee097dbf/volume-5d9f4b19-2c47-4bb8-9bfa-88a0d92af696 {{(pid=92214) _convert_image /opt/stack/cinder/cinder/image/image_utils.py:533}}
Jun 11 18:08:51 devstack cinder-volume[92214]: INFO cinder.image.image_utils [None req-d4b255ba-5887-439f-8a8f-7669d4c54e28 tempest-GroupsV314Test-1037300300 None] Converted 1024.00 MB image at 118.60 MB/s
Jun 11 18:08:51 devstack cinder-volume[92214]: WARNING cinder.volume.drivers.remotefs [None req-d4b255ba-5887-439f-8a8f-7669d4c54e28 tempest-GroupsV314Test-1037300300 None] /opt/stack/data/cinder/mnt/0f5dfe2ab8cd3447be17f64eee097dbf/volume-5d9f4b19-2c47-4bb8-9bfa-88a0d92af696 is being set with open permissions: ugo+rw: NotImplementedError
Jun 11 18:08:51 devstack cinder-volume[92214]: DEBUG oslo_concurrency.processutils [None req-d4b255ba-5887-439f-8a8f-7669d4c54e28 tempest-GroupsV314Test-1037300300 None] Running cmd (subprocess): sudo cinder-rootwrap /etc/cinder/rootwrap.conf chmod ugo+rw /opt/stack/data/cinder/mnt/0f5dfe2ab8cd3447be17f64eee097dbf/volume-5d9f4b19-2c47-4bb8-9bfa-88a0d92af696 {{(pid=92214) execute /opt/stack/data/venv/lib/python3.12/site-packages/oslo_concurrency/processutils.py:440}}
Jun 11 18:08:52 devstack sudo[93303]: quobyte : PWD=/ ; USER=root ; COMMAND=/opt/stack/data/venv/bin/cinder-rootwrap /etc/cinder/rootwrap.conf chmod ugo+rw /opt/stack/data/cinder/mnt/0f5dfe2ab8cd3447be17f64eee097dbf/volume-5d9f4b19-2c47-4bb8-9bfa-88a0d92af696
Jun 11 18:08:52 devstack sudo[93303]: pam_unix(sudo:session): session opened for user root(uid=0) by (uid=1000)
Jun 11 18:08:52 devstack sudo[93303]: pam_unix(sudo:session): session closed for user root
Jun 11 18:08:52 devstack cinder-volume[92214]: DEBUG oslo_concurrency.processutils [None req-d4b255ba-5887-439f-8a8f-7669d4c54e28 tempest-GroupsV314Test-1037300300 None] CMD "sudo cinder-rootwrap /etc/cinder/rootwrap.conf chmod ugo+rw /opt/stack/data/cinder/mnt/0f5dfe2ab8cd3447be17f64eee097dbf/volume-5d9f4b19-2c47-4bb8-9bfa-88a0d92af696" returned: 0 in 0.622s {{(pid=92214) execute /opt/stack/data/venv/lib/python3.12/site-packages/oslo_concurrency/processutils.py:468}}
Jun 11 18:08:52 devstack cinder-volume[92214]: DEBUG cinder.coordination [None req-d4b255ba-5887-439f-8a8f-7669d4c54e28 tempest-GroupsV314Test-1037300300 None] Lock "cinder-quobyte-5d9f4b19-2c47-4bb8-9bfa-88a0d92af696" released by "_copy_volume_from_snapshot" :: held 12.019s {{(pid=92214) __release /opt/stack/cinder/cinder/coordination.py:152}}
Jun 11 18:08:52 devstack cinder-volume[92214]: DEBUG cinder.coordination [None req-d4b255ba-5887-439f-8a8f-7669d4c54e28 tempest-GroupsV314Test-1037300300 None] Acquiring lock "cinder-quobyte-7c6c4045-8228-4f29-83be-b7bb0a89bda3" by "_delete_snapshot" {{(pid=92214) __acquire /opt/stack/cinder/cinder/coordination.py:138}}
Jun 11 18:08:52 devstack cinder-volume[92214]: DEBUG cinder.coordination [None req-d4b255ba-5887-439f-8a8f-7669d4c54e28 tempest-GroupsV314Test-1037300300 None] Lock "cinder-quobyte-7c6c4045-8228-4f29-83be-b7bb0a89bda3" acquired by "_delete_snapshot" :: waited 0.017s {{(pid=92214) __acquire /opt/stack/cinder/cinder/coordination.py:141}}
Jun 11 18:08:52 devstack cinder-volume[92214]: DEBUG cinder.volume.drivers.remotefs [None req-d4b255ba-5887-439f-8a8f-7669d4c54e28 tempest-GroupsV314Test-1037300300 None] Deleting offline snapshot 7c6c4045-8228-4f29-83be-b7bb0a89bda3 of volume 2d17f406-3d09-4967-a67a-4610295cef3f {{(pid=92214) _delete_snapshot /opt/stack/cinder/cinder/volume/drivers/remotefs.py:1288}}
Jun 11 18:08:52 devstack cinder-volume[92214]: DEBUG cinder.volume.drivers.remotefs [None req-d4b255ba-5887-439f-8a8f-7669d4c54e28 tempest-GroupsV314Test-1037300300 None] snapshot_file for this snap is: volume-2d17f406-3d09-4967-a67a-4610295cef3f.7c6c4045-8228-4f29-83be-b7bb0a89bda3 {{(pid=92214) _delete_snapshot /opt/stack/cinder/cinder/volume/drivers/remotefs.py:1317}}
Jun 11 18:08:52 devstack cinder-volume[92214]: DEBUG oslo.privsep.daemon [-] privsep: reply[6026d046-3a73-4489-944d-8b09671923be]: (4, 'qcow2') {{(pid=93048) _call_back /opt/stack/data/venv/lib/python3.12/site-packages/oslo_privsep/daemon.py:573}}
Jun 11 18:08:52 devstack cinder-volume[92214]: DEBUG oslo_concurrency.processutils [None req-d4b255ba-5887-439f-8a8f-7669d4c54e28 tempest-GroupsV314Test-1037300300 None] Running cmd (subprocess): /opt/stack/data/venv/bin/python3.12 -m oslo_concurrency.prlimit --as=1073741824 --cpu=60 -- sudo cinder-rootwrap /etc/cinder/rootwrap.conf env LC_ALL=C qemu-img info -f qcow2 --output=json --force-share /opt/stack/data/cinder/mnt/0f5dfe2ab8cd3447be17f64eee097dbf/volume-2d17f406-3d09-4967-a67a-4610295cef3f.7c6c4045-8228-4f29-83be-b7bb0a89bda3 {{(pid=92214) execute /opt/stack/data/venv/lib/python3.12/site-packages/oslo_concurrency/processutils.py:440}}
Jun 11 18:08:52 devstack sudo[93307]: quobyte : PWD=/ ; USER=root ; COMMAND=/opt/stack/data/venv/bin/cinder-rootwrap /etc/cinder/rootwrap.conf env LC_ALL=C qemu-img info -f qcow2 --output=json --force-share /opt/stack/data/cinder/mnt/0f5dfe2ab8cd3447be17f64eee097dbf/volume-2d17f406-3d09-4967-a67a-4610295cef3f.7c6c4045-8228-4f29-83be-b7bb0a89bda3
Jun 11 18:08:52 devstack sudo[93307]: pam_unix(sudo:session): session opened for user root(uid=0) by (uid=1000)
Jun 11 18:08:53 devstack sudo[93307]: pam_unix(sudo:session): session closed for user root
Jun 11 18:08:53 devstack cinder-volume[92214]: DEBUG oslo_concurrency.processutils [None req-d4b255ba-5887-439f-8a8f-7669d4c54e28 tempest-GroupsV314Test-1037300300 None] CMD "/opt/stack/data/venv/bin/python3.12 -m oslo_concurrency.prlimit --as=1073741824 --cpu=60 -- sudo cinder-rootwrap /etc/cinder/rootwrap.conf env LC_ALL=C qemu-img info -f qcow2 --output=json --force-share /opt/stack/data/cinder/mnt/0f5dfe2ab8cd3447be17f64eee097dbf/volume-2d17f406-3d09-4967-a67a-4610295cef3f.7c6c4045-8228-4f29-83be-b7bb0a89bda3" returned: 0 in 0.763s {{(pid=92214) execute /opt/stack/data/venv/lib/python3.12/site-packages/oslo_concurrency/processutils.py:468}}
Jun 11 18:08:53 devstack cinder-volume[92214]: DEBUG cinder.volume.drivers.remotefs [None req-d4b255ba-5887-439f-8a8f-7669d4c54e28 tempest-GroupsV314Test-1037300300 None] Fetching qemu-img info with special backing_file_template: (/opt/stack/data/cinder/mnt/[0-9a-f]+/)?(volume-2d17f406-3d09-4967-a67a-4610295cef3f(.(tmp-snap-)?[0-9a-f-]+)?|volume_from_snapshot_cache/(tmp-snap-)?[0-9a-f-]+(.(child-|parent-)[0-9a-f-]+)?)$ {{(pid=92214) _qemu_img_info_base /opt/stack/cinder/cinder/volume/drivers/remotefs.py:896}}
Jun 11 18:08:53 devstack cinder-volume[92214]: DEBUG oslo.privsep.daemon [-] privsep: reply[b6cd6c98-eff2-41f1-8798-c594659ec1e6]: (4, 'qcow2') {{(pid=93048) _call_back /opt/stack/data/venv/lib/python3.12/site-packages/oslo_privsep/daemon.py:573}}
Jun 11 18:08:53 devstack cinder-volume[92214]: DEBUG oslo_concurrency.processutils [None req-d4b255ba-5887-439f-8a8f-7669d4c54e28 tempest-GroupsV314Test-1037300300 None] Running cmd (subprocess): /opt/stack/data/venv/bin/python3.12 -m oslo_concurrency.prlimit --as=1073741824 --cpu=60 -- sudo cinder-rootwrap /etc/cinder/rootwrap.conf env LC_ALL=C qemu-img info -f qcow2 --output=json --force-share /opt/stack/data/cinder/mnt/0f5dfe2ab8cd3447be17f64eee097dbf/volume-2d17f406-3d09-4967-a67a-4610295cef3f {{(pid=92214) execute /opt/stack/data/venv/lib/python3.12/site-packages/oslo_concurrency/processutils.py:440}}
Jun 11 18:08:53 devstack sudo[93313]: quobyte : PWD=/ ; USER=root ; COMMAND=/opt/stack/data/venv/bin/cinder-rootwrap /etc/cinder/rootwrap.conf env LC_ALL=C qemu-img info -f qcow2 --output=json --force-share /opt/stack/data/cinder/mnt/0f5dfe2ab8cd3447be17f64eee097dbf/volume-2d17f406-3d09-4967-a67a-4610295cef3f
Jun 11 18:08:53 devstack sudo[93313]: pam_unix(sudo:session): session opened for user root(uid=0) by (uid=1000)
Jun 11 18:08:54 devstack sudo[93313]: pam_unix(sudo:session): session closed for user root
Jun 11 18:08:54 devstack cinder-volume[92214]: DEBUG oslo_concurrency.processutils [None req-d4b255ba-5887-439f-8a8f-7669d4c54e28 tempest-GroupsV314Test-1037300300 None] CMD "/opt/stack/data/venv/bin/python3.12 -m oslo_concurrency.prlimit --as=1073741824 --cpu=60 -- sudo cinder-rootwrap /etc/cinder/rootwrap.conf env LC_ALL=C qemu-img info -f qcow2 --output=json --force-share /opt/stack/data/cinder/mnt/0f5dfe2ab8cd3447be17f64eee097dbf/volume-2d17f406-3d09-4967-a67a-4610295cef3f" returned: 0 in 0.733s {{(pid=92214) execute /opt/stack/data/venv/lib/python3.12/site-packages/oslo_concurrency/processutils.py:468}}
Jun 11 18:08:54 devstack cinder-volume[92214]: DEBUG oslo_concurrency.processutils [None req-d4b255ba-5887-439f-8a8f-7669d4c54e28 tempest-GroupsV314Test-1037300300 None] Running cmd (subprocess): sudo cinder-rootwrap /etc/cinder/rootwrap.conf qemu-img commit -d /opt/stack/data/cinder/mnt/0f5dfe2ab8cd3447be17f64eee097dbf/volume-2d17f406-3d09-4967-a67a-4610295cef3f.7c6c4045-8228-4f29-83be-b7bb0a89bda3 {{(pid=92214) execute /opt/stack/data/venv/lib/python3.12/site-packages/oslo_concurrency/processutils.py:440}}
Jun 11 18:08:54 devstack sudo[93318]: quobyte : PWD=/ ; USER=root ; COMMAND=/opt/stack/data/venv/bin/cinder-rootwrap /etc/cinder/rootwrap.conf qemu-img commit -d /opt/stack/data/cinder/mnt/0f5dfe2ab8cd3447be17f64eee097dbf/volume-2d17f406-3d09-4967-a67a-4610295cef3f.7c6c4045-8228-4f29-83be-b7bb0a89bda3
