Jul 08 19:34:42 devstack cinder-volume[87172]: DEBUG cinder.coordination [None req-060f3001-2820-4731-a07d-9ecd0b95bda2 tempest-SnapshotsActionsTest-649853673 None] Lock "cinder-49c8955f-1006-4868-8e16-c35a4ecda392-delete_snapshot" acquired by "delete_snapshot" :: waited 0.046s {{(pid=87172) __acquire /opt/stack/cinder/cinder/coordination.py:141}}
Jul 08 19:34:42 devstack cinder-volume[87172]: DEBUG cinder.coordination [None req-060f3001-2820-4731-a07d-9ecd0b95bda2 tempest-SnapshotsActionsTest-649853673 None] Acquiring lock "cinder-quobyte-c269ee3c-0f3b-4d5e-9efc-4cf96e5f47c6" by "delete_snapshot" {{(pid=87172) __acquire /opt/stack/cinder/cinder/coordination.py:138}}
Jul 08 19:34:42 devstack cinder-volume[87172]: DEBUG cinder.coordination [None req-060f3001-2820-4731-a07d-9ecd0b95bda2 tempest-SnapshotsActionsTest-649853673 None] Lock "cinder-quobyte-c269ee3c-0f3b-4d5e-9efc-4cf96e5f47c6" acquired by "delete_snapshot" :: waited 0.049s {{(pid=87172) __acquire /opt/stack/cinder/cinder/coordination.py:141}}
Jul 08 19:34:42 devstack cinder-volume[87172]: DEBUG cinder.coordination [None req-060f3001-2820-4731-a07d-9ecd0b95bda2 tempest-SnapshotsActionsTest-649853673 None] Acquiring lock "cinder-quobyte-49c8955f-1006-4868-8e16-c35a4ecda392" by "_delete_snapshot" {{(pid=87172) __acquire /opt/stack/cinder/cinder/coordination.py:138}}
Jul 08 19:34:42 devstack cinder-volume[87172]: DEBUG cinder.coordination [None req-060f3001-2820-4731-a07d-9ecd0b95bda2 tempest-SnapshotsActionsTest-649853673 None] Lock "cinder-quobyte-49c8955f-1006-4868-8e16-c35a4ecda392" acquired by "_delete_snapshot" :: waited 0.027s {{(pid=87172) __acquire /opt/stack/cinder/cinder/coordination.py:141}}
Jul 08 19:34:42 devstack cinder-volume[87172]: DEBUG cinder.volume.drivers.remotefs [None req-060f3001-2820-4731-a07d-9ecd0b95bda2 tempest-SnapshotsActionsTest-649853673 None] Deleting offline snapshot 49c8955f-1006-4868-8e16-c35a4ecda392 of volume c269ee3c-0f3b-4d5e-9efc-4cf96e5f47c6 {{(pid=87172) _delete_snapshot /opt/stack/cinder/cinder/volume/drivers/remotefs.py:1288}}
Jul 08 19:34:42 devstack cinder-volume[87172]: DEBUG cinder.volume.drivers.remotefs [None req-060f3001-2820-4731-a07d-9ecd0b95bda2 tempest-SnapshotsActionsTest-649853673 None] snapshot_file for this snap is: volume-c269ee3c-0f3b-4d5e-9efc-4cf96e5f47c6.49c8955f-1006-4868-8e16-c35a4ecda392 {{(pid=87172) _delete_snapshot /opt/stack/cinder/cinder/volume/drivers/remotefs.py:1317}}
Jul 08 19:34:42 devstack cinder-volume[87172]: DEBUG oslo.privsep.daemon [-] privsep: reply[24dd433f-e58b-4f7d-91ce-aea1136b3086]: (4, 'qcow2') {{(pid=88217) _call_back /opt/stack/data/venv/lib/python3.12/site-packages/oslo_privsep/daemon.py:580}}
Jul 08 19:34:42 devstack cinder-volume[87172]: DEBUG oslo_concurrency.processutils [None req-060f3001-2820-4731-a07d-9ecd0b95bda2 tempest-SnapshotsActionsTest-649853673 None] Running cmd (subprocess): /opt/stack/data/venv/bin/python3.12 -m oslo_concurrency.prlimit --as=1073741824 --cpu=60 -- sudo cinder-rootwrap /etc/cinder/rootwrap.conf env LC_ALL=C qemu-img info -f qcow2 --output=json --force-share /opt/stack/data/cinder/mnt/0c73e0c074854113c6a9da921a3b4989/volume-c269ee3c-0f3b-4d5e-9efc-4cf96e5f47c6.49c8955f-1006-4868-8e16-c35a4ecda392 {{(pid=87172) execute /opt/stack/data/venv/lib/python3.12/site-packages/oslo_concurrency/processutils.py:440}}
Jul 08 19:34:42 devstack sudo[91458]: quobyte : PWD=/ ; USER=root ; COMMAND=/opt/stack/data/venv/bin/cinder-rootwrap /etc/cinder/rootwrap.conf env LC_ALL=C qemu-img info -f qcow2 --output=json --force-share /opt/stack/data/cinder/mnt/0c73e0c074854113c6a9da921a3b4989/volume-c269ee3c-0f3b-4d5e-9efc-4cf96e5f47c6.49c8955f-1006-4868-8e16-c35a4ecda392
Jul 08 19:34:42 devstack sudo[91458]: pam_unix(sudo:session): session opened for user root(uid=0) by (uid=1000)
Jul 08 19:34:44 devstack sudo[91458]: pam_unix(sudo:session): session closed for user root
Jul 08 19:34:44 devstack cinder-volume[87172]: DEBUG oslo_concurrency.processutils [None req-060f3001-2820-4731-a07d-9ecd0b95bda2 tempest-SnapshotsActionsTest-649853673 None] CMD "/opt/stack/data/venv/bin/python3.12 -m oslo_concurrency.prlimit --as=1073741824 --cpu=60 -- sudo cinder-rootwrap /etc/cinder/rootwrap.conf env LC_ALL=C qemu-img info -f qcow2 --output=json --force-share /opt/stack/data/cinder/mnt/0c73e0c074854113c6a9da921a3b4989/volume-c269ee3c-0f3b-4d5e-9efc-4cf96e5f47c6.49c8955f-1006-4868-8e16-c35a4ecda392" returned: 0 in 1.494s {{(pid=87172) execute /opt/stack/data/venv/lib/python3.12/site-packages/oslo_concurrency/processutils.py:468}}
Jul 08 19:34:44 devstack cinder-volume[87172]: DEBUG cinder.volume.drivers.remotefs [None req-060f3001-2820-4731-a07d-9ecd0b95bda2 tempest-SnapshotsActionsTest-649853673 None] Fetching qemu-img info with special backing_file_template: (/opt/stack/data/cinder/mnt/[0-9a-f]+/)?(volume-c269ee3c-0f3b-4d5e-9efc-4cf96e5f47c6(.(tmp-snap-)?[0-9a-f-]+)?|volume_from_snapshot_cache/(tmp-snap-)?[0-9a-f-]+(.(child-|parent-)[0-9a-f-]+)?)$ {{(pid=87172) _qemu_img_info_base /opt/stack/cinder/cinder/volume/drivers/remotefs.py:896}}
Jul 08 19:34:44 devstack cinder-volume[87172]: DEBUG oslo.privsep.daemon [-] privsep: reply[e8ae6c79-3e90-4aea-b659-bc60b191a9e6]: (4, 'qcow2') {{(pid=88217) _call_back /opt/stack/data/venv/lib/python3.12/site-packages/oslo_privsep/daemon.py:580}}
Jul 08 19:34:44 devstack cinder-volume[87172]: DEBUG oslo_concurrency.processutils [None req-060f3001-2820-4731-a07d-9ecd0b95bda2 tempest-SnapshotsActionsTest-649853673 None] Running cmd (subprocess): /opt/stack/data/venv/bin/python3.12 -m oslo_concurrency.prlimit --as=1073741824 --cpu=60 -- sudo cinder-rootwrap /etc/cinder/rootwrap.conf env LC_ALL=C qemu-img info -f qcow2 --output=json --force-share /opt/stack/data/cinder/mnt/0c73e0c074854113c6a9da921a3b4989/volume-c269ee3c-0f3b-4d5e-9efc-4cf96e5f47c6.ca3fce9b-6888-4648-a2f1-c76e8ffb2a65 {{(pid=87172) execute /opt/stack/data/venv/lib/python3.12/site-packages/oslo_concurrency/processutils.py:440}}
Jul 08 19:34:44 devstack sudo[91496]: quobyte : PWD=/ ; USER=root ; COMMAND=/opt/stack/data/venv/bin/cinder-rootwrap /etc/cinder/rootwrap.conf env LC_ALL=C qemu-img info -f qcow2 --output=json --force-share /opt/stack/data/cinder/mnt/0c73e0c074854113c6a9da921a3b4989/volume-c269ee3c-0f3b-4d5e-9efc-4cf96e5f47c6.ca3fce9b-6888-4648-a2f1-c76e8ffb2a65
Jul 08 19:34:44 devstack sudo[91496]: pam_unix(sudo:session): session opened for user root(uid=0) by (uid=1000)
Jul 08 19:34:45 devstack sudo[91496]: pam_unix(sudo:session): session closed for user root
Jul 08 19:34:45 devstack cinder-volume[87172]: DEBUG oslo_concurrency.processutils [None req-060f3001-2820-4731-a07d-9ecd0b95bda2 tempest-SnapshotsActionsTest-649853673 None] CMD "/opt/stack/data/venv/bin/python3.12 -m oslo_concurrency.prlimit --as=1073741824 --cpu=60 -- sudo cinder-rootwrap /etc/cinder/rootwrap.conf env LC_ALL=C qemu-img info -f qcow2 --output=json --force-share /opt/stack/data/cinder/mnt/0c73e0c074854113c6a9da921a3b4989/volume-c269ee3c-0f3b-4d5e-9efc-4cf96e5f47c6.ca3fce9b-6888-4648-a2f1-c76e8ffb2a65" returned: 0 in 1.185s {{(pid=87172) execute /opt/stack/data/venv/lib/python3.12/site-packages/oslo_concurrency/processutils.py:468}}
Jul 08 19:34:45 devstack cinder-volume[87172]: DEBUG cinder.volume.drivers.remotefs [None req-060f3001-2820-4731-a07d-9ecd0b95bda2 tempest-SnapshotsActionsTest-649853673 None] Fetching qemu-img info with special backing_file_template: (/opt/stack/data/cinder/mnt/[0-9a-f]+/)?(volume-c269ee3c-0f3b-4d5e-9efc-4cf96e5f47c6(.(tmp-snap-)?[0-9a-f-]+)?|volume_from_snapshot_cache/(tmp-snap-)?[0-9a-f-]+(.(child-|parent-)[0-9a-f-]+)?)$ {{(pid=87172) _qemu_img_info_base /opt/stack/cinder/cinder/volume/drivers/remotefs.py:896}}
Jul 08 19:34:45 devstack cinder-volume[87172]: DEBUG oslo_concurrency.processutils [None req-060f3001-2820-4731-a07d-9ecd0b95bda2 tempest-SnapshotsActionsTest-649853673 None] Running cmd (subprocess): sudo cinder-rootwrap /etc/cinder/rootwrap.conf qemu-img commit -d /opt/stack/data/cinder/mnt/0c73e0c074854113c6a9da921a3b4989/volume-c269ee3c-0f3b-4d5e-9efc-4cf96e5f47c6.49c8955f-1006-4868-8e16-c35a4ecda392 {{(pid=87172) execute /opt/stack/data/venv/lib/python3.12/site-packages/oslo_concurrency/processutils.py:440}}
Jul 08 19:34:45 devstack sudo[91525]: quobyte : PWD=/ ; USER=root ; COMMAND=/opt/stack/data/venv/bin/cinder-rootwrap /etc/cinder/rootwrap.conf qemu-img commit -d /opt/stack/data/cinder/mnt/0c73e0c074854113c6a9da921a3b4989/volume-c269ee3c-0f3b-4d5e-9efc-4cf96e5f47c6.49c8955f-1006-4868-8e16-c35a4ecda392
Jul 08 19:34:45 devstack sudo[91525]: pam_unix(sudo:session): session opened for user root(uid=0) by (uid=1000)
Jul 08 19:34:46 devstack sudo[91525]: pam_unix(sudo:session): session closed for user root
Jul 08 19:34:46 devstack cinder-volume[87172]: DEBUG oslo_concurrency.processutils [None req-060f3001-2820-4731-a07d-9ecd0b95bda2 tempest-SnapshotsActionsTest-649853673 None] CMD "sudo cinder-rootwrap /etc/cinder/rootwrap.conf qemu-img commit -d /opt/stack/data/cinder/mnt/0c73e0c074854113c6a9da921a3b4989/volume-c269ee3c-0f3b-4d5e-9efc-4cf96e5f47c6.49c8955f-1006-4868-8e16-c35a4ecda392" returned: 0 in 1.091s {{(pid=87172) execute /opt/stack/data/venv/lib/python3.12/site-packages/oslo_concurrency/processutils.py:468}}
Jul 08 19:34:46 devstack cinder-volume[87172]: DEBUG oslo_concurrency.processutils [None req-060f3001-2820-4731-a07d-9ecd0b95bda2 tempest-SnapshotsActionsTest-649853673 None] Running cmd (subprocess): sudo cinder-rootwrap /etc/cinder/rootwrap.conf rm -f /opt/stack/data/cinder/mnt/0c73e0c074854113c6a9da921a3b4989/volume-c269ee3c-0f3b-4d5e-9efc-4cf96e5f47c6.49c8955f-1006-4868-8e16-c35a4ecda392 {{(pid=87172) execute /opt/stack/data/venv/lib/python3.12/site-packages/oslo_concurrency/processutils.py:440}}
Jul 08 19:34:46 devstack sudo[91540]: quobyte : PWD=/ ; USER=root ; COMMAND=/opt/stack/data/venv/bin/cinder-rootwrap /etc/cinder/rootwrap.conf rm -f /opt/stack/data/cinder/mnt/0c73e0c074854113c6a9da921a3b4989/volume-c269ee3c-0f3b-4d5e-9efc-4cf96e5f47c6.49c8955f-1006-4868-8e16-c35a4ecda392
Jul 08 19:34:46 devstack sudo[91540]: pam_unix(sudo:session): session opened for user root(uid=0) by (uid=1000)
Jul 08 19:34:47 devstack sudo[91540]: pam_unix(sudo:session): session closed for user root
Jul 08 19:34:47 devstack cinder-volume[87172]: DEBUG oslo_concurrency.processutils [None req-060f3001-2820-4731-a07d-9ecd0b95bda2 tempest-SnapshotsActionsTest-649853673 None] CMD "sudo cinder-rootwrap /etc/cinder/rootwrap.conf rm -f /opt/stack/data/cinder/mnt/0c73e0c074854113c6a9da921a3b4989/volume-c269ee3c-0f3b-4d5e-9efc-4cf96e5f47c6.49c8955f-1006-4868-8e16-c35a4ecda392" returned: 0 in 0.737s {{(pid=87172) execute /opt/stack/data/venv/lib/python3.12/site-packages/oslo_concurrency/processutils.py:468}}
Jul 08 19:34:47 devstack cinder-volume[87172]: DEBUG cinder.coordination [None req-060f3001-2820-4731-a07d-9ecd0b95bda2 tempest-SnapshotsActionsTest-649853673 None] Lock "cinder-quobyte-49c8955f-1006-4868-8e16-c35a4ecda392" released by "_delete_snapshot" :: held 4.672s {{(pid=87172) __release /opt/stack/cinder/cinder/coordination.py:152}}
Jul 08 19:34:47 devstack cinder-volume[87172]: DEBUG cinder.coordination [None req-060f3001-2820-4731-a07d-9ecd0b95bda2 tempest-SnapshotsActionsTest-649853673 None] Lock "cinder-quobyte-c269ee3c-0f3b-4d5e-9efc-4cf96e5f47c6" released by "delete_snapshot" :: held 4.709s {{(pid=87172) __release /opt/stack/cinder/cinder/coordination.py:152}}
Jul 08 19:34:47 devstack cinder-volume[87172]: DEBUG cinder.quota [None req-060f3001-2820-4731-a07d-9ecd0b95bda2 tempest-SnapshotsActionsTest-649853673 None] Created reservations ['8ba67f26-c665-4766-b85b-9104e9adbd18', '5e6602c4-ab2f-4c19-a728-2460ea8d55d1', '739a5a95-55ca-4638-ab18-e039227b7377', '42bf4aea-00d0-4f64-8b41-e6d0fd8785f4'] {{(pid=87172) reserve /opt/stack/cinder/cinder/quota.py:752}}
Jul 08 19:34:47 devstack cinder-volume[87172]: INFO cinder.volume.manager [None req-060f3001-2820-4731-a07d-9ecd0b95bda2 tempest-SnapshotsActionsTest-649853673 None] Delete snapshot completed successfully.
Jul 08 19:34:47 devstack cinder-volume[87172]: DEBUG cinder.coordination [None req-060f3001-2820-4731-a07d-9ecd0b95bda2 tempest-SnapshotsActionsTest-649853673 None] Lock "cinder-49c8955f-1006-4868-8e16-c35a4ecda392-delete_snapshot" released by "delete_snapshot" :: held 4.937s {{(pid=87172) __release /opt/stack/cinder/cinder/coordination.py:152}}
Jul 08 19:34:48 devstack cinder-volume[87172]: DEBUG oslo_concurrency.lockutils [None req-463a8122-27aa-4201-8396-73d0b432d005 tempest-SnapshotsActionsTest-1548975897 None] Acquiring lock "quobyte" by "cinder.volume.drivers.quobyte.QuobyteDriver.create_snapshot" {{(pid=87172) inner /opt/stack/data/venv/lib/python3.12/site-packages/oslo_concurrency/lockutils.py:511}}
Jul 08 19:34:48 devstack cinder-volume[87172]: DEBUG oslo_concurrency.lockutils [None req-463a8122-27aa-4201-8396-73d0b432d005 tempest-SnapshotsActionsTest-1548975897 None] Lock "quobyte" acquired by "cinder.volume.drivers.quobyte.QuobyteDriver.create_snapshot" :: waited 0.001s {{(pid=87172) inner /opt/stack/data/venv/lib/python3.12/site-packages/oslo_concurrency/lockutils.py:524}}
Jul 08 19:34:48 devstack cinder-volume[87172]: DEBUG cinder.volume.drivers.remotefs [None req-463a8122-27aa-4201-8396-73d0b432d005 tempest-SnapshotsActionsTest-1548975897 None] Creating offline snapshot 35e2810c-8584-43ec-b4f1-dde063137078 of volume c269ee3c-0f3b-4d5e-9efc-4cf96e5f47c6 {{(pid=87172) _create_snapshot /opt/stack/cinder/cinder/volume/drivers/remotefs.py:1816}}
Jul 08 19:34:48 devstack cinder-volume[87172]: DEBUG oslo.privsep.daemon [-] privsep: reply[b0af417f-a5bd-4f6f-ba36-3c248f76b361]: (4, 'qcow2') {{(pid=88217) _call_back /opt/stack/data/venv/lib/python3.12/site-packages/oslo_privsep/daemon.py:580}}
Jul 08 19:34:48 devstack cinder-volume[87172]: DEBUG oslo_concurrency.processutils [None req-463a8122-27aa-4201-8396-73d0b432d005 tempest-SnapshotsActionsTest-1548975897 None] Running cmd (subprocess): /opt/stack/data/venv/bin/python3.12 -m oslo_concurrency.prlimit --as=1073741824 --cpu=60 -- sudo cinder-rootwrap /etc/cinder/rootwrap.conf env LC_ALL=C qemu-img info -f qcow2 --output=json --force-share /opt/stack/data/cinder/mnt/0c73e0c074854113c6a9da921a3b4989/volume-c269ee3c-0f3b-4d5e-9efc-4cf96e5f47c6.ca3fce9b-6888-4648-a2f1-c76e8ffb2a65 {{(pid=87172) execute /opt/stack/data/venv/lib/python3.12/site-packages/oslo_concurrency/processutils.py:440}}
Jul 08 19:34:48 devstack sudo[91565]: quobyte : PWD=/ ; USER=root ; COMMAND=/opt/stack/data/venv/bin/cinder-rootwrap /etc/cinder/rootwrap.conf env LC_ALL=C qemu-img info -f qcow2 --output=json --force-share /opt/stack/data/cinder/mnt/0c73e0c074854113c6a9da921a3b4989/volume-c269ee3c-0f3b-4d5e-9efc-4cf96e5f47c6.ca3fce9b-6888-4648-a2f1-c76e8ffb2a65
Jul 08 19:34:48 devstack sudo[91565]: pam_unix(sudo:session): session opened for user root(uid=0) by (uid=1000)
Jul 08 19:34:49 devstack sudo[91565]: pam_unix(sudo:session): session closed for user root
Jul 08 19:34:49 devstack cinder-volume[87172]: DEBUG oslo_concurrency.processutils [None req-463a8122-27aa-4201-8396-73d0b432d005 tempest-SnapshotsActionsTest-1548975897 None] CMD "/opt/stack/data/venv/bin/python3.12 -m oslo_concurrency.prlimit --as=1073741824 --cpu=60 -- sudo cinder-rootwrap /etc/cinder/rootwrap.conf env LC_ALL=C qemu-img info -f qcow2 --output=json --force-share /opt/stack/data/cinder/mnt/0c73e0c074854113c6a9da921a3b4989/volume-c269ee3c-0f3b-4d5e-9efc-4cf96e5f47c6.ca3fce9b-6888-4648-a2f1-c76e8ffb2a65" returned: 0 in 0.932s {{(pid=87172) execute /opt/stack/data/venv/lib/python3.12/site-packages/oslo_concurrency/processutils.py:468}}
Jul 08 19:34:49 devstack cinder-volume[87172]: DEBUG cinder.volume.drivers.remotefs [None req-463a8122-27aa-4201-8396-73d0b432d005 tempest-SnapshotsActionsTest-1548975897 None] Fetching qemu-img info with special backing_file_template: (/opt/stack/data/cinder/mnt/[0-9a-f]+/)?(volume-c269ee3c-0f3b-4d5e-9efc-4cf96e5f47c6(.(tmp-snap-)?[0-9a-f-]+)?|volume_from_snapshot_cache/(tmp-snap-)?[0-9a-f-]+(.(child-|parent-)[0-9a-f-]+)?)$ {{(pid=87172) _qemu_img_info_base /opt/stack/cinder/cinder/volume/drivers/remotefs.py:896}}
Jul 08 19:34:49 devstack cinder-volume[87172]: DEBUG oslo_concurrency.processutils [None req-463a8122-27aa-4201-8396-73d0b432d005 tempest-SnapshotsActionsTest-1548975897 None] Running cmd (subprocess): sudo cinder-rootwrap /etc/cinder/rootwrap.conf qemu-img create -f qcow2 -o backing_file=/opt/stack/data/cinder/mnt/0c73e0c074854113c6a9da921a3b4989/volume-c269ee3c-0f3b-4d5e-9efc-4cf96e5f47c6.ca3fce9b-6888-4648-a2f1-c76e8ffb2a65,backing_fmt=qcow2 /opt/stack/data/cinder/mnt/0c73e0c074854113c6a9da921a3b4989/volume-c269ee3c-0f3b-4d5e-9efc-4cf96e5f47c6.35e2810c-8584-43ec-b4f1-dde063137078 1G {{(pid=87172) execute /opt/stack/data/venv/lib/python3.12/site-packages/oslo_concurrency/processutils.py:440}}
Jul 08 19:34:49 devstack sudo[91571]: quobyte : PWD=/ ; USER=root ; COMMAND=/opt/stack/data/venv/bin/cinder-rootwrap /etc/cinder/rootwrap.conf qemu-img create -f qcow2 -o backing_file=/opt/stack/data/cinder/mnt/0c73e0c074854113c6a9da921a3b4989/volume-c269ee3c-0f3b-4d5e-9efc-4cf96e5f47c6.ca3fce9b-6888-4648-a2f1-c76e8ffb2a65,backing_fmt=qcow2 /opt/stack/data/cinder/mnt/0c73e0c074854113c6a9da921a3b4989/volume-c269ee3c-0f3b-4d5e-9efc-4cf96e5f47c6.35e2810c-8584-43ec-b4f1-dde063137078 1G
Jul 08 19:34:49 devstack sudo[91571]: pam_unix(sudo:session): session opened for user root(uid=0) by (uid=1000)
Jul 08 19:34:50 devstack sudo[91571]: pam_unix(sudo:session): session closed for user root
Jul 08 19:34:50 devstack cinder-volume[87172]: DEBUG oslo_concurrency.processutils [None req-463a8122-27aa-4201-8396-73d0b432d005 tempest-SnapshotsActionsTest-1548975897 None] CMD "sudo cinder-rootwrap /etc/cinder/rootwrap.conf qemu-img create -f qcow2 -o backing_file=/opt/stack/data/cinder/mnt/0c73e0c074854113c6a9da921a3b4989/volume-c269ee3c-0f3b-4d5e-9efc-4cf96e5f47c6.ca3fce9b-6888-4648-a2f1-c76e8ffb2a65,backing_fmt=qcow2 /opt/stack/data/cinder/mnt/0c73e0c074854113c6a9da921a3b4989/volume-c269ee3c-0f3b-4d5e-9efc-4cf96e5f47c6.35e2810c-8584-43ec-b4f1-dde063137078 1G" returned: 0 in 1.545s {{(pid=87172) execute /opt/stack/data/venv/lib/python3.12/site-packages/oslo_concurrency/processutils.py:468}}
Jul 08 19:34:50 devstack cinder-volume[87172]: DEBUG oslo_concurrency.processutils [None req-463a8122-27aa-4201-8396-73d0b432d005 tempest-SnapshotsActionsTest-1548975897 None] Running cmd (subprocess): sudo cinder-rootwrap /etc/cinder/rootwrap.conf qemu-img rebase -u -b volume-c269ee3c-0f3b-4d5e-9efc-4cf96e5f47c6.ca3fce9b-6888-4648-a2f1-c76e8ffb2a65 -F qcow2 /opt/stack/data/cinder/mnt/0c73e0c074854113c6a9da921a3b4989/volume-c269ee3c-0f3b-4d5e-9efc-4cf96e5f47c6.35e2810c-8584-43ec-b4f1-dde063137078 {{(pid=87172) execute /opt/stack/data/venv/lib/python3.12/site-packages/oslo_concurrency/processutils.py:440}}
Jul 08 19:34:51 devstack sudo[91579]: quobyte : PWD=/ ; USER=root ; COMMAND=/opt/stack/data/venv/bin/cinder-rootwrap /etc/cinder/rootwrap.conf qemu-img rebase -u -b volume-c269ee3c-0f3b-4d5e-9efc-4cf96e5f47c6.ca3fce9b-6888-4648-a2f1-c76e8ffb2a65 -F qcow2 /opt/stack/data/cinder/mnt/0c73e0c074854113c6a9da921a3b4989/volume-c269ee3c-0f3b-4d5e-9efc-4cf96e5f47c6.35e2810c-8584-43ec-b4f1-dde063137078
Jul 08 19:34:51 devstack sudo[91579]: pam_unix(sudo:session): session opened for user root(uid=0) by (uid=1000)
Jul 08 19:34:52 devstack sudo[91579]: pam_unix(sudo:session): session closed for user root
Jul 08 19:34:52 devstack cinder-volume[87172]: DEBUG oslo_concurrency.processutils [None req-463a8122-27aa-4201-8396-73d0b432d005 tempest-SnapshotsActionsTest-1548975897 None] CMD "sudo cinder-rootwrap /etc/cinder/rootwrap.conf qemu-img rebase -u -b volume-c269ee3c-0f3b-4d5e-9efc-4cf96e5f47c6.ca3fce9b-6888-4648-a2f1-c76e8ffb2a65 -F qcow2 /opt/stack/data/cinder/mnt/0c73e0c074854113c6a9da921a3b4989/volume-c269ee3c-0f3b-4d5e-9efc-4cf96e5f47c6.35e2810c-8584-43ec-b4f1-dde063137078" returned: 0 in 1.710s {{(pid=87172) execute /opt/stack/data/venv/lib/python3.12/site-packages/oslo_concurrency/processutils.py:468}}
Jul 08 19:34:52 devstack cinder-volume[87172]: WARNING cinder.volume.drivers.remotefs [None req-463a8122-27aa-4201-8396-73d0b432d005 tempest-SnapshotsActionsTest-1548975897 None] /opt/stack/data/cinder/mnt/0c73e0c074854113c6a9da921a3b4989/volume-c269ee3c-0f3b-4d5e-9efc-4cf96e5f47c6.35e2810c-8584-43ec-b4f1-dde063137078 is being set with open permissions: ugo+rw
Jul 08 19:34:52 devstack cinder-volume[87172]: DEBUG oslo_concurrency.processutils [None req-463a8122-27aa-4201-8396-73d0b432d005 tempest-SnapshotsActionsTest-1548975897 None] Running cmd (subprocess): sudo cinder-rootwrap /etc/cinder/rootwrap.conf chmod ugo+rw /opt/stack/data/cinder/mnt/0c73e0c074854113c6a9da921a3b4989/volume-c269ee3c-0f3b-4d5e-9efc-4cf96e5f47c6.35e2810c-8584-43ec-b4f1-dde063137078 {{(pid=87172) execute /opt/stack/data/venv/lib/python3.12/site-packages/oslo_concurrency/processutils.py:440}}
Jul 08 19:34:52 devstack sudo[91609]: quobyte : PWD=/ ; USER=root ; COMMAND=/opt/stack/data/venv/bin/cinder-rootwrap /etc/cinder/rootwrap.conf chmod ugo+rw /opt/stack/data/cinder/mnt/0c73e0c074854113c6a9da921a3b4989/volume-c269ee3c-0f3b-4d5e-9efc-4cf96e5f47c6.35e2810c-8584-43ec-b4f1-dde063137078
Jul 08 19:34:52 devstack sudo[91609]: pam_unix(sudo:session): session opened for user root(uid=0) by (uid=1000)
Jul 08 19:34:54 devstack sudo[91609]: pam_unix(sudo:session): session closed for user root
Jul 08 19:34:54 devstack cinder-volume[87172]: DEBUG oslo_concurrency.processutils [None req-463a8122-27aa-4201-8396-73d0b432d005 tempest-SnapshotsActionsTest-1548975897 None] CMD "sudo cinder-rootwrap /etc/cinder/rootwrap.conf chmod ugo+rw /opt/stack/data/cinder/mnt/0c73e0c074854113c6a9da921a3b4989/volume-c269ee3c-0f3b-4d5e-9efc-4cf96e5f47c6.35e2810c-8584-43ec-b4f1-dde063137078" returned: 0 in 1.611s {{(pid=87172) execute /opt/stack/data/venv/lib/python3.12/site-packages/oslo_concurrency/processutils.py:468}}
Jul 08 19:34:54 devstack cinder-volume[87172]: DEBUG oslo_concurrency.lockutils [None req-463a8122-27aa-4201-8396-73d0b432d005 tempest-SnapshotsActionsTest-1548975897 None] Lock "quobyte" "released" by "cinder.volume.drivers.quobyte.QuobyteDriver.create_snapshot" :: held 5.983s {{(pid=87172) inner /opt/stack/data/venv/lib/python3.12/site-packages/oslo_concurrency/lockutils.py:543}}
Jul 08 19:34:54 devstack cinder-volume[87172]: INFO cinder.volume.manager [None req-463a8122-27aa-4201-8396-73d0b432d005 tempest-SnapshotsActionsTest-1548975897 None] Create snapshot completed successfully
Jul 08 19:34:55 devstack cinder-volume[87172]: DEBUG cinder.coordination [None req-f3d1bcd1-43fc-4cf8-b35c-f36ac4e7d285 tempest-SnapshotsActionsTest-649853673 None] Acquiring lock "cinder-35e2810c-8584-43ec-b4f1-dde063137078-delete_snapshot" by "delete_snapshot" {{(pid=87172) __acquire /opt/stack/cinder/cinder/coordination.py:138}}
Jul 08 19:34:55 devstack cinder-volume[87172]: DEBUG cinder.coordination [None req-f3d1bcd1-43fc-4cf8-b35c-f36ac4e7d285 tempest-SnapshotsActionsTest-649853673 None] Lock "cinder-35e2810c-8584-43ec-b4f1-dde063137078-delete_snapshot" acquired by "delete_snapshot" :: waited 0.037s {{(pid=87172) __acquire /opt/stack/cinder/cinder/coordination.py:141}}
Jul 08 19:34:55 devstack cinder-volume[87172]: DEBUG cinder.coordination [None req-f3d1bcd1-43fc-4cf8-b35c-f36ac4e7d285 tempest-SnapshotsActionsTest-649853673 None] Acquiring lock "cinder-quobyte-c269ee3c-0f3b-4d5e-9efc-4cf96e5f47c6" by "delete_snapshot" {{(pid=87172) __acquire /opt/stack/cinder/cinder/coordination.py:138}}
Jul 08 19:34:55 devstack cinder-volume[87172]: DEBUG cinder.coordination [None req-f3d1bcd1-43fc-4cf8-b35c-f36ac4e7d285 tempest-SnapshotsActionsTest-649853673 None] Lock "cinder-quobyte-c269ee3c-0f3b-4d5e-9efc-4cf96e5f47c6" acquired by "delete_snapshot" :: waited 0.044s {{(pid=87172) __acquire /opt/stack/cinder/cinder/coordination.py:141}}
Jul 08 19:34:55 devstack cinder-volume[87172]: DEBUG cinder.coordination [None req-f3d1bcd1-43fc-4cf8-b35c-f36ac4e7d285 tempest-SnapshotsActionsTest-649853673 None] Acquiring lock "cinder-quobyte-35e2810c-8584-43ec-b4f1-dde063137078" by "_delete_snapshot" {{(pid=87172) __acquire /opt/stack/cinder/cinder/coordination.py:138}}
Jul 08 19:34:55 devstack cinder-volume[87172]: DEBUG cinder.coordination [None req-f3d1bcd1-43fc-4cf8-b35c-f36ac4e7d285 tempest-SnapshotsActionsTest-649853673 None] Lock "cinder-quobyte-35e2810c-8584-43ec-b4f1-dde063137078" acquired by "_delete_snapshot" :: waited 0.050s {{(pid=87172) __acquire /opt/stack/cinder/cinder/coordination.py:141}}
Jul 08 19:34:55 devstack cinder-volume[87172]: DEBUG cinder.volume.drivers.remotefs [None req-f3d1bcd1-43fc-4cf8-b35c-f36ac4e7d285 tempest-SnapshotsActionsTest-649853673 None] Deleting offline snapshot 35e2810c-8584-43ec-b4f1-dde063137078 of volume c269ee3c-0f3b-4d5e-9efc-4cf96e5f47c6 {{(pid=87172) _delete_snapshot /opt/stack/cinder/cinder/volume/drivers/remotefs.py:1288}}
Jul 08 19:34:55 devstack cinder-volume[87172]: DEBUG cinder.volume.drivers.remotefs [None req-f3d1bcd1-43fc-4cf8-b35c-f36ac4e7d285 tempest-SnapshotsActionsTest-649853673 None] snapshot_file for this snap is: volume-c269ee3c-0f3b-4d5e-9efc-4cf96e5f47c6.35e2810c-8584-43ec-b4f1-dde063137078 {{(pid=87172) _delete_snapshot /opt/stack/cinder/cinder/volume/drivers/remotefs.py:1317}}
Jul 08 19:34:55 devstack cinder-volume[87172]: DEBUG oslo.privsep.daemon [-] privsep: reply[65996e0b-00a9-41f9-b0d2-7017d9409484]: (4, 'qcow2') {{(pid=88217) _call_back /opt/stack/data/venv/lib/python3.12/site-packages/oslo_privsep/daemon.py:580}}
Jul 08 19:34:55 devstack cinder-volume[87172]: DEBUG oslo_concurrency.processutils [None req-f3d1bcd1-43fc-4cf8-b35c-f36ac4e7d285 tempest-SnapshotsActionsTest-649853673 None] Running cmd (subprocess): /opt/stack/data/venv/bin/python3.12 -m oslo_concurrency.prlimit --as=1073741824 --cpu=60 -- sudo cinder-rootwrap /etc/cinder/rootwrap.conf env LC_ALL=C qemu-img info -f qcow2 --output=json --force-share /opt/stack/data/cinder/mnt/0c73e0c074854113c6a9da921a3b4989/volume-c269ee3c-0f3b-4d5e-9efc-4cf96e5f47c6.35e2810c-8584-43ec-b4f1-dde063137078 {{(pid=87172) execute /opt/stack/data/venv/lib/python3.12/site-packages/oslo_concurrency/processutils.py:440}}
Jul 08 19:34:55 devstack sudo[91649]: quobyte : PWD=/ ; USER=root ; COMMAND=/opt/stack/data/venv/bin/cinder-rootwrap /etc/cinder/rootwrap.conf env LC_ALL=C qemu-img info -f qcow2 --output=json --force-share /opt/stack/data/cinder/mnt/0c73e0c074854113c6a9da921a3b4989/volume-c269ee3c-0f3b-4d5e-9efc-4cf96e5f47c6.35e2810c-8584-43ec-b4f1-dde063137078
Jul 08 19:34:55 devstack sudo[91649]: pam_unix(sudo:session): session opened for user root(uid=0) by (uid=1000)
Jul 08 19:34:56 devstack sudo[91649]: pam_unix(sudo:session): session closed for user root
Jul 08 19:34:56 devstack cinder-volume[87172]: DEBUG oslo_concurrency.processutils [None req-f3d1bcd1-43fc-4cf8-b35c-f36ac4e7d285 tempest-SnapshotsActionsTest-649853673 None] CMD "/opt/stack/data/venv/bin/python3.12 -m oslo_concurrency.prlimit --as=1073741824 --cpu=60 -- sudo cinder-rootwrap /etc/cinder/rootwrap.conf env LC_ALL=C qemu-img info -f qcow2 --output=json --force-share /opt/stack/data/cinder/mnt/0c73e0c074854113c6a9da921a3b4989/volume-c269ee3c-0f3b-4d5e-9efc-4cf96e5f47c6.35e2810c-8584-43ec-b4f1-dde063137078" returned: 0 in 1.154s {{(pid=87172) execute /opt/stack/data/venv/lib/python3.12/site-packages/oslo_concurrency/processutils.py:468}}
Jul 08 19:34:56 devstack cinder-volume[87172]: DEBUG cinder.volume.drivers.remotefs [None req-f3d1bcd1-43fc-4cf8-b35c-f36ac4e7d285 tempest-SnapshotsActionsTest-649853673 None] Fetching qemu-img info with special backing_file_template: (/opt/stack/data/cinder/mnt/[0-9a-f]+/)?(volume-c269ee3c-0f3b-4d5e-9efc-4cf96e5f47c6(.(tmp-snap-)?[0-9a-f-]+)?|volume_from_snapshot_cache/(tmp-snap-)?[0-9a-f-]+(.(child-|parent-)[0-9a-f-]+)?)$ {{(pid=87172) _qemu_img_info_base /opt/stack/cinder/cinder/volume/drivers/remotefs.py:896}}
Jul 08 19:34:56 devstack cinder-volume[87172]: DEBUG oslo.privsep.daemon [-] privsep: reply[767a7a07-61b9-4ead-ad75-0f6ed88db5b4]: (4, 'qcow2') {{(pid=88217) _call_back /opt/stack/data/venv/lib/python3.12/site-packages/oslo_privsep/daemon.py:580}}
Jul 08 19:34:56 devstack cinder-volume[87172]: DEBUG oslo_concurrency.processutils [None req-f3d1bcd1-43fc-4cf8-b35c-f36ac4e7d285 tempest-SnapshotsActionsTest-649853673 None] Running cmd (subprocess): /opt/stack/data/venv/bin/python3.12 -m oslo_concurrency.prlimit --as=1073741824 --cpu=60 -- sudo cinder-rootwrap /etc/cinder/rootwrap.conf env LC_ALL=C qemu-img info -f qcow2 --output=json --force-share /opt/stack/data/cinder/mnt/0c73e0c074854113c6a9da921a3b4989/volume-c269ee3c-0f3b-4d5e-9efc-4cf96e5f47c6.ca3fce9b-6888-4648-a2f1-c76e8ffb2a65 {{(pid=87172) execute /opt/stack/data/venv/lib/python3.12/site-packages/oslo_concurrency/processutils.py:440}}
Jul 08 19:34:56 devstack sudo[91675]: quobyte : PWD=/ ; USER=root ; COMMAND=/opt/stack/data/venv/bin/cinder-rootwrap /etc/cinder/rootwrap.conf env LC_ALL=C qemu-img info -f qcow2 --output=json --force-share /opt/stack/data/cinder/mnt/0c73e0c074854113c6a9da921a3b4989/volume-c269ee3c-0f3b-4d5e-9efc-4cf96e5f47c6.ca3fce9b-6888-4648-a2f1-c76e8ffb2a65
Jul 08 19:34:56 devstack sudo[91675]: pam_unix(sudo:session): session opened for user root(uid=0) by (uid=1000)
Jul 08 19:34:57 devstack sudo[91675]: pam_unix(sudo:session): session closed for user root
Jul 08 19:34:57 devstack cinder-volume[87172]: DEBUG oslo_concurrency.processutils [None req-f3d1bcd1-43fc-4cf8-b35c-f36ac4e7d285 tempest-SnapshotsActionsTest-649853673 None] CMD "/opt/stack/data/venv/bin/python3.12 -m oslo_concurrency.prlimit --as=1073741824 --cpu=60 -- sudo cinder-rootwrap /etc/cinder/rootwrap.conf env LC_ALL=C qemu-img info -f qcow2 --output=json --force-share /opt/stack/data/cinder/mnt/0c73e0c074854113c6a9da921a3b4989/volume-c269ee3c-0f3b-4d5e-9efc-4cf96e5f47c6.ca3fce9b-6888-4648-a2f1-c76e8ffb2a65" returned: 0 in 1.050s {{(pid=87172) execute /opt/stack/data/venv/lib/python3.12/site-packages/oslo_concurrency/processutils.py:468}}
Jul 08 19:34:57 devstack cinder-volume[87172]: DEBUG cinder.volume.drivers.remotefs [None req-f3d1bcd1-43fc-4cf8-b35c-f36ac4e7d285 tempest-SnapshotsActionsTest-649853673 None] Fetching qemu-img info with special backing_file_template: (/opt/stack/data/cinder/mnt/[0-9a-f]+/)?(volume-c269ee3c-0f3b-4d5e-9efc-4cf96e5f47c6(.(tmp-snap-)?[0-9a-f-]+)?|volume_from_snapshot_cache/(tmp-snap-)?[0-9a-f-]+(.(child-|parent-)[0-9a-f-]+)?)$ {{(pid=87172) _qemu_img_info_base /opt/stack/cinder/cinder/volume/drivers/remotefs.py:896}}
Jul 08 19:34:57 devstack cinder-volume[87172]: DEBUG oslo_concurrency.processutils [None req-f3d1bcd1-43fc-4cf8-b35c-f36ac4e7d285 tempest-SnapshotsActionsTest-649853673 None] Running cmd (subprocess): sudo cinder-rootwrap /etc/cinder/rootwrap.conf qemu-img commit -d /opt/stack/data/cinder/mnt/0c73e0c074854113c6a9da921a3b4989/volume-c269ee3c-0f3b-4d5e-9efc-4cf96e5f47c6.35e2810c-8584-43ec-b4f1-dde063137078 {{(pid=87172) execute /opt/stack/data/venv/lib/python3.12/site-packages/oslo_concurrency/processutils.py:440}}
Jul 08 19:34:57 devstack sudo[91689]: quobyte : PWD=/ ; USER=root ; COMMAND=/opt/stack/data/venv/bin/cinder-rootwrap /etc/cinder/rootwrap.conf qemu-img commit -d /opt/stack/data/cinder/mnt/0c73e0c074854113c6a9da921a3b4989/volume-c269ee3c-0f3b-4d5e-9efc-4cf96e5f47c6.35e2810c-8584-43ec-b4f1-dde063137078
Jul 08 19:34:57 devstack sudo[91689]: pam_unix(sudo:session): session opened for user root(uid=0) by (uid=1000)
Jul 08 19:34:58 devstack sudo[91689]: pam_unix(sudo:session): session closed for user root
Jul 08 19:34:58 devstack cinder-volume[87172]: DEBUG oslo_concurrency.processutils [None req-f3d1bcd1-43fc-4cf8-b35c-f36ac4e7d285 tempest-SnapshotsActionsTest-649853673 None] CMD "sudo cinder-rootwrap /etc/cinder/rootwrap.conf qemu-img commit -d /opt/stack/data/cinder/mnt/0c73e0c074854113c6a9da921a3b4989/volume-c269ee3c-0f3b-4d5e-9efc-4cf96e5f47c6.35e2810c-8584-43ec-b4f1-dde063137078" returned: 0 in 1.144s {{(pid=87172) execute /opt/stack/data/venv/lib/python3.12/site-packages/oslo_concurrency/processutils.py:468}}
Jul 08 19:34:58 devstack cinder-volume[87172]: DEBUG oslo_concurrency.processutils [None req-f3d1bcd1-43fc-4cf8-b35c-f36ac4e7d285 tempest-SnapshotsActionsTest-649853673 None] Running cmd (subprocess): sudo cinder-rootwrap /etc/cinder/rootwrap.conf rm -f /opt/stack/data/cinder/mnt/0c73e0c074854113c6a9da921a3b4989/volume-c269ee3c-0f3b-4d5e-9efc-4cf96e5f47c6.35e2810c-8584-43ec-b4f1-dde063137078 {{(pid=87172) execute /opt/stack/data/venv/lib/python3.12/site-packages/oslo_concurrency/processutils.py:440}}
Jul 08 19:34:58 devstack sudo[91695]: quobyte : PWD=/ ; USER=root ; COMMAND=/opt/stack/data/venv/bin/cinder-rootwrap /etc/cinder/rootwrap.conf rm -f /opt/stack/data/cinder/mnt/0c73e0c074854113c6a9da921a3b4989/volume-c269ee3c-0f3b-4d5e-9efc-4cf96e5f47c6.35e2810c-8584-43ec-b4f1-dde063137078
Jul 08 19:34:58 devstack sudo[91695]: pam_unix(sudo:session): session opened for user root(uid=0) by (uid=1000)
Jul 08 19:34:59 devstack cinder-volume[87172]: DEBUG cinder.coordination [None req-e293d57c-a93d-4c7c-97ad-b797ac0c2c08 tempest-ServerRescueNegativeTestJSON-652218123 None] Acquiring lock "cinder-4630315b-9731-4356-aa3c-c8c8362a03e0-delete_volume" by "delete_volume" {{(pid=87172) __acquire /opt/stack/cinder/cinder/coordination.py:138}}
Jul 08 19:34:59 devstack cinder-volume[87172]: DEBUG cinder.coordination [None req-e293d57c-a93d-4c7c-97ad-b797ac0c2c08 tempest-ServerRescueNegativeTestJSON-652218123 None] Lock "cinder-4630315b-9731-4356-aa3c-c8c8362a03e0-delete_volume" acquired by "delete_volume" :: waited 0.039s {{(pid=87172) __acquire /opt/stack/cinder/cinder/coordination.py:141}}
Jul 08 19:34:59 devstack cinder-volume[87172]: DEBUG cinder.coordination [None req-e293d57c-a93d-4c7c-97ad-b797ac0c2c08 tempest-ServerRescueNegativeTestJSON-652218123 None] Acquiring lock "cinder-quobyte-4630315b-9731-4356-aa3c-c8c8362a03e0" by "delete_volume" {{(pid=87172) __acquire /opt/stack/cinder/cinder/coordination.py:138}}
Jul 08 19:34:59 devstack cinder-volume[87172]: DEBUG cinder.coordination [None req-e293d57c-a93d-4c7c-97ad-b797ac0c2c08 tempest-ServerRescueNegativeTestJSON-652218123 None] Lock "cinder-quobyte-4630315b-9731-4356-aa3c-c8c8362a03e0" acquired by "delete_volume" :: waited 0.024s {{(pid=87172) __acquire /opt/stack/cinder/cinder/coordination.py:141}}
Jul 08 19:34:59 devstack cinder-volume[87172]: DEBUG oslo.privsep.daemon [-] privsep: reply[aa1744e3-54b2-4560-aa2d-0eaff2ec87d3]: (4, 'qcow2') {{(pid=88217) _call_back /opt/stack/data/venv/lib/python3.12/site-packages/oslo_privsep/daemon.py:580}}
Jul 08 19:34:59 devstack cinder-volume[87172]: DEBUG oslo_concurrency.processutils [None req-e293d57c-a93d-4c7c-97ad-b797ac0c2c08 tempest-ServerRescueNegativeTestJSON-652218123 None] Running cmd (subprocess): /opt/stack/data/venv/bin/python3.12 -m oslo_concurrency.prlimit --as=1073741824 --cpu=60 -- sudo cinder-rootwrap /etc/cinder/rootwrap.conf env LC_ALL=C qemu-img info -f qcow2 --output=json --force-share /opt/stack/data/cinder/mnt/0c73e0c074854113c6a9da921a3b4989/volume-4630315b-9731-4356-aa3c-c8c8362a03e0 {{(pid=87172) execute /opt/stack/data/venv/lib/python3.12/site-packages/oslo_concurrency/processutils.py:440}}
Jul 08 19:34:59 devstack sudo[91695]: pam_unix(sudo:session): session closed for user root
Jul 08 19:34:59 devstack cinder-volume[87172]: DEBUG oslo_concurrency.processutils [None req-f3d1bcd1-43fc-4cf8-b35c-f36ac4e7d285 tempest-SnapshotsActionsTest-649853673 None] CMD "sudo cinder-rootwrap /etc/cinder/rootwrap.conf rm -f /opt/stack/data/cinder/mnt/0c73e0c074854113c6a9da921a3b4989/volume-c269ee3c-0f3b-4d5e-9efc-4cf96e5f47c6.35e2810c-8584-43ec-b4f1-dde063137078" returned: 0 in 1.009s {{(pid=87172) execute /opt/stack/data/venv/lib/python3.12/site-packages/oslo_concurrency/processutils.py:468}}
Jul 08 19:34:59 devstack cinder-volume[87172]: DEBUG cinder.coordination [None req-f3d1bcd1-43fc-4cf8-b35c-f36ac4e7d285 tempest-SnapshotsActionsTest-649853673 None] Lock "cinder-quobyte-35e2810c-8584-43ec-b4f1-dde063137078" released by "_delete_snapshot" :: held 4.484s {{(pid=87172) __release /opt/stack/cinder/cinder/coordination.py:152}}
Jul 08 19:34:59 devstack cinder-volume[87172]: DEBUG cinder.coordination [None req-f3d1bcd1-43fc-4cf8-b35c-f36ac4e7d285 tempest-SnapshotsActionsTest-649853673 None] Lock "cinder-quobyte-c269ee3c-0f3b-4d5e-9efc-4cf96e5f47c6" released by "delete_snapshot" :: held 4.548s {{(pid=87172) __release /opt/stack/cinder/cinder/coordination.py:152}}
Jul 08 19:35:00 devstack cinder-volume[87172]: DEBUG cinder.quota [None req-f3d1bcd1-43fc-4cf8-b35c-f36ac4e7d285 tempest-SnapshotsActionsTest-649853673 None] Created reservations ['7c9fc051-5480-42c9-ae2a-666d16191a38', '362a4828-851c-4012-8272-4d888395de08', '5cb01b4f-2452-48af-b8f8-2edca32ac07b', 'dca0c05d-5e2f-4163-ba6a-1f7f33881207'] {{(pid=87172) reserve /opt/stack/cinder/cinder/quota.py:752}}
Jul 08 19:35:00 devstack sudo[91698]: quobyte : PWD=/ ; USER=root ; COMMAND=/opt/stack/data/venv/bin/cinder-rootwrap /etc/cinder/rootwrap.conf env LC_ALL=C qemu-img info -f qcow2 --output=json --force-share /opt/stack/data/cinder/mnt/0c73e0c074854113c6a9da921a3b4989/volume-4630315b-9731-4356-aa3c-c8c8362a03e0
Jul 08 19:35:00 devstack sudo[91698]: pam_unix(sudo:session): session opened for user root(uid=0) by (uid=1000)
Jul 08 19:35:00 devstack cinder-volume[87172]: INFO cinder.volume.manager [None req-f3d1bcd1-43fc-4cf8-b35c-f36ac4e7d285 tempest-SnapshotsActionsTest-649853673 None] Delete snapshot completed successfully.
Jul 08 19:35:00 devstack cinder-volume[87172]: DEBUG cinder.coordination [None req-f3d1bcd1-43fc-4cf8-b35c-f36ac4e7d285 tempest-SnapshotsActionsTest-649853673 None] Lock "cinder-35e2810c-8584-43ec-b4f1-dde063137078-delete_snapshot" released by "delete_snapshot" :: held 4.902s {{(pid=87172) __release /opt/stack/cinder/cinder/coordination.py:152}}
Jul 08 19:35:00 devstack sudo[91698]: pam_unix(sudo:session): session closed for user root
Jul 08 19:35:00 devstack cinder-volume[87172]: DEBUG oslo_concurrency.processutils [None req-e293d57c-a93d-4c7c-97ad-b797ac0c2c08 tempest-ServerRescueNegativeTestJSON-652218123 None] CMD "/opt/stack/data/venv/bin/python3.12 -m oslo_concurrency.prlimit --as=1073741824 --cpu=60 -- sudo cinder-rootwrap /etc/cinder/rootwrap.conf env LC_ALL=C qemu-img info -f qcow2 --output=json --force-share /opt/stack/data/cinder/mnt/0c73e0c074854113c6a9da921a3b4989/volume-4630315b-9731-4356-aa3c-c8c8362a03e0" returned: 0 in 1.137s {{(pid=87172) execute /opt/stack/data/venv/lib/python3.12/site-packages/oslo_concurrency/processutils.py:468}}
Jul 08 19:35:00 devstack cinder-volume[87172]: DEBUG oslo_concurrency.processutils [None req-e293d57c-a93d-4c7c-97ad-b797ac0c2c08 tempest-ServerRescueNegativeTestJSON-652218123 None] Running cmd (subprocess): sudo cinder-rootwrap /etc/cinder/rootwrap.conf rm -f /opt/stack/data/cinder/mnt/0c73e0c074854113c6a9da921a3b4989/volume-4630315b-9731-4356-aa3c-c8c8362a03e0 {{(pid=87172) execute /opt/stack/data/venv/lib/python3.12/site-packages/oslo_concurrency/processutils.py:440}}
Jul 08 19:35:01 devstack sudo[91703]: quobyte : PWD=/ ; USER=root ; COMMAND=/opt/stack/data/venv/bin/cinder-rootwrap /etc/cinder/rootwrap.conf rm -f /opt/stack/data/cinder/mnt/0c73e0c074854113c6a9da921a3b4989/volume-4630315b-9731-4356-aa3c-c8c8362a03e0
Jul 08 19:35:01 devstack sudo[91703]: pam_unix(sudo:session): session opened for user root(uid=0) by (uid=1000)
Jul 08 19:35:01 devstack cinder-volume[87172]: DEBUG cinder.coordination [None req-5d47720b-f594-4b32-8a30-3d502a3ca5fc tempest-SnapshotsActionsTest-1548975897 None] Acquiring lock "cinder-ca3fce9b-6888-4648-a2f1-c76e8ffb2a65-delete_snapshot" by "delete_snapshot" {{(pid=87172) __acquire /opt/stack/cinder/cinder/coordination.py:138}}
Jul 08 19:35:01 devstack cinder-volume[87172]: DEBUG cinder.coordination [None req-5d47720b-f594-4b32-8a30-3d502a3ca5fc tempest-SnapshotsActionsTest-1548975897 None] Lock "cinder-ca3fce9b-6888-4648-a2f1-c76e8ffb2a65-delete_snapshot" acquired by "delete_snapshot" :: waited 0.052s {{(pid=87172) __acquire /opt/stack/cinder/cinder/coordination.py:141}}
Jul 08 19:35:01 devstack cinder-volume[87172]: DEBUG cinder.coordination [None req-5d47720b-f594-4b32-8a30-3d502a3ca5fc tempest-SnapshotsActionsTest-1548975897 None] Acquiring lock "cinder-quobyte-c269ee3c-0f3b-4d5e-9efc-4cf96e5f47c6" by "delete_snapshot" {{(pid=87172) __acquire /opt/stack/cinder/cinder/coordination.py:138}}
Jul 08 19:35:01 devstack cinder-volume[87172]: DEBUG cinder.coordination [None req-5d47720b-f594-4b32-8a30-3d502a3ca5fc tempest-SnapshotsActionsTest-1548975897 None] Lock "cinder-quobyte-c269ee3c-0f3b-4d5e-9efc-4cf96e5f47c6" acquired by "delete_snapshot" :: waited 0.035s {{(pid=87172) __acquire /opt/stack/cinder/cinder/coordination.py:141}}
Jul 08 19:35:01 devstack cinder-volume[87172]: DEBUG cinder.coordination [None req-5d47720b-f594-4b32-8a30-3d502a3ca5fc tempest-SnapshotsActionsTest-1548975897 None] Acquiring lock "cinder-quobyte-ca3fce9b-6888-4648-a2f1-c76e8ffb2a65" by "_delete_snapshot" {{(pid=87172) __acquire /opt/stack/cinder/cinder/coordination.py:138}}
Jul 08 19:35:01 devstack cinder-volume[87172]: DEBUG cinder.coordination [None req-5d47720b-f594-4b32-8a30-3d502a3ca5fc tempest-SnapshotsActionsTest-1548975897 None] Lock "cinder-quobyte-ca3fce9b-6888-4648-a2f1-c76e8ffb2a65" acquired by "_delete_snapshot" :: waited 0.033s {{(pid=87172) __acquire /opt/stack/cinder/cinder/coordination.py:141}}
Jul 08 19:35:01 devstack cinder-volume[87172]: DEBUG cinder.volume.drivers.remotefs [None req-5d47720b-f594-4b32-8a30-3d502a3ca5fc tempest-SnapshotsActionsTest-1548975897 None] Deleting offline snapshot ca3fce9b-6888-4648-a2f1-c76e8ffb2a65 of volume c269ee3c-0f3b-4d5e-9efc-4cf96e5f47c6 {{(pid=87172) _delete_snapshot /opt/stack/cinder/cinder/volume/drivers/remotefs.py:1288}}
Jul 08 19:35:01 devstack cinder-volume[87172]: DEBUG cinder.volume.drivers.remotefs [None req-5d47720b-f594-4b32-8a30-3d502a3ca5fc tempest-SnapshotsActionsTest-1548975897 None] snapshot_file for this snap is: volume-c269ee3c-0f3b-4d5e-9efc-4cf96e5f47c6.ca3fce9b-6888-4648-a2f1-c76e8ffb2a65 {{(pid=87172) _delete_snapshot /opt/stack/cinder/cinder/volume/drivers/remotefs.py:1317}}
Jul 08 19:35:01 devstack cinder-volume[87172]: DEBUG oslo.privsep.daemon [-] privsep: reply[c5bdb6d5-3e90-4251-b9cf-d23e80cb6697]: (4, 'qcow2') {{(pid=88217) _call_back /opt/stack/data/venv/lib/python3.12/site-packages/oslo_privsep/daemon.py:580}}
Jul 08 19:35:01 devstack cinder-volume[87172]: DEBUG oslo_concurrency.processutils [None req-5d47720b-f594-4b32-8a30-3d502a3ca5fc tempest-SnapshotsActionsTest-1548975897 None] Running cmd (subprocess): /opt/stack/data/venv/bin/python3.12 -m oslo_concurrency.prlimit --as=1073741824 --cpu=60 -- sudo cinder-rootwrap /etc/cinder/rootwrap.conf env LC_ALL=C qemu-img info -f qcow2 --output=json --force-share /opt/stack/data/cinder/mnt/0c73e0c074854113c6a9da921a3b4989/volume-c269ee3c-0f3b-4d5e-9efc-4cf96e5f47c6.ca3fce9b-6888-4648-a2f1-c76e8ffb2a65 {{(pid=87172) execute /opt/stack/data/venv/lib/python3.12/site-packages/oslo_concurrency/processutils.py:440}}
Jul 08 19:35:01 devstack sudo[91708]: quobyte : PWD=/ ; USER=root ; COMMAND=/opt/stack/data/venv/bin/cinder-rootwrap /etc/cinder/rootwrap.conf env LC_ALL=C qemu-img info -f qcow2 --output=json --force-share /opt/stack/data/cinder/mnt/0c73e0c074854113c6a9da921a3b4989/volume-c269ee3c-0f3b-4d5e-9efc-4cf96e5f47c6.ca3fce9b-6888-4648-a2f1-c76e8ffb2a65
Jul 08 19:35:01 devstack sudo[91708]: pam_unix(sudo:session): session opened for user root(uid=0) by (uid=1000)
Jul 08 19:35:02 devstack sudo[91703]: pam_unix(sudo:session): session closed for user root
Jul 08 19:35:02 devstack cinder-volume[87172]: DEBUG oslo_concurrency.processutils [None req-e293d57c-a93d-4c7c-97ad-b797ac0c2c08 tempest-ServerRescueNegativeTestJSON-652218123 None] CMD "sudo cinder-rootwrap /etc/cinder/rootwrap.conf rm -f /opt/stack/data/cinder/mnt/0c73e0c074854113c6a9da921a3b4989/volume-4630315b-9731-4356-aa3c-c8c8362a03e0" returned: 0 in 1.138s {{(pid=87172) execute /opt/stack/data/venv/lib/python3.12/site-packages/oslo_concurrency/processutils.py:468}}
Jul 08 19:35:02 devstack cinder-volume[87172]: DEBUG cinder.coordination [None req-e293d57c-a93d-4c7c-97ad-b797ac0c2c08 tempest-ServerRescueNegativeTestJSON-652218123 None] Lock "cinder-quobyte-4630315b-9731-4356-aa3c-c8c8362a03e0" released by "delete_volume" :: held 2.352s {{(pid=87172) __release /opt/stack/cinder/cinder/coordination.py:152}}
Jul 08 19:35:02 devstack cinder-volume[87172]: DEBUG cinder.quota [None req-e293d57c-a93d-4c7c-97ad-b797ac0c2c08 tempest-ServerRescueNegativeTestJSON-652218123 None] Created reservations ['e0ffce93-9d16-4347-8e7f-eb35ce32fab9', '29a14b5e-5f95-4c04-892e-8d6d8967f722', 'a849014b-ffd0-4b24-a4de-cde6b6bc1185', 'bdb893d7-a450-44ac-96ce-60ea2c5d9bae'] {{(pid=87172) reserve /opt/stack/cinder/cinder/quota.py:752}}
Jul 08 19:35:02 devstack cinder-volume[87172]: DEBUG oslo_concurrency.lockutils [None req-e293d57c-a93d-4c7c-97ad-b797ac0c2c08 tempest-ServerRescueNegativeTestJSON-652218123 None] Acquiring lock "quobyte_ensure" by "cinder.volume.drivers.quobyte.QuobyteDriver._ensure_shares_mounted" {{(pid=87172) inner /opt/stack/data/venv/lib/python3.12/site-packages/oslo_concurrency/lockutils.py:511}}
Jul 08 19:35:02 devstack cinder-volume[87172]: DEBUG oslo_concurrency.lockutils [None req-e293d57c-a93d-4c7c-97ad-b797ac0c2c08 tempest-ServerRescueNegativeTestJSON-652218123 None] Lock "quobyte_ensure" acquired by "cinder.volume.drivers.quobyte.QuobyteDriver._ensure_shares_mounted" :: waited 0.001s {{(pid=87172) inner /opt/stack/data/venv/lib/python3.12/site-packages/oslo_concurrency/lockutils.py:524}}
Jul 08 19:35:02 devstack cinder-volume[87172]: DEBUG cinder.volume.drivers.quobyte [None req-e293d57c-a93d-4c7c-97ad-b797ac0c2c08 tempest-ServerRescueNegativeTestJSON-652218123 None] Quobyte Volume URL set to: {'osci02.corp.quobyte.com/cinder-vol-b0e6084c-289a-4310-ab56-0830222562fc': None} {{(pid=87172) _load_shares_config /opt/stack/cinder/cinder/volume/drivers/quobyte.py:617}}
Jul 08 19:35:02 devstack cinder-volume[87172]: DEBUG cinder.volume.drivers.quobyte [None req-e293d57c-a93d-4c7c-97ad-b797ac0c2c08 tempest-ServerRescueNegativeTestJSON-652218123 None] Available shares ['osci02.corp.quobyte.com/cinder-vol-b0e6084c-289a-4310-ab56-0830222562fc'] {{(pid=87172) _ensure_shares_mounted /opt/stack/cinder/cinder/volume/drivers/quobyte.py:647}}
Jul 08 19:35:02 devstack cinder-volume[87172]: DEBUG oslo_concurrency.lockutils [None req-e293d57c-a93d-4c7c-97ad-b797ac0c2c08 tempest-ServerRescueNegativeTestJSON-652218123 None] Lock "quobyte_ensure" "released" by "cinder.volume.drivers.quobyte.QuobyteDriver._ensure_shares_mounted" :: held 0.012s {{(pid=87172) inner /opt/stack/data/venv/lib/python3.12/site-packages/oslo_concurrency/lockutils.py:543}}
Jul 08 19:35:02 devstack cinder-volume[87172]: DEBUG oslo_concurrency.processutils [None req-e293d57c-a93d-4c7c-97ad-b797ac0c2c08 tempest-ServerRescueNegativeTestJSON-652218123 None] Running cmd (subprocess): sudo cinder-rootwrap /etc/cinder/rootwrap.conf df --portability --block-size 1 /opt/stack/data/cinder/mnt/0c73e0c074854113c6a9da921a3b4989 {{(pid=87172) execute /opt/stack/data/venv/lib/python3.12/site-packages/oslo_concurrency/processutils.py:440}}
Jul 08 19:35:02 devstack sudo[91715]: quobyte : PWD=/ ; USER=root ; COMMAND=/opt/stack/data/venv/bin/cinder-rootwrap /etc/cinder/rootwrap.conf df --portability --block-size 1 /opt/stack/data/cinder/mnt/0c73e0c074854113c6a9da921a3b4989
Jul 08 19:35:02 devstack sudo[91715]: pam_unix(sudo:session): session opened for user root(uid=0) by (uid=1000)
Jul 08 19:35:02 devstack sudo[91708]: pam_unix(sudo:session): session closed for user root
Jul 08 19:35:02 devstack cinder-volume[87172]: DEBUG oslo_concurrency.processutils [None req-5d47720b-f594-4b32-8a30-3d502a3ca5fc tempest-SnapshotsActionsTest-1548975897 None] CMD "/opt/stack/data/venv/bin/python3.12 -m oslo_concurrency.prlimit --as=1073741824 --cpu=60 -- sudo cinder-rootwrap /etc/cinder/rootwrap.conf env LC_ALL=C qemu-img info -f qcow2 --output=json --force-share /opt/stack/data/cinder/mnt/0c73e0c074854113c6a9da921a3b4989/volume-c269ee3c-0f3b-4d5e-9efc-4cf96e5f47c6.ca3fce9b-6888-4648-a2f1-c76e8ffb2a65" returned: 0 in 1.117s {{(pid=87172) execute /opt/stack/data/venv/lib/python3.12/site-packages/oslo_concurrency/processutils.py:468}}
Jul 08 19:35:02 devstack cinder-volume[87172]: DEBUG cinder.volume.drivers.remotefs [None req-5d47720b-f594-4b32-8a30-3d502a3ca5fc tempest-SnapshotsActionsTest-1548975897 None] Fetching qemu-img info with special backing_file_template: (/opt/stack/data/cinder/mnt/[0-9a-f]+/)?(volume-c269ee3c-0f3b-4d5e-9efc-4cf96e5f47c6(.(tmp-snap-)?[0-9a-f-]+)?|volume_from_snapshot_cache/(tmp-snap-)?[0-9a-f-]+(.(child-|parent-)[0-9a-f-]+)?)$ {{(pid=87172) _qemu_img_info_base /opt/stack/cinder/cinder/volume/drivers/remotefs.py:896}}
Jul 08 19:35:02 devstack cinder-volume[87172]: DEBUG oslo.privsep.daemon [-] privsep: reply[928b0fb9-b3e4-42ea-b2b1-b815434533c5]: (4, 'qcow2') {{(pid=88217) _call_back /opt/stack/data/venv/lib/python3.12/site-packages/oslo_privsep/daemon.py:580}}
Jul 08 19:35:02 devstack cinder-volume[87172]: DEBUG oslo_concurrency.processutils [None req-5d47720b-f594-4b32-8a30-3d502a3ca5fc tempest-SnapshotsActionsTest-1548975897 None] Running cmd (subprocess): /opt/stack/data/venv/bin/python3.12 -m oslo_concurrency.prlimit --as=1073741824 --cpu=60 -- sudo cinder-rootwrap /etc/cinder/rootwrap.conf env LC_ALL=C qemu-img info -f qcow2 --output=json --force-share /opt/stack/data/cinder/mnt/0c73e0c074854113c6a9da921a3b4989/volume-c269ee3c-0f3b-4d5e-9efc-4cf96e5f47c6 {{(pid=87172) execute /opt/stack/data/venv/lib/python3.12/site-packages/oslo_concurrency/processutils.py:440}}
