Jul 08 19:34:01 devstack cinder-volume[87172]: DEBUG oslo_concurrency.processutils [None req-f767a564-83f0-4bf3-b379-cac8f7d79410 tempest-SnapshotsActionsTest-1548975897 None] CMD "/opt/stack/data/venv/bin/python3.12 -m oslo_concurrency.prlimit --as=1073741824 --cpu=60 -- sudo cinder-rootwrap /etc/cinder/rootwrap.conf env LC_ALL=C qemu-img info -f qcow2 --output=json --force-share /opt/stack/data/cinder/mnt/0c73e0c074854113c6a9da921a3b4989/volume-c269ee3c-0f3b-4d5e-9efc-4cf96e5f47c6" returned: 0 in 0.854s {{(pid=87172) execute /opt/stack/data/venv/lib/python3.12/site-packages/oslo_concurrency/processutils.py:468}}
Jul 08 19:34:01 devstack cinder-volume[87172]: DEBUG oslo_concurrency.processutils [None req-f767a564-83f0-4bf3-b379-cac8f7d79410 tempest-SnapshotsActionsTest-1548975897 None] Running cmd (subprocess): sudo cinder-rootwrap /etc/cinder/rootwrap.conf qemu-img create -f qcow2 -o backing_file=/opt/stack/data/cinder/mnt/0c73e0c074854113c6a9da921a3b4989/volume-c269ee3c-0f3b-4d5e-9efc-4cf96e5f47c6,backing_fmt=qcow2 /opt/stack/data/cinder/mnt/0c73e0c074854113c6a9da921a3b4989/volume-c269ee3c-0f3b-4d5e-9efc-4cf96e5f47c6.ca3fce9b-6888-4648-a2f1-c76e8ffb2a65 1G {{(pid=87172) execute /opt/stack/data/venv/lib/python3.12/site-packages/oslo_concurrency/processutils.py:440}}
Jul 08 19:34:01 devstack sudo[90932]: quobyte : PWD=/ ; USER=root ; COMMAND=/opt/stack/data/venv/bin/cinder-rootwrap /etc/cinder/rootwrap.conf qemu-img create -f qcow2 -o backing_file=/opt/stack/data/cinder/mnt/0c73e0c074854113c6a9da921a3b4989/volume-c269ee3c-0f3b-4d5e-9efc-4cf96e5f47c6,backing_fmt=qcow2 /opt/stack/data/cinder/mnt/0c73e0c074854113c6a9da921a3b4989/volume-c269ee3c-0f3b-4d5e-9efc-4cf96e5f47c6.ca3fce9b-6888-4648-a2f1-c76e8ffb2a65 1G
Jul 08 19:34:01 devstack sudo[90932]: pam_unix(sudo:session): session opened for user root(uid=0) by (uid=1000)
Jul 08 19:34:02 devstack sudo[90932]: pam_unix(sudo:session): session closed for user root
Jul 08 19:34:02 devstack cinder-volume[87172]: DEBUG oslo_concurrency.processutils [None req-f767a564-83f0-4bf3-b379-cac8f7d79410 tempest-SnapshotsActionsTest-1548975897 None] CMD "sudo cinder-rootwrap /etc/cinder/rootwrap.conf qemu-img create -f qcow2 -o backing_file=/opt/stack/data/cinder/mnt/0c73e0c074854113c6a9da921a3b4989/volume-c269ee3c-0f3b-4d5e-9efc-4cf96e5f47c6,backing_fmt=qcow2 /opt/stack/data/cinder/mnt/0c73e0c074854113c6a9da921a3b4989/volume-c269ee3c-0f3b-4d5e-9efc-4cf96e5f47c6.ca3fce9b-6888-4648-a2f1-c76e8ffb2a65 1G" returned: 0 in 1.260s {{(pid=87172) execute /opt/stack/data/venv/lib/python3.12/site-packages/oslo_concurrency/processutils.py:468}}
Jul 08 19:34:02 devstack cinder-volume[87172]: DEBUG oslo_concurrency.processutils [None req-f767a564-83f0-4bf3-b379-cac8f7d79410 tempest-SnapshotsActionsTest-1548975897 None] Running cmd (subprocess): sudo cinder-rootwrap /etc/cinder/rootwrap.conf qemu-img rebase -u -b volume-c269ee3c-0f3b-4d5e-9efc-4cf96e5f47c6 -F qcow2 /opt/stack/data/cinder/mnt/0c73e0c074854113c6a9da921a3b4989/volume-c269ee3c-0f3b-4d5e-9efc-4cf96e5f47c6.ca3fce9b-6888-4648-a2f1-c76e8ffb2a65 {{(pid=87172) execute /opt/stack/data/venv/lib/python3.12/site-packages/oslo_concurrency/processutils.py:440}}
Jul 08 19:34:02 devstack sudo[90939]: quobyte : PWD=/ ; USER=root ; COMMAND=/opt/stack/data/venv/bin/cinder-rootwrap /etc/cinder/rootwrap.conf qemu-img rebase -u -b volume-c269ee3c-0f3b-4d5e-9efc-4cf96e5f47c6 -F qcow2 /opt/stack/data/cinder/mnt/0c73e0c074854113c6a9da921a3b4989/volume-c269ee3c-0f3b-4d5e-9efc-4cf96e5f47c6.ca3fce9b-6888-4648-a2f1-c76e8ffb2a65
Jul 08 19:34:02 devstack sudo[90939]: pam_unix(sudo:session): session opened for user root(uid=0) by (uid=1000)
Jul 08 19:34:03 devstack sudo[90939]: pam_unix(sudo:session): session closed for user root
Jul 08 19:34:03 devstack cinder-volume[87172]: DEBUG oslo_concurrency.processutils [None req-f767a564-83f0-4bf3-b379-cac8f7d79410 tempest-SnapshotsActionsTest-1548975897 None] CMD "sudo cinder-rootwrap /etc/cinder/rootwrap.conf qemu-img rebase -u -b volume-c269ee3c-0f3b-4d5e-9efc-4cf96e5f47c6 -F qcow2 /opt/stack/data/cinder/mnt/0c73e0c074854113c6a9da921a3b4989/volume-c269ee3c-0f3b-4d5e-9efc-4cf96e5f47c6.ca3fce9b-6888-4648-a2f1-c76e8ffb2a65" returned: 0 in 0.996s {{(pid=87172) execute /opt/stack/data/venv/lib/python3.12/site-packages/oslo_concurrency/processutils.py:468}}
Jul 08 19:34:03 devstack cinder-volume[87172]: WARNING cinder.volume.drivers.remotefs [None req-f767a564-83f0-4bf3-b379-cac8f7d79410 tempest-SnapshotsActionsTest-1548975897 None] /opt/stack/data/cinder/mnt/0c73e0c074854113c6a9da921a3b4989/volume-c269ee3c-0f3b-4d5e-9efc-4cf96e5f47c6.ca3fce9b-6888-4648-a2f1-c76e8ffb2a65 is being set with open permissions: ugo+rw
Jul 08 19:34:03 devstack cinder-volume[87172]: DEBUG oslo_concurrency.processutils [None req-f767a564-83f0-4bf3-b379-cac8f7d79410 tempest-SnapshotsActionsTest-1548975897 None] Running cmd (subprocess): sudo cinder-rootwrap /etc/cinder/rootwrap.conf chmod ugo+rw /opt/stack/data/cinder/mnt/0c73e0c074854113c6a9da921a3b4989/volume-c269ee3c-0f3b-4d5e-9efc-4cf96e5f47c6.ca3fce9b-6888-4648-a2f1-c76e8ffb2a65 {{(pid=87172) execute /opt/stack/data/venv/lib/python3.12/site-packages/oslo_concurrency/processutils.py:440}}
Jul 08 19:34:03 devstack sudo[90954]: quobyte : PWD=/ ; USER=root ; COMMAND=/opt/stack/data/venv/bin/cinder-rootwrap /etc/cinder/rootwrap.conf chmod ugo+rw /opt/stack/data/cinder/mnt/0c73e0c074854113c6a9da921a3b4989/volume-c269ee3c-0f3b-4d5e-9efc-4cf96e5f47c6.ca3fce9b-6888-4648-a2f1-c76e8ffb2a65
Jul 08 19:34:03 devstack sudo[90954]: pam_unix(sudo:session): session opened for user root(uid=0) by (uid=1000)
Jul 08 19:34:04 devstack sudo[90954]: pam_unix(sudo:session): session closed for user root
Jul 08 19:34:04 devstack cinder-volume[87172]: DEBUG oslo_concurrency.processutils [None req-f767a564-83f0-4bf3-b379-cac8f7d79410 tempest-SnapshotsActionsTest-1548975897 None] CMD "sudo cinder-rootwrap /etc/cinder/rootwrap.conf chmod ugo+rw /opt/stack/data/cinder/mnt/0c73e0c074854113c6a9da921a3b4989/volume-c269ee3c-0f3b-4d5e-9efc-4cf96e5f47c6.ca3fce9b-6888-4648-a2f1-c76e8ffb2a65" returned: 0 in 0.831s {{(pid=87172) execute /opt/stack/data/venv/lib/python3.12/site-packages/oslo_concurrency/processutils.py:468}}
Jul 08 19:34:04 devstack cinder-volume[87172]: DEBUG oslo_concurrency.processutils [None req-f767a564-83f0-4bf3-b379-cac8f7d79410 tempest-SnapshotsActionsTest-1548975897 None] Running cmd (subprocess): sudo cinder-rootwrap /etc/cinder/rootwrap.conf truncate -s0 /opt/stack/data/cinder/mnt/0c73e0c074854113c6a9da921a3b4989/volume-c269ee3c-0f3b-4d5e-9efc-4cf96e5f47c6.info {{(pid=87172) execute /opt/stack/data/venv/lib/python3.12/site-packages/oslo_concurrency/processutils.py:440}}
Jul 08 19:34:04 devstack sudo[90989]: quobyte : PWD=/ ; USER=root ; COMMAND=/opt/stack/data/venv/bin/cinder-rootwrap /etc/cinder/rootwrap.conf truncate -s0 /opt/stack/data/cinder/mnt/0c73e0c074854113c6a9da921a3b4989/volume-c269ee3c-0f3b-4d5e-9efc-4cf96e5f47c6.info
Jul 08 19:34:04 devstack sudo[90989]: pam_unix(sudo:session): session opened for user root(uid=0) by (uid=1000)
Jul 08 19:34:05 devstack sudo[90989]: pam_unix(sudo:session): session closed for user root
Jul 08 19:34:05 devstack cinder-volume[87172]: DEBUG oslo_concurrency.processutils [None req-f767a564-83f0-4bf3-b379-cac8f7d79410 tempest-SnapshotsActionsTest-1548975897 None] CMD "sudo cinder-rootwrap /etc/cinder/rootwrap.conf truncate -s0 /opt/stack/data/cinder/mnt/0c73e0c074854113c6a9da921a3b4989/volume-c269ee3c-0f3b-4d5e-9efc-4cf96e5f47c6.info" returned: 0 in 0.890s {{(pid=87172) execute /opt/stack/data/venv/lib/python3.12/site-packages/oslo_concurrency/processutils.py:468}}
Jul 08 19:34:05 devstack cinder-volume[87172]: WARNING cinder.volume.drivers.remotefs [None req-f767a564-83f0-4bf3-b379-cac8f7d79410 tempest-SnapshotsActionsTest-1548975897 None] /opt/stack/data/cinder/mnt/0c73e0c074854113c6a9da921a3b4989/volume-c269ee3c-0f3b-4d5e-9efc-4cf96e5f47c6.info is being set with open permissions: ugo+rw
Jul 08 19:34:05 devstack cinder-volume[87172]: DEBUG oslo_concurrency.processutils [None req-f767a564-83f0-4bf3-b379-cac8f7d79410 tempest-SnapshotsActionsTest-1548975897 None] Running cmd (subprocess): sudo cinder-rootwrap /etc/cinder/rootwrap.conf chmod ugo+rw /opt/stack/data/cinder/mnt/0c73e0c074854113c6a9da921a3b4989/volume-c269ee3c-0f3b-4d5e-9efc-4cf96e5f47c6.info {{(pid=87172) execute /opt/stack/data/venv/lib/python3.12/site-packages/oslo_concurrency/processutils.py:440}}
Jul 08 19:34:05 devstack sudo[90995]: quobyte : PWD=/ ; USER=root ; COMMAND=/opt/stack/data/venv/bin/cinder-rootwrap /etc/cinder/rootwrap.conf chmod ugo+rw /opt/stack/data/cinder/mnt/0c73e0c074854113c6a9da921a3b4989/volume-c269ee3c-0f3b-4d5e-9efc-4cf96e5f47c6.info
Jul 08 19:34:05 devstack sudo[90995]: pam_unix(sudo:session): session opened for user root(uid=0) by (uid=1000)
Jul 08 19:34:06 devstack sudo[90995]: pam_unix(sudo:session): session closed for user root
Jul 08 19:34:06 devstack cinder-volume[87172]: DEBUG oslo_concurrency.processutils [None req-f767a564-83f0-4bf3-b379-cac8f7d79410 tempest-SnapshotsActionsTest-1548975897 None] CMD "sudo cinder-rootwrap /etc/cinder/rootwrap.conf chmod ugo+rw /opt/stack/data/cinder/mnt/0c73e0c074854113c6a9da921a3b4989/volume-c269ee3c-0f3b-4d5e-9efc-4cf96e5f47c6.info" returned: 0 in 0.786s {{(pid=87172) execute /opt/stack/data/venv/lib/python3.12/site-packages/oslo_concurrency/processutils.py:468}}
Jul 08 19:34:06 devstack cinder-volume[87172]: DEBUG oslo_concurrency.lockutils [None req-f767a564-83f0-4bf3-b379-cac8f7d79410 tempest-SnapshotsActionsTest-1548975897 None] Lock "quobyte" "released" by "cinder.volume.drivers.quobyte.QuobyteDriver.create_snapshot" :: held 5.730s {{(pid=87172) inner /opt/stack/data/venv/lib/python3.12/site-packages/oslo_concurrency/lockutils.py:543}}
Jul 08 19:34:06 devstack cinder-volume[87172]: INFO cinder.volume.manager [None req-f767a564-83f0-4bf3-b379-cac8f7d79410 tempest-SnapshotsActionsTest-1548975897 None] Create snapshot completed successfully
Jul 08 19:34:07 devstack cinder-volume[87172]: DEBUG oslo_concurrency.lockutils [None req-0384e558-8fa0-4a52-8c5c-7ac43d00e21c tempest-SnapshotsActionsTest-1548975897 None] Acquiring lock "quobyte" by "cinder.volume.drivers.quobyte.QuobyteDriver.create_snapshot" {{(pid=87172) inner /opt/stack/data/venv/lib/python3.12/site-packages/oslo_concurrency/lockutils.py:511}}
Jul 08 19:34:07 devstack cinder-volume[87172]: DEBUG oslo_concurrency.lockutils [None req-0384e558-8fa0-4a52-8c5c-7ac43d00e21c tempest-SnapshotsActionsTest-1548975897 None] Lock "quobyte" acquired by "cinder.volume.drivers.quobyte.QuobyteDriver.create_snapshot" :: waited 0.001s {{(pid=87172) inner /opt/stack/data/venv/lib/python3.12/site-packages/oslo_concurrency/lockutils.py:524}}
Jul 08 19:34:07 devstack cinder-volume[87172]: DEBUG cinder.volume.drivers.remotefs [None req-0384e558-8fa0-4a52-8c5c-7ac43d00e21c tempest-SnapshotsActionsTest-1548975897 None] Creating offline snapshot e1015b97-9f04-4b4a-8493-787bf3e70fde of volume c269ee3c-0f3b-4d5e-9efc-4cf96e5f47c6 {{(pid=87172) _create_snapshot /opt/stack/cinder/cinder/volume/drivers/remotefs.py:1816}}
Jul 08 19:34:07 devstack cinder-volume[87172]: DEBUG oslo.privsep.daemon [-] privsep: reply[40bbeee2-1101-4fc4-a83b-8db7e54ba2ad]: (4, 'qcow2') {{(pid=88217) _call_back /opt/stack/data/venv/lib/python3.12/site-packages/oslo_privsep/daemon.py:580}}
Jul 08 19:34:07 devstack cinder-volume[87172]: DEBUG oslo_concurrency.processutils [None req-0384e558-8fa0-4a52-8c5c-7ac43d00e21c tempest-SnapshotsActionsTest-1548975897 None] Running cmd (subprocess): /opt/stack/data/venv/bin/python3.12 -m oslo_concurrency.prlimit --as=1073741824 --cpu=60 -- sudo cinder-rootwrap /etc/cinder/rootwrap.conf env LC_ALL=C qemu-img info -f qcow2 --output=json --force-share /opt/stack/data/cinder/mnt/0c73e0c074854113c6a9da921a3b4989/volume-c269ee3c-0f3b-4d5e-9efc-4cf96e5f47c6.ca3fce9b-6888-4648-a2f1-c76e8ffb2a65 {{(pid=87172) execute /opt/stack/data/venv/lib/python3.12/site-packages/oslo_concurrency/processutils.py:440}}
Jul 08 19:34:07 devstack sudo[91018]: quobyte : PWD=/ ; USER=root ; COMMAND=/opt/stack/data/venv/bin/cinder-rootwrap /etc/cinder/rootwrap.conf env LC_ALL=C qemu-img info -f qcow2 --output=json --force-share /opt/stack/data/cinder/mnt/0c73e0c074854113c6a9da921a3b4989/volume-c269ee3c-0f3b-4d5e-9efc-4cf96e5f47c6.ca3fce9b-6888-4648-a2f1-c76e8ffb2a65
Jul 08 19:34:07 devstack sudo[91018]: pam_unix(sudo:session): session opened for user root(uid=0) by (uid=1000)
Jul 08 19:34:08 devstack sudo[91018]: pam_unix(sudo:session): session closed for user root
Jul 08 19:34:08 devstack cinder-volume[87172]: DEBUG oslo_concurrency.processutils [None req-0384e558-8fa0-4a52-8c5c-7ac43d00e21c tempest-SnapshotsActionsTest-1548975897 None] CMD "/opt/stack/data/venv/bin/python3.12 -m oslo_concurrency.prlimit --as=1073741824 --cpu=60 -- sudo cinder-rootwrap /etc/cinder/rootwrap.conf env LC_ALL=C qemu-img info -f qcow2 --output=json --force-share /opt/stack/data/cinder/mnt/0c73e0c074854113c6a9da921a3b4989/volume-c269ee3c-0f3b-4d5e-9efc-4cf96e5f47c6.ca3fce9b-6888-4648-a2f1-c76e8ffb2a65" returned: 0 in 0.902s {{(pid=87172) execute /opt/stack/data/venv/lib/python3.12/site-packages/oslo_concurrency/processutils.py:468}}
Jul 08 19:34:08 devstack cinder-volume[87172]: DEBUG cinder.volume.drivers.remotefs [None req-0384e558-8fa0-4a52-8c5c-7ac43d00e21c tempest-SnapshotsActionsTest-1548975897 None] Fetching qemu-img info with special backing_file_template: (/opt/stack/data/cinder/mnt/[0-9a-f]+/)?(volume-c269ee3c-0f3b-4d5e-9efc-4cf96e5f47c6(.(tmp-snap-)?[0-9a-f-]+)?|volume_from_snapshot_cache/(tmp-snap-)?[0-9a-f-]+(.(child-|parent-)[0-9a-f-]+)?)$ {{(pid=87172) _qemu_img_info_base /opt/stack/cinder/cinder/volume/drivers/remotefs.py:896}}
Jul 08 19:34:08 devstack cinder-volume[87172]: DEBUG oslo_concurrency.processutils [None req-0384e558-8fa0-4a52-8c5c-7ac43d00e21c tempest-SnapshotsActionsTest-1548975897 None] Running cmd (subprocess): sudo cinder-rootwrap /etc/cinder/rootwrap.conf qemu-img create -f qcow2 -o backing_file=/opt/stack/data/cinder/mnt/0c73e0c074854113c6a9da921a3b4989/volume-c269ee3c-0f3b-4d5e-9efc-4cf96e5f47c6.ca3fce9b-6888-4648-a2f1-c76e8ffb2a65,backing_fmt=qcow2 /opt/stack/data/cinder/mnt/0c73e0c074854113c6a9da921a3b4989/volume-c269ee3c-0f3b-4d5e-9efc-4cf96e5f47c6.e1015b97-9f04-4b4a-8493-787bf3e70fde 1G {{(pid=87172) execute /opt/stack/data/venv/lib/python3.12/site-packages/oslo_concurrency/processutils.py:440}}
Jul 08 19:34:08 devstack sudo[91026]: quobyte : PWD=/ ; USER=root ; COMMAND=/opt/stack/data/venv/bin/cinder-rootwrap /etc/cinder/rootwrap.conf qemu-img create -f qcow2 -o backing_file=/opt/stack/data/cinder/mnt/0c73e0c074854113c6a9da921a3b4989/volume-c269ee3c-0f3b-4d5e-9efc-4cf96e5f47c6.ca3fce9b-6888-4648-a2f1-c76e8ffb2a65,backing_fmt=qcow2 /opt/stack/data/cinder/mnt/0c73e0c074854113c6a9da921a3b4989/volume-c269ee3c-0f3b-4d5e-9efc-4cf96e5f47c6.e1015b97-9f04-4b4a-8493-787bf3e70fde 1G
Jul 08 19:34:08 devstack sudo[91026]: pam_unix(sudo:session): session opened for user root(uid=0) by (uid=1000)
Jul 08 19:34:09 devstack sudo[91026]: pam_unix(sudo:session): session closed for user root
Jul 08 19:34:09 devstack cinder-volume[87172]: DEBUG oslo_concurrency.processutils [None req-0384e558-8fa0-4a52-8c5c-7ac43d00e21c tempest-SnapshotsActionsTest-1548975897 None] CMD "sudo cinder-rootwrap /etc/cinder/rootwrap.conf qemu-img create -f qcow2 -o backing_file=/opt/stack/data/cinder/mnt/0c73e0c074854113c6a9da921a3b4989/volume-c269ee3c-0f3b-4d5e-9efc-4cf96e5f47c6.ca3fce9b-6888-4648-a2f1-c76e8ffb2a65,backing_fmt=qcow2 /opt/stack/data/cinder/mnt/0c73e0c074854113c6a9da921a3b4989/volume-c269ee3c-0f3b-4d5e-9efc-4cf96e5f47c6.e1015b97-9f04-4b4a-8493-787bf3e70fde 1G" returned: 0 in 1.169s {{(pid=87172) execute /opt/stack/data/venv/lib/python3.12/site-packages/oslo_concurrency/processutils.py:468}}
Jul 08 19:34:09 devstack cinder-volume[87172]: DEBUG oslo_concurrency.processutils [None req-0384e558-8fa0-4a52-8c5c-7ac43d00e21c tempest-SnapshotsActionsTest-1548975897 None] Running cmd (subprocess): sudo cinder-rootwrap /etc/cinder/rootwrap.conf qemu-img rebase -u -b volume-c269ee3c-0f3b-4d5e-9efc-4cf96e5f47c6.ca3fce9b-6888-4648-a2f1-c76e8ffb2a65 -F qcow2 /opt/stack/data/cinder/mnt/0c73e0c074854113c6a9da921a3b4989/volume-c269ee3c-0f3b-4d5e-9efc-4cf96e5f47c6.e1015b97-9f04-4b4a-8493-787bf3e70fde {{(pid=87172) execute /opt/stack/data/venv/lib/python3.12/site-packages/oslo_concurrency/processutils.py:440}}
Jul 08 19:34:09 devstack sudo[91032]: quobyte : PWD=/ ; USER=root ; COMMAND=/opt/stack/data/venv/bin/cinder-rootwrap /etc/cinder/rootwrap.conf qemu-img rebase -u -b volume-c269ee3c-0f3b-4d5e-9efc-4cf96e5f47c6.ca3fce9b-6888-4648-a2f1-c76e8ffb2a65 -F qcow2 /opt/stack/data/cinder/mnt/0c73e0c074854113c6a9da921a3b4989/volume-c269ee3c-0f3b-4d5e-9efc-4cf96e5f47c6.e1015b97-9f04-4b4a-8493-787bf3e70fde
Jul 08 19:34:09 devstack sudo[91032]: pam_unix(sudo:session): session opened for user root(uid=0) by (uid=1000)
Jul 08 19:34:11 devstack sudo[91032]: pam_unix(sudo:session): session closed for user root
Jul 08 19:34:11 devstack cinder-volume[87172]: DEBUG oslo_concurrency.processutils [None req-0384e558-8fa0-4a52-8c5c-7ac43d00e21c tempest-SnapshotsActionsTest-1548975897 None] CMD "sudo cinder-rootwrap /etc/cinder/rootwrap.conf qemu-img rebase -u -b volume-c269ee3c-0f3b-4d5e-9efc-4cf96e5f47c6.ca3fce9b-6888-4648-a2f1-c76e8ffb2a65 -F qcow2 /opt/stack/data/cinder/mnt/0c73e0c074854113c6a9da921a3b4989/volume-c269ee3c-0f3b-4d5e-9efc-4cf96e5f47c6.e1015b97-9f04-4b4a-8493-787bf3e70fde" returned: 0 in 1.312s {{(pid=87172) execute /opt/stack/data/venv/lib/python3.12/site-packages/oslo_concurrency/processutils.py:468}}
Jul 08 19:34:11 devstack cinder-volume[87172]: WARNING cinder.volume.drivers.remotefs [None req-0384e558-8fa0-4a52-8c5c-7ac43d00e21c tempest-SnapshotsActionsTest-1548975897 None] /opt/stack/data/cinder/mnt/0c73e0c074854113c6a9da921a3b4989/volume-c269ee3c-0f3b-4d5e-9efc-4cf96e5f47c6.e1015b97-9f04-4b4a-8493-787bf3e70fde is being set with open permissions: ugo+rw
Jul 08 19:34:11 devstack cinder-volume[87172]: DEBUG oslo_concurrency.processutils [None req-0384e558-8fa0-4a52-8c5c-7ac43d00e21c tempest-SnapshotsActionsTest-1548975897 None] Running cmd (subprocess): sudo cinder-rootwrap /etc/cinder/rootwrap.conf chmod ugo+rw /opt/stack/data/cinder/mnt/0c73e0c074854113c6a9da921a3b4989/volume-c269ee3c-0f3b-4d5e-9efc-4cf96e5f47c6.e1015b97-9f04-4b4a-8493-787bf3e70fde {{(pid=87172) execute /opt/stack/data/venv/lib/python3.12/site-packages/oslo_concurrency/processutils.py:440}}
Jul 08 19:34:11 devstack sudo[91079]: quobyte : PWD=/ ; USER=root ; COMMAND=/opt/stack/data/venv/bin/cinder-rootwrap /etc/cinder/rootwrap.conf chmod ugo+rw /opt/stack/data/cinder/mnt/0c73e0c074854113c6a9da921a3b4989/volume-c269ee3c-0f3b-4d5e-9efc-4cf96e5f47c6.e1015b97-9f04-4b4a-8493-787bf3e70fde
Jul 08 19:34:11 devstack sudo[91079]: pam_unix(sudo:session): session opened for user root(uid=0) by (uid=1000)
Jul 08 19:34:12 devstack sudo[91079]: pam_unix(sudo:session): session closed for user root
Jul 08 19:34:12 devstack cinder-volume[87172]: DEBUG oslo_concurrency.processutils [None req-0384e558-8fa0-4a52-8c5c-7ac43d00e21c tempest-SnapshotsActionsTest-1548975897 None] CMD "sudo cinder-rootwrap /etc/cinder/rootwrap.conf chmod ugo+rw /opt/stack/data/cinder/mnt/0c73e0c074854113c6a9da921a3b4989/volume-c269ee3c-0f3b-4d5e-9efc-4cf96e5f47c6.e1015b97-9f04-4b4a-8493-787bf3e70fde" returned: 0 in 1.116s {{(pid=87172) execute /opt/stack/data/venv/lib/python3.12/site-packages/oslo_concurrency/processutils.py:468}}
Jul 08 19:34:12 devstack cinder-volume[87172]: DEBUG dbcounter [-] [87172] Writing DB stats cinder:SELECT=78,cinder:UPDATE=71,cinder:DELETE=6,cinder:INSERT=9 {{(pid=87172) stat_writer /opt/stack/data/venv/lib/python3.12/site-packages/dbcounter.py:115}}
Jul 08 19:34:12 devstack cinder-volume[87172]: DEBUG oslo_concurrency.lockutils [None req-0384e558-8fa0-4a52-8c5c-7ac43d00e21c tempest-SnapshotsActionsTest-1548975897 None] Lock "quobyte" "released" by "cinder.volume.drivers.quobyte.QuobyteDriver.create_snapshot" :: held 4.696s {{(pid=87172) inner /opt/stack/data/venv/lib/python3.12/site-packages/oslo_concurrency/lockutils.py:543}}
Jul 08 19:34:12 devstack cinder-volume[87172]: INFO cinder.volume.manager [None req-0384e558-8fa0-4a52-8c5c-7ac43d00e21c tempest-SnapshotsActionsTest-1548975897 None] Create snapshot completed successfully
Jul 08 19:34:13 devstack cinder-volume[87172]: DEBUG cinder.coordination [None req-d276eaaa-edf4-4143-b04c-391ad9e246e6 tempest-SnapshotsActionsTest-649853673 None] Acquiring lock "cinder-e1015b97-9f04-4b4a-8493-787bf3e70fde-delete_snapshot" by "delete_snapshot" {{(pid=87172) __acquire /opt/stack/cinder/cinder/coordination.py:138}}
Jul 08 19:34:13 devstack cinder-volume[87172]: DEBUG cinder.coordination [None req-d276eaaa-edf4-4143-b04c-391ad9e246e6 tempest-SnapshotsActionsTest-649853673 None] Lock "cinder-e1015b97-9f04-4b4a-8493-787bf3e70fde-delete_snapshot" acquired by "delete_snapshot" :: waited 0.034s {{(pid=87172) __acquire /opt/stack/cinder/cinder/coordination.py:141}}
Jul 08 19:34:13 devstack cinder-volume[87172]: DEBUG cinder.coordination [None req-d276eaaa-edf4-4143-b04c-391ad9e246e6 tempest-SnapshotsActionsTest-649853673 None] Acquiring lock "cinder-quobyte-c269ee3c-0f3b-4d5e-9efc-4cf96e5f47c6" by "delete_snapshot" {{(pid=87172) __acquire /opt/stack/cinder/cinder/coordination.py:138}}
Jul 08 19:34:13 devstack cinder-volume[87172]: DEBUG cinder.coordination [None req-d276eaaa-edf4-4143-b04c-391ad9e246e6 tempest-SnapshotsActionsTest-649853673 None] Lock "cinder-quobyte-c269ee3c-0f3b-4d5e-9efc-4cf96e5f47c6" acquired by "delete_snapshot" :: waited 0.028s {{(pid=87172) __acquire /opt/stack/cinder/cinder/coordination.py:141}}
Jul 08 19:34:13 devstack cinder-volume[87172]: DEBUG cinder.coordination [None req-d276eaaa-edf4-4143-b04c-391ad9e246e6 tempest-SnapshotsActionsTest-649853673 None] Acquiring lock "cinder-quobyte-e1015b97-9f04-4b4a-8493-787bf3e70fde" by "_delete_snapshot" {{(pid=87172) __acquire /opt/stack/cinder/cinder/coordination.py:138}}
Jul 08 19:34:13 devstack cinder-volume[87172]: DEBUG cinder.coordination [None req-d276eaaa-edf4-4143-b04c-391ad9e246e6 tempest-SnapshotsActionsTest-649853673 None] Lock "cinder-quobyte-e1015b97-9f04-4b4a-8493-787bf3e70fde" acquired by "_delete_snapshot" :: waited 0.019s {{(pid=87172) __acquire /opt/stack/cinder/cinder/coordination.py:141}}
Jul 08 19:34:13 devstack cinder-volume[87172]: DEBUG cinder.volume.drivers.remotefs [None req-d276eaaa-edf4-4143-b04c-391ad9e246e6 tempest-SnapshotsActionsTest-649853673 None] Deleting offline snapshot e1015b97-9f04-4b4a-8493-787bf3e70fde of volume c269ee3c-0f3b-4d5e-9efc-4cf96e5f47c6 {{(pid=87172) _delete_snapshot /opt/stack/cinder/cinder/volume/drivers/remotefs.py:1288}}
Jul 08 19:34:13 devstack cinder-volume[87172]: DEBUG cinder.volume.drivers.remotefs [None req-d276eaaa-edf4-4143-b04c-391ad9e246e6 tempest-SnapshotsActionsTest-649853673 None] snapshot_file for this snap is: volume-c269ee3c-0f3b-4d5e-9efc-4cf96e5f47c6.e1015b97-9f04-4b4a-8493-787bf3e70fde {{(pid=87172) _delete_snapshot /opt/stack/cinder/cinder/volume/drivers/remotefs.py:1317}}
Jul 08 19:34:13 devstack cinder-volume[87172]: DEBUG oslo.privsep.daemon [-] privsep: reply[d213c71f-eba6-4963-848d-fa438ce312e7]: (4, 'qcow2') {{(pid=88217) _call_back /opt/stack/data/venv/lib/python3.12/site-packages/oslo_privsep/daemon.py:580}}
Jul 08 19:34:13 devstack cinder-volume[87172]: DEBUG oslo_concurrency.processutils [None req-d276eaaa-edf4-4143-b04c-391ad9e246e6 tempest-SnapshotsActionsTest-649853673 None] Running cmd (subprocess): /opt/stack/data/venv/bin/python3.12 -m oslo_concurrency.prlimit --as=1073741824 --cpu=60 -- sudo cinder-rootwrap /etc/cinder/rootwrap.conf env LC_ALL=C qemu-img info -f qcow2 --output=json --force-share /opt/stack/data/cinder/mnt/0c73e0c074854113c6a9da921a3b4989/volume-c269ee3c-0f3b-4d5e-9efc-4cf96e5f47c6.e1015b97-9f04-4b4a-8493-787bf3e70fde {{(pid=87172) execute /opt/stack/data/venv/lib/python3.12/site-packages/oslo_concurrency/processutils.py:440}}
Jul 08 19:34:13 devstack sudo[91127]: quobyte : PWD=/ ; USER=root ; COMMAND=/opt/stack/data/venv/bin/cinder-rootwrap /etc/cinder/rootwrap.conf env LC_ALL=C qemu-img info -f qcow2 --output=json --force-share /opt/stack/data/cinder/mnt/0c73e0c074854113c6a9da921a3b4989/volume-c269ee3c-0f3b-4d5e-9efc-4cf96e5f47c6.e1015b97-9f04-4b4a-8493-787bf3e70fde
Jul 08 19:34:13 devstack sudo[91127]: pam_unix(sudo:session): session opened for user root(uid=0) by (uid=1000)
Jul 08 19:34:14 devstack cinder-volume[87172]: DEBUG cinder.coordination [None req-2b298218-d26b-485b-9627-60ff609cee68 tempest-ServerActionsTestOtherA-618711776 None] Acquiring lock "cinder-ee84073e-e91a-4973-9331-098b9d769744-delete_volume" by "delete_volume" {{(pid=87172) __acquire /opt/stack/cinder/cinder/coordination.py:138}}
Jul 08 19:34:14 devstack cinder-volume[87172]: DEBUG cinder.coordination [None req-2b298218-d26b-485b-9627-60ff609cee68 tempest-ServerActionsTestOtherA-618711776 None] Lock "cinder-ee84073e-e91a-4973-9331-098b9d769744-delete_volume" acquired by "delete_volume" :: waited 0.064s {{(pid=87172) __acquire /opt/stack/cinder/cinder/coordination.py:141}}
Jul 08 19:34:14 devstack cinder-volume[87172]: DEBUG dbcounter [-] [87172] Writing DB stats cinder:SELECT=72,cinder:UPDATE=75,cinder:INSERT=20,cinder:DELETE=3 {{(pid=87172) stat_writer /opt/stack/data/venv/lib/python3.12/site-packages/dbcounter.py:115}}
Jul 08 19:34:14 devstack cinder-volume[87172]: DEBUG cinder.coordination [None req-2b298218-d26b-485b-9627-60ff609cee68 tempest-ServerActionsTestOtherA-618711776 None] Acquiring lock "cinder-quobyte-ee84073e-e91a-4973-9331-098b9d769744" by "delete_volume" {{(pid=87172) __acquire /opt/stack/cinder/cinder/coordination.py:138}}
Jul 08 19:34:14 devstack cinder-volume[87172]: DEBUG cinder.coordination [None req-2b298218-d26b-485b-9627-60ff609cee68 tempest-ServerActionsTestOtherA-618711776 None] Lock "cinder-quobyte-ee84073e-e91a-4973-9331-098b9d769744" acquired by "delete_volume" :: waited 0.060s {{(pid=87172) __acquire /opt/stack/cinder/cinder/coordination.py:141}}
Jul 08 19:34:14 devstack cinder-volume[87172]: DEBUG oslo.privsep.daemon [-] privsep: reply[4e476412-52bf-4c76-8e70-9c47ec4f7c07]: (4, 'qcow2') {{(pid=88217) _call_back /opt/stack/data/venv/lib/python3.12/site-packages/oslo_privsep/daemon.py:580}}
Jul 08 19:34:14 devstack cinder-volume[87172]: DEBUG oslo_concurrency.processutils [None req-2b298218-d26b-485b-9627-60ff609cee68 tempest-ServerActionsTestOtherA-618711776 None] Running cmd (subprocess): /opt/stack/data/venv/bin/python3.12 -m oslo_concurrency.prlimit --as=1073741824 --cpu=60 -- sudo cinder-rootwrap /etc/cinder/rootwrap.conf env LC_ALL=C qemu-img info -f qcow2 --output=json --force-share /opt/stack/data/cinder/mnt/0c73e0c074854113c6a9da921a3b4989/volume-ee84073e-e91a-4973-9331-098b9d769744 {{(pid=87172) execute /opt/stack/data/venv/lib/python3.12/site-packages/oslo_concurrency/processutils.py:440}}
Jul 08 19:34:14 devstack sudo[91127]: pam_unix(sudo:session): session closed for user root
Jul 08 19:34:14 devstack cinder-volume[87172]: DEBUG oslo_concurrency.processutils [None req-d276eaaa-edf4-4143-b04c-391ad9e246e6 tempest-SnapshotsActionsTest-649853673 None] CMD "/opt/stack/data/venv/bin/python3.12 -m oslo_concurrency.prlimit --as=1073741824 --cpu=60 -- sudo cinder-rootwrap /etc/cinder/rootwrap.conf env LC_ALL=C qemu-img info -f qcow2 --output=json --force-share /opt/stack/data/cinder/mnt/0c73e0c074854113c6a9da921a3b4989/volume-c269ee3c-0f3b-4d5e-9efc-4cf96e5f47c6.e1015b97-9f04-4b4a-8493-787bf3e70fde" returned: 0 in 1.263s {{(pid=87172) execute /opt/stack/data/venv/lib/python3.12/site-packages/oslo_concurrency/processutils.py:468}}
Jul 08 19:34:14 devstack cinder-volume[87172]: DEBUG cinder.volume.drivers.remotefs [None req-d276eaaa-edf4-4143-b04c-391ad9e246e6 tempest-SnapshotsActionsTest-649853673 None] Fetching qemu-img info with special backing_file_template: (/opt/stack/data/cinder/mnt/[0-9a-f]+/)?(volume-c269ee3c-0f3b-4d5e-9efc-4cf96e5f47c6(.(tmp-snap-)?[0-9a-f-]+)?|volume_from_snapshot_cache/(tmp-snap-)?[0-9a-f-]+(.(child-|parent-)[0-9a-f-]+)?)$ {{(pid=87172) _qemu_img_info_base /opt/stack/cinder/cinder/volume/drivers/remotefs.py:896}}
Jul 08 19:34:14 devstack sudo[91158]: quobyte : PWD=/ ; USER=root ; COMMAND=/opt/stack/data/venv/bin/cinder-rootwrap /etc/cinder/rootwrap.conf env LC_ALL=C qemu-img info -f qcow2 --output=json --force-share /opt/stack/data/cinder/mnt/0c73e0c074854113c6a9da921a3b4989/volume-ee84073e-e91a-4973-9331-098b9d769744
Jul 08 19:34:14 devstack sudo[91158]: pam_unix(sudo:session): session opened for user root(uid=0) by (uid=1000)
Jul 08 19:34:14 devstack cinder-volume[87172]: DEBUG oslo.privsep.daemon [-] privsep: reply[a752c108-a202-4ae5-8943-e2cc4445b827]: (4, 'qcow2') {{(pid=88217) _call_back /opt/stack/data/venv/lib/python3.12/site-packages/oslo_privsep/daemon.py:580}}
Jul 08 19:34:14 devstack cinder-volume[87172]: DEBUG oslo_concurrency.processutils [None req-d276eaaa-edf4-4143-b04c-391ad9e246e6 tempest-SnapshotsActionsTest-649853673 None] Running cmd (subprocess): /opt/stack/data/venv/bin/python3.12 -m oslo_concurrency.prlimit --as=1073741824 --cpu=60 -- sudo cinder-rootwrap /etc/cinder/rootwrap.conf env LC_ALL=C qemu-img info -f qcow2 --output=json --force-share /opt/stack/data/cinder/mnt/0c73e0c074854113c6a9da921a3b4989/volume-c269ee3c-0f3b-4d5e-9efc-4cf96e5f47c6.ca3fce9b-6888-4648-a2f1-c76e8ffb2a65 {{(pid=87172) execute /opt/stack/data/venv/lib/python3.12/site-packages/oslo_concurrency/processutils.py:440}}
Jul 08 19:34:14 devstack sudo[91161]: quobyte : PWD=/ ; USER=root ; COMMAND=/opt/stack/data/venv/bin/cinder-rootwrap /etc/cinder/rootwrap.conf env LC_ALL=C qemu-img info -f qcow2 --output=json --force-share /opt/stack/data/cinder/mnt/0c73e0c074854113c6a9da921a3b4989/volume-c269ee3c-0f3b-4d5e-9efc-4cf96e5f47c6.ca3fce9b-6888-4648-a2f1-c76e8ffb2a65
Jul 08 19:34:14 devstack sudo[91161]: pam_unix(sudo:session): session opened for user root(uid=0) by (uid=1000)
Jul 08 19:34:16 devstack sudo[91158]: pam_unix(sudo:session): session closed for user root
Jul 08 19:34:16 devstack cinder-volume[87172]: DEBUG oslo_concurrency.processutils [None req-2b298218-d26b-485b-9627-60ff609cee68 tempest-ServerActionsTestOtherA-618711776 None] CMD "/opt/stack/data/venv/bin/python3.12 -m oslo_concurrency.prlimit --as=1073741824 --cpu=60 -- sudo cinder-rootwrap /etc/cinder/rootwrap.conf env LC_ALL=C qemu-img info -f qcow2 --output=json --force-share /opt/stack/data/cinder/mnt/0c73e0c074854113c6a9da921a3b4989/volume-ee84073e-e91a-4973-9331-098b9d769744" returned: 0 in 1.763s {{(pid=87172) execute /opt/stack/data/venv/lib/python3.12/site-packages/oslo_concurrency/processutils.py:468}}
Jul 08 19:34:16 devstack cinder-volume[87172]: DEBUG oslo_concurrency.processutils [None req-2b298218-d26b-485b-9627-60ff609cee68 tempest-ServerActionsTestOtherA-618711776 None] Running cmd (subprocess): sudo cinder-rootwrap /etc/cinder/rootwrap.conf rm -f /opt/stack/data/cinder/mnt/0c73e0c074854113c6a9da921a3b4989/volume-ee84073e-e91a-4973-9331-098b9d769744 {{(pid=87172) execute /opt/stack/data/venv/lib/python3.12/site-packages/oslo_concurrency/processutils.py:440}}
Jul 08 19:34:16 devstack sudo[91177]: quobyte : PWD=/ ; USER=root ; COMMAND=/opt/stack/data/venv/bin/cinder-rootwrap /etc/cinder/rootwrap.conf rm -f /opt/stack/data/cinder/mnt/0c73e0c074854113c6a9da921a3b4989/volume-ee84073e-e91a-4973-9331-098b9d769744
Jul 08 19:34:16 devstack sudo[91177]: pam_unix(sudo:session): session opened for user root(uid=0) by (uid=1000)
Jul 08 19:34:16 devstack sudo[91161]: pam_unix(sudo:session): session closed for user root
Jul 08 19:34:16 devstack cinder-volume[87172]: DEBUG oslo_concurrency.processutils [None req-d276eaaa-edf4-4143-b04c-391ad9e246e6 tempest-SnapshotsActionsTest-649853673 None] CMD "/opt/stack/data/venv/bin/python3.12 -m oslo_concurrency.prlimit --as=1073741824 --cpu=60 -- sudo cinder-rootwrap /etc/cinder/rootwrap.conf env LC_ALL=C qemu-img info -f qcow2 --output=json --force-share /opt/stack/data/cinder/mnt/0c73e0c074854113c6a9da921a3b4989/volume-c269ee3c-0f3b-4d5e-9efc-4cf96e5f47c6.ca3fce9b-6888-4648-a2f1-c76e8ffb2a65" returned: 0 in 1.683s {{(pid=87172) execute /opt/stack/data/venv/lib/python3.12/site-packages/oslo_concurrency/processutils.py:468}}
Jul 08 19:34:16 devstack cinder-volume[87172]: DEBUG cinder.volume.drivers.remotefs [None req-d276eaaa-edf4-4143-b04c-391ad9e246e6 tempest-SnapshotsActionsTest-649853673 None] Fetching qemu-img info with special backing_file_template: (/opt/stack/data/cinder/mnt/[0-9a-f]+/)?(volume-c269ee3c-0f3b-4d5e-9efc-4cf96e5f47c6(.(tmp-snap-)?[0-9a-f-]+)?|volume_from_snapshot_cache/(tmp-snap-)?[0-9a-f-]+(.(child-|parent-)[0-9a-f-]+)?)$ {{(pid=87172) _qemu_img_info_base /opt/stack/cinder/cinder/volume/drivers/remotefs.py:896}}
Jul 08 19:34:16 devstack cinder-volume[87172]: DEBUG oslo_concurrency.processutils [None req-d276eaaa-edf4-4143-b04c-391ad9e246e6 tempest-SnapshotsActionsTest-649853673 None] Running cmd (subprocess): sudo cinder-rootwrap /etc/cinder/rootwrap.conf qemu-img commit -d /opt/stack/data/cinder/mnt/0c73e0c074854113c6a9da921a3b4989/volume-c269ee3c-0f3b-4d5e-9efc-4cf96e5f47c6.e1015b97-9f04-4b4a-8493-787bf3e70fde {{(pid=87172) execute /opt/stack/data/venv/lib/python3.12/site-packages/oslo_concurrency/processutils.py:440}}
Jul 08 19:34:16 devstack sudo[91180]: quobyte : PWD=/ ; USER=root ; COMMAND=/opt/stack/data/venv/bin/cinder-rootwrap /etc/cinder/rootwrap.conf qemu-img commit -d /opt/stack/data/cinder/mnt/0c73e0c074854113c6a9da921a3b4989/volume-c269ee3c-0f3b-4d5e-9efc-4cf96e5f47c6.e1015b97-9f04-4b4a-8493-787bf3e70fde
Jul 08 19:34:16 devstack sudo[91180]: pam_unix(sudo:session): session opened for user root(uid=0) by (uid=1000)
Jul 08 19:34:18 devstack sudo[91180]: pam_unix(sudo:session): session closed for user root
Jul 08 19:34:18 devstack cinder-volume[87172]: DEBUG oslo_concurrency.processutils [None req-d276eaaa-edf4-4143-b04c-391ad9e246e6 tempest-SnapshotsActionsTest-649853673 None] CMD "sudo cinder-rootwrap /etc/cinder/rootwrap.conf qemu-img commit -d /opt/stack/data/cinder/mnt/0c73e0c074854113c6a9da921a3b4989/volume-c269ee3c-0f3b-4d5e-9efc-4cf96e5f47c6.e1015b97-9f04-4b4a-8493-787bf3e70fde" returned: 0 in 1.718s {{(pid=87172) execute /opt/stack/data/venv/lib/python3.12/site-packages/oslo_concurrency/processutils.py:468}}
Jul 08 19:34:18 devstack cinder-volume[87172]: DEBUG oslo_concurrency.processutils [None req-d276eaaa-edf4-4143-b04c-391ad9e246e6 tempest-SnapshotsActionsTest-649853673 None] Running cmd (subprocess): sudo cinder-rootwrap /etc/cinder/rootwrap.conf rm -f /opt/stack/data/cinder/mnt/0c73e0c074854113c6a9da921a3b4989/volume-c269ee3c-0f3b-4d5e-9efc-4cf96e5f47c6.e1015b97-9f04-4b4a-8493-787bf3e70fde {{(pid=87172) execute /opt/stack/data/venv/lib/python3.12/site-packages/oslo_concurrency/processutils.py:440}}
Jul 08 19:34:18 devstack sudo[91188]: quobyte : PWD=/ ; USER=root ; COMMAND=/opt/stack/data/venv/bin/cinder-rootwrap /etc/cinder/rootwrap.conf rm -f /opt/stack/data/cinder/mnt/0c73e0c074854113c6a9da921a3b4989/volume-c269ee3c-0f3b-4d5e-9efc-4cf96e5f47c6.e1015b97-9f04-4b4a-8493-787bf3e70fde
Jul 08 19:34:18 devstack sudo[91188]: pam_unix(sudo:session): session opened for user root(uid=0) by (uid=1000)
Jul 08 19:34:18 devstack sudo[91177]: pam_unix(sudo:session): session closed for user root
Jul 08 19:34:18 devstack cinder-volume[87172]: DEBUG oslo_concurrency.processutils [None req-2b298218-d26b-485b-9627-60ff609cee68 tempest-ServerActionsTestOtherA-618711776 None] CMD "sudo cinder-rootwrap /etc/cinder/rootwrap.conf rm -f /opt/stack/data/cinder/mnt/0c73e0c074854113c6a9da921a3b4989/volume-ee84073e-e91a-4973-9331-098b9d769744" returned: 0 in 2.033s {{(pid=87172) execute /opt/stack/data/venv/lib/python3.12/site-packages/oslo_concurrency/processutils.py:468}}
Jul 08 19:34:18 devstack cinder-volume[87172]: DEBUG cinder.coordination [None req-2b298218-d26b-485b-9627-60ff609cee68 tempest-ServerActionsTestOtherA-618711776 None] Lock "cinder-quobyte-ee84073e-e91a-4973-9331-098b9d769744" released by "delete_volume" :: held 3.932s {{(pid=87172) __release /opt/stack/cinder/cinder/coordination.py:152}}
Jul 08 19:34:18 devstack cinder-volume[87172]: DEBUG cinder.quota [None req-2b298218-d26b-485b-9627-60ff609cee68 tempest-ServerActionsTestOtherA-618711776 None] Created reservations ['eec0a738-6df7-4745-ae9e-7e6ca0bd27e4', '5dcd5acf-48a4-4def-8396-ddf31dcf2c17', '0a275d4b-24ab-49ae-a5e9-90092ac409bb', '684b9406-81e1-44e0-9664-d785c5794467'] {{(pid=87172) reserve /opt/stack/cinder/cinder/quota.py:752}}
Jul 08 19:34:18 devstack cinder-volume[87172]: DEBUG oslo_concurrency.lockutils [None req-2b298218-d26b-485b-9627-60ff609cee68 tempest-ServerActionsTestOtherA-618711776 None] Acquiring lock "quobyte_ensure" by "cinder.volume.drivers.quobyte.QuobyteDriver._ensure_shares_mounted" {{(pid=87172) inner /opt/stack/data/venv/lib/python3.12/site-packages/oslo_concurrency/lockutils.py:511}}
Jul 08 19:34:18 devstack cinder-volume[87172]: DEBUG oslo_concurrency.lockutils [None req-2b298218-d26b-485b-9627-60ff609cee68 tempest-ServerActionsTestOtherA-618711776 None] Lock "quobyte_ensure" acquired by "cinder.volume.drivers.quobyte.QuobyteDriver._ensure_shares_mounted" :: waited 0.003s {{(pid=87172) inner /opt/stack/data/venv/lib/python3.12/site-packages/oslo_concurrency/lockutils.py:524}}
Jul 08 19:34:18 devstack cinder-volume[87172]: DEBUG cinder.volume.drivers.quobyte [None req-2b298218-d26b-485b-9627-60ff609cee68 tempest-ServerActionsTestOtherA-618711776 None] Quobyte Volume URL set to: {'osci02.corp.quobyte.com/cinder-vol-b0e6084c-289a-4310-ab56-0830222562fc': None} {{(pid=87172) _load_shares_config /opt/stack/cinder/cinder/volume/drivers/quobyte.py:617}}
Jul 08 19:34:18 devstack cinder-volume[87172]: DEBUG cinder.volume.drivers.quobyte [None req-2b298218-d26b-485b-9627-60ff609cee68 tempest-ServerActionsTestOtherA-618711776 None] Available shares ['osci02.corp.quobyte.com/cinder-vol-b0e6084c-289a-4310-ab56-0830222562fc'] {{(pid=87172) _ensure_shares_mounted /opt/stack/cinder/cinder/volume/drivers/quobyte.py:647}}
Jul 08 19:34:18 devstack cinder-volume[87172]: DEBUG oslo_concurrency.lockutils [None req-2b298218-d26b-485b-9627-60ff609cee68 tempest-ServerActionsTestOtherA-618711776 None] Lock "quobyte_ensure" "released" by "cinder.volume.drivers.quobyte.QuobyteDriver._ensure_shares_mounted" :: held 0.051s {{(pid=87172) inner /opt/stack/data/venv/lib/python3.12/site-packages/oslo_concurrency/lockutils.py:543}}
Jul 08 19:34:18 devstack cinder-volume[87172]: DEBUG oslo_concurrency.processutils [None req-2b298218-d26b-485b-9627-60ff609cee68 tempest-ServerActionsTestOtherA-618711776 None] Running cmd (subprocess): sudo cinder-rootwrap /etc/cinder/rootwrap.conf df --portability --block-size 1 /opt/stack/data/cinder/mnt/0c73e0c074854113c6a9da921a3b4989 {{(pid=87172) execute /opt/stack/data/venv/lib/python3.12/site-packages/oslo_concurrency/processutils.py:440}}
Jul 08 19:34:18 devstack sudo[91193]: quobyte : PWD=/ ; USER=root ; COMMAND=/opt/stack/data/venv/bin/cinder-rootwrap /etc/cinder/rootwrap.conf df --portability --block-size 1 /opt/stack/data/cinder/mnt/0c73e0c074854113c6a9da921a3b4989
Jul 08 19:34:18 devstack sudo[91193]: pam_unix(sudo:session): session opened for user root(uid=0) by (uid=1000)
Jul 08 19:34:19 devstack sudo[91188]: pam_unix(sudo:session): session closed for user root
Jul 08 19:34:19 devstack cinder-volume[87172]: DEBUG oslo_concurrency.processutils [None req-d276eaaa-edf4-4143-b04c-391ad9e246e6 tempest-SnapshotsActionsTest-649853673 None] CMD "sudo cinder-rootwrap /etc/cinder/rootwrap.conf rm -f /opt/stack/data/cinder/mnt/0c73e0c074854113c6a9da921a3b4989/volume-c269ee3c-0f3b-4d5e-9efc-4cf96e5f47c6.e1015b97-9f04-4b4a-8493-787bf3e70fde" returned: 0 in 1.909s {{(pid=87172) execute /opt/stack/data/venv/lib/python3.12/site-packages/oslo_concurrency/processutils.py:468}}
Jul 08 19:34:19 devstack sudo[91193]: pam_unix(sudo:session): session closed for user root
Jul 08 19:34:20 devstack cinder-volume[87172]: DEBUG oslo_concurrency.processutils [None req-2b298218-d26b-485b-9627-60ff609cee68 tempest-ServerActionsTestOtherA-618711776 None] CMD "sudo cinder-rootwrap /etc/cinder/rootwrap.conf df --portability --block-size 1 /opt/stack/data/cinder/mnt/0c73e0c074854113c6a9da921a3b4989" returned: 0 in 1.281s {{(pid=87172) execute /opt/stack/data/venv/lib/python3.12/site-packages/oslo_concurrency/processutils.py:468}}
Jul 08 19:34:20 devstack cinder-volume[87172]: DEBUG cinder.manager [None req-2b298218-d26b-485b-9627-60ff609cee68 tempest-ServerActionsTestOtherA-618711776 None] Notifying Schedulers of capabilities ... {{(pid=87172) _publish_service_capabilities /opt/stack/cinder/cinder/manager.py:219}}
Jul 08 19:34:20 devstack cinder-volume[87172]: DEBUG cinder.coordination [None req-d276eaaa-edf4-4143-b04c-391ad9e246e6 tempest-SnapshotsActionsTest-649853673 None] Lock "cinder-quobyte-e1015b97-9f04-4b4a-8493-787bf3e70fde" released by "_delete_snapshot" :: held 6.766s {{(pid=87172) __release /opt/stack/cinder/cinder/coordination.py:152}}
Jul 08 19:34:20 devstack cinder-volume[87172]: INFO cinder.volume.manager [None req-2b298218-d26b-485b-9627-60ff609cee68 tempest-ServerActionsTestOtherA-618711776 None] Deleted volume successfully.
Jul 08 19:34:20 devstack cinder-volume[87172]: DEBUG cinder.coordination [None req-d276eaaa-edf4-4143-b04c-391ad9e246e6 tempest-SnapshotsActionsTest-649853673 None] Lock "cinder-quobyte-c269ee3c-0f3b-4d5e-9efc-4cf96e5f47c6" released by "delete_snapshot" :: held 6.814s {{(pid=87172) __release /opt/stack/cinder/cinder/coordination.py:152}}
Jul 08 19:34:20 devstack cinder-volume[87172]: DEBUG cinder.coordination [None req-2b298218-d26b-485b-9627-60ff609cee68 tempest-ServerActionsTestOtherA-618711776 None] Lock "cinder-ee84073e-e91a-4973-9331-098b9d769744-delete_volume" released by "delete_volume" :: held 6.032s {{(pid=87172) __release /opt/stack/cinder/cinder/coordination.py:152}}
Jul 08 19:34:20 devstack cinder-volume[87172]: WARNING cinder.quota [None req-d276eaaa-edf4-4143-b04c-391ad9e246e6 tempest-SnapshotsActionsTest-649853673 None] Deprecated: Default quota for resource: snapshots_QuobyteHD is set by the default quota flag: quota_snapshots_QuobyteHD, it is now deprecated. Please use the default quota class for default quota.
Jul 08 19:34:20 devstack cinder-volume[87172]: DEBUG cinder.quota [None req-d276eaaa-edf4-4143-b04c-391ad9e246e6 tempest-SnapshotsActionsTest-649853673 None] Created reservations ['60a3a071-4935-4e7d-88b3-0651615f31bd', 'd9fdd55a-0e43-4bdd-ba4a-cbb79614c402', '5238933b-62b6-4f3f-b2ec-20e40fb8d9d6', '99bc53a1-a5fc-4bd6-afb8-243fde5461bc'] {{(pid=87172) reserve /opt/stack/cinder/cinder/quota.py:752}}
Jul 08 19:34:20 devstack cinder-volume[87172]: INFO cinder.volume.manager [None req-d276eaaa-edf4-4143-b04c-391ad9e246e6 tempest-SnapshotsActionsTest-649853673 None] Delete snapshot completed successfully.
Jul 08 19:34:20 devstack cinder-volume[87172]: DEBUG cinder.coordination [None req-d276eaaa-edf4-4143-b04c-391ad9e246e6 tempest-SnapshotsActionsTest-649853673 None] Lock "cinder-e1015b97-9f04-4b4a-8493-787bf3e70fde-delete_snapshot" released by "delete_snapshot" :: held 7.071s {{(pid=87172) __release /opt/stack/cinder/cinder/coordination.py:152}}
Jul 08 19:34:21 devstack cinder-volume[87172]: DEBUG oslo_concurrency.lockutils [None req-4d327169-2f3a-4e9b-92a2-123bf0028181 tempest-SnapshotsActionsTest-1548975897 None] Acquiring lock "quobyte" by "cinder.volume.drivers.quobyte.QuobyteDriver.create_snapshot" {{(pid=87172) inner /opt/stack/data/venv/lib/python3.12/site-packages/oslo_concurrency/lockutils.py:511}}
Jul 08 19:34:21 devstack cinder-volume[87172]: DEBUG oslo_concurrency.lockutils [None req-4d327169-2f3a-4e9b-92a2-123bf0028181 tempest-SnapshotsActionsTest-1548975897 None] Lock "quobyte" acquired by "cinder.volume.drivers.quobyte.QuobyteDriver.create_snapshot" :: waited 0.001s {{(pid=87172) inner /opt/stack/data/venv/lib/python3.12/site-packages/oslo_concurrency/lockutils.py:524}}
Jul 08 19:34:21 devstack cinder-volume[87172]: DEBUG cinder.volume.drivers.remotefs [None req-4d327169-2f3a-4e9b-92a2-123bf0028181 tempest-SnapshotsActionsTest-1548975897 None] Creating offline snapshot 6ccc7aaf-e74a-4482-8846-33d59460f9bc of volume c269ee3c-0f3b-4d5e-9efc-4cf96e5f47c6 {{(pid=87172) _create_snapshot /opt/stack/cinder/cinder/volume/drivers/remotefs.py:1816}}
Jul 08 19:34:21 devstack cinder-volume[87172]: DEBUG oslo.privsep.daemon [-] privsep: reply[cb0848ac-d398-4754-8601-616f8b6ec59f]: (4, 'qcow2') {{(pid=88217) _call_back /opt/stack/data/venv/lib/python3.12/site-packages/oslo_privsep/daemon.py:580}}
Jul 08 19:34:21 devstack cinder-volume[87172]: DEBUG oslo_concurrency.processutils [None req-4d327169-2f3a-4e9b-92a2-123bf0028181 tempest-SnapshotsActionsTest-1548975897 None] Running cmd (subprocess): /opt/stack/data/venv/bin/python3.12 -m oslo_concurrency.prlimit --as=1073741824 --cpu=60 -- sudo cinder-rootwrap /etc/cinder/rootwrap.conf env LC_ALL=C qemu-img info -f qcow2 --output=json --force-share /opt/stack/data/cinder/mnt/0c73e0c074854113c6a9da921a3b4989/volume-c269ee3c-0f3b-4d5e-9efc-4cf96e5f47c6.ca3fce9b-6888-4648-a2f1-c76e8ffb2a65 {{(pid=87172) execute /opt/stack/data/venv/lib/python3.12/site-packages/oslo_concurrency/processutils.py:440}}
Jul 08 19:34:21 devstack sudo[91222]: quobyte : PWD=/ ; USER=root ; COMMAND=/opt/stack/data/venv/bin/cinder-rootwrap /etc/cinder/rootwrap.conf env LC_ALL=C qemu-img info -f qcow2 --output=json --force-share /opt/stack/data/cinder/mnt/0c73e0c074854113c6a9da921a3b4989/volume-c269ee3c-0f3b-4d5e-9efc-4cf96e5f47c6.ca3fce9b-6888-4648-a2f1-c76e8ffb2a65
Jul 08 19:34:21 devstack sudo[91222]: pam_unix(sudo:session): session opened for user root(uid=0) by (uid=1000)
Jul 08 19:34:22 devstack sudo[91222]: pam_unix(sudo:session): session closed for user root
Jul 08 19:34:22 devstack cinder-volume[87172]: DEBUG oslo_concurrency.processutils [None req-4d327169-2f3a-4e9b-92a2-123bf0028181 tempest-SnapshotsActionsTest-1548975897 None] CMD "/opt/stack/data/venv/bin/python3.12 -m oslo_concurrency.prlimit --as=1073741824 --cpu=60 -- sudo cinder-rootwrap /etc/cinder/rootwrap.conf env LC_ALL=C qemu-img info -f qcow2 --output=json --force-share /opt/stack/data/cinder/mnt/0c73e0c074854113c6a9da921a3b4989/volume-c269ee3c-0f3b-4d5e-9efc-4cf96e5f47c6.ca3fce9b-6888-4648-a2f1-c76e8ffb2a65" returned: 0 in 1.157s {{(pid=87172) execute /opt/stack/data/venv/lib/python3.12/site-packages/oslo_concurrency/processutils.py:468}}
Jul 08 19:34:22 devstack cinder-volume[87172]: DEBUG cinder.volume.drivers.remotefs [None req-4d327169-2f3a-4e9b-92a2-123bf0028181 tempest-SnapshotsActionsTest-1548975897 None] Fetching qemu-img info with special backing_file_template: (/opt/stack/data/cinder/mnt/[0-9a-f]+/)?(volume-c269ee3c-0f3b-4d5e-9efc-4cf96e5f47c6(.(tmp-snap-)?[0-9a-f-]+)?|volume_from_snapshot_cache/(tmp-snap-)?[0-9a-f-]+(.(child-|parent-)[0-9a-f-]+)?)$ {{(pid=87172) _qemu_img_info_base /opt/stack/cinder/cinder/volume/drivers/remotefs.py:896}}
Jul 08 19:34:22 devstack cinder-volume[87172]: DEBUG oslo_concurrency.processutils [None req-4d327169-2f3a-4e9b-92a2-123bf0028181 tempest-SnapshotsActionsTest-1548975897 None] Running cmd (subprocess): sudo cinder-rootwrap /etc/cinder/rootwrap.conf qemu-img create -f qcow2 -o backing_file=/opt/stack/data/cinder/mnt/0c73e0c074854113c6a9da921a3b4989/volume-c269ee3c-0f3b-4d5e-9efc-4cf96e5f47c6.ca3fce9b-6888-4648-a2f1-c76e8ffb2a65,backing_fmt=qcow2 /opt/stack/data/cinder/mnt/0c73e0c074854113c6a9da921a3b4989/volume-c269ee3c-0f3b-4d5e-9efc-4cf96e5f47c6.6ccc7aaf-e74a-4482-8846-33d59460f9bc 1G {{(pid=87172) execute /opt/stack/data/venv/lib/python3.12/site-packages/oslo_concurrency/processutils.py:440}}
Jul 08 19:34:22 devstack sudo[91235]: quobyte : PWD=/ ; USER=root ; COMMAND=/opt/stack/data/venv/bin/cinder-rootwrap /etc/cinder/rootwrap.conf qemu-img create -f qcow2 -o backing_file=/opt/stack/data/cinder/mnt/0c73e0c074854113c6a9da921a3b4989/volume-c269ee3c-0f3b-4d5e-9efc-4cf96e5f47c6.ca3fce9b-6888-4648-a2f1-c76e8ffb2a65,backing_fmt=qcow2 /opt/stack/data/cinder/mnt/0c73e0c074854113c6a9da921a3b4989/volume-c269ee3c-0f3b-4d5e-9efc-4cf96e5f47c6.6ccc7aaf-e74a-4482-8846-33d59460f9bc 1G
Jul 08 19:34:22 devstack sudo[91235]: pam_unix(sudo:session): session opened for user root(uid=0) by (uid=1000)
Jul 08 19:34:23 devstack sudo[91235]: pam_unix(sudo:session): session closed for user root
Jul 08 19:34:23 devstack cinder-volume[87172]: DEBUG oslo_concurrency.processutils [None req-4d327169-2f3a-4e9b-92a2-123bf0028181 tempest-SnapshotsActionsTest-1548975897 None] CMD "sudo cinder-rootwrap /etc/cinder/rootwrap.conf qemu-img create -f qcow2 -o backing_file=/opt/stack/data/cinder/mnt/0c73e0c074854113c6a9da921a3b4989/volume-c269ee3c-0f3b-4d5e-9efc-4cf96e5f47c6.ca3fce9b-6888-4648-a2f1-c76e8ffb2a65,backing_fmt=qcow2 /opt/stack/data/cinder/mnt/0c73e0c074854113c6a9da921a3b4989/volume-c269ee3c-0f3b-4d5e-9efc-4cf96e5f47c6.6ccc7aaf-e74a-4482-8846-33d59460f9bc 1G" returned: 0 in 1.246s {{(pid=87172) execute /opt/stack/data/venv/lib/python3.12/site-packages/oslo_concurrency/processutils.py:468}}
Jul 08 19:34:23 devstack cinder-volume[87172]: DEBUG oslo_concurrency.processutils [None req-4d327169-2f3a-4e9b-92a2-123bf0028181 tempest-SnapshotsActionsTest-1548975897 None] Running cmd (subprocess): sudo cinder-rootwrap /etc/cinder/rootwrap.conf qemu-img rebase -u -b volume-c269ee3c-0f3b-4d5e-9efc-4cf96e5f47c6.ca3fce9b-6888-4648-a2f1-c76e8ffb2a65 -F qcow2 /opt/stack/data/cinder/mnt/0c73e0c074854113c6a9da921a3b4989/volume-c269ee3c-0f3b-4d5e-9efc-4cf96e5f47c6.6ccc7aaf-e74a-4482-8846-33d59460f9bc {{(pid=87172) execute /opt/stack/data/venv/lib/python3.12/site-packages/oslo_concurrency/processutils.py:440}}
